000
CXUS53 KABR 041132
CLAABR

CLIMATE REPORT
NATIONAL WEATHER SERVICE ABERDEEN SD
1104 AM CST FRI JAN 1 2016

...................................

...THE ABERDEEN SD CLIMATE SUMMARY FOR THE YEAR OF 2015...

CLIMATE NORMAL PERIOD 1981 TO 2010
CLIMATE RECORD PERIOD 1893 TO 2015

WEATHER         OBSERVED          NORMAL  DEPART  LAST YEAR`S
                 VALUE   DATE(S)  VALUE   FROM    VALUE  DATE(S)
                                          NORMAL
................................................................
TEMPERATURE (F)
RECORD
 HIGH             115   07/09/1936
                        07/06/1936
 LOW              -46   01/12/1912
HIGHEST            98   06/09                         91  07/05
LOWEST            -20   02/27                        -27  01/02
AVG. MAXIMUM     58.8              54.6     4.2     52.6
AVG. MINIMUM     33.7              31.5     2.2     28.6
MEAN             46.3              43.0     3.3     40.6
DAYS MAX >= 90     21              13.0     8.0        2
DAYS MAX <= 32     62              76.4   -14.4       90
DAYS MIN <= 32    165             178.8   -13.8      186
DAYS MIN <= 0      35              37.1    -2.1       56

PRECIPITATION (INCHES)
RECORD
 MAXIMUM        42.11   1896
 MINIMUM         7.88   1976
TOTALS          21.18             21.72   -0.54    17.78
DAILY AVG.       0.06
DAYS >= .01        92              94.4    -2.4       95
DAYS >= .10        44              45.3    -1.3       41
DAYS >= .50        10              12.9    -2.9        9
DAYS >= 1.00        5               4.0     1.0        3

SNOWFALL (INCHES)
RECORDS
 TOTAL          110.8   1936
                        1937
TOTALS           26.5              38.1   -11.6     26.0
 LIQUID EQUIV    2.65                               2.60
SINCE 7/1        15.1              14.6     0.5      8.8
 LIQUID 7/1      1.51                               0.88
DAYS >= TRACE      49              32.3    16.7       63
DAYS >= 1.0         9              11.3    -2.3        9
GREATEST
 SNOW DEPTH         6   12/17                          6  11/16
                        12/01
                        12/16

DEGREE_DAYS
HEATING TOTAL    7364              8534   -1170     9087
 SINCE 7/1         MM              3491      MM       MM
COOLING TOTAL     677               525     152      342
 SINCE 1/1        677               525     152      342


.................................................................

WIND (MPH)
AVERAGE WIND SPEED              10.6
HIGHEST WIND SPEED/DIRECTION    45/320    DATE  01/08
HIGHEST GUST SPEED/DIRECTION    64/270    DATE  06/21

-  INDICATES NEGATIVE NUMBERS.
R  INDICATES RECORD WAS SET OR TIED.
MM INDICATES DATA IS MISSING.
T  INDICATES TRACE AMOUNT.

$$
