000
CXUS53 KDVN 011436
CLABRL
CLIMATE REPORT
NATIONAL WEATHER SERVICE QUAD CITIES IA IL
836 AM CST MON JAN 01 2024
...................................
...THE BURLINGTON IA CLIMATE SUMMARY FOR THE YEAR OF 2023...
CLIMATE NORMAL PERIOD 1991 TO 2020
CLIMATE RECORD PERIOD 1897 TO 2023
WEATHER OBSERVED NORMAL DEPART
VALUE DATE(S) VALUE FROM
NORMAL
..............................................................
TEMPERATURE (F)
RECORD
HIGH 111 07/15/1936
07/14/1936
LOW -27 02/13/1905
HIGHEST 96 07/28 87 9
08/24
LOWEST 02/03 17 -18
AVG. MAXIMUM 63.7 61.3 2.4
AVG. MINIMUM 43.8 42.5 1.3
MEAN 53.7 51.9 1.8
DAYS MAX >= 90 16
DAYS MAX <= 32 19
DAYS MIN <= 32 112
DAYS MIN <= 0 2
PRECIPITATION (INCHES)
TOTALS 35.47 37.86 -2.39
DAILY AVG. 0.10 0.10 -0.00
DAYS >= .01 103
DAYS >= .10 64
DAYS >= .50 18
DAYS >= 1.00 6
GREATEST
24 HR. TOTAL 6.14 08/05 TO 08/05
DEGREE DAYS
HEATING TOTAL 5027 5820 -793
SINCE 7/1 1861 2243 -382
COOLING TOTAL 1035 1083 -48
SINCE 1/1 1035 1083 -48
..............................................................
WIND (MPH)
AVERAGE WIND SPEED 7.8
HIGHEST WIND SPEED/DIRECTION 47/010 DATE 05/07
HIGHEST GUST SPEED/DIRECTION 62/010 DATE 05/07
SKY COVER
AVERAGE SKY COVER 0.35
NUMBER OF DAYS FAIR 209
NUMBER OF DAYS PC 92
NUMBER OF DAYS CLOUDY 64
AVERAGE RH (PERCENT) 70
WEATHER CONDITIONS. NUMBER OF DAYS WITH
THUNDERSTORM 45 HAIL 0
SLEET 0 FOG 175
FOG W/VIS <= 1/4 MILE 22 HAZE 114
- INDICATES NEGATIVE NUMBERS.
R INDICATES RECORD WAS SET OR TIED.
MM INDICATES DATA IS MISSING.
T INDICATES TRACE AMOUNT.
$$
===================================================================
NOTE: SUPPLEMENTAL CLIMATE DATA WAS USED FROM A NEARBY
CLIMATOLOGICALLY REPRESENTATIVE STATION.
===================================================================
PARAMETER DATE
--------- ----
WTR 01/25, 11/26, 12/28