000
CXUS53 KDVN 011722
CLAIOW


CLIMATE REPORT
NATIONAL WEATHER SERVICE QUAD CITIES IA IL
1115 AM CST SUN JAN 1 2017

...................................

...THE IOWA CITY IA CLIMATE SUMMARY FOR THE YEAR OF 2016...

CLIMATE NORMAL PERIOD 1981 TO 2010
CLIMATE RECORD PERIOD 9999 TO 9999

WEATHER         OBSERVED          NORMAL  DEPART
                 VALUE   DATE(S)  VALUE   FROM
                                          NORMAL
................................................
TEMPERATURE (F)
HIGHEST            94   07/21        85       9
                        06/15
                        06/10
LOWEST            -12   12/18        14     -26
AVG. MAXIMUM     62.2              59.6     2.6
AVG. MINIMUM     43.2              40.4     2.8
MEAN             52.8              50.0     2.8
DAYS MAX >= 90     16
DAYS MAX <= 32     37
DAYS MIN <= 32    113
DAYS MIN <= 0       5

PRECIPITATION (INCHES)
TOTALS          32.55             36.28   -3.73
DAILY AVG.       0.09              0.10   -0.01
DAYS >= .01       103
DAYS >= .10        59
DAYS >= .50        20
DAYS >= 1.00        7
GREATEST
 24 HR. TOTAL    3.26   06/21 TO 06/22

DEGREE_DAYS
HEATING TOTAL    5565              6379    -814
 SINCE 7/1       2020              2539    -519
COOLING TOTAL    1192               912     280
 SINCE 1/1       1192               912     280
.................................................

WIND (MPH)
AVERAGE WIND SPEED              8.0
HIGHEST WIND SPEED/DIRECTION    45/280    DATE  02/19
HIGHEST GUST SPEED/DIRECTION    70/280    DATE  04/03

SKY COVER
POSSIBLE SUNSHINE (PERCENT)   MM
AVERAGE SKY COVER           0.40
NUMBER OF DAYS FAIR          202
NUMBER OF DAYS PC             97
NUMBER OF DAYS CLOUDY         67

AVERAGE RH (PERCENT)     72

WEATHER CONDITIONS. NUMBER OF DAYS WITH
THUNDERSTORM             54     HAIL                       0
SLEET                     0     FOG                      147
FOG W/VIS <= 1/4 MILE    17     HAZE                      34

-  INDICATES NEGATIVE NUMBERS.
R  INDICATES RECORD WAS SET OR TIED.
MM INDICATES DATA IS MISSING.
T  INDICATES TRACE AMOUNT.

$$

NOTE: SUPPLEMENTAL CLIAMTE DATA WAS USED FROM A NEARBY
CLIMATOLOFICALLY REPRESENTATIVE STATION.
