000
CXUS51 KCTP 012122
CLAIPT

CLIMATE REPORT
NATIONAL WEATHER SERVICE STATE COLLEGE PA
4 PM EST WED JAN 1 2014

...................................

...THE WILLIAMSPORT PA CLIMATE SUMMARY FOR THE YEAR OF 2013...

CLIMATE NORMAL PERIOD 1981 TO 2010
CLIMATE RECORD PERIOD 1895 TO 2013

WEATHER         OBSERVED          NORMAL  DEPART
                 VALUE   DATE(S)  VALUE   FROM
                                          NORMAL
................................................
TEMPERATURE (F)
RECORD
 HIGH             106   07/09/1936
 LOW              -20   01/21/1994
HIGHEST            95   07/19        MM      MM
                        07/18
LOWEST              1   01/23        MM      MM
AVG. MAXIMUM     60.4              60.2     0.2
AVG. MINIMUM     41.0              40.8     0.2

MEAN             50.7              50.5     0.2
DAYS MAX >= 90     14              15.3    -1.3
DAYS MAX <= 32     32              29.3     2.7
DAYS MIN <= 32    140             121.2    18.8
DAYS MIN <= 0       0               2.3    -2.3

PRECIPITATION (INCHES)
RECORD
 MAXIMUM        70.26   2011
 MINIMUM        27.68   1930

TOTALS          32.69             41.28   -8.59
DAILY AVG.       0.09              0.11   -0.02
DAYS >= .01       120             132.8   -12.8
DAYS >= .10        71              78.0    -7.0
DAYS >= .50        21              26.8    -5.8
DAYS >= 1.00        8               8.8    -0.8
GREATEST
 24 HR. TOTAL    1.79   11/26-27
 STORM TOTAL       MM
 (MM/DD(HH))            MM

SNOWFALL (INCHES)
RECORDS
 TOTAL           85.9   1995

 24 HR TOTAL     24.1   01/12/1964 TO 01/13/1964

TOTALS           33.3              36.0    -2.7
 LIQUID EQUIV    3.33              3.60   -0.27
SINCE 7/1        16.3               8.7     7.6
 LIQUID 7/1      1.63
DAYS >= TRACE      64              23.9    40.1
DAYS >= 1.0        10              10.0     0.0
GREATEST
 SNOW DEPTH         8   12/15
 24 HR TOTAL      8.6   12/14
 STORM TOTAL       MM
 (MM/DD(HH))            MM

DEGREE_DAYS
HEATING TOTAL    5937              5994     -57
 SINCE 7/1       2316              2293      23
COOLING TOTAL     863               702     161
 SINCE 1/1        863               702     161

FREEZE DATES
RECORD
 EARLIEST     09/22/1904
 LATEST       05/25/1956
EARLIEST                        09/22
LATEST                          05/25
.................................................

WIND (MPH)
AVERAGE WIND SPEED              5.5
HIGHEST WIND SPEED/DIRECTION    46/280    DATE  04/10
HIGHEST GUST SPEED/DIRECTION    58/310    DATE  04/10

SKY COVER
POSSIBLE SUNSHINE (PERCENT)   MM
AVERAGE SKY COVER           0.50
NUMBER OF DAYS FAIR          119
NUMBER OF DAYS PC            151
NUMBER OF DAYS CLOUDY         95

AVERAGE RH (PERCENT)     67

WEATHER CONDITIONS. NUMBER OF DAYS WITH
THUNDERSTORM             30     MIXED PRECIP               0
HEAVY RAIN               38     RAIN                      59
LIGHT RAIN              137     FREEZING RAIN              2
LT FREEZING RAIN         11     HAIL                       0
HEAVY SNOW                5     SNOW                      14
LIGHT SNOW               61     SLEET                      2
FOG                     185     FOG W/VIS <= 1/4 MILE     44
HAZE                     84

-  INDICATES NEGATIVE NUMBERS.
R  INDICATES RECORD WAS SET OR TIED.
MM INDICATES DATA IS MISSING.
T  INDICATES TRACE AMOUNT.

$$

LA CORTE
