000
CXUS55 KPUB 020247
CLAPUB

CLIMATE REPORT
NATIONAL WEATHER SERVICE PUEBLO
747 PM MST SUN JAN 1 2017

...................................

...THE PUEBLO CO CLIMATE SUMMARY FOR THE YEAR OF 2016...

CLIMATE NORMAL PERIOD 1981 TO 2010
CLIMATE RECORD PERIOD 1888 TO 2016

WEATHER         OBSERVED          NORMAL  DEPART
                 VALUE   DATE(S)  VALUE   FROM
                                          NORMAL
................................................
TEMPERATURE (F)
RECORD
 HIGH             109   07/13/2003
 LOW              -31   02/01/1951

HIGHEST           105   07/10
                        06/21
LOWEST            -19   12/18
                        12/17
AVG. MAXIMUM     72.7              68.7     4.0
AVG. MINIMUM     38.7              35.3     3.4
MEAN             55.7              52.0     3.7

DAYS MAX >= 90     82
DAYS MAX <= 32     11
DAYS MIN <= 32    145
DAYS MIN <= 0       4

PRECIPITATION (INCHES)
RECORD
 MAXIMUM        23.09   1957
 MINIMUM         3.94   2002

TOTALS          11.91             12.57   -0.66
DAILY AVG.          T              0.03   -0.03
DAYS >= .01        58
DAYS >= .10        31
DAYS >= .50         6
DAYS >= 1.00        2
GREATEST
 24 HR. TOTAL    1.21   04/28 TO 04/29

SNOWFALL (INCHES)
RECORDS
 MAXIMUM         72.4   1990
 MINIMUM          6.9   1977

 24 HR TOTAL     16.8   04/29/1990 TO 04/30/1990
                        04/01/1957 TO 04/02/1957

TOTALS           23.9              31.8    -7.9
SINCE 7/1         4.4              11.5    -7.1
SNOWDEPTH AVG.      0
DAYS >= TRACE      25              21.7     3.3
DAYS >= 1.0         8               9.7    -1.7
GREATEST
 SNOW DEPTH         5   02/02
                        01/09
 24 HR TOTAL      5.1   02/01 TO 02/01

DEGREE_DAYS
HEATING TOTAL    4660              5639    -979
 SINCE 7/1       1857              2363    -506
COOLING TOTAL    1358               896     462
 SINCE 1/1       1358               897     461

FREEZE DATES
RECORD
 EARLIEST     09/09/2001
 LATEST       06/02/1919

EARLIEST                        10/09
LATEST                          05/02
.................................................

WIND (MPH)
AVERAGE WIND SPEED              8.3
RESULTANT WIND SPEED/DIRECTION   1/354
HIGHEST WIND SPEED/DIRECTION    55/010    DATE  04/16
HIGHEST GUST SPEED/DIRECTION    67/030    DATE  04/05

SKY COVER
POSSIBLE SUNSHINE (PERCENT)   MM
AVERAGE SKY COVER           0.20
NUMBER OF DAYS FAIR          309
NUMBER OF DAYS PC             39
NUMBER OF DAYS CLOUDY         18

AVERAGE RH (PERCENT)     47

WEATHER CONDITIONS. NUMBER OF DAYS WITH
THUNDERSTORM             60     MIXED PRECIP               4
HEAVY RAIN               18     RAIN                      28
LIGHT RAIN               91     FREEZING RAIN              0
LT FREEZING RAIN          0     HAIL                       5
HEAVY SNOW                4     SNOW                       8
LIGHT SNOW               20     SLEET                      0
FOG                      38     FOG W/VIS <= 1/4 MILE      7
HAZE                     16

-  INDICATES NEGATIVE NUMBERS.
R  INDICATES RECORD WAS SET OR TIED.
MM INDICATES DATA IS MISSING.
T  INDICATES TRACE AMOUNT.

$$
