000
CXUS55 KREV 030358
CLARNO

CLIMATE REPORT
NATIONAL WEATHER SERVICE RENO NV
730 PM PST MON JAN 2 2017

...................................

...THE RENO TAHOE AIRPORT NV CLIMATE SUMMARY FOR THE YEAR OF 2016...

CLIMATE NORMAL PERIOD 1981 TO 2010
CLIMATE RECORD PERIOD 1888 TO 2017

WEATHER         OBSERVED          NORMAL  DEPART
                 VALUE   DATE(S)  VALUE   FROM
                                          NORMAL
................................................
TEMPERATURE (F)
RECORD
 HIGH             108   07/05/2007
                        07/11/2002
                        07/10/2002
 LOW              -19   01/08/1890
HIGHEST           103   07/29
                        07/27
LOWEST              9   01/02
AVG. MAXIMUM     70.2              67.6     2.6
AVG. MINIMUM     42.3              40.0     2.3
MEAN             56.3              53.8     2.5
DAYS MAX >= 90     74              53.9    20.1
DAYS MAX <= 32      3               4.5    -1.5
DAYS MIN <= 32     88             111.6   -23.6
DAYS MIN <= 0       0               0.5    -0.5

PRECIPITATION (INCHES)
RECORD
 MAXIMUM        13.73   1890
 MINIMUM         1.55   1945
TOTALS           9.04              7.40    1.64
DAILY AVG.          T              0.02   -0.02
DAYS >= .01        49              52.3    -3.3
DAYS >= .10        25              20.3     4.7
DAYS >= .50         7               2.9     4.1
DAYS >= 1.00        1               0.7     0.3

SNOWFALL (INCHES)
TOTALS           21.1              21.8    -0.7
SINCE 7/1         1.4               8.4    -7.0
DAYS >= TRACE      25              16.3     8.7
DAYS >= 1.0         5               6.2    -1.2
GREATEST
 SNOW DEPTH         6   02/01
                        01/31
 24 HR TOTAL      7.0   01/31 TO 01/31

DEGREE_DAYS
HEATING TOTAL    4185              4926    -741
COOLING TOTAL    1088               838     250

FREEZE DATES
EARLIEST                        10/03
LATEST                          05/21
.................................................

WIND (MPH)
AVERAGE WIND SPEED              6.6
HIGHEST WIND SPEED/DIRECTION    45/220    DATE  04/22
HIGHEST GUST SPEED/DIRECTION    69/180    DATE  11/19


WEATHER CONDITIONS. NUMBER OF DAYS WITH
THUNDERSTORM             10     MIXED PRECIP               0
HEAVY RAIN                7     RAIN                      13
LIGHT RAIN               70     FREEZING RAIN              0
LT FREEZING RAIN          1     HAIL                       2
HEAVY SNOW                2     SNOW                       5
LIGHT SNOW               23     SLEET                      0
FOG                      33     FOG W/VIS <= 1/4 MILE      5
HAZE                     10

-  INDICATES NEGATIVE NUMBERS.
R  INDICATES RECORD WAS SET OR TIED.
MM INDICATES DATA IS MISSING.
T  INDICATES TRACE AMOUNT.

$$
