000
CDUS41 KBTV 310535
CLI1V4


CLIMATE REPORT
NATIONAL WEATHER SERVICE BURLINGTON VT
134 AM EDT FRI JUL 31 2015


...................................

...THE ST. JOHNSBURY VT CLIMATE SUMMARY FOR JULY 30 2015...

CLIMATE NORMAL PERIOD 1981 TO 2010
CLIMATE RECORD PERIOD 1894 TO 2015


WEATHER ITEM   OBSERVED TIME   RECORD YEAR NORMAL DEPARTURE LAST
                VALUE   (LST)  VALUE       VALUE  FROM      YEAR
                                                  NORMAL
..................................................................
TEMPERATURE (F)
 YESTERDAY
  MAXIMUM         83   1230 PM  97    1959  81      2       74
  MINIMUM         65    613 AM  39    1952  59      6       47
  AVERAGE         74                        70      4       61

PRECIPITATION (IN)
  YESTERDAY        0.14          1.65 1906   0.15  -0.01     0.00
  MONTH TO DATE    5.68                      3.97   1.71     6.68
  SINCE JUN 1     13.38                      7.98   5.40     9.95
  SINCE JAN 1     24.75                     21.39   3.36    25.65

DEGREE DAYS
 HEATING
  YESTERDAY        0                         0      0        4
  MONTH TO DATE   29                        10     19       15
  SINCE JUN 1    138                        82     56       84
  SINCE JUL 1     29                        10     19       15

 COOLING
  YESTERDAY        9                         5      4        0
  MONTH TO DATE  136                       165    -29      111
  SINCE JUN 1    169                       255    -86      158
  SINCE JAN 1    207                       273    -66      162
..................................................................


WIND (MPH)
  HIGHEST WIND SPEED    MM   HIGHEST WIND DIRECTION    MM
  HIGHEST GUST SPEED    MM   HIGHEST GUST DIRECTION    MM
  AVERAGE WIND SPEED    MM


SKY COVER
  AVERAGE SKY COVER 0.0


WEATHER CONDITIONS
 THE FOLLOWING WEATHER WAS RECORDED YESTERDAY.
  NO SIGNIFICANT WEATHER WAS OBSERVED.


RELATIVE HUMIDITY (PERCENT)
 HIGHEST    93           300 AM
 LOWEST     58          1100 AM
 AVERAGE    76

..........................................................


THE ST. JOHNSBURY VT CLIMATE NORMALS FOR TODAY
                         NORMAL    RECORD    YEAR
 MAXIMUM TEMPERATURE (F)   81        94      1959
 MINIMUM TEMPERATURE (F)   58        41      1964


SUNRISE AND SUNSET
JULY 31 2015..........SUNRISE   534 AM EDT   SUNSET   815 PM EDT
AUGUST  1 2015........SUNRISE   535 AM EDT   SUNSET   813 PM EDT


-  INDICATES NEGATIVE NUMBERS.
R  INDICATES RECORD WAS SET OR TIED.
MM INDICATES DATA IS MISSING.
T  INDICATES TRACE AMOUNT.




$$
