000
CDUS41 KBTV 270551
CLI1V4


CLIMATE REPORT
NATIONAL WEATHER SERVICE BURLINGTON VT
150 AM EDT FRI MAR 27 2015


...................................

...THE ST. JOHNSBURY VT CLIMATE SUMMARY FOR MARCH 26 2015...

CLIMATE NORMAL PERIOD 1981 TO 2010
CLIMATE RECORD PERIOD 1894 TO 2015


WEATHER ITEM   OBSERVED TIME   RECORD YEAR NORMAL DEPARTURE LAST
                VALUE   (LST)  VALUE       VALUE  FROM      YEAR
                                                  NORMAL
..................................................................
TEMPERATURE (F)
 YESTERDAY
  MAXIMUM         50        MM  72    1945  46      4       27
  MINIMUM         34        MM -11    1960  24     10       11
  AVERAGE         42                        35      7       19

PRECIPITATION (IN)
  YESTERDAY        0.43          1.18 2002   0.09   0.34     0.00
  MONTH TO DATE    1.30                      2.08  -0.78     2.05
  SINCE MAR 1      1.30                      2.08  -0.78     2.05
  SINCE JAN 1      5.86                      6.76  -0.90     7.18

DEGREE DAYS
 HEATING
  YESTERDAY       23                        30     -7       46
  MONTH TO DATE 1100                       932    168     1260
  SINCE MAR 1   1100                       932    168     1260
  SINCE JUL 1   7165                      6656    509     7292

 COOLING
  YESTERDAY        0                         0      0        0
  MONTH TO DATE    0                         0      0        0
  SINCE MAR 1      0                         0      0        0
  SINCE JAN 1      0                         0      0        0
..................................................................


WIND (MPH)
  HIGHEST WIND SPEED    MM   HIGHEST WIND DIRECTION    MM
  HIGHEST GUST SPEED    MM   HIGHEST GUST DIRECTION    MM
  AVERAGE WIND SPEED    MM


SKY COVER
  AVERAGE SKY COVER 0.0


WEATHER CONDITIONS
 THE FOLLOWING WEATHER WAS RECORDED YESTERDAY.
  NO SIGNIFICANT WEATHER WAS OBSERVED.


RELATIVE HUMIDITY (PERCENT)
 HIGHEST   100           800 PM
 LOWEST     56          1100 AM
 AVERAGE    78

..........................................................


THE ST. JOHNSBURY VT CLIMATE NORMALS FOR TODAY
                         NORMAL    RECORD    YEAR
 MAXIMUM TEMPERATURE (F)   46        69      1993
 MINIMUM TEMPERATURE (F)   25        -7      1923


SUNRISE AND SUNSET
MARCH 27 2015.........SUNRISE   639 AM EDT   SUNSET   709 PM EDT
MARCH 28 2015.........SUNRISE   637 AM EDT   SUNSET   710 PM EDT


-  INDICATES NEGATIVE NUMBERS.
R  INDICATES RECORD WAS SET OR TIED.
MM INDICATES DATA IS MISSING.
T  INDICATES TRACE AMOUNT.




$$
