000
CDUS41 KBTV 300557
CLI1V4


CLIMATE REPORT
NATIONAL WEATHER SERVICE BURLINGTON VT
1251 AM EST FRI JAN 30 2015


...................................

...THE ST. JOHNSBURY VT CLIMATE SUMMARY FOR JANUARY 29 2015...

CLIMATE NORMAL PERIOD 1981 TO 2010
CLIMATE RECORD PERIOD 1894 TO 2015


WEATHER ITEM   OBSERVED TIME   RECORD YEAR NORMAL DEPARTURE LAST
                VALUE   (LST)  VALUE       VALUE  FROM      YEAR
                                                  NORMAL
..................................................................
TEMPERATURE (F)
 YESTERDAY
  MAXIMUM         29        MM  43    1998  28      1       20
                                      1974
  MINIMUM        -14        MM -29    1925   6    -20      -10
  AVERAGE          8                        16     -8        5

PRECIPITATION (IN)
  YESTERDAY        0.00          1.10 1900   0.08  -0.08     0.00
  MONTH TO DATE    2.59                      2.35   0.24     1.94
  SINCE DEC 1      6.48                      5.43   1.05     5.38
  SINCE JAN 1      2.59                      2.35   0.24     1.94

DEGREE DAYS
 HEATING
  YESTERDAY       57                        48      9       60
  MONTH TO DATE 1519                      1403    116     1428
  SINCE DEC 1   2667                      2700    -33     2784
  SINCE JUL 1   4319                      4356    -37     4583

 COOLING
  YESTERDAY        0                         0      0        0
  MONTH TO DATE    0                         0      0        0
  SINCE DEC 1      0                         0      0        0
  SINCE JAN 1      0                         0      0        0
..................................................................


WIND (MPH)
  HIGHEST WIND SPEED    MM   HIGHEST WIND DIRECTION    MM
  HIGHEST GUST SPEED    MM   HIGHEST GUST DIRECTION    MM
  AVERAGE WIND SPEED    MM


SKY COVER
  AVERAGE SKY COVER 0.0


WEATHER CONDITIONS
 THE FOLLOWING WEATHER WAS RECORDED YESTERDAY.
  NO SIGNIFICANT WEATHER WAS OBSERVED.


RELATIVE HUMIDITY (PERCENT)
 HIGHEST    83           100 AM
 LOWEST     35           900 PM
 AVERAGE    59

..........................................................


THE ST. JOHNSBURY VT CLIMATE NORMALS FOR TODAY
                         NORMAL    RECORD    YEAR
 MAXIMUM TEMPERATURE (F)   28        50      2013
                                             1906
 MINIMUM TEMPERATURE (F)    6       -30      1915


SUNRISE AND SUNSET
JANUARY 30 2015.......SUNRISE   709 AM EST   SUNSET   454 PM EST
JANUARY 31 2015.......SUNRISE   708 AM EST   SUNSET   456 PM EST


-  INDICATES NEGATIVE NUMBERS.
R  INDICATES RECORD WAS SET OR TIED.
MM INDICATES DATA IS MISSING.
T  INDICATES TRACE AMOUNT.




$$
