000
CDUS41 KBTV 221245
CLI1V4


CLIMATE REPORT
NATIONAL WEATHER SERVICE BURLINGTON VT
845 AM EDT WED OCT 22 2014


...................................

...THE ST. JOHNSBURY VT CLIMATE SUMMARY FOR OCTOBER 21 2014...

CLIMATE NORMAL PERIOD 1981 TO 2010
CLIMATE RECORD PERIOD 1894 TO 2014


WEATHER ITEM   OBSERVED TIME   RECORD YEAR NORMAL DEPARTURE LAST
                VALUE   (LST)  VALUE       VALUE  FROM      YEAR
                                                  NORMAL
..................................................................
TEMPERATURE (F)
 YESTERDAY
  MAXIMUM         48        MM  77    1963  56     -8       61
  MINIMUM         38        MM  14    1972  35      3       30
  AVERAGE         43                        45     -2       46

PRECIPITATION (IN)
  YESTERDAY        0.21          2.55 1996   0.12   0.09     0.00
  MONTH TO DATE    3.52                      2.67   0.85     1.62
  SINCE SEP 1      4.95                      6.06  -1.11     5.27
  SINCE JAN 1     32.39                     31.82   0.57    30.24

DEGREE DAYS
 HEATING
  YESTERDAY       22                        20      2       19
  MONTH TO DATE  257                       336    -79      251
  SINCE SEP 1    484                       520    -36      499
  SINCE JUL 1    541                       570    -29      559

 COOLING
  YESTERDAY        0                         0      0        0
  MONTH TO DATE    5                         0      5        0
  SINCE SEP 1     33                        34     -1       40
  SINCE JAN 1    252                       432   -180      407
..................................................................


WIND (MPH)
  HIGHEST WIND SPEED    MM   HIGHEST WIND DIRECTION    MM
  HIGHEST GUST SPEED    MM   HIGHEST GUST DIRECTION    MM
  AVERAGE WIND SPEED    MM


SKY COVER
  AVERAGE SKY COVER 0.0


WEATHER CONDITIONS
 THE FOLLOWING WEATHER WAS RECORDED YESTERDAY.
  NO SIGNIFICANT WEATHER WAS OBSERVED.


RELATIVE HUMIDITY (PERCENT)
 HIGHEST   100           200 PM
 LOWEST     85           100 AM
 AVERAGE    93

..........................................................


THE ST. JOHNSBURY VT CLIMATE NORMALS FOR TODAY
                         NORMAL    RECORD    YEAR
 MAXIMUM TEMPERATURE (F)   55        82      1979
 MINIMUM TEMPERATURE (F)   34        16      1959


SUNRISE AND SUNSET
OCTOBER 22 2014.......SUNRISE   712 AM EDT   SUNSET   552 PM EDT
OCTOBER 23 2014.......SUNRISE   713 AM EDT   SUNSET   551 PM EDT


-  INDICATES NEGATIVE NUMBERS.
R  INDICATES RECORD WAS SET OR TIED.
MM INDICATES DATA IS MISSING.
T  INDICATES TRACE AMOUNT.




$$
