000
CDUS41 KBTV 260538
CLI1V4


CLIMATE REPORT
NATIONAL WEATHER SERVICE BURLINGTON VT
136 AM EDT MON JUN 26 2017


...................................

...THE ST. JOHNSBURY VT CLIMATE SUMMARY FOR JUNE 25 2017...

CLIMATE NORMAL PERIOD 1981 TO 2010
CLIMATE RECORD PERIOD 1894 TO 2017


WEATHER ITEM   OBSERVED TIME   RECORD YEAR NORMAL DEPARTURE LAST
                VALUE   (LST)  VALUE       VALUE  FROM      YEAR
                                                  NORMAL
..................................................................
TEMPERATURE (F)
 YESTERDAY
  MAXIMUM         76    112 PM  94    2005  80     -4       85
                                      1946
  MINIMUM         53    455 AM  38    1911  57     -4       48
  AVERAGE         65                        68     -3       67

PRECIPITATION (IN)
  YESTERDAY        0.10          1.55 1976   0.14  -0.04     0.00
  MONTH TO DATE    4.14                      3.33   0.81     2.04
  SINCE JUN 1      4.14                      3.33   0.81     2.04
  SINCE JAN 1     21.04                     16.74   4.30    14.62

DEGREE DAYS
 HEATING
  YESTERDAY        0                         1     -1        0
  MONTH TO DATE   86                        67     19       91
  SINCE JUN 1     86                        67     19       91
  SINCE JUL 1   7260                      7771   -511     6928

 COOLING
  YESTERDAY        0                         4     -4        2
  MONTH TO DATE   68                        67      1       32
  SINCE JUN 1     68                        67      1       32
  SINCE JAN 1     81                        85     -4       75
..................................................................


WIND (MPH)
  HIGHEST WIND SPEED    MM   HIGHEST WIND DIRECTION    MM
  HIGHEST GUST SPEED    MM   HIGHEST GUST DIRECTION    MM
  AVERAGE WIND SPEED    MM


SKY COVER
  AVERAGE SKY COVER 0.0


WEATHER CONDITIONS
 THE FOLLOWING WEATHER WAS RECORDED YESTERDAY.
  NO SIGNIFICANT WEATHER WAS OBSERVED.


RELATIVE HUMIDITY (PERCENT)
 HIGHEST   100           200 AM
 LOWEST     44          1200 PM
 AVERAGE    72

..........................................................


THE ST. JOHNSBURY VT CLIMATE NORMALS FOR TODAY
                         NORMAL    RECORD    YEAR
 MAXIMUM TEMPERATURE (F)   80        94      1946
 MINIMUM TEMPERATURE (F)   57        34      1986


SUNRISE AND SUNSET
JUNE 26 2017..........SUNRISE   505 AM EDT   SUNSET   837 PM EDT
JUNE 27 2017..........SUNRISE   506 AM EDT   SUNSET   837 PM EDT


-  INDICATES NEGATIVE NUMBERS.
R  INDICATES RECORD WAS SET OR TIED.
MM INDICATES DATA IS MISSING.
T  INDICATES TRACE AMOUNT.




$$
