000
CDUS41 KBTV 270556
CLI1V4


CLIMATE REPORT
NATIONAL WEATHER SERVICE BURLINGTON VT
151 AM EDT THU AUG 27 2015


...................................

...THE ST. JOHNSBURY VT CLIMATE SUMMARY FOR AUGUST 26 2015...

CLIMATE NORMAL PERIOD 1981 TO 2010
CLIMATE RECORD PERIOD 1894 TO 2015


WEATHER ITEM   OBSERVED TIME   RECORD YEAR NORMAL DEPARTURE LAST
                VALUE   (LST)  VALUE       VALUE  FROM      YEAR
                                                  NORMAL
..................................................................
TEMPERATURE (F)
 YESTERDAY
  MAXIMUM         78        MM  95    1948  77      1       85
  MINIMUM         59        MM  35    1913  56      3       56
  AVERAGE         69                        66      3       71

PRECIPITATION (IN)
  YESTERDAY        0.00          1.18 1941   0.11  -0.11     0.00
  MONTH TO DATE    3.73                      3.71   0.02     1.70
  SINCE JUN 1     17.11                     11.84   5.27    11.66
  SINCE JAN 1     28.48                     25.25   3.23    27.36

DEGREE DAYS
 HEATING
  YESTERDAY        0                         2     -2        0
  MONTH TO DATE    5                        27    -22       35
  SINCE JUN 1    143                       114     29      122
  SINCE JUL 1     34                        42     -8       53

 COOLING
  YESTERDAY        4                         3      1        6
  MONTH TO DATE  136                       107     29       49
  SINCE JUN 1    310                       366    -56      207
  SINCE JAN 1    348                       384    -36      211
..................................................................


WIND (MPH)
  HIGHEST WIND SPEED    MM   HIGHEST WIND DIRECTION    MM
  HIGHEST GUST SPEED    MM   HIGHEST GUST DIRECTION    MM
  AVERAGE WIND SPEED    MM


SKY COVER
  AVERAGE SKY COVER 0.0


WEATHER CONDITIONS
 THE FOLLOWING WEATHER WAS RECORDED YESTERDAY.
  NO SIGNIFICANT WEATHER WAS OBSERVED.


RELATIVE HUMIDITY (PERCENT)
 HIGHEST    90           300 AM
 LOWEST     46           200 PM
 AVERAGE    68

..........................................................


THE ST. JOHNSBURY VT CLIMATE NORMALS FOR TODAY
                         NORMAL    RECORD    YEAR
 MAXIMUM TEMPERATURE (F)   77        93      1952
 MINIMUM TEMPERATURE (F)   55        35      1894


SUNRISE AND SUNSET
AUGUST 27 2015........SUNRISE   605 AM EDT   SUNSET   734 PM EDT
AUGUST 28 2015........SUNRISE   606 AM EDT   SUNSET   732 PM EDT


-  INDICATES NEGATIVE NUMBERS.
R  INDICATES RECORD WAS SET OR TIED.
MM INDICATES DATA IS MISSING.
T  INDICATES TRACE AMOUNT.




$$
