000
CDUS41 KBTV 180542
CLI1V4


CLIMATE REPORT
NATIONAL WEATHER SERVICE BURLINGTON VT
1240 AM EST THU DEC 18 2014


...................................

...THE ST. JOHNSBURY VT CLIMATE SUMMARY FOR DECEMBER 17 2014...

CLIMATE NORMAL PERIOD 1981 TO 2010
CLIMATE RECORD PERIOD 1894 TO 2014


WEATHER ITEM   OBSERVED TIME   RECORD YEAR NORMAL DEPARTURE LAST
                VALUE   (LST)  VALUE       VALUE  FROM      YEAR
                                                  NORMAL
..................................................................
TEMPERATURE (F)
 YESTERDAY
  MAXIMUM         37        MM  47    1984  31      6        8
  MINIMUM         34        MM -26    1951  14     20      -20
  AVERAGE         36                        22     14       -6

PRECIPITATION (IN)
  YESTERDAY        0.64          1.74 1973   0.10   0.54     0.06
  MONTH TO DATE    3.00                      1.79   1.21     1.45
  SINCE DEC 1      3.00                      1.79   1.21     1.45
  SINCE JAN 1     39.43                     38.21   1.22    35.25

DEGREE DAYS
 HEATING
  YESTERDAY       29                        43    -14       71
  MONTH TO DATE  634                       668    -34      768
  SINCE DEC 1    634                       668    -34      768
  SINCE JUL 1   2286                      2324    -38     2567

 COOLING
  YESTERDAY        0                         0      0        0
  MONTH TO DATE    0                         0      0        0
  SINCE DEC 1      0                         0      0        0
  SINCE JAN 1    252                       433   -181      407
..................................................................


WIND (MPH)
  HIGHEST WIND SPEED    MM   HIGHEST WIND DIRECTION    MM
  HIGHEST GUST SPEED    MM   HIGHEST GUST DIRECTION    MM
  AVERAGE WIND SPEED    MM


SKY COVER
  AVERAGE SKY COVER 0.0


WEATHER CONDITIONS
 THE FOLLOWING WEATHER WAS RECORDED YESTERDAY.
  NO SIGNIFICANT WEATHER WAS OBSERVED.


RELATIVE HUMIDITY (PERCENT)
 HIGHEST   100           700 AM
 LOWEST     82          1200 AM
 AVERAGE    91

..........................................................


THE ST. JOHNSBURY VT CLIMATE NORMALS FOR TODAY
                         NORMAL    RECORD    YEAR
 MAXIMUM TEMPERATURE (F)   31        53      1921
 MINIMUM TEMPERATURE (F)   14       -20      1919


SUNRISE AND SUNSET
DECEMBER 18 2014......SUNRISE   719 AM EST   SUNSET   410 PM EST
DECEMBER 19 2014......SUNRISE   720 AM EST   SUNSET   410 PM EST


-  INDICATES NEGATIVE NUMBERS.
R  INDICATES RECORD WAS SET OR TIED.
MM INDICATES DATA IS MISSING.
T  INDICATES TRACE AMOUNT.




$$
