000
CDUS41 KBTV 101248
CLI1V4


CLIMATE REPORT
NATIONAL WEATHER SERVICE BURLINGTON VT
745 AM EST SUN DEC 10 2017


...................................

...THE ST. JOHNSBURY VT CLIMATE SUMMARY FOR DECEMBER 9 2017...

CLIMATE NORMAL PERIOD 1981 TO 2010
CLIMATE RECORD PERIOD 1894 TO 2017


WEATHER ITEM   OBSERVED TIME   RECORD YEAR NORMAL DEPARTURE LAST
                VALUE   (LST)  VALUE       VALUE  FROM      YEAR
                                                  NORMAL
..................................................................
TEMPERATURE (F)
 YESTERDAY
  MAXIMUM         31        MM  59    1951  34     -3       29
  MINIMUM         20        MM -20    1989  18      2       18
                                      1902
  AVERAGE         26                        26      0       24

PRECIPITATION (IN)
  YESTERDAY        0.14          0.69 2014   0.11   0.03     0.04
  MONTH TO DATE    0.53                      0.97  -0.44     0.96
  SINCE DEC 1      0.53                      0.97  -0.44     0.96
  SINCE JAN 1     40.26                     37.39   2.87    37.06

DEGREE DAYS
 HEATING
  YESTERDAY       39                        39      0       41
  MONTH TO DATE  291                       338    -47      294
  SINCE DEC 1    291                       338    -47      294
  SINCE JUL 1   1764                      1994   -230     1754

 COOLING
  YESTERDAY        0                         0      0        0
  MONTH TO DATE    0                         0      0        0
  SINCE DEC 1      0                         0      0        0
  SINCE JAN 1    331                       433   -102      457
..................................................................


WIND (MPH)
  HIGHEST WIND SPEED    MM   HIGHEST WIND DIRECTION    MM
  HIGHEST GUST SPEED    MM   HIGHEST GUST DIRECTION    MM
  AVERAGE WIND SPEED    MM


SKY COVER
  AVERAGE SKY COVER 0.0


WEATHER CONDITIONS
 THE FOLLOWING WEATHER WAS RECORDED YESTERDAY.
  NO SIGNIFICANT WEATHER WAS OBSERVED.


RELATIVE HUMIDITY (PERCENT)
 HIGHEST   100           800 PM
 LOWEST     63           100 PM
 AVERAGE    82

..........................................................


THE ST. JOHNSBURY VT CLIMATE NORMALS FOR TODAY
                         NORMAL    RECORD    YEAR
 MAXIMUM TEMPERATURE (F)   33        52      1946
 MINIMUM TEMPERATURE (F)   17       -22      1902


SUNRISE AND SUNSET
DECEMBER 10 2017......SUNRISE   713 AM EST   SUNSET   408 PM EST
DECEMBER 11 2017......SUNRISE   714 AM EST   SUNSET   409 PM EST


-  INDICATES NEGATIVE NUMBERS.
R  INDICATES RECORD WAS SET OR TIED.
MM INDICATES DATA IS MISSING.
T  INDICATES TRACE AMOUNT.




$$
