982
CDUS43 KUNR 240857
CLI2WX


CLIMATE REPORT
NATIONAL WEATHER SERVICE RAPID CITY SD
241 AM MDT TUE MAY 24 2016


...................................

...THE BUFFALO SD CLIMATE SUMMARY FOR MAY 23 2016...

CLIMATE NORMAL PERIOD 1981 TO 2010
CLIMATE RECORD PERIOD 9999 TO 9999


WEATHER ITEM   OBSERVED TIME   NORMAL DEPARTURE LAST
                VALUE   (LST)  VALUE  FROM      YEAR
                                      NORMAL
......................................................
TEMPERATURE (F)
 YESTERDAY
  MAXIMUM         75    153 PM  68      7       59
  MINIMUM         40    500 AM  44     -4       41
  AVERAGE         58            56      2       50

PRECIPITATION (IN)
  YESTERDAY        0.00          0.15  -0.15     0.01
  MONTH TO DATE    0.47          1.95  -1.48     1.17
  SINCE MAR 1      2.87          4.27  -1.40     2.42
  SINCE JAN 1      3.53          4.84  -1.31     2.89

DEGREE DAYS
 HEATING
  YESTERDAY        7            10     -3       15
  MONTH TO DATE  237           296    -59      344
  SINCE MAR 1   1536          1952   -416     1647
  SINCE JUL 1   6314          7749  -1435     7105

 COOLING
  YESTERDAY        0             0      0        0
  MONTH TO DATE    2             0      2        0
  SINCE MAR 1      2             0      2        0
  SINCE JAN 1      2             0      2        0
......................................................


WIND (MPH)
  HIGHEST WIND SPEED    20   HIGHEST WIND DIRECTION    NW (330)
  HIGHEST GUST SPEED    23   HIGHEST GUST DIRECTION    NW (330)
  AVERAGE WIND SPEED    10.2




RELATIVE HUMIDITY (PERCENT)
 HIGHEST    85           500 AM
 LOWEST     20           200 PM
 AVERAGE    53

..........................................................




SUNRISE AND SUNSET
MAY 24 2016...........SUNRISE   514 AM MDT   SUNSET   829 PM MDT
MAY 25 2016...........SUNRISE   513 AM MDT   SUNSET   830 PM MDT


-  INDICATES NEGATIVE NUMBERS.
R  INDICATES RECORD WAS SET OR TIED.
MM INDICATES DATA IS MISSING.
T  INDICATES TRACE AMOUNT.




$$
