000
CDUS43 KUNR 170921
CLI2WX


CLIMATE REPORT
NATIONAL WEATHER SERVICE RAPID CITY SD
221 AM MST WED JAN 17 2018


...................................

...THE BUFFALO SD CLIMATE SUMMARY FOR JANUARY 16 2018...

CLIMATE NORMAL PERIOD 1981 TO 2010
CLIMATE RECORD PERIOD 9999 TO 9999


WEATHER ITEM   OBSERVED TIME   NORMAL DEPARTURE LAST
                VALUE   (LST)  VALUE  FROM      YEAR
                                      NORMAL
......................................................
TEMPERATURE (F)
 YESTERDAY
  MAXIMUM         15   1138 PM  31    -16       27
  MINIMUM        -18   1202 AM  10    -28       12
  AVERAGE         -1            20    -21       20

PRECIPITATION (IN)
  YESTERDAY        0.00          0.01  -0.01     0.00
  MONTH TO DATE    0.20          0.15   0.05     0.00
  SINCE DEC 1      0.74          0.44   0.30     1.17
  SINCE JAN 1      0.20          0.15   0.05     0.00

DEGREE DAYS
 HEATING
  YESTERDAY       66            45     21       45
  MONTH TO DATE  823           720    103      959
  SINCE DEC 1   2139          2082     57     2514
  SINCE JUL 1   3807          3980   -173     3804

 COOLING
  YESTERDAY        0             0      0        0
  MONTH TO DATE    0             0      0        0
  SINCE DEC 1      0             0      0        0
  SINCE JAN 1      0             0      0        0
......................................................


WIND (MPH)
  HIGHEST WIND SPEED    15   HIGHEST WIND DIRECTION     S (180)
  HIGHEST GUST SPEED    17   HIGHEST GUST DIRECTION     S (180)
  AVERAGE WIND SPEED     7.5




RELATIVE HUMIDITY (PERCENT)
 HIGHEST    86          1200 AM
 LOWEST     52           200 PM
 AVERAGE    69

..........................................................




SUNRISE AND SUNSET
JANUARY 17 2018.......SUNRISE   729 AM MST   SUNSET   440 PM MST
JANUARY 18 2018.......SUNRISE   729 AM MST   SUNSET   441 PM MST


-  INDICATES NEGATIVE NUMBERS.
R  INDICATES RECORD WAS SET OR TIED.
MM INDICATES DATA IS MISSING.
T  INDICATES TRACE AMOUNT.




$$
