000
CDUS43 KUNR 010835
CLI2WX


CLIMATE REPORT
NATIONAL WEATHER SERVICE RAPID CITY SD
235 AM MDT SUN MAY 1 2016


...................................

...THE BUFFALO SD CLIMATE SUMMARY FOR APRIL 30 2016...

CLIMATE NORMAL PERIOD 1981 TO 2010
CLIMATE RECORD PERIOD 9999 TO 9999


WEATHER ITEM   OBSERVED TIME   NORMAL DEPARTURE LAST
                VALUE   (LST)  VALUE  FROM      YEAR
                                      NORMAL
......................................................
TEMPERATURE (F)
 YESTERDAY
  MAXIMUM         58    221 PM  61     -3       66
  MINIMUM         38   1135 PM  36      2       40
  AVERAGE         48            48      0       53

PRECIPITATION (IN)
  YESTERDAY        0.00          0.09  -0.09     0.00
  MONTH TO DATE    2.15          1.55   0.60     0.84
  SINCE MAR 1      2.40          2.32   0.08     1.25
  SINCE JAN 1      3.06          2.89   0.17     1.72

DEGREE DAYS
 HEATING
  YESTERDAY       17            17      0       12
  MONTH TO DATE  558           651    -93      586
  SINCE MAR 1   1299          1656   -357     1303
  SINCE JUL 1   6077          7453  -1376     6761

 COOLING
  YESTERDAY        0             0      0        0
  MONTH TO DATE    0             0      0        0
  SINCE MAR 1      0             0      0        0
  SINCE JAN 1      0             0      0        0
......................................................


WIND (MPH)
  HIGHEST WIND SPEED    28   HIGHEST WIND DIRECTION    NE (40)
  HIGHEST GUST SPEED    33   HIGHEST GUST DIRECTION    NE (40)
  AVERAGE WIND SPEED    12.8




RELATIVE HUMIDITY (PERCENT)
 HIGHEST    79          1200 AM
 LOWEST     35           500 PM
 AVERAGE    57

..........................................................




SUNRISE AND SUNSET
MAY  1 2016...........SUNRISE   541 AM MDT   SUNSET   802 PM MDT
MAY  2 2016...........SUNRISE   540 AM MDT   SUNSET   803 PM MDT


-  INDICATES NEGATIVE NUMBERS.
R  INDICATES RECORD WAS SET OR TIED.
MM INDICATES DATA IS MISSING.
T  INDICATES TRACE AMOUNT.




$$
