000
CDUS43 KUNR 010831
CLI2WX


CLIMATE REPORT
NATIONAL WEATHER SERVICE RAPID CITY SD
231 AM MDT WED OCT 1 2014


...................................

...THE BUFFALO SD CLIMATE SUMMARY FOR SEPTEMBER 30 2014...

CLIMATE NORMAL PERIOD 1981 TO 2010
CLIMATE RECORD PERIOD 9999 TO 9999


WEATHER ITEM   OBSERVED TIME   RECORD YEAR NORMAL DEPARTURE LAST
                VALUE   (LST)  VALUE       VALUE  FROM      YEAR
                                                  NORMAL
..................................................................
TEMPERATURE (F)
 YESTERDAY
  MAXIMUM         55    522 PM              65    -10       80
  MINIMUM         51    334 AM              38     13       40
  AVERAGE         53                        51      2       60

PRECIPITATION (IN)
  YESTERDAY        1.54         MM      MM   0.01   1.53     0.01
  MONTH TO DATE    2.08                      1.08   0.00     2.17
  SINCE SEP 1      2.08                      1.08   0.00     2.17
  SINCE JAN 1     16.45                     13.22   3.23    11.65

DEGREE DAYS
 HEATING
  YESTERDAY       12                        14     -2        5
  MONTH TO DATE  228                       238    -10      117
  SINCE SEP 1    228                       239    -11      117
  SINCE JUL 1    279                       291    -12      129

 COOLING
  YESTERDAY        0                         0      0        0
  MONTH TO DATE   55                        41     14      100
  SINCE SEP 1     55                        41     14      100
  SINCE JAN 1    420                       512    -92      587
..................................................................


WIND (MPH)
  HIGHEST WIND SPEED    26   HIGHEST WIND DIRECTION     W (280)
  HIGHEST GUST SPEED    32   HIGHEST GUST DIRECTION     W (280)
  AVERAGE WIND SPEED    14.3




RELATIVE HUMIDITY (PERCENT)
 HIGHEST   100          1200 AM
 LOWEST     86           500 PM
 AVERAGE    93

..........................................................




SUNRISE AND SUNSET
OCTOBER  1 2014.......SUNRISE   652 AM MDT   SUNSET   634 PM MDT
OCTOBER  2 2014.......SUNRISE   654 AM MDT   SUNSET   632 PM MDT


-  INDICATES NEGATIVE NUMBERS.
R  INDICATES RECORD WAS SET OR TIED.
MM INDICATES DATA IS MISSING.
T  INDICATES TRACE AMOUNT.




$$
