000
CDUS43 KUNR 220833
CLI2WX


CLIMATE REPORT
NATIONAL WEATHER SERVICE RAPID CITY SD
233 AM MDT SUN OCT 22 2017


...................................

...THE BUFFALO SD CLIMATE SUMMARY FOR OCTOBER 21 2017...

CLIMATE NORMAL PERIOD 1981 TO 2010
CLIMATE RECORD PERIOD 9999 TO 9999


WEATHER ITEM   OBSERVED TIME   NORMAL DEPARTURE LAST
                VALUE   (LST)  VALUE  FROM      YEAR
                                      NORMAL
......................................................
TEMPERATURE (F)
 YESTERDAY
  MAXIMUM         56    149 PM  55      1       65
  MINIMUM         33   1121 PM  32      1       35
  AVERAGE         45            44      1       50

PRECIPITATION (IN)
  YESTERDAY        0.00          0.03  -0.03     0.00
  MONTH TO DATE    0.09          0.34  -0.25     0.78
  SINCE SEP 1      2.79          1.42   1.37     1.80
  SINCE JAN 1     14.31         13.56   0.75     9.48

DEGREE DAYS
 HEATING
  YESTERDAY       20            21     -1       15
  MONTH TO DATE  323           375    -52      319
  SINCE SEP 1    528           614    -86      455
  SINCE JUL 1    539           666   -127      485

 COOLING
  YESTERDAY        0             0      0        0
  MONTH TO DATE    2             0      2        3
  SINCE SEP 1     93            41     52       42
  SINCE JAN 1    743           512    231      734
......................................................


WIND (MPH)
  HIGHEST WIND SPEED    46   HIGHEST WIND DIRECTION    NW (310)
  HIGHEST GUST SPEED    54   HIGHEST GUST DIRECTION     W (280)
  AVERAGE WIND SPEED    24.7




RELATIVE HUMIDITY (PERCENT)
 HIGHEST    61          1200 AM
 LOWEST     28           400 PM
 AVERAGE    45

..........................................................




SUNRISE AND SUNSET
OCTOBER 22 2017.......SUNRISE   720 AM MDT   SUNSET   556 PM MDT
OCTOBER 23 2017.......SUNRISE   722 AM MDT   SUNSET   554 PM MDT


-  INDICATES NEGATIVE NUMBERS.
R  INDICATES RECORD WAS SET OR TIED.
MM INDICATES DATA IS MISSING.
T  INDICATES TRACE AMOUNT.




$$
