000
CDUS43 KUNR 260834
CLI2WX


CLIMATE REPORT
NATIONAL WEATHER SERVICE RAPID CITY SD
234 AM MDT TUE JUL 26 2016


...................................

...THE BUFFALO SD CLIMATE SUMMARY FOR JULY 25 2016...

CLIMATE NORMAL PERIOD 1981 TO 2010
CLIMATE RECORD PERIOD 9999 TO 9999


WEATHER ITEM   OBSERVED TIME   NORMAL DEPARTURE LAST
                VALUE   (LST)  VALUE  FROM      YEAR
                                      NORMAL
......................................................
TEMPERATURE (F)
 YESTERDAY
  MAXIMUM        101    220 PM  86     15       92
  MINIMUM         61    505 AM  59      2       61
  AVERAGE         81            72      9       77

PRECIPITATION (IN)
  YESTERDAY        0.06          0.07  -0.01     0.13
  MONTH TO DATE    0.28          1.70  -1.42     0.21
  SINCE JUN 1      0.93          4.33  -3.40     2.94
  SINCE JAN 1      4.69         10.37  -5.68     7.50

DEGREE DAYS
 HEATING
  YESTERDAY        0             0      0        0
  MONTH TO DATE    0            21    -21        3
  SINCE JUN 1      9           135   -126       46
  SINCE JUL 1      0            21    -21        3

 COOLING
  YESTERDAY       16             8      8       12
  MONTH TO DATE  250           161     89      193
  SINCE JUN 1    432           223    209      284
  SINCE JAN 1    434           229    205      284
......................................................


WIND (MPH)
  HIGHEST WIND SPEED    25   HIGHEST WIND DIRECTION    NE (40)
  HIGHEST GUST SPEED    39   HIGHEST GUST DIRECTION    SW (240)
  AVERAGE WIND SPEED     6.7




RELATIVE HUMIDITY (PERCENT)
 HIGHEST    65           400 AM
 LOWEST     14           200 PM
 AVERAGE    40

..........................................................




SUNRISE AND SUNSET
JULY 26 2016..........SUNRISE   532 AM MDT   SUNSET   829 PM MDT
JULY 27 2016..........SUNRISE   533 AM MDT   SUNSET   828 PM MDT


-  INDICATES NEGATIVE NUMBERS.
R  INDICATES RECORD WAS SET OR TIED.
MM INDICATES DATA IS MISSING.
T  INDICATES TRACE AMOUNT.




$$
