000
CDUS43 KUNR 210830
CLI2WX


CLIMATE REPORT
NATIONAL WEATHER SERVICE RAPID CITY SD
230 AM MDT THU AUG 21 2014


...................................

...THE BUFFALO SD CLIMATE SUMMARY FOR AUGUST 20 2014...

CLIMATE NORMAL PERIOD 1981 TO 2010
CLIMATE RECORD PERIOD 9999 TO 9999


WEATHER ITEM   OBSERVED TIME   RECORD YEAR NORMAL DEPARTURE LAST
                VALUE   (LST)  VALUE       VALUE  FROM      YEAR
                                                  NORMAL
..................................................................
TEMPERATURE (F)
 YESTERDAY
  MAXIMUM         87   1249 PM              85      2       92
  MINIMUM         58   1152 PM              55      3       59
  AVERAGE         73                        70      3       76

PRECIPITATION (IN)
  YESTERDAY        0.00         MM      MM   0.03  -0.03     0.00
  MONTH TO DATE    0.97                      0.99  -0.02     2.61
  SINCE JUN 1      7.42                      5.68   1.74     5.29
  SINCE JAN 1     11.76                     11.72   0.04     9.45

DEGREE DAYS
 HEATING
  YESTERDAY        0                         1     -1        0
  MONTH TO DATE    0                        15    -15        2
  SINCE JUN 1    151                       149      2      101
  SINCE JUL 1     16                        35    -19       12

 COOLING
  YESTERDAY        8                         6      2       11
  MONTH TO DATE  148                       146      2       84
  SINCE JUN 1    323                       415    -92      353
  SINCE JAN 1    353                       421    -68      363
..................................................................


WIND (MPH)
  HIGHEST WIND SPEED    31   HIGHEST WIND DIRECTION    NW (330)
  HIGHEST GUST SPEED    37   HIGHEST GUST DIRECTION    NW (320)
  AVERAGE WIND SPEED    10.5




RELATIVE HUMIDITY (PERCENT)
 HIGHEST    84           800 PM
 LOWEST     40           100 PM
 AVERAGE    62

..........................................................




SUNRISE AND SUNSET
AUGUST 21 2014........SUNRISE   602 AM MDT   SUNSET   752 PM MDT
AUGUST 22 2014........SUNRISE   603 AM MDT   SUNSET   750 PM MDT


-  INDICATES NEGATIVE NUMBERS.
R  INDICATES RECORD WAS SET OR TIED.
MM INDICATES DATA IS MISSING.
T  INDICATES TRACE AMOUNT.




$$
