000
CDUS43 KUNR 150833
CLI2WX


CLIMATE REPORT
NATIONAL WEATHER SERVICE RAPID CITY SD
232 AM MDT TUE APR 15 2014


...................................

...THE BUFFALO SD CLIMATE SUMMARY FOR APRIL 14 2014...

CLIMATE NORMAL PERIOD 1981 TO 2010
CLIMATE RECORD PERIOD 9999 TO 9999


WEATHER ITEM   OBSERVED TIME   RECORD YEAR NORMAL DEPARTURE LAST
                VALUE   (LST)  VALUE       VALUE  FROM      YEAR
                                                  NORMAL
..................................................................
TEMPERATURE (F)
 YESTERDAY
  MAXIMUM         41    459 PM              55    -14       30
  MINIMUM         22   1213 AM              31     -9       23
  AVERAGE         32                        43    -11       27

PRECIPITATION (IN)
  YESTERDAY        0.00         MM      MM   0.05  -0.05     0.11
  MONTH TO DATE    0.23                      0.59  -0.36     0.79
  SINCE MAR 1      1.11                      1.36  -0.25     1.12
  SINCE JAN 1      1.69                      1.93  -0.24     1.27

DEGREE DAYS
 HEATING
  YESTERDAY       33                        22     11       38
  MONTH TO DATE  390                       344     46      403
  SINCE MAR 1   1499                      1350    149     1462
  SINCE JUL 1   7556                      7147    409     6799

 COOLING
  YESTERDAY        0                         0      0        0
  MONTH TO DATE    0                         0      0        0
  SINCE MAR 1      0                         0      0        0
  SINCE JAN 1      0                         0      0        0
..................................................................


WIND (MPH)
  HIGHEST WIND SPEED    28   HIGHEST WIND DIRECTION    NW (320)
  HIGHEST GUST SPEED    33   HIGHEST GUST DIRECTION    NW (330)
  AVERAGE WIND SPEED    13.5




RELATIVE HUMIDITY (PERCENT)
 HIGHEST    75           400 AM
 LOWEST     25           400 PM
 AVERAGE    50

..........................................................




SUNRISE AND SUNSET
APRIL 15 2014.........SUNRISE   609 AM MDT   SUNSET   741 PM MDT
APRIL 16 2014.........SUNRISE   607 AM MDT   SUNSET   742 PM MDT


-  INDICATES NEGATIVE NUMBERS.
R  INDICATES RECORD WAS SET OR TIED.
MM INDICATES DATA IS MISSING.
T  INDICATES TRACE AMOUNT.




$$
