000
CDUS43 KUNR 270837
CLI2WX


CLIMATE REPORT
NATIONAL WEATHER SERVICE RAPID CITY SD
236 AM MDT THU AUG 27 2015


...................................

...THE BUFFALO SD CLIMATE SUMMARY FOR AUGUST 26 2015...

CLIMATE NORMAL PERIOD 1981 TO 2010
CLIMATE RECORD PERIOD 9999 TO 9999


WEATHER ITEM   OBSERVED TIME   NORMAL DEPARTURE LAST
                VALUE   (LST)  VALUE  FROM      YEAR
                                      NORMAL
......................................................
TEMPERATURE (F)
 YESTERDAY
  MAXIMUM         89    112 PM  83      6       71
  MINIMUM         54    529 AM  53      1       47
  AVERAGE         72            68      4       59

PRECIPITATION (IN)
  YESTERDAY        0.00          0.03  -0.03     0.00
  MONTH TO DATE    3.08          1.16   1.92     3.13
  SINCE JUN 1      6.02          5.85   0.17     9.58
  SINCE JAN 1     10.58         11.89  -1.31    13.92

DEGREE DAYS
 HEATING
  YESTERDAY        0             2     -2        6
  MONTH TO DATE   41            22     19       29
  SINCE JUN 1     90           156    -66      180
  SINCE JUL 1     47            42      5       45

 COOLING
  YESTERDAY        7             5      2        0
  MONTH TO DATE  166           177    -11      152
  SINCE JUN 1    491           446     45      327
  SINCE JAN 1    491           452     39      357
......................................................


WIND (MPH)
  HIGHEST WIND SPEED    17   HIGHEST WIND DIRECTION    SE (140)
  HIGHEST GUST SPEED    22   HIGHEST GUST DIRECTION     W (250)
  AVERAGE WIND SPEED     7.8




RELATIVE HUMIDITY (PERCENT)
 HIGHEST    93           400 AM
 LOWEST     40          1200 PM
 AVERAGE    67

..........................................................




SUNRISE AND SUNSET
AUGUST 27 2015........SUNRISE   609 AM MDT   SUNSET   742 PM MDT
AUGUST 28 2015........SUNRISE   610 AM MDT   SUNSET   740 PM MDT


-  INDICATES NEGATIVE NUMBERS.
R  INDICATES RECORD WAS SET OR TIED.
MM INDICATES DATA IS MISSING.
T  INDICATES TRACE AMOUNT.




$$
