000
CDUS43 KABR 201034
CLI8D3


CLIMATE REPORT
NATIONAL WEATHER SERVICE ABERDEEN SD
532 AM CDT SAT SEP 20 2014


...................................

...THE SISSETON SD CLIMATE SUMMARY FOR SEPTEMBER 19 2014...

CLIMATE NORMAL PERIOD 1981 TO 2010
CLIMATE RECORD PERIOD 1900 TO 2014


WEATHER ITEM   OBSERVED TIME   RECORD YEAR NORMAL DEPARTURE LAST
                VALUE   (LST)  VALUE       VALUE  FROM      YEAR
                                                  NORMAL
..................................................................
TEMPERATURE (F)
 YESTERDAY
  MAXIMUM         80    336 PM  97    1984  71      9       77
  MINIMUM         60   1255 AM  30    1937  46     14       55
  AVERAGE         70                        58     12       66

PRECIPITATION (IN)
  YESTERDAY        0.00          1.14 1986   0.10  -0.10     0.01
  MONTH TO DATE    0.07                      1.56  -1.49     0.95
  SINCE SEP 1      0.07                      1.56  -1.49     0.95
  SINCE JAN 1     21.03                     18.30   2.73    19.62

DEGREE DAYS
 HEATING
  YESTERDAY        0                         8     -8        0
  MONTH TO DATE  124                        95     29       55
  SINCE SEP 1    124                        95     29       55
  SINCE JUL 1    161                       138     23      104

 COOLING
  YESTERDAY        5                         1      4        1
  MONTH TO DATE   28                        38    -10       76
  SINCE SEP 1     28                        38    -10       76
  SINCE JAN 1    428                       517    -89      611
..................................................................


WIND (MPH)
  HIGHEST WIND SPEED    20   HIGHEST WIND DIRECTION     S (190)
  HIGHEST GUST SPEED    25   HIGHEST GUST DIRECTION     S (190)
  AVERAGE WIND SPEED    10.8


SKY COVER
  POSSIBLE SUNSHINE  MM
  AVERAGE SKY COVER 0.0


WEATHER CONDITIONS
 THE FOLLOWING WEATHER WAS RECORDED YESTERDAY.
  NO SIGNIFICANT WEATHER WAS OBSERVED.


RELATIVE HUMIDITY (PERCENT)
 HIGHEST    93           700 AM
 LOWEST     53          1000 PM
 AVERAGE    73

..........................................................


THE SISSETON SD CLIMATE NORMALS FOR TODAY
                         NORMAL    RECORD    YEAR
 MAXIMUM TEMPERATURE (F)   71        91      1941
 MINIMUM TEMPERATURE (F)   45        28      1973


SUNRISE AND SUNSET
SEPTEMBER 20 2014.....SUNRISE   712 AM CDT   SUNSET   729 PM CDT
SEPTEMBER 21 2014.....SUNRISE   714 AM CDT   SUNSET   727 PM CDT


-  INDICATES NEGATIVE NUMBERS.
R  INDICATES RECORD WAS SET OR TIED.
MM INDICATES DATA IS MISSING.
T  INDICATES TRACE AMOUNT.




$$
