000
CDUS43 KABR 232236
CLI8D3


CLIMATE REPORT
NATIONAL WEATHER SERVICE ABERDEEN SD
535 PM CDT SUN JUL 23 2017


...................................

...THE SISSETON SD CLIMATE SUMMARY FOR JULY 23 2017...
VALID TODAY AS OF 0500 PM LOCAL TIME.

CLIMATE NORMAL PERIOD 1981 TO 2010
CLIMATE RECORD PERIOD 1900 TO 2017


WEATHER ITEM   OBSERVED TIME   RECORD YEAR NORMAL DEPARTURE LAST
                VALUE   (LST)  VALUE       VALUE  FROM      YEAR
                                                  NORMAL
..................................................................
TEMPERATURE (F)
 TODAY
  MAXIMUM         77    359 PM 101    1934  84     -7       86
  MINIMUM         61    553 AM  43    1992  60              69
  AVERAGE         69                        72     -3       78

PRECIPITATION (IN)
  TODAY            0.00          2.70 1912   0.11  -0.11     0.04
  MONTH TO DATE    0.64                      2.76  -2.12     4.74
  SINCE JUN 1      3.20                      6.50  -3.30     5.86
  SINCE JAN 1      7.37                     13.48  -6.11    10.90

DEGREE DAYS
 COOLING
  TODAY            4                         7     -3       13
  MONTH TO DATE  191                       150     41      149
  SINCE JUN 1    337                       244     93      316
  SINCE JAN 1    353                       267     86      353
..................................................................


WIND (MPH)
  HIGHEST WIND SPEED    17   HIGHEST WIND DIRECTION    NW (320)
  HIGHEST GUST SPEED    22   HIGHEST GUST DIRECTION    NW (320)
  AVERAGE WIND SPEED    10.9


SKY COVER
  POSSIBLE SUNSHINE  MM
  AVERAGE SKY COVER 0.0


WEATHER CONDITIONS
 THE FOLLOWING WEATHER WAS RECORDED TODAY.
  NO SIGNIFICANT WEATHER WAS OBSERVED.


RELATIVE HUMIDITY (PERCENT)
 HIGHEST    93           100 AM
 LOWEST     56           400 PM
 AVERAGE    75

..........................................................


THE SISSETON SD CLIMATE NORMALS FOR TOMORROW
                         NORMAL    RECORD    YEAR
 MAXIMUM TEMPERATURE (F)   84       105      1940
 MINIMUM TEMPERATURE (F)   60        47      1955


SUNRISE AND SUNSET
JULY 23 2017..........SUNRISE   602 AM CDT   SUNSET   907 PM CDT
JULY 24 2017..........SUNRISE   603 AM CDT   SUNSET   906 PM CDT


-  INDICATES NEGATIVE NUMBERS.
R  INDICATES RECORD WAS SET OR TIED.
MM INDICATES DATA IS MISSING.
T  INDICATES TRACE AMOUNT.




$$
