000
CDUS43 KABR 211046
CLI8D3


CLIMATE REPORT
NATIONAL WEATHER SERVICE ABERDEEN SD
445 AM CST SUN DEC 21 2014


...................................

...THE SISSETON SD CLIMATE SUMMARY FOR DECEMBER 20 2014...

CLIMATE NORMAL PERIOD 1981 TO 2010
CLIMATE RECORD PERIOD 1900 TO 2014


WEATHER ITEM   OBSERVED TIME   RECORD YEAR NORMAL DEPARTURE LAST
                VALUE   (LST)  VALUE       VALUE  FROM      YEAR
                                                  NORMAL
..................................................................
TEMPERATURE (F)
 YESTERDAY
  MAXIMUM         32    620 PM  52    1979  25      7        9
                                      1956
  MINIMUM         29   1135 AM -26    1983   6     23       -6
  AVERAGE         31                        15     16        2

PRECIPITATION (IN)
  YESTERDAY        0.00          0.37 2010   0.01  -0.01     0.00
  MONTH TO DATE    0.22                      0.25  -0.03     0.84
  SINCE DEC 1      0.22                      0.25  -0.03     0.84
  SINCE JAN 1     23.32                     22.19   1.13    28.27

SNOWFALL (IN)
  YESTERDAY        0.0
  MONTH TO DATE    3.0
  SINCE OCT 1     11.4
  SINCE JUL 1     11.4
  SNOW DEPTH       2

DEGREE DAYS
 HEATING
  YESTERDAY       34                        50    -16       63
  MONTH TO DATE  824                       932   -108     1098
  SINCE DEC 1    824                       932   -108     1098
  SINCE JUL 1   2804                      2783     21     2930

 COOLING
  YESTERDAY        0                         0      0        0
  MONTH TO DATE    0                         0      0        0
  SINCE DEC 1      0                         0      0        0
  SINCE JAN 1    442                       527    -85      625
..................................................................


WIND (MPH)
  HIGHEST WIND SPEED    20   HIGHEST WIND DIRECTION     S (190)
  HIGHEST GUST SPEED    22   HIGHEST GUST DIRECTION     S (180)
  AVERAGE WIND SPEED    10.6


SKY COVER
  POSSIBLE SUNSHINE  MM
  AVERAGE SKY COVER 0.0


WEATHER CONDITIONS
 THE FOLLOWING WEATHER WAS RECORDED YESTERDAY.
  NO SIGNIFICANT WEATHER WAS OBSERVED.


RELATIVE HUMIDITY (PERCENT)
 HIGHEST   100           800 AM
 LOWEST     92          1200 AM
 AVERAGE    96

..........................................................


THE SISSETON SD CLIMATE NORMALS FOR TODAY
                         NORMAL    RECORD    YEAR
 MAXIMUM TEMPERATURE (F)   24        53      1979
 MINIMUM TEMPERATURE (F)    6       -27      1989


SUNRISE AND SUNSET
DECEMBER 21 2014......SUNRISE   806 AM CST   SUNSET   447 PM CST
DECEMBER 22 2014......SUNRISE   806 AM CST   SUNSET   447 PM CST


-  INDICATES NEGATIVE NUMBERS.
R  INDICATES RECORD WAS SET OR TIED.
MM INDICATES DATA IS MISSING.
T  INDICATES TRACE AMOUNT.




$$
