000
CDUS43 KABR 291058
CLI8D3


CLIMATE REPORT
NATIONAL WEATHER SERVICE ABERDEEN SD
555 AM CDT FRI JUL 29 2016


...................................

...THE SISSETON SD CLIMATE SUMMARY FOR JULY 28 2016...

CLIMATE NORMAL PERIOD 1981 TO 2010
CLIMATE RECORD PERIOD 1900 TO 2016


WEATHER ITEM   OBSERVED TIME   RECORD YEAR NORMAL DEPARTURE LAST
                VALUE   (LST)  VALUE       VALUE  FROM      YEAR
                                                  NORMAL
..................................................................
TEMPERATURE (F)
 YESTERDAY
  MAXIMUM         79    541 PM 105    1975  83     -4       79
  MINIMUM         60    607 AM  42    2013  60      0       66
  AVERAGE         70                        72     -2       73

PRECIPITATION (IN)
  YESTERDAY        0.00          1.60 1942   0.11  -0.11     1.14
  MONTH TO DATE    5.00                      3.27   1.73     3.17
  SINCE JUN 1      6.12                      7.01  -0.89     4.55
  SINCE JAN 1     11.16                     13.99  -2.83    12.20

DEGREE DAYS
 HEATING
  YESTERDAY        0                         0      0        0
  MONTH TO DATE   13                         3     10       13
  SINCE JUN 1     40                        65    -25       27
  SINCE JUL 1     13                         3     10       13

 COOLING
  YESTERDAY        5                         7     -2        8
  MONTH TO DATE  188                       185      3      188
  SINCE JUN 1    355                       279     76      312
  SINCE JAN 1    392                       302     90      329
..................................................................


WIND (MPH)
  HIGHEST WIND SPEED    12   HIGHEST WIND DIRECTION     E (70)
  HIGHEST GUST SPEED    14   HIGHEST GUST DIRECTION     E (80)
  AVERAGE WIND SPEED     4.7


SKY COVER
  POSSIBLE SUNSHINE  MM
  AVERAGE SKY COVER 0.0


WEATHER CONDITIONS
 THE FOLLOWING WEATHER WAS RECORDED YESTERDAY.
  NO SIGNIFICANT WEATHER WAS OBSERVED.


RELATIVE HUMIDITY (PERCENT)
 HIGHEST    93          1100 PM
 LOWEST     50           600 PM
 AVERAGE    72

..........................................................


THE SISSETON SD CLIMATE NORMALS FOR TODAY
                         NORMAL    RECORD    YEAR
 MAXIMUM TEMPERATURE (F)   83       103      1975
 MINIMUM TEMPERATURE (F)   60        40      1952


SUNRISE AND SUNSET
JULY 29 2016..........SUNRISE   608 AM CDT   SUNSET   900 PM CDT
JULY 30 2016..........SUNRISE   610 AM CDT   SUNSET   858 PM CDT


-  INDICATES NEGATIVE NUMBERS.
R  INDICATES RECORD WAS SET OR TIED.
MM INDICATES DATA IS MISSING.
T  INDICATES TRACE AMOUNT.




$$
