000
CDUS43 KABR 242339
CLI8D3


CLIMATE REPORT
NATIONAL WEATHER SERVICE ABERDEEN SD
537 PM CST SAT FEB 24 2018


...................................

...THE SISSETON SD CLIMATE SUMMARY FOR FEBRUARY 24 2018...
VALID TODAY AS OF 0500 PM LOCAL TIME.

CLIMATE NORMAL PERIOD 1981 TO 2010
CLIMATE RECORD PERIOD 1900 TO 2018


WEATHER ITEM   OBSERVED TIME   RECORD YEAR NORMAL DEPARTURE LAST
                VALUE   (LST)  VALUE       VALUE  FROM      YEAR
                                                  NORMAL
..................................................................
TEMPERATURE (F)
 TODAY
  MAXIMUM         17   1259 PM  62    1976  30    -13       27
  MINIMUM        -11    433 AM -24    1955  13              17
  AVERAGE          3                        21    -18       22

PRECIPITATION (IN)
  TODAY            0.33          0.70 2007   0.02   0.31     0.00
  MONTH TO DATE    0.97                      0.34   0.63     0.17
  SINCE DEC 1      1.37                      1.16   0.21     2.38
  SINCE JAN 1      1.07                      0.77   0.30     0.96

SNOWFALL (IN)
  TODAY           MM
  MONTH TO DATE   10.6
  SINCE OCT 1     15.4
  SINCE JUL 1     15.4
  SNOW DEPTH      MM

DEGREE DAYS
 HEATING
  TODAY           62                        44     18       43
  MONTH TO DATE 1347                      1143    204      864
  SINCE DEC 1   4286                      4238     48     3827
  SINCE JUL 1   5929                      6089   -160     5108
..................................................................


WIND (MPH)
  HIGHEST WIND SPEED    16   HIGHEST WIND DIRECTION     S (170)
  HIGHEST GUST SPEED    20   HIGHEST GUST DIRECTION     S (180)
  AVERAGE WIND SPEED     6.8


SKY COVER
  POSSIBLE SUNSHINE  MM
  AVERAGE SKY COVER 0.0


WEATHER CONDITIONS
 THE FOLLOWING WEATHER WAS RECORDED TODAY.
  HEAVY SNOW
  SNOW
  LIGHT SNOW
  FOG
  FOG W/VISIBILITY <= 1/4 MILE
  HAZE


RELATIVE HUMIDITY (PERCENT)
 HIGHEST    92           300 AM
 LOWEST     80          1000 AM
 AVERAGE    86

..........................................................


THE SISSETON SD CLIMATE NORMALS FOR TOMORROW
                         NORMAL    RECORD    YEAR
 MAXIMUM TEMPERATURE (F)   31        68      1958
 MINIMUM TEMPERATURE (F)   13       -15      1980
                                             1934


SUNRISE AND SUNSET
FEBRUARY 24 2018......SUNRISE   715 AM CST   SUNSET   608 PM CST
FEBRUARY 25 2018......SUNRISE   713 AM CST   SUNSET   609 PM CST


-  INDICATES NEGATIVE NUMBERS.
R  INDICATES RECORD WAS SET OR TIED.
MM INDICATES DATA IS MISSING.
T  INDICATES TRACE AMOUNT.




$$
