000
CDUS43 KABR 231041
CLI8D3


CLIMATE REPORT
NATIONAL WEATHER SERVICE ABERDEEN SD
440 AM CST MON JAN 23 2017


...................................

...THE SISSETON SD CLIMATE SUMMARY FOR JANUARY 22 2017...

CLIMATE NORMAL PERIOD 1981 TO 2010
CLIMATE RECORD PERIOD 1900 TO 2017


WEATHER ITEM   OBSERVED TIME   RECORD YEAR NORMAL DEPARTURE LAST
                VALUE   (LST)  VALUE       VALUE  FROM      YEAR
                                                  NORMAL
..................................................................
TEMPERATURE (F)
 YESTERDAY
  MAXIMUM         34   1159 PM  56    1942  23     11       15
  MINIMUM         31   1051 AM -35    1936   3     28        4
  AVERAGE         33                        13     20       10

PRECIPITATION (IN)
  YESTERDAY        0.00          0.45 1979   0.02  -0.02     0.00
  MONTH TO DATE    0.79                      0.33   0.46     0.14
  SINCE DEC 1      2.21                      0.72   1.49     1.21
  SINCE JAN 1      0.79                      0.33   0.46     0.14

SNOWFALL (IN)
  YESTERDAY        0.0
  MONTH TO DATE   10.5
  SINCE OCT 1     23.3
  SINCE JUL 1     23.3
  SNOW DEPTH       T

DEGREE DAYS
 HEATING
  YESTERDAY       32                        52    -20       55
  MONTH TO DATE 1159                      1144     15     1172
  SINCE DEC 1   2631                      2632     -1     2416
  SINCE JUL 1   3912                      4483   -571     3812

 COOLING
  YESTERDAY        0                         0      0        0
  MONTH TO DATE    0                         0      0        0
  SINCE DEC 1      0                         0      0        0
  SINCE JAN 1      0                         0      0        0
..................................................................


WIND (MPH)
  HIGHEST WIND SPEED    17   HIGHEST WIND DIRECTION     N (350)
  HIGHEST GUST SPEED    22   HIGHEST GUST DIRECTION     N (350)
  AVERAGE WIND SPEED     9.9


SKY COVER
  POSSIBLE SUNSHINE  MM
  AVERAGE SKY COVER 0.0


WEATHER CONDITIONS
 THE FOLLOWING WEATHER WAS RECORDED YESTERDAY.
  FOG


RELATIVE HUMIDITY (PERCENT)
 HIGHEST   100          1200 AM
 LOWEST     89           100 PM
 AVERAGE    95

..........................................................


THE SISSETON SD CLIMATE NORMALS FOR TODAY
                         NORMAL    RECORD    YEAR
 MAXIMUM TEMPERATURE (F)   23        57      1942
 MINIMUM TEMPERATURE (F)    3       -30      1948


SUNRISE AND SUNSET
JANUARY 23 2017.......SUNRISE   759 AM CST   SUNSET   522 PM CST
JANUARY 24 2017.......SUNRISE   758 AM CST   SUNSET   523 PM CST


-  INDICATES NEGATIVE NUMBERS.
R  INDICATES RECORD WAS SET OR TIED.
MM INDICATES DATA IS MISSING.
T  INDICATES TRACE AMOUNT.




$$
