000
CDUS43 KABR 312228
CLI8D3


CLIMATE REPORT
NATIONAL WEATHER SERVICE ABERDEEN SD
527 PM CDT TUE MAY 31 2016


...................................

...THE SISSETON SD CLIMATE SUMMARY FOR MAY 31 2016...
VALID TODAY AS OF 0500 PM LOCAL TIME.

CLIMATE NORMAL PERIOD 1981 TO 2010
CLIMATE RECORD PERIOD 1900 TO 2016


WEATHER ITEM   OBSERVED TIME   RECORD YEAR NORMAL DEPARTURE LAST
                VALUE   (LST)  VALUE       VALUE  FROM      YEAR
                                                  NORMAL
..................................................................
TEMPERATURE (F)
 TODAY
  MAXIMUM         72    344 PM 110    1934  73     -1       62
  MINIMUM         58    215 AM  35    1964  50              37
  AVERAGE         65                        62      3       50

PRECIPITATION (IN)
  TODAY            0.00          2.33 1954   0.10  -0.10     0.00
  MONTH TO DATE    0.87                      2.72  -1.85     5.19
  SINCE MAR 1      3.87                      6.12  -2.25     6.77
  SINCE JAN 1      5.04                      6.98  -1.94     7.65

DEGREE DAYS
 COOLING
  TODAY            0                         1     -1        0
  MONTH TO DATE   37                        22     15       17
  SINCE MAR 1     37                        23     14       17
  SINCE JAN 1     37                        23     14       17
..................................................................


WIND (MPH)
  HIGHEST WIND SPEED    31   HIGHEST WIND DIRECTION     W (270)
  HIGHEST GUST SPEED    40   HIGHEST GUST DIRECTION     W (280)
  AVERAGE WIND SPEED    14.3


SKY COVER
  POSSIBLE SUNSHINE  MM
  AVERAGE SKY COVER 0.0


WEATHER CONDITIONS
 THE FOLLOWING WEATHER WAS RECORDED TODAY.
  NO SIGNIFICANT WEATHER WAS OBSERVED.


RELATIVE HUMIDITY (PERCENT)
 HIGHEST    97           300 AM
 LOWEST     37           400 PM
 AVERAGE    67

..........................................................


THE SISSETON SD CLIMATE NORMALS FOR TOMORROW
                         NORMAL    RECORD    YEAR
 MAXIMUM TEMPERATURE (F)   74        93      1940
 MINIMUM TEMPERATURE (F)   51        34      1946


SUNRISE AND SUNSET
MAY 31 2016...........SUNRISE   542 AM CDT   SUNSET   910 PM CDT
JUNE  1 2016..........SUNRISE   542 AM CDT   SUNSET   911 PM CDT


-  INDICATES NEGATIVE NUMBERS.
R  INDICATES RECORD WAS SET OR TIED.
MM INDICATES DATA IS MISSING.
T  INDICATES TRACE AMOUNT.




$$
