000
CDUS43 KABR 251032
CLI8D3


CLIMATE REPORT
NATIONAL WEATHER SERVICE ABERDEEN SD
431 AM CST SAT FEB 25 2017


...................................

...THE SISSETON SD CLIMATE SUMMARY FOR FEBRUARY 24 2017...

CLIMATE NORMAL PERIOD 1981 TO 2010
CLIMATE RECORD PERIOD 1900 TO 2017


WEATHER ITEM   OBSERVED TIME   RECORD YEAR NORMAL DEPARTURE LAST
                VALUE   (LST)  VALUE       VALUE  FROM      YEAR
                                                  NORMAL
..................................................................
TEMPERATURE (F)
 YESTERDAY
  MAXIMUM         27    152 PM  62    1976  30     -3       39
  MINIMUM         17   1159 PM -24    1955  13      4       25
  AVERAGE         22                        21      1       32

PRECIPITATION (IN)
  YESTERDAY        0.00          0.70 2007   0.02  -0.02     0.00
  MONTH TO DATE    0.17                      0.34  -0.17     0.89
  SINCE DEC 1      2.38                      1.16   1.22     2.24
  SINCE JAN 1      0.96                      0.77   0.19     1.17

SNOWFALL (IN)
  YESTERDAY        0.0
  MONTH TO DATE    0.5
  SINCE OCT 1     23.8
  SINCE JUL 1     23.8
  SNOW DEPTH       0

DEGREE DAYS
 HEATING
  YESTERDAY       43                        44     -1       33
  MONTH TO DATE  864                      1143   -279     1015
  SINCE DEC 1   3827                      4238   -411     3752
  SINCE JUL 1   5108                      6089   -981     5148

 COOLING
  YESTERDAY        0                         0      0        0
  MONTH TO DATE    0                         0      0        0
  SINCE DEC 1      0                         0      0        0
  SINCE JAN 1      0                         0      0        0
..................................................................


WIND (MPH)
  HIGHEST WIND SPEED    29   HIGHEST WIND DIRECTION     N (360)
  HIGHEST GUST SPEED    35   HIGHEST GUST DIRECTION     N (360)
  AVERAGE WIND SPEED    20.5


SKY COVER
  POSSIBLE SUNSHINE  MM
  AVERAGE SKY COVER 0.0


WEATHER CONDITIONS
 THE FOLLOWING WEATHER WAS RECORDED YESTERDAY.
  NO SIGNIFICANT WEATHER WAS OBSERVED.


RELATIVE HUMIDITY (PERCENT)
 HIGHEST    92          1100 PM
 LOWEST     68          1000 AM
 AVERAGE    80

..........................................................


THE SISSETON SD CLIMATE NORMALS FOR TODAY
                         NORMAL    RECORD    YEAR
 MAXIMUM TEMPERATURE (F)   31        68      1958
 MINIMUM TEMPERATURE (F)   13       -15      1980
                                             1934


SUNRISE AND SUNSET
FEBRUARY 25 2017......SUNRISE   713 AM CST   SUNSET   610 PM CST
FEBRUARY 26 2017......SUNRISE   711 AM CST   SUNSET   611 PM CST


-  INDICATES NEGATIVE NUMBERS.
R  INDICATES RECORD WAS SET OR TIED.
MM INDICATES DATA IS MISSING.
T  INDICATES TRACE AMOUNT.




$$
