389
CDUS43 KABR 301031
CLI8D3


CLIMATE REPORT
NATIONAL WEATHER SERVICE ABERDEEN SD
530 AM CDT TUE AUG 30 2016


...................................

...THE SISSETON SD CLIMATE SUMMARY FOR AUGUST 29 2016...

CLIMATE NORMAL PERIOD 1981 TO 2010
CLIMATE RECORD PERIOD 1900 TO 2016


WEATHER ITEM   OBSERVED TIME   RECORD YEAR NORMAL DEPARTURE LAST
                VALUE   (LST)  VALUE       VALUE  FROM      YEAR
                                                  NORMAL
..................................................................
TEMPERATURE (F)
 YESTERDAY
  MAXIMUM         87    339 PM  99    1961  78      9       84
  MINIMUM         63   1157 PM  40    1988  55      8       57
  AVERAGE         75                        66      9       71

PRECIPITATION (IN)
  YESTERDAY        0.00          3.23 1983   0.08  -0.08     0.00
  MONTH TO DATE    4.28                      2.26   2.02     2.19
  SINCE JUN 1     10.40                      9.58   0.82     6.74
  SINCE JAN 1     15.44                     16.56  -1.12    14.39

DEGREE DAYS
 HEATING
  YESTERDAY        0                         2     -2        0
  MONTH TO DATE   14                        24    -10       45
  SINCE JUN 1     54                        99    -45       72
  SINCE JUL 1     27                        37    -10       58

 COOLING
  YESTERDAY       10                         3      7        6
  MONTH TO DATE  168                       150     18      132
  SINCE JUN 1    538                       449     89      464
  SINCE JAN 1    575                       472    103      481
..................................................................


WIND (MPH)
  HIGHEST WIND SPEED    24   HIGHEST WIND DIRECTION     W (250)
  HIGHEST GUST SPEED    32   HIGHEST GUST DIRECTION    SW (240)
  AVERAGE WIND SPEED     9.6


SKY COVER
  POSSIBLE SUNSHINE  MM
  AVERAGE SKY COVER 0.0


WEATHER CONDITIONS
 THE FOLLOWING WEATHER WAS RECORDED YESTERDAY.
  NO SIGNIFICANT WEATHER WAS OBSERVED.


RELATIVE HUMIDITY (PERCENT)
 HIGHEST    93          1000 PM
 LOWEST     61           300 PM
 AVERAGE    77

..........................................................


THE SISSETON SD CLIMATE NORMALS FOR TODAY
                         NORMAL    RECORD    YEAR
 MAXIMUM TEMPERATURE (F)   78        95      1961
 MINIMUM TEMPERATURE (F)   54        37      2009


SUNRISE AND SUNSET
AUGUST 30 2016........SUNRISE   647 AM CDT   SUNSET   809 PM CDT
AUGUST 31 2016........SUNRISE   649 AM CDT   SUNSET   807 PM CDT


-  INDICATES NEGATIVE NUMBERS.
R  INDICATES RECORD WAS SET OR TIED.
MM INDICATES DATA IS MISSING.
T  INDICATES TRACE AMOUNT.




$$
