000
CDUS43 KABR 270908
CLI8D3


CLIMATE REPORT
NATIONAL WEATHER SERVICE ABERDEEN SD
407 AM CDT SAT MAY 27 2017


...................................

...THE SISSETON SD CLIMATE SUMMARY FOR MAY 26 2017...

CLIMATE NORMAL PERIOD 1981 TO 2010
CLIMATE RECORD PERIOD 1900 TO 2017


WEATHER ITEM   OBSERVED TIME   RECORD YEAR NORMAL DEPARTURE LAST
                VALUE   (LST)  VALUE       VALUE  FROM      YEAR
                                                  NORMAL
..................................................................
TEMPERATURE (F)
 YESTERDAY
  MAXIMUM         72    442 PM  94    1934  72      0       79
  MINIMUM         51   1151 PM  32    1932  49      2       56
  AVERAGE         62                        60      2       68

PRECIPITATION (IN)
  YESTERDAY        0.00          0.97 1960   0.09  -0.09     0.01
  MONTH TO DATE    1.09                      2.27  -1.18     0.50
  SINCE MAR 1      2.92                      5.67  -2.75     3.50
  SINCE JAN 1      4.12                      6.53  -2.41     4.67

DEGREE DAYS
 HEATING
  YESTERDAY        3                         6     -3        0
  MONTH TO DATE  212                       237    -25      198
  SINCE MAR 1   1862                      1937    -75     1608
  SINCE JUL 1   7126                      8196  -1070     6909

 COOLING
  YESTERDAY        0                         1     -1        3
  MONTH TO DATE   16                        17     -1       30
  SINCE MAR 1     16                        18     -2       30
  SINCE JAN 1     16                        18     -2       30
..................................................................


WIND (MPH)
  HIGHEST WIND SPEED    23   HIGHEST WIND DIRECTION    NW (300)
  HIGHEST GUST SPEED    28   HIGHEST GUST DIRECTION    NW (300)
  AVERAGE WIND SPEED    12.1


SKY COVER
  POSSIBLE SUNSHINE  MM
  AVERAGE SKY COVER 0.0


WEATHER CONDITIONS
 THE FOLLOWING WEATHER WAS RECORDED YESTERDAY.
  NO SIGNIFICANT WEATHER WAS OBSERVED.


RELATIVE HUMIDITY (PERCENT)
 HIGHEST    93          1200 AM
 LOWEST     38           200 PM
 AVERAGE    66

..........................................................


THE SISSETON SD CLIMATE NORMALS FOR TODAY
                         NORMAL    RECORD    YEAR
 MAXIMUM TEMPERATURE (F)   73        98      1934
 MINIMUM TEMPERATURE (F)   49        32      1965


SUNRISE AND SUNSET
MAY 27 2017...........SUNRISE   545 AM CDT   SUNSET   906 PM CDT
MAY 28 2017...........SUNRISE   544 AM CDT   SUNSET   907 PM CDT


-  INDICATES NEGATIVE NUMBERS.
R  INDICATES RECORD WAS SET OR TIED.
MM INDICATES DATA IS MISSING.
T  INDICATES TRACE AMOUNT.




$$
