000
CDUS46 KMFR 220904
CLIAAT


CLIMATE REPORT
NATIONAL WEATHER SERVICE MEDFORD, OR
103 AM PST SUN JAN 22 2017


...................................

...THE ALTURAS CA CLIMATE SUMMARY FOR JANUARY 21 2017...

CLIMATE NORMAL PERIOD 1981 TO 2010
CLIMATE RECORD PERIOD 1905 TO 2017


WEATHER ITEM   OBSERVED TIME   RECORD YEAR NORMAL DEPARTURE LAST
                VALUE   (LST)  VALUE       VALUE  FROM      YEAR
                                                  NORMAL
..................................................................
TEMPERATURE (F)
 YESTERDAY
  MAXIMUM         41    151 PM  69    1961  42     -1       54
  MINIMUM         30    100 AM -30    1937  18     12       33
  AVERAGE         36                        30      6       44

PRECIPITATION (IN)
  YESTERDAY        0.00          2.02 1943   0.05  -0.05     0.00
  MONTH TO DATE    3.10                      1.23   1.87     0.92
  SINCE OCT 1      6.85                      5.74   1.11     6.90
  SINCE JAN 1      3.10                      1.23   1.87     0.92

SNOWFALL (IN)
  YESTERDAY        0.0                      MM     MM       MM
  MONTH TO DATE    0.0                      MM     MM       MM
  SINCE JUL 1      0.0                      MM     MM       MM
  SNOW DEPTH      MM

DEGREE DAYS
 HEATING
  YESTERDAY       29                        35     -6       21
  MONTH TO DATE  845                       747     98      715
  SINCE DEC 1   2004                      1847    157     1824
  SINCE JUL 1   3512                      3657   -145     3351

 COOLING
  YESTERDAY        0                         0      0        0
  MONTH TO DATE    0                         0      0        0
  SINCE DEC 1      0                         0      0        0
  SINCE JAN 1      0                         0      0        0
..................................................................


WIND (MPH)
  HIGHEST WIND SPEED    24   HIGHEST WIND DIRECTION    SW (230)
  HIGHEST GUST SPEED    32   HIGHEST GUST DIRECTION    SW (240)
  AVERAGE WIND SPEED    10.8


SKY COVER
  POSSIBLE SUNSHINE  MM
  AVERAGE SKY COVER 0.8


WEATHER CONDITIONS
 THE FOLLOWING WEATHER WAS RECORDED YESTERDAY.
  NO SIGNIFICANT WEATHER WAS OBSERVED.


RELATIVE HUMIDITY (PERCENT)
 HIGHEST    85          1200 AM
 LOWEST     59           100 PM
 AVERAGE    72

..........................................................


THE ALTURAS CA CLIMATE NORMALS FOR TODAY
                         NORMAL    RECORD    YEAR
 MAXIMUM TEMPERATURE (F)   42        62      1961
 MINIMUM TEMPERATURE (F)   18       -24      1962


SUNRISE AND SUNSET
JANUARY 22 2017.......SUNRISE   722 AM PST   SUNSET   506 PM PST
JANUARY 23 2017.......SUNRISE   721 AM PST   SUNSET   507 PM PST


-  INDICATES NEGATIVE NUMBERS.
R  INDICATES RECORD WAS SET OR TIED.
MM INDICATES DATA IS MISSING.
T  INDICATES TRACE AMOUNT.




$$
