000
CDUS46 KMFR 290035
CLIAAT


CLIMATE REPORT
NATIONAL WEATHER SERVICE MEDFORD, OR
535 PM PDT SUN MAY 28 2017


...................................

...THE ALTURAS CA CLIMATE SUMMARY FOR MAY 28 2017...
VALID TODAY AS OF 0500 PM LOCAL TIME.

CLIMATE NORMAL PERIOD 1981 TO 2010
CLIMATE RECORD PERIOD 1905 TO 2017


WEATHER ITEM   OBSERVED TIME   RECORD YEAR NORMAL DEPARTURE LAST
                VALUE   (LST)  VALUE       VALUE  FROM      YEAR
                                                  NORMAL
..................................................................
TEMPERATURE (F)
 TODAY
  MAXIMUM         85    215 PM  93    1983  72     13       73
  MINIMUM         37    501 AM  28    2007  38     -1       34
                                      1977
  AVERAGE         61                        55      6       54

PRECIPITATION (IN)
  TODAY            0.00          0.92 2008   0.05  -0.05     0.00
  MONTH TO DATE    0.19                      1.24  -1.05     1.17
  SINCE OCT 1     13.12                     11.93   1.19    12.81
  SINCE JAN 1      9.37                      7.42   1.95     6.83

SNOWFALL (IN)
  TODAY           MM                        MM     MM       MM
  MONTH TO DATE   MM                        MM     MM       MM
  SINCE JUL 1     MM                        MM     MM       MM
  SNOW DEPTH      MM

DEGREE DAYS
 HEATING
  TODAY            4                        10     -6       11
  MONTH TO DATE  276                       382   -106      325
  SINCE MAR 1   1572                      1859   -287     1469
  SINCE JUL 1   6234                      6726   -492     5856

 COOLING
  TODAY            0                         0      0        0
  MONTH TO DATE    0                         0      0        0
  SINCE MAR 1      0                         0      0        0
  SINCE JAN 1      0                         0      0        0
..................................................................


WIND (MPH)
  HIGHEST WIND SPEED    10   HIGHEST WIND DIRECTION     E (90)
  HIGHEST GUST SPEED    14   HIGHEST GUST DIRECTION    SE (140)
  AVERAGE WIND SPEED     1.9


SKY COVER
  POSSIBLE SUNSHINE  MM
  AVERAGE SKY COVER 0.0


WEATHER CONDITIONS
 THE FOLLOWING WEATHER WAS RECORDED TODAY.
  NO SIGNIFICANT WEATHER WAS OBSERVED.


RELATIVE HUMIDITY (PERCENT)
 HIGHEST    85           400 AM
 LOWEST     11           400 PM
 AVERAGE    48

..........................................................


THE ALTURAS CA CLIMATE NORMALS FOR TOMORROW
                         NORMAL    RECORD    YEAR
 MAXIMUM TEMPERATURE (F)   72        95      1983
 MINIMUM TEMPERATURE (F)   38        24      1976


SUNRISE AND SUNSET
MAY 28 2017...........SUNRISE   533 AM PDT   SUNSET   827 PM PDT
MAY 29 2017...........SUNRISE   532 AM PDT   SUNSET   828 PM PDT


-  INDICATES NEGATIVE NUMBERS.
R  INDICATES RECORD WAS SET OR TIED.
MM INDICATES DATA IS MISSING.
T  INDICATES TRACE AMOUNT.




$$
