000
CDUS46 KMFR 240045
CLIAAT


CLIMATE REPORT
NATIONAL WEATHER SERVICE MEDFORD, OR
444 PM PST FRI FEB 23 2018


...................................

...THE ALTURAS CA CLIMATE SUMMARY FOR FEBRUARY 23 2018...
VALID TODAY AS OF 0400 PM LOCAL TIME.

CLIMATE NORMAL PERIOD 1981 TO 2010
CLIMATE RECORD PERIOD 1905 TO 2018


WEATHER ITEM   OBSERVED TIME   RECORD YEAR NORMAL DEPARTURE LAST
                VALUE   (LST)  VALUE       VALUE  FROM      YEAR
                                                  NORMAL
..................................................................
TEMPERATURE (F)
 TODAY
  MAXIMUM         27    256 PM  68    1995  48    -21       32
  MINIMUM          3    716 AM   0    1919  23    -20       13
  AVERAGE         15                        36    -21       23

PRECIPITATION (IN)
  TODAY            0.00          0.51 1972   0.05  -0.05     0.01
  MONTH TO DATE    0.26                      1.17  -0.91     3.05
  SINCE OCT 1      4.59                      7.33  -2.74    10.06
  SINCE JAN 1      1.59                      2.82  -1.23     6.31

SNOWFALL (IN)
  TODAY           MM                        MM     MM       MM
  MONTH TO DATE   MM                        MM     MM       MM
  SINCE JUL 1     MM                        MM     MM       MM
  SNOW DEPTH      MM

DEGREE DAYS
 HEATING
  TODAY           50                        29     21       42
  MONTH TO DATE  739                       724     15      600
  SINCE DEC 1   2641                      2912   -271     2953
  SINCE JUL 1   4195                      4722   -527     4461

 COOLING
  TODAY            0                         0      0        0
  MONTH TO DATE    0                         0      0        0
  SINCE DEC 1      0                         0      0        0
  SINCE JAN 1      0                         0      0        0
..................................................................


WIND (MPH)
  HIGHEST WIND SPEED    17   HIGHEST WIND DIRECTION     N (10)
  HIGHEST GUST SPEED    22   HIGHEST GUST DIRECTION     N (10)
  AVERAGE WIND SPEED     3.8


SKY COVER
  POSSIBLE SUNSHINE  MM
  AVERAGE SKY COVER 0.2


WEATHER CONDITIONS
 THE FOLLOWING WEATHER WAS RECORDED TODAY.
  LIGHT SNOW


RELATIVE HUMIDITY (PERCENT)
 HIGHEST    83           800 AM
 LOWEST     50           200 PM
 AVERAGE    67

..........................................................


THE ALTURAS CA CLIMATE NORMALS FOR TOMORROW
                         NORMAL    RECORD    YEAR
 MAXIMUM TEMPERATURE (F)   48        67      1995
 MINIMUM TEMPERATURE (F)   23        -4      1933


SUNRISE AND SUNSET
FEBRUARY 23 2018......SUNRISE   646 AM PST   SUNSET   546 PM PST
FEBRUARY 24 2018......SUNRISE   644 AM PST   SUNSET   547 PM PST


-  INDICATES NEGATIVE NUMBERS.
R  INDICATES RECORD WAS SET OR TIED.
MM INDICATES DATA IS MISSING.
T  INDICATES TRACE AMOUNT.




$$
