000
CDUS41 KPHI 240628
CLIABE


CLIMATE REPORT
NATIONAL WEATHER SERVICE MOUNT HOLLY NJ
126 AM EST TUE JAN 24 2017


...................................

...THE ALLENTOWN PA CLIMATE SUMMARY FOR JANUARY 23 2017...

CLIMATE NORMAL PERIOD 1981 TO 2010
CLIMATE RECORD PERIOD 1922 TO 2017


WEATHER ITEM   OBSERVED TIME   RECORD YEAR NORMAL DEPARTURE LAST
                VALUE   (LST)  VALUE       VALUE  FROM      YEAR
                                                  NORMAL
..................................................................
TEMPERATURE (F)
 YESTERDAY
  MAXIMUM         47   1244 AM  62    1999  36     11       29
  MINIMUM         36   1159 PM  -9    1961  19     17       22
  AVERAGE         42                        28     14       26

PRECIPITATION (IN)
  YESTERDAY        0.66          1.65 2016   0.10   0.56     1.65
  MONTH TO DATE    3.08                      2.24   0.84     3.17
  SINCE DEC 1      5.51                      5.82  -0.31     7.37
  SINCE JAN 1      3.08                      2.24   0.84     3.17

SNOWFALL (IN)
  YESTERDAY        0.0          30.2  2016   0.3   -0.3     30.2
  MONTH TO DATE    2.1                       7.2   -5.1     32.3
  SINCE DEC 1      2.8                      12.4   -9.6     32.3
  SINCE JUL 1      2.8                      13.1  -10.3     32.3
  SNOW DEPTH       0

DEGREE DAYS
 HEATING
  YESTERDAY       23                        37    -14       39
  MONTH TO DATE  704                       859   -155      804
  SINCE DEC 1   1654                      1874   -220     1390
  SINCE JUL 1   2559                      3054   -495     2272

 COOLING
  YESTERDAY        0                         0      0        0
  MONTH TO DATE    0                         0      0        0
  SINCE DEC 1      0                         0      0        0
  SINCE JAN 1      0                         0      0        0
..................................................................


WIND (MPH)
  HIGHEST WIND SPEED    31   HIGHEST WIND DIRECTION    NE (60)
  HIGHEST GUST SPEED    39   HIGHEST GUST DIRECTION    NE (60)
  AVERAGE WIND SPEED    20.4


SKY COVER
  POSSIBLE SUNSHINE  MM
  AVERAGE SKY COVER 1.0


WEATHER CONDITIONS
 THE FOLLOWING WEATHER WAS RECORDED YESTERDAY.
  HEAVY RAIN
  RAIN
  LIGHT RAIN
  FOG
  HAZE


RELATIVE HUMIDITY (PERCENT)
 HIGHEST    82           500 PM
 LOWEST     60          1200 PM
 AVERAGE    71

..........................................................


THE ALLENTOWN PA CLIMATE NORMALS FOR TODAY
                         NORMAL    RECORD    YEAR
 MAXIMUM TEMPERATURE (F)   36        66      1967
 MINIMUM TEMPERATURE (F)   19        -6      1948


SUNRISE AND SUNSET
JANUARY 24 2017.......SUNRISE   718 AM EST   SUNSET   510 PM EST
JANUARY 25 2017.......SUNRISE   717 AM EST   SUNSET   511 PM EST


-  INDICATES NEGATIVE NUMBERS.
R  INDICATES RECORD WAS SET OR TIED.
MM INDICATES DATA IS MISSING.
T  INDICATES TRACE AMOUNT.




$$
