000
CDUS41 KPHI 200629
CLIABE


CLIMATE REPORT
NATIONAL WEATHER SERVICE MOUNT HOLLY NJ
229 AM EDT SUN APR 20 2014


...................................

...THE ALLENTOWN PA CLIMATE SUMMARY FOR APRIL 19 2014...

CLIMATE NORMAL PERIOD 1981 TO 2010
CLIMATE RECORD PERIOD 1922 TO 2014


WEATHER ITEM   OBSERVED TIME   RECORD YEAR NORMAL DEPARTURE LAST
                VALUE   (LST)  VALUE       VALUE  FROM      YEAR
                                                  NORMAL
..................................................................
TEMPERATURE (F)
 YESTERDAY
  MAXIMUM         65    440 PM  91    1976  63      2       77
  MINIMUM         35    351 AM  26    2001  40     -5       50
  AVERAGE         50                        51     -1       64

PRECIPITATION (IN)
  YESTERDAY        0.00          1.07 2013   0.11  -0.11     1.07
  MONTH TO DATE    2.62                      2.27   0.35     2.69
  SINCE MAR 1      5.06                      5.66  -0.60     4.98
  SINCE JAN 1     14.05                     11.39   2.66    11.04

SNOWFALL (IN)
  YESTERDAY        0.0           3.7  1983   0.1   -0.1      0.0
  MONTH TO DATE    0.3                       0.9   -0.6      0.0
  SINCE MAR 1      1.4                       5.8   -4.4      4.5
  SINCE JUL 1     68.1                      32.8   35.3     21.4
  SNOW DEPTH       0

DEGREE DAYS
 HEATING
  YESTERDAY       15                        14      1        1
  MONTH TO DATE  308                       324    -16      261
  SINCE MAR 1   1270                      1127    143     1094
  SINCE JUL 1   5868                      5436    432     5049

 COOLING
  YESTERDAY        0                         0      0        0
  MONTH TO DATE    7                         0      7        8
  SINCE MAR 1      7                         0      7        8
  SINCE JAN 1      7                         0      7        8
..................................................................


WIND (MPH)
  HIGHEST WIND SPEED    17   HIGHEST WIND DIRECTION    NW (330)
  HIGHEST GUST SPEED    23   HIGHEST GUST DIRECTION     N (340)
  AVERAGE WIND SPEED     6.8


SKY COVER
  POSSIBLE SUNSHINE  MM
  AVERAGE SKY COVER 0.0


WEATHER CONDITIONS
 THE FOLLOWING WEATHER WAS RECORDED YESTERDAY.
  NO SIGNIFICANT WEATHER WAS OBSERVED.


RELATIVE HUMIDITY (PERCENT)
 HIGHEST    85           600 AM
 LOWEST     19           500 PM
 AVERAGE    52

..........................................................


THE ALLENTOWN PA CLIMATE NORMALS FOR TODAY
                         NORMAL    RECORD    YEAR
 MAXIMUM TEMPERATURE (F)   63        90      1941
 MINIMUM TEMPERATURE (F)   40        29      1961


SUNRISE AND SUNSET
APRIL 20 2014.........SUNRISE   616 AM EDT   SUNSET   746 PM EDT
APRIL 21 2014.........SUNRISE   614 AM EDT   SUNSET   747 PM EDT


-  INDICATES NEGATIVE NUMBERS.
R  INDICATES RECORD WAS SET OR TIED.
MM INDICATES DATA IS MISSING.
T  INDICATES TRACE AMOUNT.




$$
