000
CDUS41 KPHI 030628
CLIABE


CLIMATE REPORT
NATIONAL WEATHER SERVICE MOUNT HOLLY NJ
127 AM EST SAT DEC 3 2016


...................................

...THE ALLENTOWN PA CLIMATE SUMMARY FOR DECEMBER 2 2016...

CLIMATE NORMAL PERIOD 1981 TO 2010
CLIMATE RECORD PERIOD 1922 TO 2016


WEATHER ITEM   OBSERVED TIME   RECORD YEAR NORMAL DEPARTURE LAST
                VALUE   (LST)  VALUE       VALUE  FROM      YEAR
                                                  NORMAL
..................................................................
TEMPERATURE (F)
 YESTERDAY
  MAXIMUM         51   1250 PM  63    1998  45      6       53
                                      1980
                                      1970
  MINIMUM         33    704 AM   2    1967  28      5       46
  AVERAGE         42                        37      5       50

PRECIPITATION (IN)
  YESTERDAY        0.00          0.86 1934   0.13  -0.13     0.41
  MONTH TO DATE    0.10                      0.26  -0.16     1.02
  SINCE DEC 1      0.10                      0.26  -0.16     1.02
  SINCE JAN 1     34.49                     42.03  -7.54    37.34

SNOWFALL (IN)
  YESTERDAY        0.0           3.6  1952   0.1   -0.1      0.0
  MONTH TO DATE    0.0                       0.2   -0.2      0.0
  SINCE DEC 1      0.0                       0.2   -0.2      0.0
  SINCE JUL 1      T                         0.9   -0.9       T
  SNOW DEPTH       0

DEGREE DAYS
 HEATING
  YESTERDAY       23                        28     -5       15
  MONTH TO DATE   43                        56    -13       36
  SINCE DEC 1     43                        56    -13       36
  SINCE JUL 1    948                      1236   -288      918

 COOLING
  YESTERDAY        0                         0      0        0
  MONTH TO DATE    0                         0      0        0
  SINCE DEC 1      0                         0      0        0
  SINCE JAN 1   1223                       757    466     1061
..................................................................


WIND (MPH)
  HIGHEST WIND SPEED    21   HIGHEST WIND DIRECTION     W (260)
  HIGHEST GUST SPEED    30   HIGHEST GUST DIRECTION     W (260)
  AVERAGE WIND SPEED    11.6


SKY COVER
  POSSIBLE SUNSHINE  MM
  AVERAGE SKY COVER 0.5


WEATHER CONDITIONS
 THE FOLLOWING WEATHER WAS RECORDED YESTERDAY.
  NO SIGNIFICANT WEATHER WAS OBSERVED.


RELATIVE HUMIDITY (PERCENT)
 HIGHEST    75           700 AM
 LOWEST     39           200 PM
 AVERAGE    57

..........................................................


THE ALLENTOWN PA CLIMATE NORMALS FOR TODAY
                         NORMAL    RECORD    YEAR
 MAXIMUM TEMPERATURE (F)   45        66      1998
 MINIMUM TEMPERATURE (F)   28         8      1976


SUNRISE AND SUNSET
DECEMBER  3 2016......SUNRISE   709 AM EST   SUNSET   435 PM EST
DECEMBER  4 2016......SUNRISE   710 AM EST   SUNSET   435 PM EST


-  INDICATES NEGATIVE NUMBERS.
R  INDICATES RECORD WAS SET OR TIED.
MM INDICATES DATA IS MISSING.
T  INDICATES TRACE AMOUNT.




$$
