000
CDUS41 KPHI 040631
CLIABE


CLIMATE REPORT
NATIONAL WEATHER SERVICE MOUNT HOLLY NJ
131 AM EST WED MAR 4 2015


...................................

...THE ALLENTOWN PA CLIMATE SUMMARY FOR MARCH 3 2015...

CLIMATE NORMAL PERIOD 1981 TO 2010
CLIMATE RECORD PERIOD 1922 TO 2015


WEATHER ITEM   OBSERVED TIME   RECORD YEAR NORMAL DEPARTURE LAST
                VALUE   (LST)  VALUE       VALUE  FROM      YEAR
                                                  NORMAL
..................................................................
TEMPERATURE (F)
 YESTERDAY
  MAXIMUM         33   1159 PM  71    1991  45    -12       28
  MINIMUM         10    458 AM   8    1950  25    -15       11
                                      1925
  AVERAGE         22                        35    -13       20

PRECIPITATION (IN)
  YESTERDAY        0.73          1.32 1960   0.10   0.63      T
  MONTH TO DATE    1.06                      0.29   0.77     0.01
  SINCE MAR 1      1.06                      0.29   0.77     0.01
  SINCE JAN 1      5.61                      6.02  -0.41     9.00

SNOWFALL (IN)
  YESTERDAY        1.4          13.8  1960   0.2    1.2       T
  MONTH TO DATE    4.6                       0.7    3.9      0.2
  SINCE MAR 1      4.6                       0.7    3.9      0.2
  SINCE JUL 1     36.9                      27.7    9.2     66.9
  SNOW DEPTH       5

DEGREE DAYS
 HEATING
  YESTERDAY       43                        30     13       45
  MONTH TO DATE  126                        92     34      123
  SINCE MAR 1    126                        92     34      123
  SINCE JUL 1   4607                      4401    206     4721

 COOLING
  YESTERDAY        0                         0      0        0
  MONTH TO DATE    0                         0      0        0
  SINCE MAR 1      0                         0      0        0
  SINCE JAN 1      0                         0      0        0
..................................................................


WIND (MPH)
  HIGHEST WIND SPEED    16   HIGHEST WIND DIRECTION     N (350)
  HIGHEST GUST SPEED    21   HIGHEST GUST DIRECTION     N (350)
  AVERAGE WIND SPEED     4.3


SKY COVER
  POSSIBLE SUNSHINE  MM
  AVERAGE SKY COVER 0.5


WEATHER CONDITIONS
 THE FOLLOWING WEATHER WAS RECORDED YESTERDAY.
  FREEZING RAIN
  LT FREEZING RAIN
  SNOW
  LIGHT SNOW
  SLEET
  FOG
  HAZE


RELATIVE HUMIDITY (PERCENT)
 HIGHEST    85           800 PM
 LOWEST     46          1200 AM
 AVERAGE    66

..........................................................


THE ALLENTOWN PA CLIMATE NORMALS FOR TODAY
                         NORMAL    RECORD    YEAR
 MAXIMUM TEMPERATURE (F)   45        73      1974
 MINIMUM TEMPERATURE (F)   25         3      1943


SUNRISE AND SUNSET
MARCH  4 2015.........SUNRISE   631 AM EST   SUNSET   556 PM EST
MARCH  5 2015.........SUNRISE   630 AM EST   SUNSET   557 PM EST


-  INDICATES NEGATIVE NUMBERS.
R  INDICATES RECORD WAS SET OR TIED.
MM INDICATES DATA IS MISSING.
T  INDICATES TRACE AMOUNT.




$$
