000
CDUS41 KPHI 210546
CLIABE


CLIMATE REPORT
NATIONAL WEATHER SERVICE MOUNT HOLLY NJ
146 AM EDT SAT OCT 21 2017


...................................

...THE ALLENTOWN PA CLIMATE SUMMARY FOR OCTOBER 20 2017...

CLIMATE NORMAL PERIOD 1981 TO 2010
CLIMATE RECORD PERIOD 1922 TO 2017


WEATHER ITEM   OBSERVED TIME   RECORD YEAR NORMAL DEPARTURE LAST
                VALUE   (LST)  VALUE       VALUE  FROM      YEAR
                                                  NORMAL
..................................................................
TEMPERATURE (F)
 YESTERDAY
  MAXIMUM         75    250 PM  78    1936  62     13       76
  MINIMUM         46    641 AM  24    1972  40      6       56
  AVERAGE         61                        51     10       66

PRECIPITATION (IN)
  YESTERDAY        0.00          1.65 1976   0.12  -0.12     0.00
  MONTH TO DATE    1.33                      2.67  -1.34     0.35
  SINCE SEP 1      5.13                      7.29  -2.16     3.77
  SINCE JAN 1     44.27                     37.06   7.21    30.18

SNOWFALL (IN)
  YESTERDAY        0.0           0.5  1940   0.0    0.0      0.0
  MONTH TO DATE    0.0                       0.0    0.0      0.0
  SINCE SEP 1      0.0                       0.0    0.0      0.0
  SINCE JUL 1      0.0                       0.0    0.0      0.0
  SNOW DEPTH       0

DEGREE DAYS
 HEATING
  YESTERDAY        4                        14    -10        0
  MONTH TO DATE   90                       222   -132      130
  SINCE SEP 1    146                       326   -180      172
  SINCE JUL 1    150                       337   -187      172

 COOLING
  YESTERDAY        0                         0      0        1
  MONTH TO DATE   51                         3     48       12
  SINCE SEP 1    195                        74    121      188
  SINCE JAN 1   1003                       753    250     1220
..................................................................


WIND (MPH)
  HIGHEST WIND SPEED    17   HIGHEST WIND DIRECTION    NW (310)
  HIGHEST GUST SPEED    22   HIGHEST GUST DIRECTION    NW (310)
  AVERAGE WIND SPEED     5.8


SKY COVER
  POSSIBLE SUNSHINE  MM
  AVERAGE SKY COVER 0.0


WEATHER CONDITIONS
 THE FOLLOWING WEATHER WAS RECORDED YESTERDAY.
  NO SIGNIFICANT WEATHER WAS OBSERVED.


RELATIVE HUMIDITY (PERCENT)
 HIGHEST    93           500 AM
 LOWEST     17           200 PM
 AVERAGE    55

..........................................................


THE ALLENTOWN PA CLIMATE NORMALS FOR TODAY
                         NORMAL    RECORD    YEAR
 MAXIMUM TEMPERATURE (F)   62        85      1947
 MINIMUM TEMPERATURE (F)   40        23      1972


SUNRISE AND SUNSET
OCTOBER 21 2017.......SUNRISE   720 AM EDT   SUNSET   612 PM EDT
OCTOBER 22 2017.......SUNRISE   721 AM EDT   SUNSET   611 PM EDT


-  INDICATES NEGATIVE NUMBERS.
R  INDICATES RECORD WAS SET OR TIED.
MM INDICATES DATA IS MISSING.
T  INDICATES TRACE AMOUNT.




$$
