000
CDUS41 KPHI 010628
CLIABE


CLIMATE REPORT
NATIONAL WEATHER SERVICE MOUNT HOLLY NJ
227 AM EDT MON MAY 1 2017


...................................

...THE ALLENTOWN PA CLIMATE SUMMARY FOR APRIL 30 2017...

CLIMATE NORMAL PERIOD 1981 TO 2010
CLIMATE RECORD PERIOD 1922 TO 2017


WEATHER ITEM   OBSERVED TIME   RECORD YEAR NORMAL DEPARTURE LAST
                VALUE   (LST)  VALUE       VALUE  FROM      YEAR
                                                  NORMAL
..................................................................
TEMPERATURE (F)
 YESTERDAY
  MAXIMUM         68    140 PM  92    1942  67      1       59
  MINIMUM         52   1159 PM  29    1931  43      9       45
  AVERAGE         60                        55      5       52

PRECIPITATION (IN)
  YESTERDAY        0.00          3.13 2014   0.11  -0.11      T
  MONTH TO DATE    2.62                      3.56  -0.94     1.79
  SINCE MAR 1      7.88                      6.95   0.93     2.75
  SINCE JAN 1     12.97                     12.68   0.29    11.78

SNOWFALL (IN)
  YESTERDAY        0.0           0.0    MM   0.0    0.0      0.0
  MONTH TO DATE    0.0                       1.0   -1.0       T
  SINCE MAR 1     18.3                       5.9   12.4      0.3
  SINCE JUL 1     28.3                      32.9   -4.6     36.2
  SNOW DEPTH       0

DEGREE DAYS
 HEATING
  YESTERDAY        5                        10     -5       13
  MONTH TO DATE  258                       456   -198      435
  SINCE MAR 1   1093                      1261   -168     1005
  SINCE JUL 1   4595                      5570   -975     4462

 COOLING
  YESTERDAY        0                         0      0        0
  MONTH TO DATE   19                         5     14        7
  SINCE MAR 1     19                         5     14        9
  SINCE JAN 1     19                         5     14        9
..................................................................


WIND (MPH)
  HIGHEST WIND SPEED    18   HIGHEST WIND DIRECTION     E (100)
  HIGHEST GUST SPEED    22   HIGHEST GUST DIRECTION     E (100)
  AVERAGE WIND SPEED     9.5


SKY COVER
  POSSIBLE SUNSHINE  MM
  AVERAGE SKY COVER 0.7


WEATHER CONDITIONS
 THE FOLLOWING WEATHER WAS RECORDED YESTERDAY.
  NO SIGNIFICANT WEATHER WAS OBSERVED.


RELATIVE HUMIDITY (PERCENT)
 HIGHEST    80           200 AM
 LOWEST     42           200 PM
 AVERAGE    61

..........................................................


THE ALLENTOWN PA CLIMATE NORMALS FOR TODAY
                         NORMAL    RECORD    YEAR
 MAXIMUM TEMPERATURE (F)   67        88      2010
 MINIMUM TEMPERATURE (F)   43        30      1931


SUNRISE AND SUNSET
MAY  1 2017...........SUNRISE   600 AM EDT   SUNSET   758 PM EDT
MAY  2 2017...........SUNRISE   559 AM EDT   SUNSET   759 PM EDT


-  INDICATES NEGATIVE NUMBERS.
R  INDICATES RECORD WAS SET OR TIED.
MM INDICATES DATA IS MISSING.
T  INDICATES TRACE AMOUNT.




$$
