000
CDUS41 KPHI 010632
CLIABE


CLIMATE REPORT
NATIONAL WEATHER SERVICE MOUNT HOLLY NJ
130 AM EST WED MAR 1 2017


...................................

...THE ALLENTOWN PA CLIMATE SUMMARY FOR FEBRUARY 28 2017...

CLIMATE NORMAL PERIOD 1981 TO 2010
CLIMATE RECORD PERIOD 1922 TO 2017


WEATHER ITEM   OBSERVED TIME   RECORD YEAR NORMAL DEPARTURE LAST
                VALUE   (LST)  VALUE       VALUE  FROM      YEAR
                                                  NORMAL
..................................................................
TEMPERATURE (F)
 YESTERDAY
  MAXIMUM         64    217 PM  67    1976  44     20       64
  MINIMUM         36    715 AM -10    1934  24     12       29
  AVERAGE         50                        34     16       47

PRECIPITATION (IN)
  YESTERDAY        0.00          0.80 1995   0.10  -0.10     0.00
                                      1958
  MONTH TO DATE    1.70                      2.70  -1.00     5.83
  SINCE DEC 1      7.52                      9.31  -1.79    13.20
  SINCE JAN 1      5.09                      5.73  -0.64     9.00

SNOWFALL (IN)
  YESTERDAY        0.0           8.5  1917   0.3   -0.3      0.0
  MONTH TO DATE    7.1                      11.1   -4.0      3.6
  SINCE DEC 1     10.0                      26.3  -16.3     35.9
  SINCE JUL 1     10.0                      27.0  -17.0     35.9
  SNOW DEPTH       0

DEGREE DAYS
 HEATING
  YESTERDAY       15                        31    -16       18
  MONTH TO DATE  717                       958   -241      867
  SINCE DEC 1   2597                      3129   -532     2554
  SINCE JUL 1   3502                      4309   -807     3436

 COOLING
  YESTERDAY        0                         0      0        0
  MONTH TO DATE    0                         0      0        0
  SINCE DEC 1      0                         0      0        0
  SINCE JAN 1      0                         0      0        0
..................................................................


WIND (MPH)
  HIGHEST WIND SPEED    12   HIGHEST WIND DIRECTION    SW (210)
  HIGHEST GUST SPEED    18   HIGHEST GUST DIRECTION     S (170)
  AVERAGE WIND SPEED     4.2


SKY COVER
  POSSIBLE SUNSHINE  MM
  AVERAGE SKY COVER 0.7


WEATHER CONDITIONS
 THE FOLLOWING WEATHER WAS RECORDED YESTERDAY.
  NO SIGNIFICANT WEATHER WAS OBSERVED.


RELATIVE HUMIDITY (PERCENT)
 HIGHEST    85           300 AM
 LOWEST     34           100 PM
 AVERAGE    60

..........................................................


THE ALLENTOWN PA CLIMATE NORMALS FOR TODAY
                         NORMAL    RECORD    YEAR
 MAXIMUM TEMPERATURE (F)   44        67      1972
 MINIMUM TEMPERATURE (F)   25        -5      1934


SUNRISE AND SUNSET
MARCH  1 2017.........SUNRISE   635 AM EST   SUNSET   553 PM EST
MARCH  2 2017.........SUNRISE   634 AM EST   SUNSET   554 PM EST


-  INDICATES NEGATIVE NUMBERS.
R  INDICATES RECORD WAS SET OR TIED.
MM INDICATES DATA IS MISSING.
T  INDICATES TRACE AMOUNT.




$$
