000
CDUS41 KPHI 290628
CLIABE


CLIMATE REPORT
NATIONAL WEATHER SERVICE MOUNT HOLLY NJ
228 AM EDT THU JUN 29 2017


...................................

...THE ALLENTOWN PA CLIMATE SUMMARY FOR JUNE 28 2017...

CLIMATE NORMAL PERIOD 1981 TO 2010
CLIMATE RECORD PERIOD 1922 TO 2017


WEATHER ITEM   OBSERVED TIME   RECORD YEAR NORMAL DEPARTURE LAST
                VALUE   (LST)  VALUE       VALUE  FROM      YEAR
                                                  NORMAL
..................................................................
TEMPERATURE (F)
 YESTERDAY
  MAXIMUM         79    426 PM  96    1948  83     -4       86
  MINIMUM         51    416 AM  49    1970  61    -10       67
  AVERAGE         65                        72     -7       77

PRECIPITATION (IN)
  YESTERDAY        0.00          2.27 1946   0.15  -0.15     0.10
  MONTH TO DATE    4.74                      4.01   0.73     1.87
  SINCE JUN 1      4.74                      4.01   0.73     1.87
  SINCE JAN 1     21.92                     20.83   1.09    17.70

SNOWFALL (IN)
  YESTERDAY        0.0           0.0  2002   0.0    0.0      0.0
                                      2001
  MONTH TO DATE    0.0                       0.0    0.0      0.0
  SINCE JUN 1      0.0                       0.0    0.0      0.0
  SINCE JUL 1     28.3                      32.9   -4.6     36.2
  SNOW DEPTH       0

DEGREE DAYS
 HEATING
  YESTERDAY        0                         0      0        0
  MONTH TO DATE   27                        32     -5        9
  SINCE JUN 1     27                        32     -5        9
  SINCE JUL 1   4816                      5800   -984     4665

 COOLING
  YESTERDAY        0                         7     -7       12
  MONTH TO DATE  184                       140     44      185
  SINCE JUN 1    184                       140     44      185
  SINCE JAN 1    244                       185     59      272
..................................................................


WIND (MPH)
  HIGHEST WIND SPEED    18   HIGHEST WIND DIRECTION    NW (310)
  HIGHEST GUST SPEED    23   HIGHEST GUST DIRECTION    NW (300)
  AVERAGE WIND SPEED     7.9


SKY COVER
  POSSIBLE SUNSHINE  MM
  AVERAGE SKY COVER 0.1


WEATHER CONDITIONS
 THE FOLLOWING WEATHER WAS RECORDED YESTERDAY.
  NO SIGNIFICANT WEATHER WAS OBSERVED.


RELATIVE HUMIDITY (PERCENT)
 HIGHEST    83           300 AM
 LOWEST     37           300 PM
 AVERAGE    60

..........................................................


THE ALLENTOWN PA CLIMATE NORMALS FOR TODAY
                         NORMAL    RECORD    YEAR
 MAXIMUM TEMPERATURE (F)   83        99      1934
 MINIMUM TEMPERATURE (F)   62        48      1970


SUNRISE AND SUNSET
JUNE 29 2017..........SUNRISE   534 AM EDT   SUNSET   837 PM EDT
JUNE 30 2017..........SUNRISE   534 AM EDT   SUNSET   837 PM EDT


-  INDICATES NEGATIVE NUMBERS.
R  INDICATES RECORD WAS SET OR TIED.
MM INDICATES DATA IS MISSING.
T  INDICATES TRACE AMOUNT.




$$
