892
CDUS44 KSJT 300759
CLIABI


CLIMATE REPORT
NATIONAL WEATHER SERVICE SAN ANGELO TX
259 AM CDT THU MAR 30 2017


...................................

...THE ABILENE CLIMATE SUMMARY FOR MARCH 29 2017...

CLIMATE NORMAL PERIOD 1981 TO 2010
CLIMATE RECORD PERIOD 1886 TO 2017


WEATHER ITEM   OBSERVED TIME   RECORD YEAR NORMAL DEPARTURE LAST
                VALUE   (LST)  VALUE       VALUE  FROM      YEAR
                                                  NORMAL
..................................................................
TEMPERATURE (F)
 YESTERDAY
  MAXIMUM         70    203 PM  96    1967  73     -3       73
  MINIMUM         49   1159 PM  24    1987  47      2       57
                                      1944
                                      1894
  AVERAGE         60                        60      0       65

PRECIPITATION (IN)
  YESTERDAY        0.05          1.35 1979   0.05   0.00     0.00
  MONTH TO DATE    0.42                      1.63  -1.21     2.31
  SINCE MAR 1      0.42                      1.63  -1.21     2.31
  SINCE JAN 1      3.80                      4.01  -0.21     3.03

SNOWFALL (IN)
  YESTERDAY       MM             T    1993   0.0   MM        0.0
  MONTH TO DATE    0.0                       0.3   -0.3      0.0
  SINCE NOV 1      T                         4.4   -4.4      5.1
  SINCE JUL 1      T                         4.4   -4.4      5.1

DEGREE DAYS
 HEATING
  YESTERDAY        5                         7     -2        0
  MONTH TO DATE  143                       285   -142      183
  SINCE MAR 1    143                       285   -142      183
  SINCE JUL 1   1724                      2418   -694     1937

 COOLING
  YESTERDAY        0                         2     -2        0
  MONTH TO DATE   77                        26     51       11
  SINCE MAR 1     77                        26     51       11
  SINCE JAN 1    108                        31     77       25
..................................................................


WIND (MPH)
  HIGHEST WIND SPEED    25   HIGHEST WIND DIRECTION     W (270)
  HIGHEST GUST SPEED    33   HIGHEST GUST DIRECTION    SW (240)
  AVERAGE WIND SPEED    14.0


SKY COVER
  POSSIBLE SUNSHINE  MM
  AVERAGE SKY COVER 0.4


WEATHER CONDITIONS
 THE FOLLOWING WEATHER WAS RECORDED YESTERDAY.
  RAIN
  FOG


RELATIVE HUMIDITY (PERCENT)
 HIGHEST   100          1200 AM
 LOWEST     40           100 PM
 AVERAGE    70

..........................................................


THE ABILENE CLIMATE NORMALS FOR TODAY
                         NORMAL    RECORD    YEAR
 MAXIMUM TEMPERATURE (F)   73        93      1974
                                             1946
 MINIMUM TEMPERATURE (F)   47        22      1987
                                             1886


SUNRISE AND SUNSET
MARCH 30 2017.........SUNRISE   729 AM CDT   SUNSET   758 PM CDT
MARCH 31 2017.........SUNRISE   728 AM CDT   SUNSET   758 PM CDT


-  INDICATES NEGATIVE NUMBERS.
R  INDICATES RECORD WAS SET OR TIED.
MM INDICATES DATA IS MISSING.
T  INDICATES TRACE AMOUNT.




$$
