000
CDUS44 KSJT 220751
CLIABI


CLIMATE REPORT
NATIONAL WEATHER SERVICE SAN ANGELO TX
151 AM CST MON JAN 22 2018


...................................

...THE ABILENE CLIMATE SUMMARY FOR JANUARY 21 2018...

CLIMATE NORMAL PERIOD 1981 TO 2010
CLIMATE RECORD PERIOD 1886 TO 2018


WEATHER ITEM   OBSERVED TIME   RECORD YEAR NORMAL DEPARTURE LAST
                VALUE   (LST)  VALUE       VALUE  FROM      YEAR
                                                  NORMAL
..................................................................
TEMPERATURE (F)
 YESTERDAY
  MAXIMUM         72    313 PM  83    1974  57     15       69
  MINIMUM         48    234 AM   4    1888  33     15       43
  AVERAGE         60                        45     15       56

PRECIPITATION (IN)
  YESTERDAY        0.00          1.02 1904   0.04  -0.04     0.00
  MONTH TO DATE    T                         0.64  -0.64     1.93
  SINCE DEC 1      1.05                      1.87  -0.82     3.32
  SINCE JAN 1      T                         0.64  -0.64     1.93

SNOWFALL (IN)
  YESTERDAY        0.0           6.6  1983   0.1   -0.1      0.0
  MONTH TO DATE    T                         1.1   -1.1       T
  SINCE NOV 1      T                         2.9   -2.9       T
  SINCE JUL 1      T                         2.9   -2.9       T

DEGREE DAYS
 HEATING
  YESTERDAY        5                        20    -15        9
  MONTH TO DATE  509                       430     79      387
  SINCE DEC 1   1138                      1042     96      953
  SINCE JUL 1   1533                      1475     58     1144

 COOLING
  YESTERDAY        0                         0      0        0
  MONTH TO DATE    0                         0      0        3
  SINCE DEC 1      1                         1      0        3
  SINCE JAN 1      0                         0      0        3
..................................................................


WIND (MPH)
  HIGHEST WIND SPEED    32   HIGHEST WIND DIRECTION     S (180)
  HIGHEST GUST SPEED    38   HIGHEST GUST DIRECTION     S (180)
  AVERAGE WIND SPEED    18.6


SKY COVER
  POSSIBLE SUNSHINE  MM
  AVERAGE SKY COVER 0.2


WEATHER CONDITIONS
 THE FOLLOWING WEATHER WAS RECORDED YESTERDAY.
  HAZE


RELATIVE HUMIDITY (PERCENT)
 HIGHEST    93           400 AM
 LOWEST      8           600 PM
 AVERAGE    51

..........................................................


THE ABILENE CLIMATE NORMALS FOR TODAY
                         NORMAL    RECORD    YEAR
 MAXIMUM TEMPERATURE (F)   57        85      2010
 MINIMUM TEMPERATURE (F)   33         6      1930


SUNRISE AND SUNSET
JANUARY 22 2018.......SUNRISE   738 AM CST   SUNSET   603 PM CST
JANUARY 23 2018.......SUNRISE   738 AM CST   SUNSET   604 PM CST


-  INDICATES NEGATIVE NUMBERS.
R  INDICATES RECORD WAS SET OR TIED.
MM INDICATES DATA IS MISSING.
T  INDICATES TRACE AMOUNT.




$$
