000
CDUS44 KSJT 230754
CLIABI


CLIMATE REPORT
NATIONAL WEATHER SERVICE SAN ANGELO TX
154 AM CST MON JAN 23 2017


...................................

...THE ABILENE CLIMATE SUMMARY FOR JANUARY 22 2017...

CLIMATE NORMAL PERIOD 1981 TO 2010
CLIMATE RECORD PERIOD 1886 TO 2017


WEATHER ITEM   OBSERVED TIME   RECORD YEAR NORMAL DEPARTURE LAST
                VALUE   (LST)  VALUE       VALUE  FROM      YEAR
                                                  NORMAL
..................................................................
TEMPERATURE (F)
 YESTERDAY
  MAXIMUM         62    420 PM  85    2010  57      5       49
  MINIMUM         39   1133 PM   6    1930  33      6       30
  AVERAGE         51                        45      6       40

PRECIPITATION (IN)
  YESTERDAY        T             0.83 1919   0.04  -0.04     0.00
  MONTH TO DATE    1.93                      0.68   1.25     0.04
  SINCE DEC 1      3.32                      1.91   1.41     2.24
  SINCE JAN 1      1.93                      0.68   1.25     0.04

SNOWFALL (IN)
  YESTERDAY       MM             0.2  1962   0.0   MM        0.0
  MONTH TO DATE    T                         1.1   -1.1       T
  SINCE NOV 1      T                         2.9   -2.9      5.1
  SINCE JUL 1      T                         2.9   -2.9      5.1

DEGREE DAYS
 HEATING
  YESTERDAY       14                        20     -6       25
  MONTH TO DATE  401                       450    -49      470
  SINCE DEC 1    967                      1062    -95      946
  SINCE JUL 1   1158                      1495   -337     1289

 COOLING
  YESTERDAY        0                         0      0        0
  MONTH TO DATE    3                         0      3        0
  SINCE DEC 1      3                         1      2        0
  SINCE JAN 1      3                         0      3        0
..................................................................


WIND (MPH)
  HIGHEST WIND SPEED    38   HIGHEST WIND DIRECTION     W (290)
  HIGHEST GUST SPEED    49   HIGHEST GUST DIRECTION     W (290)
  AVERAGE WIND SPEED    20.0


SKY COVER
  POSSIBLE SUNSHINE  MM
  AVERAGE SKY COVER 0.3


WEATHER CONDITIONS
 THE FOLLOWING WEATHER WAS RECORDED YESTERDAY.
  LIGHT RAIN


RELATIVE HUMIDITY (PERCENT)
 HIGHEST    71           800 AM
 LOWEST     29           400 PM
 AVERAGE    50

..........................................................


THE ABILENE CLIMATE NORMALS FOR TODAY
                         NORMAL    RECORD    YEAR
 MAXIMUM TEMPERATURE (F)   57        89      1943
 MINIMUM TEMPERATURE (F)   33         8      1963


SUNRISE AND SUNSET
JANUARY 23 2017.......SUNRISE   738 AM CST   SUNSET   604 PM CST
JANUARY 24 2017.......SUNRISE   737 AM CST   SUNSET   605 PM CST


-  INDICATES NEGATIVE NUMBERS.
R  INDICATES RECORD WAS SET OR TIED.
MM INDICATES DATA IS MISSING.
T  INDICATES TRACE AMOUNT.




$$
