000
CDUS44 KSJT 080816
CLIABI


CLIMATE REPORT
NATIONAL WEATHER SERVICE SAN ANGELO TX
216 AM CST MON FEB 8 2016


...................................

...THE ABILENE CLIMATE SUMMARY FOR FEBRUARY 7 2016...

CLIMATE NORMAL PERIOD 1981 TO 2010
CLIMATE RECORD PERIOD 1886 TO 2016


WEATHER ITEM   OBSERVED TIME   RECORD YEAR NORMAL DEPARTURE LAST
                VALUE   (LST)  VALUE       VALUE  FROM      YEAR
                                                  NORMAL
..................................................................
TEMPERATURE (F)
 YESTERDAY
  MAXIMUM         64    325 PM  86    1932  59      5       76
  MINIMUM         34   1234 AM  -2    1895  35     -1       43
  AVERAGE         49                        47      2       60

PRECIPITATION (IN)
  YESTERDAY        0.00          1.53 1931   0.05  -0.05     0.00
  MONTH TO DATE    0.00                      0.30  -0.30     0.00
  SINCE DEC 1      2.24                      2.55  -0.31     2.30
  SINCE JAN 1      0.04                      1.32  -1.28     1.77

SNOWFALL (IN)
  YESTERDAY        0.0           1.2  1971   0.0    0.0      0.0
  MONTH TO DATE    0.0                       0.2   -0.2      0.0
  SINCE NOV 1      5.1                       3.5    1.6      0.1
  SINCE JUL 1      5.1                       3.5    1.6      0.1

DEGREE DAYS
 HEATING
  YESTERDAY       16                        18     -2        5
  MONTH TO DATE  126                       130     -4      138
  SINCE DEC 1   1190                      1366   -176     1267
  SINCE JUL 1   1533                      1799   -266     1684

 COOLING
  YESTERDAY        0                         0      0        0
  MONTH TO DATE    0                         0      0        0
  SINCE DEC 1      0                         2     -2        0
  SINCE JAN 1      0                         1     -1        0
..................................................................


WIND (MPH)
  HIGHEST WIND SPEED    21   HIGHEST WIND DIRECTION     N (350)
  HIGHEST GUST SPEED    26   HIGHEST GUST DIRECTION    SW (210)
  AVERAGE WIND SPEED    11.1


SKY COVER
  POSSIBLE SUNSHINE  MM
  AVERAGE SKY COVER 0.0


WEATHER CONDITIONS
 THE FOLLOWING WEATHER WAS RECORDED YESTERDAY.
  HAZE


RELATIVE HUMIDITY (PERCENT)
 HIGHEST    56          1200 AM
 LOWEST     20           300 PM
 AVERAGE    38

..........................................................


THE ABILENE CLIMATE NORMALS FOR TODAY
                         NORMAL    RECORD    YEAR
 MAXIMUM TEMPERATURE (F)   59        84      1943
 MINIMUM TEMPERATURE (F)   35        -5      1933


SUNRISE AND SUNSET
FEBRUARY  8 2016......SUNRISE   728 AM CST   SUNSET   618 PM CST
FEBRUARY  9 2016......SUNRISE   727 AM CST   SUNSET   619 PM CST


-  INDICATES NEGATIVE NUMBERS.
R  INDICATES RECORD WAS SET OR TIED.
MM INDICATES DATA IS MISSING.
T  INDICATES TRACE AMOUNT.




$$
