000
CDUS44 KSJT 240704
CLIABI


CLIMATE REPORT
NATIONAL WEATHER SERVICE SAN ANGELO TX
203 AM CDT SUN JUL 24 2016


...................................

...THE ABILENE CLIMATE SUMMARY FOR JULY 23 2016...

CLIMATE NORMAL PERIOD 1981 TO 2010
CLIMATE RECORD PERIOD 1886 TO 2016


WEATHER ITEM   OBSERVED TIME   RECORD YEAR NORMAL DEPARTURE LAST
                VALUE   (LST)  VALUE       VALUE  FROM      YEAR
                                                  NORMAL
..................................................................
TEMPERATURE (F)
 YESTERDAY
  MAXIMUM        100    408 PM 107    1943  95      5       98
                                      1911
  MINIMUM         75    418 AM  62    1915  73      2       77
  AVERAGE         88                        84      4       88

PRECIPITATION (IN)
  YESTERDAY        0.00          1.54 1902   0.05  -0.05     0.00
  MONTH TO DATE    0.40                      1.40  -1.00     8.26
  SINCE JUN 1      3.53                      4.96  -1.43    11.88
  SINCE JAN 1     21.33                     13.90   7.43    24.51

DEGREE DAYS
 HEATING
  YESTERDAY        0                         0      0        0
  MONTH TO DATE    0                         0      0        0
  SINCE JUN 1      0                         1     -1        0
  SINCE JUL 1      0                         0      0        0

 COOLING
  YESTERDAY       23                        19      4       23
  MONTH TO DATE  510                       410    100      424
  SINCE JUN 1    963                       845    118      890
  SINCE JAN 1   1272                      1242     30     1279
..................................................................


WIND (MPH)
  HIGHEST WIND SPEED    20   HIGHEST WIND DIRECTION    SE (120)
  HIGHEST GUST SPEED    28   HIGHEST GUST DIRECTION    SE (150)
  AVERAGE WIND SPEED    10.7


SKY COVER
  POSSIBLE SUNSHINE  MM
  AVERAGE SKY COVER 0.0


WEATHER CONDITIONS
 THE FOLLOWING WEATHER WAS RECORDED YESTERDAY.
  NO SIGNIFICANT WEATHER WAS OBSERVED.


RELATIVE HUMIDITY (PERCENT)
 HIGHEST    64           500 AM
 LOWEST     29           400 PM
 AVERAGE    47

..........................................................


THE ABILENE CLIMATE NORMALS FOR TODAY
                         NORMAL    RECORD    YEAR
 MAXIMUM TEMPERATURE (F)   95       106      1943
 MINIMUM TEMPERATURE (F)   73        65      1989
                                             1904
                                             1887


SUNRISE AND SUNSET
JULY 24 2016..........SUNRISE   648 AM CDT   SUNSET   842 PM CDT
JULY 25 2016..........SUNRISE   649 AM CDT   SUNSET   841 PM CDT


-  INDICATES NEGATIVE NUMBERS.
R  INDICATES RECORD WAS SET OR TIED.
MM INDICATES DATA IS MISSING.
T  INDICATES TRACE AMOUNT.




$$
