000
CDUS44 KSJT 230655
CLIABI


CLIMATE REPORT
NATIONAL WEATHER SERVICE SAN ANGELO TX
154 AM CDT TUE SEP 23 2014


...................................

...THE ABILENE CLIMATE SUMMARY FOR SEPTEMBER 22 2014...

CLIMATE NORMAL PERIOD 1981 TO 2010
CLIMATE RECORD PERIOD 1886 TO 2014


WEATHER ITEM   OBSERVED TIME   RECORD YEAR NORMAL DEPARTURE LAST
                VALUE   (LST)  VALUE       VALUE  FROM      YEAR
                                                  NORMAL
..................................................................
TEMPERATURE (F)
 YESTERDAY
  MAXIMUM         89    338 PM  99    2000  85      4       84
                                      1926
  MINIMUM         70    712 AM  44    1995  62      8       54
  AVERAGE         80                        73      7       69

PRECIPITATION (IN)
  YESTERDAY        0.00          4.04 1900   0.08  -0.08     0.00
  MONTH TO DATE    0.75                      1.66  -0.91     1.18
  SINCE SEP 1      0.75                      1.66  -0.91     1.18
  SINCE JAN 1     11.25                     18.62  -7.37    17.51

DEGREE DAYS
 HEATING
  YESTERDAY        0                         1     -1        0
  MONTH TO DATE    5                         3      2        0
  SINCE SEP 1      5                         3      2        0
  SINCE JUL 1      5                         3      2        0

 COOLING
  YESTERDAY       15                         9      6        4
  MONTH TO DATE  321                       265     56      342
  SINCE SEP 1    321                       265     56      342
  SINCE JAN 1   2505                      2210    295     2496
..................................................................


WIND (MPH)
  HIGHEST WIND SPEED    14   HIGHEST WIND DIRECTION     E (90)
  HIGHEST GUST SPEED    18   HIGHEST GUST DIRECTION     E (80)
  AVERAGE WIND SPEED     8.0


SKY COVER
  POSSIBLE SUNSHINE  MM
  AVERAGE SKY COVER 0.3


WEATHER CONDITIONS
 THE FOLLOWING WEATHER WAS RECORDED YESTERDAY.
  HAZE


RELATIVE HUMIDITY (PERCENT)
 HIGHEST    90           700 AM
 LOWEST     40           400 PM
 AVERAGE    65

..........................................................


THE ABILENE CLIMATE NORMALS FOR TODAY
                         NORMAL    RECORD    YEAR
 MAXIMUM TEMPERATURE (F)   84        99      1926
 MINIMUM TEMPERATURE (F)   62        44      1989


SUNRISE AND SUNSET
SEPTEMBER 23 2014.....SUNRISE   728 AM CDT   SUNSET   734 PM CDT
SEPTEMBER 24 2014.....SUNRISE   728 AM CDT   SUNSET   733 PM CDT


-  INDICATES NEGATIVE NUMBERS.
R  INDICATES RECORD WAS SET OR TIED.
MM INDICATES DATA IS MISSING.
T  INDICATES TRACE AMOUNT.




$$
