000
CDUS45 KABQ 180833
CLIABQ


CLIMATE REPORT
NATIONAL WEATHER SERVICE ALBUQUERQUE NM
231 AM MDT THU SEP 18 2014


...................................

...THE ALBUQUERQUE  NM CLIMATE SUMMARY FOR SEPTEMBER 17 2014...

CLIMATE NORMAL PERIOD 1981 TO 2010
CLIMATE RECORD PERIOD 1897 TO 2014


WEATHER ITEM   OBSERVED TIME   RECORD YEAR NORMAL DEPARTURE LAST
                VALUE   (LST)  VALUE       VALUE  FROM      YEAR
                                                  NORMAL
..................................................................
TEMPERATURE (F)
 YESTERDAY
  MAXIMUM         69    504 PM  91    2000  80    -11       80
                                      1983
                                      1954
  MINIMUM         61    619 AM  37    1903  58      3       60
  AVERAGE         65                        69     -4       70

PRECIPITATION (IN)
  YESTERDAY        0.11          0.59 2009   0.04   0.07
  MONTH TO DATE    0.55                      0.61  -0.06
  SINCE SEP 1      0.55                      0.61  -0.06
  SINCE JAN 1      6.61                      6.89  -0.28

SNOWFALL (IN)
  YESTERDAY        0.0
  MONTH TO DATE    0.0
  SINCE SEP 1      0.0
  SINCE JUL 1      0.0
  SNOW DEPTH       0

DEGREE DAYS
 HEATING
  YESTERDAY        0                         1     -1        0
  MONTH TO DATE    5                         3      2        0
  SINCE SEP 1      5                         3      2        0
  SINCE JUL 1      5                         3      2        0

 COOLING
  YESTERDAY        0                         5     -5        5
  MONTH TO DATE  133                       119     14      150
  SINCE SEP 1    133                       119     14      150
  SINCE JAN 1   1363                      1276     87     1525
..................................................................


WIND (MPH)
  HIGHEST WIND SPEED    10   HIGHEST WIND DIRECTION     N (10)
  HIGHEST GUST SPEED    13   HIGHEST GUST DIRECTION     N (10)
  AVERAGE WIND SPEED     3.0


SKY COVER
  POSSIBLE SUNSHINE  MM
  AVERAGE SKY COVER 0.9


WEATHER CONDITIONS
 THE FOLLOWING WEATHER WAS RECORDED YESTERDAY.
  LIGHT RAIN
  FOG


RELATIVE HUMIDITY (PERCENT)
 HIGHEST    93          1000 AM
 LOWEST     61           400 PM
 AVERAGE    77

..........................................................


THE ALBUQUERQUE  NM CLIMATE NORMALS FOR TODAY
                         NORMAL    RECORD    YEAR
 MAXIMUM TEMPERATURE (F)   80        91      2010
                                             1963
                                             1956
 MINIMUM TEMPERATURE (F)   57        32      1912


SUNRISE AND SUNSET
SEPTEMBER 18 2014.....SUNRISE   652 AM MDT   SUNSET   709 PM MDT
SEPTEMBER 19 2014.....SUNRISE   652 AM MDT   SUNSET   707 PM MDT


-  INDICATES NEGATIVE NUMBERS.
R  INDICATES RECORD WAS SET OR TIED.
MM INDICATES DATA IS MISSING.
T  INDICATES TRACE AMOUNT.




$$
