000
CDUS45 KABQ 240857
CLIABQ


CLIMATE REPORT
NATIONAL WEATHER SERVICE ALBUQUERQUE NM
156 AM MST TUE JAN 24 2017


...................................

...THE ALBUQUERQUE  NM CLIMATE SUMMARY FOR JANUARY 23 2017...

CLIMATE NORMAL PERIOD 1981 TO 2010
CLIMATE RECORD PERIOD 1891 TO 2017


WEATHER ITEM   OBSERVED TIME   RECORD YEAR NORMAL DEPARTURE LAST
                VALUE   (LST)  VALUE       VALUE  FROM      YEAR
                                                  NORMAL
..................................................................
TEMPERATURE (F)
 YESTERDAY
  MAXIMUM         60    355 PM  68    1972  48     12       54
  MINIMUM         32    753 AM   3    1918  27      5       25
  AVERAGE         46                        37      9       40

PRECIPITATION (IN)
  YESTERDAY        0.00          0.06 1923   0.01  -0.01
  MONTH TO DATE    1.04                      0.28   0.76
  SINCE DEC 1      1.55                      0.78   0.77
  SINCE JAN 1      1.04                      0.28   0.76

SNOWFALL (IN)
  YESTERDAY        0.0
  MONTH TO DATE    1.1
  SINCE DEC 1      1.2
  SINCE JUL 1      1.3
  SNOW DEPTH       0

DEGREE DAYS
 HEATING
  YESTERDAY       19                        28     -9       25
  MONTH TO DATE  547                       666   -119      683
  SINCE DEC 1   1338                      1556   -218     1548
  SINCE JUL 1   1915                      2423   -508     2265

 COOLING
  YESTERDAY        0                         0      0        0
  MONTH TO DATE    0                         0      0        0
  SINCE DEC 1      0                         0      0        0
  SINCE JAN 1      0                         0      0        0
..................................................................


WIND (MPH)
  HIGHEST WIND SPEED    33   HIGHEST WIND DIRECTION     W (250)
  HIGHEST GUST SPEED    45   HIGHEST GUST DIRECTION     W (250)
  AVERAGE WIND SPEED    11.7


SKY COVER
  POSSIBLE SUNSHINE  MM
  AVERAGE SKY COVER 0.5


WEATHER CONDITIONS
 THE FOLLOWING WEATHER WAS RECORDED YESTERDAY.
  NO SIGNIFICANT WEATHER WAS OBSERVED.


RELATIVE HUMIDITY (PERCENT)
 HIGHEST    89           400 AM
 LOWEST     20           400 PM
 AVERAGE    55

..........................................................


THE ALBUQUERQUE  NM CLIMATE NORMALS FOR TODAY
                         NORMAL    RECORD    YEAR
 MAXIMUM TEMPERATURE (F)   48        69      1910
 MINIMUM TEMPERATURE (F)   27         1      1913


SUNRISE AND SUNSET
JANUARY 24 2017.......SUNRISE   710 AM MST   SUNSET   527 PM MST
JANUARY 25 2017.......SUNRISE   710 AM MST   SUNSET   528 PM MST


-  INDICATES NEGATIVE NUMBERS.
R  INDICATES RECORD WAS SET OR TIED.
MM INDICATES DATA IS MISSING.
T  INDICATES TRACE AMOUNT.




$$
