000
CDUS45 KABQ 190830
CLIABQ


CLIMATE REPORT
NATIONAL WEATHER SERVICE ALBUQUERQUE NM
228 AM MDT THU OCT 19 2017


...................................

...THE ALBUQUERQUE  NM CLIMATE SUMMARY FOR OCTOBER 18 2017...

CLIMATE NORMAL PERIOD 1981 TO 2010
CLIMATE RECORD PERIOD 1891 TO 2017


WEATHER ITEM   OBSERVED TIME   RECORD YEAR NORMAL DEPARTURE LAST
                VALUE   (LST)  VALUE       VALUE  FROM      YEAR
                                                  NORMAL
..................................................................
TEMPERATURE (F)
 YESTERDAY
  MAXIMUM         77    322 PM  85    1991  68      9       80
  MINIMUM         45    621 AM  26    1968  45      0       50
  AVERAGE         61                        57      4       65

PRECIPITATION (IN)
  YESTERDAY        0.00          0.22 1908   0.04  -0.04
  MONTH TO DATE    0.04                      0.68  -0.64
  SINCE SEP 1      2.24                      1.76   0.48
  SINCE JAN 1      7.67                      8.04  -0.37

SNOWFALL (IN)
  YESTERDAY        0.0
  MONTH TO DATE    0.0
  SINCE SEP 1      0.0
  SINCE JUL 1      0.0
  SNOW DEPTH       0

DEGREE DAYS
 HEATING
  YESTERDAY        4                         8     -4        0
  MONTH TO DATE   71                        98    -27       43
  SINCE SEP 1     92                       124    -32       57
  SINCE JUL 1     92                       124    -32       57

 COOLING
  YESTERDAY        0                         0      0        0
  MONTH TO DATE   27                         7     20       17
  SINCE SEP 1    247                       162     85      212
  SINCE JAN 1   1557                      1319    238     1524
..................................................................


WIND (MPH)
  HIGHEST WIND SPEED    13   HIGHEST WIND DIRECTION     N (10)
  HIGHEST GUST SPEED    16   HIGHEST GUST DIRECTION     N (360)
  AVERAGE WIND SPEED     4.5


SKY COVER
  POSSIBLE SUNSHINE  MM
  AVERAGE SKY COVER 0.7


WEATHER CONDITIONS
 THE FOLLOWING WEATHER WAS RECORDED YESTERDAY.
  NO SIGNIFICANT WEATHER WAS OBSERVED.


RELATIVE HUMIDITY (PERCENT)
 HIGHEST    46           300 AM
 LOWEST      9           100 PM
 AVERAGE    28

..........................................................


THE ALBUQUERQUE  NM CLIMATE NORMALS FOR TODAY
                         NORMAL    RECORD    YEAR
 MAXIMUM TEMPERATURE (F)   68        83      1950
                                             1921
 MINIMUM TEMPERATURE (F)   45        19      1917


SUNRISE AND SUNSET
OCTOBER 19 2017.......SUNRISE   716 AM MDT   SUNSET   626 PM MDT
OCTOBER 20 2017.......SUNRISE   717 AM MDT   SUNSET   625 PM MDT


-  INDICATES NEGATIVE NUMBERS.
R  INDICATES RECORD WAS SET OR TIED.
MM INDICATES DATA IS MISSING.
T  INDICATES TRACE AMOUNT.




$$
