000
CDUS45 KABQ 230840
CLIABQ


CLIMATE REPORT
NATIONAL WEATHER SERVICE ALBUQUERQUE NM
139 AM MST SUN NOV 23 2014


...................................

...THE ALBUQUERQUE  NM CLIMATE SUMMARY FOR NOVEMBER 22 2014...

CLIMATE NORMAL PERIOD 1981 TO 2010
CLIMATE RECORD PERIOD 1897 TO 2014


WEATHER ITEM   OBSERVED TIME   RECORD YEAR NORMAL DEPARTURE LAST
                VALUE   (LST)  VALUE       VALUE  FROM      YEAR
                                                  NORMAL
..................................................................
TEMPERATURE (F)
 YESTERDAY
  MAXIMUM         59    257 PM  78    1915  53      6       41
  MINIMUM         29    629 AM  15    1916  32     -3       29
                                      1912
  AVERAGE         44                        42      2       35

PRECIPITATION (IN)
  YESTERDAY        0.00          0.64 2004   0.02  -0.02
  MONTH TO DATE    0.25                      0.43  -0.18
  SINCE SEP 1      1.61                      2.53  -0.92
  SINCE JAN 1      7.67                      8.81  -1.14

SNOWFALL (IN)
  YESTERDAY        0.0
  MONTH TO DATE    T
  SINCE SEP 1      T
  SINCE JUL 1      T
  SNOW DEPTH       0

DEGREE DAYS
 HEATING
  YESTERDAY       21                        23     -2       30
  MONTH TO DATE  395                       406    -11      363
  SINCE SEP 1    508                       672   -164      660
  SINCE JUL 1    508                       672   -164      660

 COOLING
  YESTERDAY        0                         0      0        0
  MONTH TO DATE    0                         0      0        0
  SINCE SEP 1    214                       165     49      190
  SINCE JAN 1   1444                      1322    122     1565
..................................................................


WIND (MPH)
  HIGHEST WIND SPEED    16   HIGHEST WIND DIRECTION    SW (240)
  HIGHEST GUST SPEED    23   HIGHEST GUST DIRECTION    SW (240)
  AVERAGE WIND SPEED     6.3


SKY COVER
  POSSIBLE SUNSHINE  MM
  AVERAGE SKY COVER 0.5


WEATHER CONDITIONS
 THE FOLLOWING WEATHER WAS RECORDED YESTERDAY.
  NO SIGNIFICANT WEATHER WAS OBSERVED.


RELATIVE HUMIDITY (PERCENT)
 HIGHEST    59           700 AM
 LOWEST     21           300 PM
 AVERAGE    40

..........................................................


THE ALBUQUERQUE  NM CLIMATE NORMALS FOR TODAY
                         NORMAL    RECORD    YEAR
 MAXIMUM TEMPERATURE (F)   52        74      1909
 MINIMUM TEMPERATURE (F)   31        10      1931


SUNRISE AND SUNSET
NOVEMBER 23 2014......SUNRISE   649 AM MST   SUNSET   457 PM MST
NOVEMBER 24 2014......SUNRISE   650 AM MST   SUNSET   456 PM MST


-  INDICATES NEGATIVE NUMBERS.
R  INDICATES RECORD WAS SET OR TIED.
MM INDICATES DATA IS MISSING.
T  INDICATES TRACE AMOUNT.




$$
