000
CDUS45 KABQ 280826
CLIABQ


CLIMATE REPORT
NATIONAL WEATHER SERVICE ALBUQUERQUE NM
226 AM MDT WED JUN 28 2017


...................................

...THE ALBUQUERQUE  NM CLIMATE SUMMARY FOR JUNE 27 2017...

CLIMATE NORMAL PERIOD 1981 TO 2010
CLIMATE RECORD PERIOD 1891 TO 2017


WEATHER ITEM   OBSERVED TIME   RECORD YEAR NORMAL DEPARTURE LAST
                VALUE   (LST)  VALUE       VALUE  FROM      YEAR
                                                  NORMAL
..................................................................
TEMPERATURE (F)
 YESTERDAY
  MAXIMUM         92    349 PM 105    2013  91      1       93
  MINIMUM         63    422 AM  46    1915  65     -2       66
  AVERAGE         78                        78      0       80

PRECIPITATION (IN)
  YESTERDAY        T             0.76 1966   0.03  -0.03
  MONTH TO DATE    0.48                      0.56  -0.08
  SINCE JUN 1      0.48                      0.56  -0.08
  SINCE JAN 1      3.09                      3.10  -0.01

SNOWFALL (IN)
  YESTERDAY        0.0
  MONTH TO DATE    T
  SINCE JUN 1      T
  SINCE JUL 1      3.6
  SNOW DEPTH       0

DEGREE DAYS
 HEATING
  YESTERDAY        0                         0      0        0
  MONTH TO DATE    0                         0      0        0
  SINCE JUN 1      0                         0      0        0
  SINCE JUL 1   3300                      4175   -875     3784

 COOLING
  YESTERDAY       13                        13      0       15
  MONTH TO DATE  366                       262    104      394
  SINCE JUN 1    366                       262    104      394
  SINCE JAN 1    445                       360     85      465
..................................................................


WIND (MPH)
  HIGHEST WIND SPEED    32   HIGHEST WIND DIRECTION     S (200)
  HIGHEST GUST SPEED    40   HIGHEST GUST DIRECTION    SW (210)
  AVERAGE WIND SPEED    11.4


SKY COVER
  POSSIBLE SUNSHINE  MM
  AVERAGE SKY COVER 0.4


WEATHER CONDITIONS
 THE FOLLOWING WEATHER WAS RECORDED YESTERDAY.
  THUNDERSTORM
  LIGHT RAIN
  HAZE


RELATIVE HUMIDITY (PERCENT)
 HIGHEST    67           600 AM
 LOWEST     16           200 PM
 AVERAGE    42

..........................................................


THE ALBUQUERQUE  NM CLIMATE NORMALS FOR TODAY
                         NORMAL    RECORD    YEAR
 MAXIMUM TEMPERATURE (F)   91       105      1974
 MINIMUM TEMPERATURE (F)   65        49      1918
                                             1914


SUNRISE AND SUNSET
JUNE 28 2017..........SUNRISE   555 AM MDT   SUNSET   825 PM MDT
JUNE 29 2017..........SUNRISE   555 AM MDT   SUNSET   825 PM MDT


-  INDICATES NEGATIVE NUMBERS.
R  INDICATES RECORD WAS SET OR TIED.
MM INDICATES DATA IS MISSING.
T  INDICATES TRACE AMOUNT.




$$
