000
CDUS45 KABQ 290024
CLIABQ


CLIMATE REPORT
NATIONAL WEATHER SERVICE ALBUQUERQUE NM
623 PM MDT SUN AUG 28 2016


...................................

...THE ALBUQUERQUE  NM CLIMATE SUMMARY FOR AUGUST 28 2016...
VALID TODAY AS OF 0500 PM LOCAL TIME.

CLIMATE NORMAL PERIOD 1981 TO 2010
CLIMATE RECORD PERIOD 1891 TO 2016


WEATHER ITEM   OBSERVED TIME   RECORD YEAR NORMAL DEPARTURE LAST
                VALUE   (LST)  VALUE       VALUE  FROM      YEAR
                                                  NORMAL
..................................................................
TEMPERATURE (F)
 TODAY
  MAXIMUM         81    102 PM  97    1979  86     -5       91
                                      1962
  MINIMUM         56    304 AM  48    1912  64     -8       62
  AVERAGE         69                        75     -6       77

PRECIPITATION (IN)
  TODAY            0.00          0.80 1932   0.04  -0.04
  MONTH TO DATE    0.86                      1.46  -0.60
  SINCE JUN 1      2.17                      3.62  -1.45
  SINCE JAN 1      3.36                      6.16  -2.80

SNOWFALL (IN)
  TODAY            0.0
  MONTH TO DATE    0.0
  SINCE JUN 1      0.0
  SINCE JUL 1      0.0
  SNOW DEPTH       0

DEGREE DAYS
 HEATING
  TODAY            0                         0      0        0
  MONTH TO DATE    0                         0      0        0
  SINCE JUN 1      0                         4     -4        0
  SINCE JUL 1      0                         0      0        0

 COOLING
  TODAY            4                        10     -6       12
  MONTH TO DATE  273                       317    -44      392
  SINCE JUN 1   1223                      1030    193     1154
  SINCE JAN 1   1294                      1128    166     1187
..................................................................


WIND (MPH)
  HIGHEST WIND SPEED    25   HIGHEST WIND DIRECTION    NW (330)
  HIGHEST GUST SPEED    32   HIGHEST GUST DIRECTION    NW (320)
  AVERAGE WIND SPEED     6.2


SKY COVER
  POSSIBLE SUNSHINE  MM
  AVERAGE SKY COVER 0.5



RELATIVE HUMIDITY (PERCENT)
 HIGHEST    80           600 AM
 LOWEST     21           100 PM
 AVERAGE    51

..........................................................


THE ALBUQUERQUE  NM CLIMATE NORMALS FOR TOMORROW
                         NORMAL    RECORD    YEAR
 MAXIMUM TEMPERATURE (F)   86        97      1979
 MINIMUM TEMPERATURE (F)   63        48      1915


SUNRISE AND SUNSET
AUGUST 28 2016........SUNRISE   637 AM MDT   SUNSET   738 PM MDT
AUGUST 29 2016........SUNRISE   637 AM MDT   SUNSET   736 PM MDT


-  INDICATES NEGATIVE NUMBERS.
R  INDICATES RECORD WAS SET OR TIED.
MM INDICATES DATA IS MISSING.
T  INDICATES TRACE AMOUNT.




$$
