000
CDUS43 KABR 141014
CLIABR


CLIMATE REPORT
NATIONAL WEATHER SERVICE ABERDEEN SD
413 AM CST SUN FEB 14 2016


...................................

...THE ABERDEEN SD CLIMATE SUMMARY FOR FEBRUARY 13 2016...

CLIMATE NORMAL PERIOD 1981 TO 2010
CLIMATE RECORD PERIOD 1893 TO 2016


WEATHER ITEM   OBSERVED TIME   RECORD YEAR NORMAL DEPARTURE LAST
                VALUE   (LST)  VALUE       VALUE  FROM      YEAR
                                                  NORMAL
..................................................................
TEMPERATURE (F)
 YESTERDAY
  MAXIMUM         16   1145 PM  60    1901  27    -11       32
  MINIMUM         -1    133 AM -34    1905   6     -7        6
  AVERAGE          8                        17     -9       19

PRECIPITATION (IN)
  YESTERDAY        0.07          0.50 1915   0.02   0.05      T
  MONTH TO DATE    0.26                      0.21   0.05     0.27
  SINCE DEC 1      1.04                      1.20  -0.16     1.20
  SINCE JAN 1      0.40                      0.68  -0.28     0.95

SNOWFALL (IN)
  YESTERDAY        0.7
  MONTH TO DATE    2.4
  SINCE OCT 1     19.8
  SINCE JUL 1     19.8
  SNOW DEPTH       1

DEGREE DAYS
 HEATING
  YESTERDAY       57                        48      9       46
  MONTH TO DATE  548                       651   -103      642
  SINCE DEC 1   3319                      3822   -503     3396
  SINCE JUL 1   4731                      5785  -1054     5442

 COOLING
  YESTERDAY        0                         0      0        0
  MONTH TO DATE    0                         0      0        0
  SINCE DEC 1      0                         0      0        0
  SINCE JAN 1      0                         0      0        0
..................................................................


WIND (MPH)
  HIGHEST WIND SPEED    30   HIGHEST WIND DIRECTION    SE (140)
  HIGHEST GUST SPEED    37   HIGHEST GUST DIRECTION    SE (140)
  AVERAGE WIND SPEED    18.0


SKY COVER
  POSSIBLE SUNSHINE  MM
  AVERAGE SKY COVER 0.8


WEATHER CONDITIONS
 THE FOLLOWING WEATHER WAS RECORDED YESTERDAY.
  SNOW
  LIGHT SNOW
  FOG
  FOG W/VISIBILITY <= 1/4 MILE
  HAZE


RELATIVE HUMIDITY (PERCENT)
 HIGHEST    80           700 PM
 LOWEST     55           700 AM
 AVERAGE    68

..........................................................


THE ABERDEEN SD CLIMATE NORMALS FOR TODAY
                         NORMAL    RECORD    YEAR
 MAXIMUM TEMPERATURE (F)   28        60      1913
 MINIMUM TEMPERATURE (F)    7       -30      1936
                                             1906


SUNRISE AND SUNSET
FEBRUARY 14 2016......SUNRISE   738 AM CST   SUNSET   559 PM CST
FEBRUARY 15 2016......SUNRISE   736 AM CST   SUNSET   600 PM CST


-  INDICATES NEGATIVE NUMBERS.
R  INDICATES RECORD WAS SET OR TIED.
MM INDICATES DATA IS MISSING.
T  INDICATES TRACE AMOUNT.




$$
