000
CDUS43 KABR 050918
CLIABR


CLIMATE REPORT
NATIONAL WEATHER SERVICE ABERDEEN SD
417 AM CDT WED AUG 5 2015


...................................

...THE ABERDEEN SD CLIMATE SUMMARY FOR AUGUST 4 2015...

CLIMATE NORMAL PERIOD 1981 TO 2010
CLIMATE RECORD PERIOD 1893 TO 2015


WEATHER ITEM   OBSERVED TIME   RECORD YEAR NORMAL DEPARTURE LAST
                VALUE   (LST)  VALUE       VALUE  FROM      YEAR
                                                  NORMAL
..................................................................
TEMPERATURE (F)
 YESTERDAY
  MAXIMUM         83    505 PM 107    1934  84     -1       72
  MINIMUM         52    445 AM  42    1978  59     -7       57
  AVERAGE         68                        71     -3       65

PRECIPITATION (IN)
  YESTERDAY        0.00          0.96 1926   0.08  -0.08     0.00
  MONTH TO DATE    0.00                      0.31  -0.31     0.44
  SINCE JUN 1      6.16                      7.03  -0.87     4.45
  SINCE JAN 1     14.38                     14.17   0.21     9.88

DEGREE DAYS
 HEATING
  YESTERDAY        0                         0      0        0
  MONTH TO DATE    0                         0      0        0
  SINCE JUN 1     19                        90    -71      120
  SINCE JUL 1      5                        14     -9       37

 COOLING
  YESTERDAY        3                         7     -4        0
  MONTH TO DATE   21                        28     -7       17
  SINCE JUN 1    409                       328     81      177
  SINCE JAN 1    423                       351     72      219
..................................................................


WIND (MPH)
  HIGHEST WIND SPEED    13   HIGHEST WIND DIRECTION     E (90)
  HIGHEST GUST SPEED    21   HIGHEST GUST DIRECTION     E (100)
  AVERAGE WIND SPEED     6.0


SKY COVER
  POSSIBLE SUNSHINE  MM
  AVERAGE SKY COVER 0.0


WEATHER CONDITIONS
 THE FOLLOWING WEATHER WAS RECORDED YESTERDAY.
  HAZE


RELATIVE HUMIDITY (PERCENT)
 HIGHEST    86           300 AM
 LOWEST     40           100 PM
 AVERAGE    63

..........................................................


THE ABERDEEN SD CLIMATE NORMALS FOR TODAY
                         NORMAL    RECORD    YEAR
 MAXIMUM TEMPERATURE (F)   84       107      1941
 MINIMUM TEMPERATURE (F)   59        41      1994


SUNRISE AND SUNSET
AUGUST  5 2015........SUNRISE   622 AM CDT   SUNSET   856 PM CDT
AUGUST  6 2015........SUNRISE   623 AM CDT   SUNSET   855 PM CDT


-  INDICATES NEGATIVE NUMBERS.
R  INDICATES RECORD WAS SET OR TIED.
MM INDICATES DATA IS MISSING.
T  INDICATES TRACE AMOUNT.




$$
