000
CDUS43 KABR 302233
CLIABR


CLIMATE REPORT
NATIONAL WEATHER SERVICE ABERDEEN SD
532 PM CDT THU MAR 30 2017


...................................

...THE ABERDEEN SD CLIMATE SUMMARY FOR MARCH 30 2017...
VALID TODAY AS OF 0500 PM LOCAL TIME.

CLIMATE NORMAL PERIOD 1981 TO 2010
CLIMATE RECORD PERIOD 1893 TO 2017


WEATHER ITEM   OBSERVED TIME   RECORD YEAR NORMAL DEPARTURE LAST
                VALUE   (LST)  VALUE       VALUE  FROM      YEAR
                                                  NORMAL
..................................................................
TEMPERATURE (F)
 TODAY
  MAXIMUM         48    359 PM  81    1943  48      0       56
  MINIMUM         30    555 AM -14    1969  25      5       31
  AVERAGE         39                        36      3       44

PRECIPITATION (IN)
  TODAY            0.00          0.52 2007   0.05  -0.05     0.02
  MONTH TO DATE    0.67                      1.11  -0.44     0.31
  SINCE MAR 1      0.67                      1.11  -0.44     0.31
  SINCE JAN 1      1.35                      2.13  -0.78     1.00

SNOWFALL (IN)
  TODAY            0.0
  MONTH TO DATE   10.8
  SINCE OCT 1     38.1
  SINCE JUL 1     38.1
  SNOW DEPTH       0

DEGREE DAYS
 HEATING
  TODAY           26                        29     -3       21
  MONTH TO DATE 1027                      1060    -33      729
  SINCE MAR 1   1027                      1060    -33      729
  SINCE JUL 1   6642                      7523   -881     5966

 COOLING
  TODAY            0                         0      0        0
  MONTH TO DATE    0                         0      0        0
  SINCE MAR 1      0                         0      0        0
  SINCE JAN 1      0                         0      0        0
..................................................................


WIND (MPH)
  HIGHEST WIND SPEED    10   HIGHEST WIND DIRECTION     E (90)
  HIGHEST GUST SPEED    15   HIGHEST GUST DIRECTION    SE (120)
  AVERAGE WIND SPEED     5.8


SKY COVER
  POSSIBLE SUNSHINE  MM
  AVERAGE SKY COVER 0.9


WEATHER CONDITIONS
 THE FOLLOWING WEATHER WAS RECORDED TODAY.
  FOG


RELATIVE HUMIDITY (PERCENT)
 HIGHEST    89           200 AM
 LOWEST     56           400 PM
 AVERAGE    73

..........................................................


THE ABERDEEN SD CLIMATE NORMALS FOR TOMORROW
                         NORMAL    RECORD    YEAR
 MAXIMUM TEMPERATURE (F)   48        86      1946
 MINIMUM TEMPERATURE (F)   26         0      1899


SUNRISE AND SUNSET
MARCH 30 2017.........SUNRISE   717 AM CDT   SUNSET   800 PM CDT
MARCH 31 2017.........SUNRISE   715 AM CDT   SUNSET   801 PM CDT


-  INDICATES NEGATIVE NUMBERS.
R  INDICATES RECORD WAS SET OR TIED.
MM INDICATES DATA IS MISSING.
T  INDICATES TRACE AMOUNT.


$$

PEAK WIND WAS 15 MPH FROM THE SE AT 0536 AM CDT.

$$
