000
CDUS43 KABR 020906
CLIABR


CLIMATE REPORT
NATIONAL WEATHER SERVICE ABERDEEN SD
405 AM CDT MON MAY 2 2016


...................................

...THE ABERDEEN SD CLIMATE SUMMARY FOR MAY 1 2016...

CLIMATE NORMAL PERIOD 1981 TO 2010
CLIMATE RECORD PERIOD 1893 TO 2016


WEATHER ITEM   OBSERVED TIME   RECORD YEAR NORMAL DEPARTURE LAST
                VALUE   (LST)  VALUE       VALUE  FROM      YEAR
                                                  NORMAL
..................................................................
TEMPERATURE (F)
 YESTERDAY
  MAXIMUM         64    437 PM 102    1959  64      0       78
  MINIMUM         31    516 AM  19    1961  38     -7       44
  AVERAGE         48                        51     -3       61

PRECIPITATION (IN)
  YESTERDAY        0.00          0.95 1949   0.10  -0.10     0.04
                                      1906
  MONTH TO DATE    0.00                      0.10  -0.10     0.04
  SINCE MAR 1      4.12                      3.11   1.01     0.82
  SINCE JAN 1      4.81                      4.13   0.68     1.87

SNOWFALL (IN)
  YESTERDAY        0.0
  MONTH TO DATE    0.0
  SINCE OCT 1     26.5
  SINCE JUL 1     26.5
  SNOW DEPTH       0

DEGREE DAYS
 HEATING
  YESTERDAY       17                        14      3        4
  MONTH TO DATE   17                        14      3        4
  SINCE MAR 1   1339                      1722   -383     1417
  SINCE JUL 1   6576                      8185  -1609     7685

 COOLING
  YESTERDAY        0                         0      0        0
  MONTH TO DATE    0                         0      0        0
  SINCE MAR 1      1                         2     -1        0
  SINCE JAN 1      1                         2     -1        0
..................................................................


WIND (MPH)
  HIGHEST WIND SPEED    20   HIGHEST WIND DIRECTION     N (20)
  HIGHEST GUST SPEED    30   HIGHEST GUST DIRECTION     N (20)
  AVERAGE WIND SPEED     8.6


SKY COVER
  POSSIBLE SUNSHINE  MM
  AVERAGE SKY COVER 0.0


WEATHER CONDITIONS
 THE FOLLOWING WEATHER WAS RECORDED YESTERDAY.
  HAZE


RELATIVE HUMIDITY (PERCENT)
 HIGHEST    85           400 AM
 LOWEST     28           400 PM
 AVERAGE    57

..........................................................


THE ABERDEEN SD CLIMATE NORMALS FOR TODAY
                         NORMAL    RECORD    YEAR
 MAXIMUM TEMPERATURE (F)   65        90      1955
 MINIMUM TEMPERATURE (F)   39        20      1909
                                             1908


SUNRISE AND SUNSET
MAY  2 2016...........SUNRISE   620 AM CDT   SUNSET   842 PM CDT
MAY  3 2016...........SUNRISE   618 AM CDT   SUNSET   844 PM CDT


-  INDICATES NEGATIVE NUMBERS.
R  INDICATES RECORD WAS SET OR TIED.
MM INDICATES DATA IS MISSING.
T  INDICATES TRACE AMOUNT.




$$
