795
CDUS43 KABR 171031
CLIABR


CLIMATE REPORT
NATIONAL WEATHER SERVICE ABERDEEN SD
530 AM CDT TUE OCT 17 2017


...................................

...THE ABERDEEN SD CLIMATE SUMMARY FOR OCTOBER 16 2017...

CLIMATE NORMAL PERIOD 1981 TO 2010
CLIMATE RECORD PERIOD 1893 TO 2017


WEATHER ITEM   OBSERVED TIME   RECORD YEAR NORMAL DEPARTURE LAST
                VALUE   (LST)  VALUE       VALUE  FROM      YEAR
                                                  NORMAL
..................................................................
TEMPERATURE (F)
 YESTERDAY
  MAXIMUM         71    419 PM  90    1991  58     13       73
  MINIMUM         26    432 AM  19    1976  33     -7       41
  AVERAGE         49                        45      4       57

PRECIPITATION (IN)
  YESTERDAY        0.00          1.82 1998   0.07  -0.07     0.00
  MONTH TO DATE    0.68                      1.16  -0.48     0.65
  SINCE SEP 1      2.57                      3.35  -0.78     1.88
  SINCE JAN 1     14.63                     19.64  -5.01    15.94

SNOWFALL (IN)
  YESTERDAY        0.0           T    2009   0.0    0.0      0.0
                                      1969
  MONTH TO DATE    0.0                       0.1   -0.1      0.0
  SINCE OCT 1      0.0                       0.1   -0.1      0.0
  SINCE JUL 1      0.0                       0.1   -0.1      0.0
  SNOW DEPTH       0

DEGREE DAYS
 HEATING
  YESTERDAY       16                        20     -4        8
  MONTH TO DATE  248                       264    -16      216
  SINCE SEP 1    402                       487    -85      343
  SINCE JUL 1    421                       538   -117      374

 COOLING
  YESTERDAY        0                         0      0        0
  MONTH TO DATE    2                         0      2        7
  SINCE SEP 1     65                        40     25       61
  SINCE JAN 1    550                       523     27      722
..................................................................


WIND (MPH)
  HIGHEST WIND SPEED    15   HIGHEST WIND DIRECTION     S (190)
  HIGHEST GUST SPEED    20   HIGHEST GUST DIRECTION     S (190)
  AVERAGE WIND SPEED     7.6


SKY COVER
  POSSIBLE SUNSHINE  MM
  AVERAGE SKY COVER 0.0


WEATHER CONDITIONS
 THE FOLLOWING WEATHER WAS RECORDED YESTERDAY.
  NO SIGNIFICANT WEATHER WAS OBSERVED.


RELATIVE HUMIDITY (PERCENT)
 HIGHEST   100           200 AM
 LOWEST     33           200 PM
 AVERAGE    67

..........................................................


THE ABERDEEN SD CLIMATE NORMALS FOR TODAY
                         NORMAL    RECORD    YEAR
 MAXIMUM TEMPERATURE (F)   57        92      1910
 MINIMUM TEMPERATURE (F)   32        15      1976
                                             1930


SUNRISE AND SUNSET
OCTOBER 17 2017.......SUNRISE   753 AM CDT   SUNSET   644 PM CDT
OCTOBER 18 2017.......SUNRISE   754 AM CDT   SUNSET   643 PM CDT


-  INDICATES NEGATIVE NUMBERS.
R  INDICATES RECORD WAS SET OR TIED.
MM INDICATES DATA IS MISSING.
T  INDICATES TRACE AMOUNT.




$$
