000
CDUS43 KABR 231033
CLIABR


CLIMATE REPORT
NATIONAL WEATHER SERVICE ABERDEEN SD
532 AM CDT WED JUL 23 2014


...................................

...THE ABERDEEN SD CLIMATE SUMMARY FOR JULY 22 2014...

CLIMATE NORMAL PERIOD 1981 TO 2010
CLIMATE RECORD PERIOD 1893 TO 2014


WEATHER ITEM   OBSERVED TIME   RECORD YEAR NORMAL DEPARTURE LAST
                VALUE   (LST)  VALUE       VALUE  FROM      YEAR
                                                  NORMAL
..................................................................
TEMPERATURE (F)
 YESTERDAY
  MAXIMUM         80    509 PM 111    1934  84     -4       77
  MINIMUM         61   1046 PM  46    1980  60      1       58
                                      1949
                                      1925
  AVERAGE         71                        72     -1       68

PRECIPITATION (IN)
  YESTERDAY        0.00          1.10 1898   0.09  -0.09     0.00
  MONTH TO DATE    0.50                      2.25  -1.75     2.35
  SINCE JUN 1      3.81                      5.95  -2.14     4.55
  SINCE JAN 1      9.24                     13.09  -3.85    13.07

DEGREE DAYS
 HEATING
  YESTERDAY        0                         0      0        0
  MONTH TO DATE   25                         8     17        0
  SINCE JUN 1    108                        84     24       81
  SINCE JUL 1     25                         8     17        0

 COOLING
  YESTERDAY        6                         7     -1        3
  MONTH TO DATE   96                       145    -49      184
  SINCE JUN 1    142                       237    -95      280
  SINCE JAN 1    184                       260    -76      301
..................................................................


WIND (MPH)
  HIGHEST WIND SPEED    20   HIGHEST WIND DIRECTION     N (20)
  HIGHEST GUST SPEED    24   HIGHEST GUST DIRECTION     N (20)
  AVERAGE WIND SPEED     9.6


SKY COVER
  POSSIBLE SUNSHINE  MM
  AVERAGE SKY COVER 0.0


WEATHER CONDITIONS
 THE FOLLOWING WEATHER WAS RECORDED YESTERDAY.
  HAZE


RELATIVE HUMIDITY (PERCENT)
 HIGHEST   100           400 AM
 LOWEST     51           300 PM
 AVERAGE    76

..........................................................


THE ABERDEEN SD CLIMATE NORMALS FOR TODAY
                         NORMAL    RECORD    YEAR
 MAXIMUM TEMPERATURE (F)   84       109      1941
 MINIMUM TEMPERATURE (F)   60        41      1904


SUNRISE AND SUNSET
JULY 23 2014..........SUNRISE   608 AM CDT   SUNSET   912 PM CDT
JULY 24 2014..........SUNRISE   609 AM CDT   SUNSET   911 PM CDT


-  INDICATES NEGATIVE NUMBERS.
R  INDICATES RECORD WAS SET OR TIED.
MM INDICATES DATA IS MISSING.
T  INDICATES TRACE AMOUNT.




$$
