000
CDUS43 KABR 211200
CLIABR


CLIMATE REPORT
NATIONAL WEATHER SERVICE ABERDEEN SD
700 AM CDT MON AUG 21 2017


...................................

...THE ABERDEEN SD CLIMATE SUMMARY FOR AUGUST 20 2017...

CLIMATE NORMAL PERIOD 1981 TO 2010
CLIMATE RECORD PERIOD 1893 TO 2017


WEATHER ITEM   OBSERVED TIME   RECORD YEAR NORMAL DEPARTURE LAST
                VALUE   (LST)  VALUE       VALUE  FROM      YEAR
                                                  NORMAL
..................................................................
TEMPERATURE (F)
 YESTERDAY
  MAXIMUM         73    143 PM 103    1976  81     -8       71
  MINIMUM         54   1156 PM  33    1950  56     -2       48
  AVERAGE         64                        68     -4       60

PRECIPITATION (IN)
  YESTERDAY        T             2.68 1980   0.08  -0.08     0.14
  MONTH TO DATE    1.42                      1.56  -0.14     1.99
  SINCE JUN 1      7.41                      8.28  -0.87     7.09
  SINCE JAN 1     10.79                     15.42  -4.63    14.03

DEGREE DAYS
 HEATING
  YESTERDAY        1                         1      0        5
  MONTH TO DATE   11                        16     -5        5
  SINCE JUN 1     63                       106    -43       33
  SINCE JUL 1     11                        30    -19       13

 COOLING
  YESTERDAY        0                         5     -5        0
  MONTH TO DATE   28                       119    -91      149
  SINCE JUN 1    445                       419     26      571
  SINCE JAN 1    457                       442     15      604
..................................................................


WIND (MPH)
  HIGHEST WIND SPEED    18   HIGHEST WIND DIRECTION    NE (30)
  HIGHEST GUST SPEED    24   HIGHEST GUST DIRECTION    NE (50)
  AVERAGE WIND SPEED     8.1


SKY COVER
  POSSIBLE SUNSHINE  MM
  AVERAGE SKY COVER 0.3


WEATHER CONDITIONS
 THE FOLLOWING WEATHER WAS RECORDED YESTERDAY.
  THUNDERSTORM
  LIGHT RAIN
  FOG


RELATIVE HUMIDITY (PERCENT)
 HIGHEST   100          1200 AM
 LOWEST     49          1200 PM
 AVERAGE    75

..........................................................


THE ABERDEEN SD CLIMATE NORMALS FOR TODAY
                         NORMAL    RECORD    YEAR
 MAXIMUM TEMPERATURE (F)   81       105      1947
 MINIMUM TEMPERATURE (F)   55        37      2004


SUNRISE AND SUNSET
AUGUST 21 2017........SUNRISE   642 AM CDT   SUNSET   831 PM CDT
AUGUST 22 2017........SUNRISE   643 AM CDT   SUNSET   829 PM CDT


-  INDICATES NEGATIVE NUMBERS.
R  INDICATES RECORD WAS SET OR TIED.
MM INDICATES DATA IS MISSING.
T  INDICATES TRACE AMOUNT.




$$
