000
CDUS43 KABR 301028
CLIABR


CLIMATE REPORT
NATIONAL WEATHER SERVICE ABERDEEN SD
527 AM CDT MON MAR 30 2015


...................................

...THE ABERDEEN SD CLIMATE SUMMARY FOR MARCH 29 2015...

CLIMATE NORMAL PERIOD 1981 TO 2010
CLIMATE RECORD PERIOD 1893 TO 2015


WEATHER ITEM   OBSERVED TIME   RECORD YEAR NORMAL DEPARTURE LAST
                VALUE   (LST)  VALUE       VALUE  FROM      YEAR
                                                  NORMAL
..................................................................
TEMPERATURE (F)
 YESTERDAY
  MAXIMUM         60    443 PM  78    1986  47     13       50
  MINIMUM         30   1159 PM  -9    1969  25      5       10
  AVERAGE         45                        36      9       30

PRECIPITATION (IN)
  YESTERDAY        0.02          1.16 1998   0.05  -0.03     0.00
  MONTH TO DATE    0.23                      1.06  -0.83     0.52
  SINCE MAR 1      0.23                      1.06  -0.83     0.52
  SINCE JAN 1      1.28                      2.08  -0.80     0.96

SNOWFALL (IN)
  YESTERDAY        0.0
  MONTH TO DATE    1.7
  SINCE OCT 1     20.2
  SINCE JUL 1     20.2
  SNOW DEPTH       0

DEGREE DAYS
 HEATING
  YESTERDAY       20                        29     -9       35
  MONTH TO DATE  896                      1031   -135     1156
  SINCE MAR 1    896                      1031   -135     1156
  SINCE JUL 1   7164                      7494   -330     8315

 COOLING
  YESTERDAY        0                         0      0        0
  MONTH TO DATE    0                         0      0        0
  SINCE MAR 1      0                         0      0        0
  SINCE JAN 1      0                         0      0        0
..................................................................


WIND (MPH)
  HIGHEST WIND SPEED    38   HIGHEST WIND DIRECTION    NW (320)
  HIGHEST GUST SPEED    47   HIGHEST GUST DIRECTION    NW (330)
  AVERAGE WIND SPEED    17.7


SKY COVER
  POSSIBLE SUNSHINE  MM
  AVERAGE SKY COVER 0.3


WEATHER CONDITIONS
 THE FOLLOWING WEATHER WAS RECORDED YESTERDAY.
  LIGHT RAIN
  FOG


RELATIVE HUMIDITY (PERCENT)
 HIGHEST    92           300 AM
 LOWEST     22           300 PM
 AVERAGE    57

..........................................................


THE ABERDEEN SD CLIMATE NORMALS FOR TODAY
                         NORMAL    RECORD    YEAR
 MAXIMUM TEMPERATURE (F)   48        81      1943
 MINIMUM TEMPERATURE (F)   25       -14      1969


SUNRISE AND SUNSET
MARCH 30 2015.........SUNRISE   718 AM CDT   SUNSET   759 PM CDT
MARCH 31 2015.........SUNRISE   716 AM CDT   SUNSET   800 PM CDT


-  INDICATES NEGATIVE NUMBERS.
R  INDICATES RECORD WAS SET OR TIED.
MM INDICATES DATA IS MISSING.
T  INDICATES TRACE AMOUNT.




$$
