000
CDUS43 KABR 230918
CLIABR


CLIMATE REPORT
NATIONAL WEATHER SERVICE ABERDEEN SD
417 AM CDT SAT JUL 23 2016


...................................

...THE ABERDEEN SD CLIMATE SUMMARY FOR JULY 22 2016...

CLIMATE NORMAL PERIOD 1981 TO 2010
CLIMATE RECORD PERIOD 1893 TO 2016


WEATHER ITEM   OBSERVED TIME   RECORD YEAR NORMAL DEPARTURE LAST
                VALUE   (LST)  VALUE       VALUE  FROM      YEAR
                                                  NORMAL
..................................................................
TEMPERATURE (F)
 YESTERDAY
  MAXIMUM         91    100 PM 111    1934  84      7       87
  MINIMUM         70    611 AM  46    1980  60     10       65
                                      1949
                                      1925
  AVERAGE         81                        72      9       76

PRECIPITATION (IN)
  YESTERDAY        0.12          1.10 1898   0.09   0.03     0.00
  MONTH TO DATE    2.82                      2.25   0.57     3.21
  SINCE JUN 1      4.23                      5.95  -1.72     5.31
  SINCE JAN 1     11.17                     13.09  -1.92    13.53

DEGREE DAYS
 HEATING
  YESTERDAY        0                         0      0        0
  MONTH TO DATE    8                         8      0        5
  SINCE JUN 1     28                        84    -56       19
  SINCE JUL 1      8                         8      0        5

 COOLING
  YESTERDAY       16                         7      9       11
  MONTH TO DATE  153                       145      8      167
  SINCE JUN 1    345                       237    108      306
  SINCE JAN 1    378                       260    118      320
..................................................................


WIND (MPH)
  HIGHEST WIND SPEED    25   HIGHEST WIND DIRECTION    NW (310)
  HIGHEST GUST SPEED    32   HIGHEST GUST DIRECTION     W (290)
  AVERAGE WIND SPEED     6.5


SKY COVER
  POSSIBLE SUNSHINE  MM
  AVERAGE SKY COVER 0.1


WEATHER CONDITIONS
 THE FOLLOWING WEATHER WAS RECORDED YESTERDAY.
  THUNDERSTORM
  HEAVY RAIN
  LIGHT RAIN


RELATIVE HUMIDITY (PERCENT)
 HIGHEST    93          1200 AM
 LOWEST     61           600 PM
 AVERAGE    77

..........................................................


THE ABERDEEN SD CLIMATE NORMALS FOR TODAY
                         NORMAL    RECORD    YEAR
 MAXIMUM TEMPERATURE (F)   84       109      1941
 MINIMUM TEMPERATURE (F)   60        41      1904


SUNRISE AND SUNSET
JULY 23 2016..........SUNRISE   608 AM CDT   SUNSET   911 PM CDT
JULY 24 2016..........SUNRISE   609 AM CDT   SUNSET   910 PM CDT


-  INDICATES NEGATIVE NUMBERS.
R  INDICATES RECORD WAS SET OR TIED.
MM INDICATES DATA IS MISSING.
T  INDICATES TRACE AMOUNT.




$$
