000
CDUS43 KABR 181031
CLIABR


CLIMATE REPORT
NATIONAL WEATHER SERVICE ABERDEEN SD
431 AM CST WED JAN 18 2017


...................................

...THE ABERDEEN SD CLIMATE SUMMARY FOR JANUARY 17 2017...

CLIMATE NORMAL PERIOD 1981 TO 2010
CLIMATE RECORD PERIOD 1893 TO 2017


WEATHER ITEM   OBSERVED TIME   RECORD YEAR NORMAL DEPARTURE LAST
                VALUE   (LST)  VALUE       VALUE  FROM      YEAR
                                                  NORMAL
..................................................................
TEMPERATURE (F)
 YESTERDAY
  MAXIMUM         21    441 PM  48    1947  22     -1        4
  MINIMUM         -3    702 AM -32    1997   1     -4      -20
  AVERAGE          9                        12     -3       -8

PRECIPITATION (IN)
  YESTERDAY        0.00          0.60 1897   0.01  -0.01     0.00
  MONTH TO DATE    0.46                      0.28   0.18     0.09
  SINCE DEC 1      2.24                      0.80   1.44     0.73
  SINCE JAN 1      0.46                      0.28   0.18     0.09

SNOWFALL (IN)
  YESTERDAY        0.0           6.4  1996   0.2   -0.2      0.0
  MONTH TO DATE    8.5                       4.0    4.5      1.9
  SINCE OCT 1     24.5                      18.6    5.9     17.0
  SINCE JUL 1     24.5                      18.6    5.9     17.0
  SNOW DEPTH       7

DEGREE DAYS
 HEATING
  YESTERDAY       56                        53      3       73
  MONTH TO DATE 1067                       901    166      895
  SINCE DEC 1   2664                      2429    235     2202
  SINCE JUL 1   4014                      4392   -378     3614

 COOLING
  YESTERDAY        0                         0      0        0
  MONTH TO DATE    0                         0      0        0
  SINCE DEC 1      0                         0      0        0
  SINCE JAN 1      0                         0      0        0
..................................................................


WIND (MPH)
  HIGHEST WIND SPEED    15   HIGHEST WIND DIRECTION     S (180)
  HIGHEST GUST SPEED    18   HIGHEST GUST DIRECTION     S (180)
  AVERAGE WIND SPEED     7.3


SKY COVER
  POSSIBLE SUNSHINE  MM
  AVERAGE SKY COVER 0.0


WEATHER CONDITIONS
 THE FOLLOWING WEATHER WAS RECORDED YESTERDAY.
  NO SIGNIFICANT WEATHER WAS OBSERVED.


RELATIVE HUMIDITY (PERCENT)
 HIGHEST    95           200 AM
 LOWEST     67           100 PM
 AVERAGE    81

..........................................................


THE ABERDEEN SD CLIMATE NORMALS FOR TODAY
                         NORMAL    RECORD    YEAR
 MAXIMUM TEMPERATURE (F)   22        51      1944
 MINIMUM TEMPERATURE (F)    1       -34      1970


SUNRISE AND SUNSET
JANUARY 18 2017.......SUNRISE   808 AM CST   SUNSET   521 PM CST
JANUARY 19 2017.......SUNRISE   807 AM CST   SUNSET   523 PM CST


-  INDICATES NEGATIVE NUMBERS.
R  INDICATES RECORD WAS SET OR TIED.
MM INDICATES DATA IS MISSING.
T  INDICATES TRACE AMOUNT.




$$
