000
CDUS43 KABR 251200
CLIABR


CLIMATE REPORT
NATIONAL WEATHER SERVICE ABERDEEN SD
700 AM CDT SUN JUN 25 2017


...................................

...THE ABERDEEN SD CLIMATE SUMMARY FOR JUNE 24 2017...

CLIMATE NORMAL PERIOD 1981 TO 2010
CLIMATE RECORD PERIOD 1893 TO 2017


WEATHER ITEM   OBSERVED TIME   RECORD YEAR NORMAL DEPARTURE LAST
                VALUE   (LST)  VALUE       VALUE  FROM      YEAR
                                                  NORMAL
..................................................................
TEMPERATURE (F)
 YESTERDAY
  MAXIMUM         67    353 PM 108    1988  80    -13       94
  MINIMUM         39R   334 AM  39    2017  56    -17       62
  AVERAGE         53                        68    -15       78

PRECIPITATION (IN)
  YESTERDAY        T             2.54 1998   0.13  -0.13     0.00
  MONTH TO DATE    3.81                      2.97   0.84     1.41
  SINCE JUN 1      3.81                      2.97   0.84     1.41
  SINCE JAN 1      7.19                     10.11  -2.92     8.35

DEGREE DAYS
 HEATING
  YESTERDAY       12                         1     11        0
  MONTH TO DATE   24                        70    -46       18
  SINCE JUN 1     24                        70    -46       18
  SINCE JUL 1   7524                      8528  -1004     6785

 COOLING
  YESTERDAY        0                         4     -4       13
  MONTH TO DATE  128                        62     66      168
  SINCE JUN 1    128                        62     66      168
  SINCE JAN 1    140                        85     55      201
..................................................................


WIND (MPH)
  HIGHEST WIND SPEED    26   HIGHEST WIND DIRECTION    NW (330)
  HIGHEST GUST SPEED    35   HIGHEST GUST DIRECTION     N (340)
  AVERAGE WIND SPEED    14.2


SKY COVER
  POSSIBLE SUNSHINE  MM
  AVERAGE SKY COVER 0.6


WEATHER CONDITIONS
 THE FOLLOWING WEATHER WAS RECORDED YESTERDAY.
  NO SIGNIFICANT WEATHER WAS OBSERVED.


RELATIVE HUMIDITY (PERCENT)
 HIGHEST    93           200 AM
 LOWEST     42           400 PM
 AVERAGE    68

..........................................................


THE ABERDEEN SD CLIMATE NORMALS FOR TODAY
                         NORMAL    RECORD    YEAR
 MAXIMUM TEMPERATURE (F)   80       106      1936
 MINIMUM TEMPERATURE (F)   56        41      1961
                                             1907


SUNRISE AND SUNSET
JUNE 25 2017..........SUNRISE   546 AM CDT   SUNSET   926 PM CDT
JUNE 26 2017..........SUNRISE   547 AM CDT   SUNSET   926 PM CDT


-  INDICATES NEGATIVE NUMBERS.
R  INDICATES RECORD WAS SET OR TIED.
MM INDICATES DATA IS MISSING.
T  INDICATES TRACE AMOUNT.




$$
