000
CDUS42 KTAE 250633
CLIABY


CLIMATE REPORT
NATIONAL WEATHER SERVICE TALLAHASSEE FL
231 AM EDT TUE JUL 25 2017

...................................

...THE ALBANY CLIMATE SUMMARY FOR JULY 24 2017...

CLIMATE NORMAL PERIOD 1981 TO 2010
CLIMATE RECORD PERIOD 1930 TO 2017


WEATHER ITEM   OBSERVED TIME   RECORD YEAR NORMAL DEPARTURE LAST
                VALUE   (LST)  VALUE       VALUE  FROM      YEAR
                                                  NORMAL
..................................................................
TEMPERATURE (F)
 YESTERDAY
  MAXIMUM         93    425 PM 102    1940  93      0       97
  MINIMUM         75    637 AM  65    1981  72      3       76
  AVERAGE         84                        83      1       87

PRECIPITATION (IN)
  YESTERDAY        0.05                      0.18  -0.13     0.36
  MONTH TO DATE    3.39                      4.30  -0.91     1.70
  SINCE JUN 1     10.01                      9.24   0.77     6.11
  SINCE JAN 1     29.01                     29.60  -0.59    28.84

SNOWFALL (IN)
  YESTERDAY        0.0

DEGREE DAYS
 HEATING
  YESTERDAY        0                         0      0        0
  MONTH TO DATE    0                         0      0        0
  SINCE JUN 1      0                         0      0        0
  SINCE JUL 1      0                         0      0        0

 COOLING
  YESTERDAY       19                        18      1       22
  MONTH TO DATE  446                       420     26      484
  SINCE JUN 1    885                       885      0     1000
  SINCE JAN 1   1515                      1325    190     1492
..................................................................


WIND (MPH)
  HIGHEST WIND SPEED    16   HIGHEST WIND DIRECTION    SW (220)
  HIGHEST GUST SPEED    22   HIGHEST GUST DIRECTION    SW (240)
  AVERAGE WIND SPEED     5.1




RELATIVE HUMIDITY (PERCENT)
 HIGHEST   100
 LOWEST     52
 AVERAGE    76

..........................................................


THE ALBANY CLIMATE NORMALS FOR TODAY
                         NORMAL    RECORD    YEAR
 MAXIMUM TEMPERATURE (F)   93       103      1940
 MINIMUM TEMPERATURE (F)   72        66      1990


SUNRISE AND SUNSET
JULY 25 2017..........SUNRISE   649 AM EDT   SUNSET   838 PM EDT
JULY 26 2017..........SUNRISE   649 AM EDT   SUNSET   837 PM EDT


-  INDICATES NEGATIVE NUMBERS.
R  INDICATES RECORD WAS SET OR TIED.
MM INDICATES DATA IS MISSING.
T  INDICATES TRACE AMOUNT.

$$
