000
CDUS42 KTAE 230638
CLIABY


CLIMATE REPORT
NATIONAL WEATHER SERVICE TALLAHASSEE FL
138 AM EST THU NOV 23 2017


...................................

...THE ALBANY CLIMATE SUMMARY FOR NOVEMBER 22 2017...

CLIMATE NORMAL PERIOD 1981 TO 2010
CLIMATE RECORD PERIOD 1930 TO 2017


WEATHER ITEM   OBSERVED TIME   RECORD YEAR NORMAL DEPARTURE LAST
                VALUE   (LST)  VALUE       VALUE  FROM      YEAR
                                                  NORMAL
..................................................................
TEMPERATURE (F)
 YESTERDAY
  MAXIMUM         73    248 PM  84    1991  69      4       73
  MINIMUM         52    315 AM  23    1968  44      8       35
  AVERAGE         63                        57      6       54

PRECIPITATION (IN)
  YESTERDAY        0.01                      0.12  -0.11     0.00
  MONTH TO DATE    0.46                      2.05  -1.59     0.00
  SINCE SEP 1      5.36                      8.08  -2.72     3.29
  SINCE JAN 1     38.13                     43.68  -5.55    37.34

SNOWFALL (IN)
  YESTERDAY        0.0

DEGREE DAYS
 HEATING
  YESTERDAY        2                         9     -7       11
  MONTH TO DATE  103                       138    -35      100
  SINCE SEP 1    161                       188    -27      110
  SINCE JUL 1    161                       188    -27      110

 COOLING
  YESTERDAY        0                         1     -1        0
  MONTH TO DATE   40                        28     12       39
  SINCE SEP 1    713                       558    155      762
  SINCE JAN 1   2921                      2531    390     2999
..................................................................


WIND (MPH)
  HIGHEST WIND SPEED    12   HIGHEST WIND DIRECTION    NW (330)
  HIGHEST GUST SPEED    16   HIGHEST GUST DIRECTION    NE (50)
  AVERAGE WIND SPEED     3.9




RELATIVE HUMIDITY (PERCENT)
 HIGHEST   100
 LOWEST     48
 AVERAGE    74

..........................................................


THE ALBANY CLIMATE NORMALS FOR TODAY
                         NORMAL    RECORD    YEAR
 MAXIMUM TEMPERATURE (F)   69        81      2010
                                             1941
 MINIMUM TEMPERATURE (F)   44        22      1976


SUNRISE AND SUNSET
NOVEMBER 23 2017......SUNRISE   712 AM EST   SUNSET   534 PM EST
NOVEMBER 24 2017......SUNRISE   713 AM EST   SUNSET   534 PM EST


-  INDICATES NEGATIVE NUMBERS.
R  INDICATES RECORD WAS SET OR TIED.
MM INDICATES DATA IS MISSING.
T  INDICATES TRACE AMOUNT.




$$
