838
CDUS42 KTAE 230631
CLIABY


CLIMATE REPORT
NATIONAL WEATHER SERVICE TALLAHASSEE FL
231 AM EDT SUN APR 23 2017


...................................

...THE ALBANY CLIMATE SUMMARY FOR APRIL 22 2017...

CLIMATE NORMAL PERIOD 1981 TO 2010
CLIMATE RECORD PERIOD 1930 TO 2017


WEATHER ITEM   OBSERVED TIME   RECORD YEAR NORMAL DEPARTURE LAST
                VALUE   (LST)  VALUE       VALUE  FROM      YEAR
                                                  NORMAL
..................................................................
TEMPERATURE (F)
 YESTERDAY
  MAXIMUM         89    219 PM  94    1987  81      8       73
  MINIMUM         57    408 AM  38    1986  55      2       57
  AVERAGE         73                        68      5       65

PRECIPITATION (IN)
  YESTERDAY        0.00                      0.11  -0.11     0.14
  MONTH TO DATE    1.76                      2.98  -1.22     5.96
  SINCE MAR 1      2.98                      8.03  -5.05    10.73
  SINCE JAN 1     14.80                     17.01  -2.21    21.04

SNOWFALL (IN)
  YESTERDAY        0.0

DEGREE DAYS
 HEATING
  YESTERDAY        0                         1     -1        0
  MONTH TO DATE   23                        59    -36       36
  SINCE MAR 1    186                       268    -82      151
  SINCE JUL 1    989                      1828   -839     1286

 COOLING
  YESTERDAY        8                         4      4        0
  MONTH TO DATE  128                        63     65       27
  SINCE MAR 1    205                        92    113      109
  SINCE JAN 1    243                       101    142      112
..................................................................


WIND (MPH)
  HIGHEST WIND SPEED    14   HIGHEST WIND DIRECTION     S (200)
  HIGHEST GUST SPEED    23   HIGHEST GUST DIRECTION    SW (210)
  AVERAGE WIND SPEED     6.3




RELATIVE HUMIDITY (PERCENT)
 HIGHEST    90
 LOWEST     34
 AVERAGE    62

..........................................................


THE ALBANY CLIMATE NORMALS FOR TODAY
                         NORMAL    RECORD    YEAR
 MAXIMUM TEMPERATURE (F)   81        94      1987
 MINIMUM TEMPERATURE (F)   55        33      1993


SUNRISE AND SUNSET
APRIL 23 2017.........SUNRISE   659 AM EDT   SUNSET   811 PM EDT
APRIL 24 2017.........SUNRISE   658 AM EDT   SUNSET   812 PM EDT


-  INDICATES NEGATIVE NUMBERS.
R  INDICATES RECORD WAS SET OR TIED.
MM INDICATES DATA IS MISSING.
T  INDICATES TRACE AMOUNT.




$$
