000
CDUS44 KFWD 290716
CLIACT

CLIMATE REPORT
NATIONAL WEATHER SERVICE FORT WORTH TX
214 AM CDT FRI AUG 29 2014


...................................

...THE WACO CLIMATE SUMMARY FOR AUGUST 28 2014...

CLIMATE NORMAL PERIOD 1981 TO 2010
CLIMATE RECORD PERIOD 1901 TO 2014


WEATHER ITEM   OBSERVED TIME   RECORD YEAR NORMAL DEPARTURE LAST
                VALUE   (LST)  VALUE       VALUE  FROM      YEAR
                                                  NORMAL
..................................................................
TEMPERATURE (F)
 YESTERDAY
  MAXIMUM         98    342 PM 109    2011  95      3       97
  MINIMUM         70    550 AM  53    1992  72     -2       70
  AVERAGE         84                        84      0       84

PRECIPITATION (IN)
  YESTERDAY        0.00          2.02 2001   0.09  -0.09     0.00
  MONTH TO DATE    0.46                      1.79  -1.33     0.22
  SINCE JUN 1      8.92                      7.01   1.91     7.34
  SINCE JAN 1     20.06                     21.90  -1.84    21.43

DEGREE DAYS
 HEATING
  YESTERDAY        0                         0      0        0
  MONTH TO DATE    0                         0      0        0
  SINCE JUN 1      0                         0      0        0
  SINCE JUL 1      0                         0      0        0

 COOLING
  YESTERDAY       19                        19      0       19
  MONTH TO DATE  586                       573     13      573
  SINCE JUN 1   1630                      1687    -57     1723
  SINCE JAN 1   2017                      2139   -122     2140
..................................................................


WIND (MPH)
  HIGHEST WIND SPEED    24   HIGHEST WIND DIRECTION    SE (140)
  HIGHEST GUST SPEED    27   HIGHEST GUST DIRECTION    SE (140)
  AVERAGE WIND SPEED     8.9


SKY COVER
  POSSIBLE SUNSHINE  MM
  AVERAGE SKY COVER 0.1


WEATHER CONDITIONS
 THE FOLLOWING WEATHER WAS RECORDED YESTERDAY.
  NO SIGNIFICANT WEATHER WAS OBSERVED.


RELATIVE HUMIDITY (PERCENT)
 HIGHEST    79           400 AM
 LOWEST     35           300 PM
 AVERAGE    57

..........................................................


THE WACO CLIMATE NORMALS FOR TODAY
                         NORMAL    RECORD    YEAR
 MAXIMUM TEMPERATURE (F)   95       106      2011
 MINIMUM TEMPERATURE (F)   72        59      1992


SUNRISE AND SUNSET
AUGUST 29 2014........SUNRISE   703 AM CDT   SUNSET   756 PM CDT
AUGUST 30 2014........SUNRISE   703 AM CDT   SUNSET   755 PM CDT


-  INDICATES NEGATIVE NUMBERS.
R  INDICATES RECORD WAS SET OR TIED.
MM INDICATES DATA IS MISSING.
T  INDICATES TRACE AMOUNT.




$$
