000
CDUS44 KFWD 200638
CLIACT

CLIMATE REPORT
NATIONAL WEATHER SERVICE FORT WORTH TX
1240 AM CST THU NOV 20 2014

...................................

...THE WACO CLIMATE SUMMARY FOR NOVEMBER 19 2014...

CLIMATE NORMAL PERIOD 1981 TO 2010
CLIMATE RECORD PERIOD 1901 TO 2014


WEATHER ITEM   OBSERVED TIME   RECORD YEAR NORMAL DEPARTURE LAST
                VALUE   (LST)  VALUE       VALUE  FROM      YEAR
                                                  NORMAL
..................................................................
TEMPERATURE (F)
 YESTERDAY
  MAXIMUM         69    405 PM  87    1949  67      2       69
  MINIMUM         36    434 AM  24    1903  45     -9       50
  AVERAGE         53                        56     -3       60

PRECIPITATION (IN)
  YESTERDAY        0.00          2.87 1992   0.08  -0.08     0.00
  MONTH TO DATE    1.83                      1.90  -0.07     0.66
  SINCE SEP 1      8.12                      8.86  -0.74    13.39
  SINCE JAN 1     28.70                     31.02  -2.32    34.82

SNOWFALL (IN)
  YESTERDAY        0.0           0.0    MM   0.0    0.0      0.0
  MONTH TO DATE    0.0                       0.0    0.0      0.0
  SINCE SEP 1      0.0                       0.0    0.0      0.0
  SINCE JUL 1      0.0                       0.0    0.0      0.0
  SNOW DEPTH       0

DEGREE DAYS
 HEATING
  YESTERDAY       12                        10      2        5
  MONTH TO DATE  285                       132    153      143
  SINCE SEP 1    297                       199     98      192
  SINCE JUL 1    297                       199     98      192

 COOLING
  YESTERDAY        0                         1     -1        0
  MONTH TO DATE    1                        31    -30       18
  SINCE SEP 1    669                       592     77      659
  SINCE JAN 1   2744                      2787    -43     2870
..................................................................


WIND (MPH)
  HIGHEST WIND SPEED    21   HIGHEST WIND DIRECTION    SW (210)
  HIGHEST GUST SPEED    26   HIGHEST GUST DIRECTION    SW (210)
  AVERAGE WIND SPEED    10.9


SKY COVER
  POSSIBLE SUNSHINE  MM
  AVERAGE SKY COVER 0.0


WEATHER CONDITIONS
 THE FOLLOWING WEATHER WAS RECORDED YESTERDAY.
  NO SIGNIFICANT WEATHER WAS OBSERVED.


RELATIVE HUMIDITY (PERCENT)
 HIGHEST    77          1100 PM
 LOWEST     30           400 PM
 AVERAGE    54

..........................................................


THE WACO CLIMATE NORMALS FOR TODAY
                         NORMAL    RECORD    YEAR
 MAXIMUM TEMPERATURE (F)   67        85      1949
 MINIMUM TEMPERATURE (F)   45        23      1937


SUNRISE AND SUNSET
NOVEMBER 20 2014......SUNRISE   701 AM CST   SUNSET   528 PM CST
NOVEMBER 21 2014......SUNRISE   702 AM CST   SUNSET   527 PM CST


-  INDICATES NEGATIVE NUMBERS.
R  INDICATES RECORD WAS SET OR TIED.
MM INDICATES DATA IS MISSING.
T  INDICATES TRACE AMOUNT.

$$
