000
CDUS44 KFWD 242223
CLIACT


CLIMATE REPORT
NATIONAL WEATHER SERVICE FORT WORTH TX
423 PM CST FRI NOV 24 2017


...................................

...THE WACO CLIMATE SUMMARY FOR NOVEMBER 24 2017...
VALID AS OF 0400 PM LOCAL TIME.

CLIMATE NORMAL PERIOD 1981 TO 2010
CLIMATE RECORD PERIOD 1901 TO 2017


WEATHER ITEM   OBSERVED TIME   RECORD YEAR NORMAL DEPARTURE LAST
                VALUE   (LST)  VALUE       VALUE  FROM      YEAR
                                                  NORMAL
..................................................................
TEMPERATURE (F)
 TODAY
  MAXIMUM         78    240 PM  87    1965  65     13       72
  MINIMUM         35    659 AM  24    1970  43     -8       38
  AVERAGE         57

PRECIPITATION (IN)
  TODAY            0.00          2.35 1913   0.08  -0.08     0.00
  MONTH TO DATE    1.30                      2.30  -1.00     3.24
  SINCE SEP 1      2.95                      9.26  -6.31     4.18
  SINCE JAN 1     31.66                     31.42   0.24    36.16

SNOWFALL (IN)
  TODAY            0.0           T    2013   0.0    0.0      0.0
                                      1957
  MONTH TO DATE    0.0                       0.1   -0.1      0.0
  SINCE SEP 1      0.0                       0.1   -0.1      0.0
  SINCE JUL 1      0.0                       0.1   -0.1      0.0
  SNOW DEPTH       0

..................................................................


WIND (MPH)
  HIGHEST WIND SPEED    18   HIGHEST WIND DIRECTION     S (180)
  HIGHEST GUST SPEED    22   HIGHEST GUST DIRECTION     S (180)
  AVERAGE WIND SPEED     7.1




..........................................................


THE WACO CLIMATE NORMALS FOR TOMORROW
                         NORMAL    RECORD    YEAR
 MAXIMUM TEMPERATURE (F)   65        85      1905
 MINIMUM TEMPERATURE (F)   43        23      1916


SUNRISE AND SUNSET
NOVEMBER 24 2017......SUNRISE   705 AM CST   SUNSET   526 PM CST
NOVEMBER 25 2017......SUNRISE   706 AM CST   SUNSET   526 PM CST


-  INDICATES NEGATIVE NUMBERS.
R  INDICATES RECORD WAS SET OR TIED.
MM INDICATES DATA IS MISSING.
T  INDICATES TRACE AMOUNT.




$$
