000
CDUS44 KFWD 280639
CLIACT

CLIMATE REPORT
NATIONAL WEATHER SERVICE FORT WORTH TX
1238 AM CST FRI NOV 28 2014


...................................

...THE WACO CLIMATE SUMMARY FOR NOVEMBER 27 2014...

CLIMATE NORMAL PERIOD 1981 TO 2010
CLIMATE RECORD PERIOD 1901 TO 2014


WEATHER ITEM   OBSERVED TIME   RECORD YEAR NORMAL DEPARTURE LAST
                VALUE   (LST)  VALUE       VALUE  FROM      YEAR
                                                  NORMAL
..................................................................
TEMPERATURE (F)
 YESTERDAY
  MAXIMUM         61    326 PM  83    1989  64     -3       48
  MINIMUM         34    632 AM  22    1993  42     -8       27
  AVERAGE         48                        53     -5       38

PRECIPITATION (IN)
  YESTERDAY        0.00          2.51 1920   0.09  -0.09     0.00
  MONTH TO DATE    2.68                      2.56   0.12     2.39
  SINCE SEP 1      8.97                      9.52  -0.55    15.12
  SINCE JAN 1     29.55                     31.68  -2.13    36.55

SNOWFALL (IN)
  YESTERDAY        0.0           0.0    MM   0.0    0.0      0.0
  MONTH TO DATE    0.0                       0.1   -0.1       T
  SINCE SEP 1      0.0                       0.1   -0.1       T
  SINCE JUL 1      0.0                       0.1   -0.1       T
  SNOW DEPTH       0

DEGREE DAYS
 HEATING
  YESTERDAY       17                        13      4       27
  MONTH TO DATE  357                       222    135      307
  SINCE SEP 1    369                       289     80      356
  SINCE JUL 1    369                       289     80      356

 COOLING
  YESTERDAY        0                         0      0        0
  MONTH TO DATE    1                        35    -34       18
  SINCE SEP 1    669                       596     73      659
  SINCE JAN 1   2744                      2791    -47     2870
..................................................................


WIND (MPH)
  HIGHEST WIND SPEED    13   HIGHEST WIND DIRECTION    NE (40)
  HIGHEST GUST SPEED    15   HIGHEST GUST DIRECTION    NE (40)
  AVERAGE WIND SPEED     4.6


SKY COVER
  POSSIBLE SUNSHINE  MM
  AVERAGE SKY COVER 0.0


WEATHER CONDITIONS
 THE FOLLOWING WEATHER WAS RECORDED YESTERDAY.
  HAZE


RELATIVE HUMIDITY (PERCENT)
 HIGHEST    86          1000 PM
 LOWEST     23           300 PM
 AVERAGE    55

..........................................................


THE WACO CLIMATE NORMALS FOR TODAY
                         NORMAL    RECORD    YEAR
 MAXIMUM TEMPERATURE (F)   63        89      1949
 MINIMUM TEMPERATURE (F)   42        21      1976


SUNRISE AND SUNSET
NOVEMBER 28 2014......SUNRISE   708 AM CST   SUNSET   525 PM CST
NOVEMBER 29 2014......SUNRISE   709 AM CST   SUNSET   525 PM CST


-  INDICATES NEGATIVE NUMBERS.
R  INDICATES RECORD WAS SET OR TIED.
MM INDICATES DATA IS MISSING.
T  INDICATES TRACE AMOUNT.




$$
