000
CDUS44 KFWD 290640
CLIACT


CLIMATE REPORT
NATIONAL WEATHER SERVICE FORT WORTH TX
139 AM CDT FRI MAY 29 2015


...................................

...THE WACO CLIMATE SUMMARY FOR MAY 28 2015...

CLIMATE NORMAL PERIOD 1981 TO 2010
CLIMATE RECORD PERIOD 1901 TO 2015


WEATHER ITEM   OBSERVED TIME   RECORD YEAR NORMAL DEPARTURE LAST
                VALUE   (LST)  VALUE       VALUE  FROM      YEAR
                                                  NORMAL
..................................................................
TEMPERATURE (F)
 YESTERDAY
  MAXIMUM         88    126 PM 100    2011  88      0       84
  MINIMUM         72    549 AM  53    2003  67      5       67
  AVERAGE         80                        78      2       76

PRECIPITATION (IN)
  YESTERDAY        0.02          3.58 1907   0.15  -0.13      T
  MONTH TO DATE    8.46                      3.87   4.59     7.75
  SINCE MAR 1     15.80                      9.71   6.09    10.38
  SINCE JAN 1     20.53                     14.46   6.07    11.14

DEGREE DAYS
 HEATING
  YESTERDAY        0                         0      0        0
  MONTH TO DATE    2                         4     -2       18
  SINCE MAR 1    352                       328     24      468
  SINCE JUL 1   2306                      2140    166     2611

 COOLING
  YESTERDAY       15                        13      2       11
  MONTH TO DATE  244                       259    -15      221
  SINCE MAR 1    405                       404      1      350
  SINCE JAN 1    405                       413     -8      350
..................................................................


WIND (MPH)
  HIGHEST WIND SPEED    23   HIGHEST WIND DIRECTION     S (170)
  HIGHEST GUST SPEED    31   HIGHEST GUST DIRECTION     S (170)
  AVERAGE WIND SPEED    10.5


SKY COVER
  POSSIBLE SUNSHINE  MM
  AVERAGE SKY COVER 0.5


WEATHER CONDITIONS
 THE FOLLOWING WEATHER WAS RECORDED YESTERDAY.
  THUNDERSTORM
  LIGHT RAIN


RELATIVE HUMIDITY (PERCENT)
 HIGHEST    93           100 AM
 LOWEST     61           500 PM
 AVERAGE    77

..........................................................


THE WACO CLIMATE NORMALS FOR TODAY
                         NORMAL    RECORD    YEAR
 MAXIMUM TEMPERATURE (F)   88        99      2010
                                             1996
                                             1912
 MINIMUM TEMPERATURE (F)   67        50      1947


SUNRISE AND SUNSET
MAY 29 2015...........SUNRISE   625 AM CDT   SUNSET   827 PM CDT
MAY 30 2015...........SUNRISE   625 AM CDT   SUNSET   828 PM CDT


-  INDICATES NEGATIVE NUMBERS.
R  INDICATES RECORD WAS SET OR TIED.
MM INDICATES DATA IS MISSING.
T  INDICATES TRACE AMOUNT.




$$
