000
CDUS44 KFWD 210642
CLIACT

CLIMATE REPORT
NATIONAL WEATHER SERVICE FORT WORTH TX
139 AM CDT TUE OCT 21 2014


...THE WACO CLIMATE SUMMARY FOR OCTOBER 20 2014...

CLIMATE NORMAL PERIOD 1981 TO 2010
CLIMATE RECORD PERIOD 1901 TO 2014


WEATHER ITEM   OBSERVED TIME   RECORD YEAR NORMAL DEPARTURE LAST
                VALUE   (LST)  VALUE       VALUE  FROM      YEAR
                                                  NORMAL
..................................................................
TEMPERATURE (F)
 YESTERDAY
  MAXIMUM         83    149 PM  92    2005  79      4       72
                                      1978
  MINIMUM         55    531 AM  33    1976  56     -1       39
  AVERAGE         69                        67      2       56

PRECIPITATION (IN)
  YESTERDAY        0.00          1.63 1998   0.15  -0.15     0.00
  MONTH TO DATE    5.00                      2.57   2.43     4.87
  SINCE SEP 1      6.28                      5.63   0.65    10.30
  SINCE JAN 1     26.86                     27.79  -0.93    31.73

SNOWFALL (IN)
  YESTERDAY        0.0           0.0         0.0    0.0      0.0
  MONTH TO DATE    0.0                       0.0    0.0      0.0
  SINCE SEP 1      0.0                       0.0    0.0      0.0
  SINCE JUL 1      0.0                       0.0    0.0      0.0
  SNOW DEPTH       0

DEGREE DAYS
 HEATING
  YESTERDAY        0                         2     -2        9
  MONTH TO DATE    3                        26    -23       40
  SINCE SEP 1      3                        32    -29       40
  SINCE JUL 1      3                        32    -29       40

 COOLING
  YESTERDAY        4                         4      0        0
  MONTH TO DATE  168                       122     46      119
  SINCE SEP 1    607                       521     86      615
  SINCE JAN 1   2682                      2716    -34     2826
..................................................................


WIND (MPH)
  HIGHEST WIND SPEED     8   HIGHEST WIND DIRECTION     E (90)
  HIGHEST GUST SPEED    11   HIGHEST GUST DIRECTION    NE (60)
  AVERAGE WIND SPEED     2.4


SKY COVER
  POSSIBLE SUNSHINE  MM
  AVERAGE SKY COVER 0.0


WEATHER CONDITIONS
 THE FOLLOWING WEATHER WAS RECORDED YESTERDAY.
  FOG


RELATIVE HUMIDITY (PERCENT)
 HIGHEST   100           600 AM
 LOWEST     45           400 PM
 AVERAGE    73

..........................................................


THE WACO CLIMATE NORMALS FOR TODAY
                         NORMAL    RECORD    YEAR
 MAXIMUM TEMPERATURE (F)   78        91      2004
 MINIMUM TEMPERATURE (F)   55        36      1976


SUNRISE AND SUNSET
OCTOBER 21 2014.......SUNRISE   736 AM CDT   SUNSET   650 PM CDT
OCTOBER 22 2014.......SUNRISE   737 AM CDT   SUNSET   649 PM CDT


-  INDICATES NEGATIVE NUMBERS.
R  INDICATES RECORD WAS SET OR TIED.
MM INDICATES DATA IS MISSING.
T  INDICATES TRACE AMOUNT.




$$
