000
CDUS44 KFWD 230646
CLIACT


CLIMATE REPORT
NATIONAL WEATHER SERVICE FORT WORTH TX
145 AM CDT TUE MAY 23 2017


...................................

...THE WACO CLIMATE SUMMARY FOR MAY 22 2017...

CLIMATE NORMAL PERIOD 1981 TO 2010
CLIMATE RECORD PERIOD 1901 TO 2017


WEATHER ITEM   OBSERVED TIME   RECORD YEAR NORMAL DEPARTURE LAST
                VALUE   (LST)  VALUE       VALUE  FROM      YEAR
                                                  NORMAL
..................................................................
TEMPERATURE (F)
 YESTERDAY
  MAXIMUM         78    433 PM  99    2005  87     -9       87
  MINIMUM         59    506 AM  47    2001  66     -7       70
  AVERAGE         69                        76     -7       79

PRECIPITATION (IN)
  YESTERDAY        0.21          2.00 1910   0.14   0.07     0.00
  MONTH TO DATE    2.06                      3.01  -0.95     3.87
  SINCE MAR 1     12.41                      8.85   3.56    15.75
  SINCE JAN 1     18.57                     13.60   4.97    18.20

DEGREE DAYS
 HEATING
  YESTERDAY        0                         0      0        0
  MONTH TO DATE    3                         4     -1       11
  SINCE MAR 1    159                       328   -169      214
  SINCE JUL 1   1335                      2140   -805     1691

 COOLING
  YESTERDAY        4                        11     -7       14
  MONTH TO DATE  175                       187    -12      129
  SINCE MAR 1    406                       332     74      265
  SINCE JAN 1    464                       341    123      273
..................................................................


WIND (MPH)
  HIGHEST WIND SPEED    14   HIGHEST WIND DIRECTION    SE (130)
  HIGHEST GUST SPEED    17   HIGHEST GUST DIRECTION    SE (130)
  AVERAGE WIND SPEED     6.8


SKY COVER
  POSSIBLE SUNSHINE  MM
  AVERAGE SKY COVER 0.8


WEATHER CONDITIONS
 THE FOLLOWING WEATHER WAS RECORDED YESTERDAY.
  RAIN
  LIGHT RAIN
  FOG


RELATIVE HUMIDITY (PERCENT)
 HIGHEST    93           300 AM
 LOWEST     64           300 PM
 AVERAGE    79

..........................................................


THE WACO CLIMATE NORMALS FOR TODAY
                         NORMAL    RECORD    YEAR
 MAXIMUM TEMPERATURE (F)   87        98      1996
 MINIMUM TEMPERATURE (F)   66        54      2001
                                             1963
                                             1917


SUNRISE AND SUNSET
MAY 23 2017...........SUNRISE   628 AM CDT   SUNSET   824 PM CDT
MAY 24 2017...........SUNRISE   627 AM CDT   SUNSET   825 PM CDT


-  INDICATES NEGATIVE NUMBERS.
R  INDICATES RECORD WAS SET OR TIED.
MM INDICATES DATA IS MISSING.
T  INDICATES TRACE AMOUNT.




$$
