000
CDUS44 KFWD 010651
CLIACT


CLIMATE REPORT
NATIONAL WEATHER SERVICE FORT WORTH TX
148 AM CDT TUE SEP 1 2015

...................................

...THE WACO CLIMATE SUMMARY FOR AUGUST 31 2015...

CLIMATE NORMAL PERIOD 1981 TO 2010
CLIMATE RECORD PERIOD 1901 TO 2015


WEATHER ITEM   OBSERVED TIME   RECORD YEAR NORMAL DEPARTURE LAST
                VALUE   (LST)  VALUE       VALUE  FROM      YEAR
                                                  NORMAL
..................................................................
TEMPERATURE (F)
 YESTERDAY
  MAXIMUM         94    440 PM 109    1990  95     -1       97
  MINIMUM         71    628 AM  58    1915  72     -1       75
  AVERAGE         83                        83      0       86

PRECIPITATION (IN)
  YESTERDAY        0.00          1.27 1959   0.09  -0.09     0.00
  MONTH TO DATE    0.86                      2.05  -1.19     0.98
  SINCE JUN 1      6.83                      7.27  -0.44     9.44
  SINCE JAN 1     28.17                     22.16   6.01    20.58

DEGREE DAYS
 HEATING
  YESTERDAY        0                         0      0        0
  MONTH TO DATE    0                         0      0        0
  SINCE JUN 1      0                         0      0        0
  SINCE JUL 1      0                         0      0        0

 COOLING
  YESTERDAY       18                        18      0       21
  MONTH TO DATE  667                       629     38      644
  SINCE JUN 1   1820                      1743     77     1688
  SINCE JAN 1   2255                      2195     60     2075
..................................................................

WIND (MPH)
  HIGHEST WIND SPEED    20   HIGHEST WIND DIRECTION     S (170)
  HIGHEST GUST SPEED    24   HIGHEST GUST DIRECTION     S (170)
  AVERAGE WIND SPEED     8.8


SKY COVER
  POSSIBLE SUNSHINE  MM
  AVERAGE SKY COVER 0.1


WEATHER CONDITIONS
 THE FOLLOWING WEATHER WAS RECORDED YESTERDAY.
  NO SIGNIFICANT WEATHER WAS OBSERVED.


RELATIVE HUMIDITY (PERCENT)
 HIGHEST    84           100 AM
 LOWEST     33           600 PM
 AVERAGE    59

..........................................................

THE WACO CLIMATE NORMALS FOR TODAY
                         NORMAL    RECORD    YEAR
 MAXIMUM TEMPERATURE (F)   94       106      2000
                                             1985
 MINIMUM TEMPERATURE (F)   71        58      1915


SUNRISE AND SUNSET
SEPTEMBER  1 2015.....SUNRISE   704 AM CDT   SUNSET   753 PM CDT
SEPTEMBER  2 2015.....SUNRISE   705 AM CDT   SUNSET   752 PM CDT


-  INDICATES NEGATIVE NUMBERS.
R  INDICATES RECORD WAS SET OR TIED.
MM INDICATES DATA IS MISSING.
T  INDICATES TRACE AMOUNT.

$$
