000
CDUS44 KFWD 180650
CLIACT


CLIMATE REPORT
NATIONAL WEATHER SERVICE FORT WORTH TX
1249 AM CST SUN FEB 18 2018


...................................

...THE WACO CLIMATE SUMMARY FOR FEBRUARY 17 2018...

CLIMATE NORMAL PERIOD 1981 TO 2010
CLIMATE RECORD PERIOD 1901 TO 2018


WEATHER ITEM   OBSERVED TIME   RECORD YEAR NORMAL DEPARTURE LAST
                VALUE   (LST)  VALUE       VALUE  FROM      YEAR
                                                  NORMAL
..................................................................
TEMPERATURE (F)
 YESTERDAY
  MAXIMUM         61    500 PM  87    1959  62     -1       73
  MINIMUM         42   1159 PM  10    1910  40      2       46
  AVERAGE         52                        51      1       60

PRECIPITATION (IN)
  YESTERDAY        0.02          0.96 1938   0.10  -0.08     0.00
  MONTH TO DATE    0.30                      1.53  -1.23     2.09
  SINCE DEC 1      2.39                      6.40  -4.01     6.47
  SINCE JAN 1      0.61                      3.65  -3.04     5.20

SNOWFALL (IN)
  YESTERDAY        0.0           3.0  1910   0.1   -0.1      0.0
  MONTH TO DATE    T                         0.3   -0.3      0.0
  SINCE DEC 1      T                         0.6   -0.6       T
  SINCE JUL 1      T                         0.7   -0.7       T
  SNOW DEPTH       0

DEGREE DAYS
 HEATING
  YESTERDAY       13                        14     -1        5
  MONTH TO DATE  286                       264     22      120
  SINCE DEC 1   1451                      1344    107      979
  SINCE JUL 1   1692                      1672     20     1122

 COOLING
  YESTERDAY        0                         0      0        0
  MONTH TO DATE    6                         0      6       21
  SINCE DEC 1     15                         8      7       53
  SINCE JAN 1      6                         3      3       30
..................................................................


WIND (MPH)
  HIGHEST WIND SPEED    17   HIGHEST WIND DIRECTION    NW (330)
  HIGHEST GUST SPEED    20   HIGHEST GUST DIRECTION     N (340)
  AVERAGE WIND SPEED     4.1


SKY COVER
  POSSIBLE SUNSHINE  MM
  AVERAGE SKY COVER 0.6


WEATHER CONDITIONS
 THE FOLLOWING WEATHER WAS RECORDED YESTERDAY.
  LIGHT RAIN
  HAZE


RELATIVE HUMIDITY (PERCENT)
 HIGHEST    92          1100 PM
 LOWEST     51           500 PM
 AVERAGE    72

..........................................................


THE WACO CLIMATE NORMALS FOR TODAY
                         NORMAL    RECORD    YEAR
 MAXIMUM TEMPERATURE (F)   62        86      1986
 MINIMUM TEMPERATURE (F)   41        12      1910


SUNRISE AND SUNSET
FEBRUARY 18 2018......SUNRISE   708 AM CST   SUNSET   618 PM CST
FEBRUARY 19 2018......SUNRISE   707 AM CST   SUNSET   619 PM CST


-  INDICATES NEGATIVE NUMBERS.
R  INDICATES RECORD WAS SET OR TIED.
MM INDICATES DATA IS MISSING.
T  INDICATES TRACE AMOUNT.




$$
