000
CDUS41 KPHI 092133
CLIACY


CLIMATE REPORT
NATIONAL WEATHER SERVICE MOUNT HOLLY NJ
432 PM EST FRI DEC 9 2016


...................................

...THE ATLANTIC CITY NJ CLIMATE SUMMARY FOR DECEMBER 9 2016...
VALID TODAY AS OF 0400 PM LOCAL TIME.

CLIMATE NORMAL PERIOD 1981 TO 2010
CLIMATE RECORD PERIOD 1874 TO 2016


WEATHER ITEM   OBSERVED TIME   RECORD YEAR NORMAL DEPARTURE LAST
                VALUE   (LST)  VALUE       VALUE  FROM      YEAR
                                                  NORMAL
..................................................................
TEMPERATURE (F)
 TODAY
  MAXIMUM         39    251 PM  72    1966  48     -9       57
  MINIMUM         28    728 AM   5    1876  30     -2       27
  AVERAGE         34                        39     -5       42

PRECIPITATION (IN)
  TODAY            0.00          2.51 2009   0.12  -0.12     0.00
  MONTH TO DATE    1.20                      1.10   0.10     0.88
  SINCE DEC 1      1.20                      1.10   0.10     0.88
  SINCE JAN 1     42.93                     39.16   3.77    41.98

SNOWFALL (IN)
  TODAY            0.0           3.5  1933   0.1   -0.1      0.0
  MONTH TO DATE    0.0                       0.8   -0.8      0.0
  SINCE DEC 1      0.0                       0.8   -0.8      0.0
  SINCE JUL 1      T                         1.0   -1.0      0.0
  SNOW DEPTH       0

DEGREE DAYS
 HEATING
  TODAY           31                        26      5       23
  MONTH TO DATE  202                       222    -20      177
  SINCE DEC 1    202                       222    -20      177
  SINCE JUL 1    949                      1129   -180      872

 COOLING
  TODAY            0                         0      0        0
  MONTH TO DATE    0                         0      0        0
  SINCE DEC 1      0                         0      0        0
  SINCE JAN 1   1340                      1055    285     1296
..................................................................


WIND (MPH)
  HIGHEST WIND SPEED    26   HIGHEST WIND DIRECTION    NW (300)
  HIGHEST GUST SPEED    33   HIGHEST GUST DIRECTION     W (290)
  AVERAGE WIND SPEED    14.6


SKY COVER
  POSSIBLE SUNSHINE  MM
  AVERAGE SKY COVER 0.2


WEATHER CONDITIONS
 THE FOLLOWING WEATHER WAS RECORDED TODAY.
  NO SIGNIFICANT WEATHER WAS OBSERVED.


RELATIVE HUMIDITY (PERCENT)
 HIGHEST    58           500 AM
 LOWEST     40          1200 PM
 AVERAGE    49

..........................................................


THE ATLANTIC CITY NJ CLIMATE NORMALS FOR TOMORROW
                         NORMAL    RECORD    YEAR
 MAXIMUM TEMPERATURE (F)   47        66      1966
 MINIMUM TEMPERATURE (F)   30         0      1968


SUNRISE AND SUNSET
DECEMBER  9 2016......SUNRISE   707 AM EST   SUNSET   435 PM EST
DECEMBER 10 2016......SUNRISE   708 AM EST   SUNSET   435 PM EST


-  INDICATES NEGATIVE NUMBERS.
R  INDICATES RECORD WAS SET OR TIED.
MM INDICATES DATA IS MISSING.
T  INDICATES TRACE AMOUNT.




$$
