000
CDUS41 KPHI 220628
CLIACY


CLIMATE REPORT
NATIONAL WEATHER SERVICE MOUNT HOLLY NJ
227 AM EDT FRI AUG 22 2014


...................................

...THE ATLANTIC CITY NJ CLIMATE SUMMARY FOR AUGUST 21 2014...

CLIMATE NORMAL PERIOD 1981 TO 2010
CLIMATE RECORD PERIOD 1874 TO 2014


WEATHER ITEM   OBSERVED TIME   RECORD YEAR NORMAL DEPARTURE LAST
                VALUE   (LST)  VALUE       VALUE  FROM      YEAR
                                                  NORMAL
..................................................................
TEMPERATURE (F)
 YESTERDAY
  MAXIMUM         81    122 PM  94    2005  83     -2       87
  MINIMUM         61    544 AM  49    1995  65     -4       65
  AVERAGE         71                        74     -3       76

PRECIPITATION (IN)
  YESTERDAY        T             8.12 1933   0.13  -0.13     0.00
  MONTH TO DATE    8.42                      2.94   5.48     2.55
  SINCE JUN 1     15.05                      9.77   5.28    13.48
  SINCE JAN 1     35.23                     27.05   8.18    31.04

SNOWFALL (IN)
  YESTERDAY        0.0           0.0  1903   0.0    0.0      0.0
  MONTH TO DATE    0.0                       0.0    0.0      0.0
  SINCE JUN 1      0.0                       0.0    0.0      0.0
  SINCE JUL 1      0.0                       0.0    0.0      0.0
  SNOW DEPTH       0

DEGREE DAYS
 HEATING
  YESTERDAY        0                         0      0        0
  MONTH TO DATE    0                         0      0        0
  SINCE JUN 1     10                        27    -17        8
  SINCE JUL 1      0                         0      0        0

 COOLING
  YESTERDAY        6                         9     -3       11
  MONTH TO DATE  139                       214    -75      145
  SINCE JUN 1    626                       764   -138      785
  SINCE JAN 1    662                       828   -166      879
..................................................................


WIND (MPH)
  HIGHEST WIND SPEED    13   HIGHEST WIND DIRECTION    SE (150)
  HIGHEST GUST SPEED    17   HIGHEST GUST DIRECTION    SE (150)
  AVERAGE WIND SPEED     5.4


SKY COVER
  POSSIBLE SUNSHINE  MM
  AVERAGE SKY COVER 0.2


WEATHER CONDITIONS
 THE FOLLOWING WEATHER WAS RECORDED YESTERDAY.
  LIGHT RAIN
  FOG


RELATIVE HUMIDITY (PERCENT)
 HIGHEST    93           200 AM
 LOWEST     54           100 PM
 AVERAGE    74

..........................................................


THE ATLANTIC CITY NJ CLIMATE NORMALS FOR TODAY
                         NORMAL    RECORD    YEAR
 MAXIMUM TEMPERATURE (F)   83        93      2003
 MINIMUM TEMPERATURE (F)   65        43      1969


SUNRISE AND SUNSET
AUGUST 22 2014........SUNRISE   617 AM EDT   SUNSET   744 PM EDT
AUGUST 23 2014........SUNRISE   618 AM EDT   SUNSET   743 PM EDT


-  INDICATES NEGATIVE NUMBERS.
R  INDICATES RECORD WAS SET OR TIED.
MM INDICATES DATA IS MISSING.
T  INDICATES TRACE AMOUNT.




$$
