000
CDUS41 KPHI 210630
CLIACY


CLIMATE REPORT
NATIONAL WEATHER SERVICE MOUNT HOLLY NJ
229 AM EDT SUN SEP 21 2014


...................................

...THE ATLANTIC CITY NJ CLIMATE SUMMARY FOR SEPTEMBER 20 2014...

CLIMATE NORMAL PERIOD 1981 TO 2010
CLIMATE RECORD PERIOD 1874 TO 2014


WEATHER ITEM   OBSERVED TIME   RECORD YEAR NORMAL DEPARTURE LAST
                VALUE   (LST)  VALUE       VALUE  FROM      YEAR
                                                  NORMAL
..................................................................
TEMPERATURE (F)
 YESTERDAY
  MAXIMUM         77    232 PM  89    1983  76      1       78
  MINIMUM         53    534 AM  34    1979  56     -3       47
  AVERAGE         65                        66     -1       63

PRECIPITATION (IN)
  YESTERDAY        T             3.24 1899   0.11  -0.11     0.00
  MONTH TO DATE    1.05                      2.00  -0.95     0.71
  SINCE SEP 1      1.05                      2.00  -0.95     0.71
  SINCE JAN 1     37.77                     30.22   7.55    32.13

SNOWFALL (IN)
  YESTERDAY        0.0           0.0  1903   0.0    0.0      0.0
  MONTH TO DATE    0.0                       0.0    0.0      0.0
  SINCE SEP 1      0.0                       0.0    0.0      0.0
  SINCE JUL 1      0.0                       0.0    0.0      0.0
  SNOW DEPTH       0

DEGREE DAYS
 HEATING
  YESTERDAY        0                         2     -2        2
  MONTH TO DATE   17                        23     -6       51
  SINCE SEP 1     17                        23     -6       51
  SINCE JUL 1     17                        26     -9       51

 COOLING
  YESTERDAY        0                         3     -3        0
  MONTH TO DATE  111                       104      7       96
  SINCE SEP 1    111                       104      7       96
  SINCE JAN 1    823                      1013   -190     1052
..................................................................


WIND (MPH)
  HIGHEST WIND SPEED    16   HIGHEST WIND DIRECTION    SE (130)
  HIGHEST GUST SPEED    21   HIGHEST GUST DIRECTION     E (110)
  AVERAGE WIND SPEED     7.4


SKY COVER
  POSSIBLE SUNSHINE  MM
  AVERAGE SKY COVER 0.5


WEATHER CONDITIONS
 THE FOLLOWING WEATHER WAS RECORDED YESTERDAY.
  LIGHT RAIN
  FOG


RELATIVE HUMIDITY (PERCENT)
 HIGHEST    97          1000 PM
 LOWEST     60          1200 PM
 AVERAGE    79

..........................................................


THE ATLANTIC CITY NJ CLIMATE NORMALS FOR TODAY
                         NORMAL    RECORD    YEAR
 MAXIMUM TEMPERATURE (F)   75        90      1940
                                             1906
                                             1895
 MINIMUM TEMPERATURE (F)   55        37      1962


SUNRISE AND SUNSET
SEPTEMBER 21 2014.....SUNRISE   645 AM EDT   SUNSET   657 PM EDT
SEPTEMBER 22 2014.....SUNRISE   646 AM EDT   SUNSET   655 PM EDT


-  INDICATES NEGATIVE NUMBERS.
R  INDICATES RECORD WAS SET OR TIED.
MM INDICATES DATA IS MISSING.
T  INDICATES TRACE AMOUNT.




$$
