000
CDUS41 KPHI 260633
CLIACY


CLIMATE REPORT
NATIONAL WEATHER SERVICE MOUNT HOLLY NJ
132 AM EST MON JAN 26 2015


...................................

...THE ATLANTIC CITY NJ CLIMATE SUMMARY FOR JANUARY 25 2015...

CLIMATE NORMAL PERIOD 1981 TO 2010
CLIMATE RECORD PERIOD 1874 TO 2015


WEATHER ITEM   OBSERVED TIME   RECORD YEAR NORMAL DEPARTURE LAST
                VALUE   (LST)  VALUE       VALUE  FROM      YEAR
                                                  NORMAL
..................................................................
TEMPERATURE (F)
 YESTERDAY
  MAXIMUM         50    256 PM  72    1967  41      9       30
  MINIMUM         32    111 AM   4    2004  25      7       18
                                      1961
                                      1945
  AVERAGE         41                        33      8       24

PRECIPITATION (IN)
  YESTERDAY        0.00          2.68 1905   0.10  -0.10     0.05
  MONTH TO DATE    5.00                      2.62   2.38     2.82
  SINCE DEC 1     10.53                      6.31   4.22     8.88
  SINCE JAN 1      5.00                      2.62   2.38     2.82

SNOWFALL (IN)
  YESTERDAY        0.0           2.0  1987   0.2   -0.2      0.4
                                      1948
  MONTH TO DATE    3.6                       3.3    0.3     10.9
  SINCE DEC 1      4.0                       7.0   -3.0     14.2
  SINCE JUL 1      4.0                       7.2   -3.2     14.2
  SNOW DEPTH       0

DEGREE DAYS
 HEATING
  YESTERDAY       24                        32     -8       41
  MONTH TO DATE  845                       798     47      894
  SINCE DEC 1   1614                      1660    -46     1691
  SINCE JUL 1   2521                      2567    -46     2694

 COOLING
  YESTERDAY        0                         0      0        0
  MONTH TO DATE    0                         0      0        0
  SINCE DEC 1      0                         0      0        0
  SINCE JAN 1      0                         0      0        0
..................................................................


WIND (MPH)
  HIGHEST WIND SPEED    25   HIGHEST WIND DIRECTION     W (290)
  HIGHEST GUST SPEED    30   HIGHEST GUST DIRECTION    NW (300)
  AVERAGE WIND SPEED     9.4


SKY COVER
  POSSIBLE SUNSHINE  MM
  AVERAGE SKY COVER 0.6


WEATHER CONDITIONS
 THE FOLLOWING WEATHER WAS RECORDED YESTERDAY.
  NO SIGNIFICANT WEATHER WAS OBSERVED.


RELATIVE HUMIDITY (PERCENT)
 HIGHEST    75          1200 AM
 LOWEST     46           300 PM
 AVERAGE    61

..........................................................


THE ATLANTIC CITY NJ CLIMATE NORMALS FOR TODAY
                         NORMAL    RECORD    YEAR
 MAXIMUM TEMPERATURE (F)   41        72      1967
 MINIMUM TEMPERATURE (F)   25         3      1961


SUNRISE AND SUNSET
JANUARY 26 2015.......SUNRISE   711 AM EST   SUNSET   511 PM EST
JANUARY 27 2015.......SUNRISE   710 AM EST   SUNSET   512 PM EST


-  INDICATES NEGATIVE NUMBERS.
R  INDICATES RECORD WAS SET OR TIED.
MM INDICATES DATA IS MISSING.
T  INDICATES TRACE AMOUNT.




$$
