000
CDUS41 KPHI 280629
CLIACY


CLIMATE REPORT
NATIONAL WEATHER SERVICE MOUNT HOLLY NJ
229 AM EDT WED JUN 28 2017


...................................

...THE ATLANTIC CITY NJ CLIMATE SUMMARY FOR JUNE 27 2017...

CLIMATE NORMAL PERIOD 1981 TO 2010
CLIMATE RECORD PERIOD 1874 TO 2017


WEATHER ITEM   OBSERVED TIME   RECORD YEAR NORMAL DEPARTURE LAST
                VALUE   (LST)  VALUE       VALUE  FROM      YEAR
                                                  NORMAL
..................................................................
TEMPERATURE (F)
 YESTERDAY
  MAXIMUM         83    229 PM  97    1963  84     -1       82
  MINIMUM         63   1159 PM  44    1965  65     -2       55
  AVERAGE         73                        74     -1       69

PRECIPITATION (IN)
  YESTERDAY        T             2.37 2015   0.10  -0.10      T
  MONTH TO DATE    2.66                      2.81  -0.15     1.32
  SINCE JUN 1      2.66                      2.81  -0.15     1.32
  SINCE JAN 1     24.32                     20.09   4.23    21.38

SNOWFALL (IN)
  YESTERDAY        0.0           0.0    MM   0.0    0.0      0.0
  MONTH TO DATE    0.0                       0.0    0.0      0.0
  SINCE JUN 1      0.0                       0.0    0.0      0.0
  SINCE JUL 1      7.7                      16.5   -8.8     27.5
  SNOW DEPTH       0

DEGREE DAYS
 HEATING
  YESTERDAY        0                         0      0        0
  MONTH TO DATE   24                        24      0        4
  SINCE JUN 1     24                        24      0        4
  SINCE JUL 1   4144                      4902   -758     4054

 COOLING
  YESTERDAY        8                         9     -1        4
  MONTH TO DATE  227                       174     53      164
  SINCE JUN 1    227                       174     53      164
  SINCE JAN 1    312                       238     74      243
..................................................................


WIND (MPH)
  HIGHEST WIND SPEED    15   HIGHEST WIND DIRECTION    SW (240)
  HIGHEST GUST SPEED    23   HIGHEST GUST DIRECTION     W (280)
  AVERAGE WIND SPEED     6.9


SKY COVER
  POSSIBLE SUNSHINE  MM
  AVERAGE SKY COVER 0.1


WEATHER CONDITIONS
 THE FOLLOWING WEATHER WAS RECORDED YESTERDAY.
  LIGHT RAIN


RELATIVE HUMIDITY (PERCENT)
 HIGHEST    87          1200 AM
 LOWEST     36           400 PM
 AVERAGE    62

..........................................................


THE ATLANTIC CITY NJ CLIMATE NORMALS FOR TODAY
                         NORMAL    RECORD    YEAR
 MAXIMUM TEMPERATURE (F)   84       106      1969
 MINIMUM TEMPERATURE (F)   65        47      1967


SUNRISE AND SUNSET
JUNE 28 2017..........SUNRISE   534 AM EDT   SUNSET   829 PM EDT
JUNE 29 2017..........SUNRISE   534 AM EDT   SUNSET   829 PM EDT


-  INDICATES NEGATIVE NUMBERS.
R  INDICATES RECORD WAS SET OR TIED.
MM INDICATES DATA IS MISSING.
T  INDICATES TRACE AMOUNT.




$$
