000
CDUS41 KPHI 060627
CLIACY


CLIMATE REPORT
NATIONAL WEATHER SERVICE MOUNT HOLLY NJ
227 AM EDT FRI MAY 6 2016


...................................

...THE ATLANTIC CITY NJ CLIMATE SUMMARY FOR MAY 5 2016...

CLIMATE NORMAL PERIOD 1981 TO 2010
CLIMATE RECORD PERIOD 1874 TO 2016


WEATHER ITEM   OBSERVED TIME   RECORD YEAR NORMAL DEPARTURE LAST
                VALUE   (LST)  VALUE       VALUE  FROM      YEAR
                                                  NORMAL
..................................................................
TEMPERATURE (F)
 YESTERDAY
  MAXIMUM         53    358 PM  87    2000  68    -15       86
  MINIMUM         47    755 AM  32    2003  48     -1       62
                                      1976
  AVERAGE         50                        58     -8       74

PRECIPITATION (IN)
  YESTERDAY        T             0.98 1878   0.10  -0.10     0.08
  MONTH TO DATE    2.32                      0.49   1.83     0.08
  SINCE MAR 1      8.35                      8.33   0.02     7.56
  SINCE JAN 1     15.70                     14.42   1.28    15.62

SNOWFALL (IN)
  YESTERDAY        0.0           0.0  1903   0.0    0.0      0.0
  MONTH TO DATE    0.0                       0.0    0.0      0.0
  SINCE MAR 1      6.9                       1.4    5.5      7.4
  SINCE JUL 1     27.5                      16.5   11.0     22.4
  SNOW DEPTH       0

DEGREE DAYS
 HEATING
  YESTERDAY       15                         8      7        0
  MONTH TO DATE   63                        43     20       31
  SINCE MAR 1   1038                      1156   -118     1230
  SINCE JUL 1   3919                      4747   -828     5105

 COOLING
  YESTERDAY        0                         1     -1        9
  MONTH TO DATE    0                         5     -5       10
  SINCE MAR 1     14                        14      0       10
  SINCE JAN 1     14                        14      0       10
..................................................................


WIND (MPH)
  HIGHEST WIND SPEED    18   HIGHEST WIND DIRECTION    NE (30)
  HIGHEST GUST SPEED    28   HIGHEST GUST DIRECTION    NE (40)
  AVERAGE WIND SPEED    10.4


SKY COVER
  POSSIBLE SUNSHINE  MM
  AVERAGE SKY COVER 1.0


WEATHER CONDITIONS
 THE FOLLOWING WEATHER WAS RECORDED YESTERDAY.
  LIGHT RAIN
  FOG
  HAZE


RELATIVE HUMIDITY (PERCENT)
 HIGHEST   100           200 AM
 LOWEST     71           300 PM
 AVERAGE    86

..........................................................


THE ATLANTIC CITY NJ CLIMATE NORMALS FOR TODAY
                         NORMAL    RECORD    YEAR
 MAXIMUM TEMPERATURE (F)   68        91      1986
 MINIMUM TEMPERATURE (F)   48        33      1891


SUNRISE AND SUNSET
MAY  6 2016...........SUNRISE   553 AM EDT   SUNSET   757 PM EDT
MAY  7 2016...........SUNRISE   552 AM EDT   SUNSET   758 PM EDT


-  INDICATES NEGATIVE NUMBERS.
R  INDICATES RECORD WAS SET OR TIED.
MM INDICATES DATA IS MISSING.
T  INDICATES TRACE AMOUNT.




$$
