000
CDUS41 KPHI 102133
CLIACY


CLIMATE REPORT
NATIONAL WEATHER SERVICE MOUNT HOLLY NJ
432 PM EST SUN DEC 10 2017


...................................

...THE ATLANTIC CITY NJ CLIMATE SUMMARY FOR DECEMBER 10 2017...
VALID TODAY AS OF 0400 PM LOCAL TIME.

CLIMATE NORMAL PERIOD 1981 TO 2010
CLIMATE RECORD PERIOD 1874 TO 2017


WEATHER ITEM   OBSERVED TIME   RECORD YEAR NORMAL DEPARTURE LAST
                VALUE   (LST)  VALUE       VALUE  FROM      YEAR
                                                  NORMAL
..................................................................
TEMPERATURE (F)
 TODAY
  MAXIMUM         40    328 PM  66    1966  47     -7       40
  MINIMUM         29    750 AM   0    1968  30     -1       24
  AVERAGE         35                        39     -4       32

PRECIPITATION (IN)
  TODAY            T             2.26 1878   0.13  -0.13     0.00
  MONTH TO DATE    0.81                      1.23  -0.42     1.20
  SINCE DEC 1      0.81                      1.23  -0.42     1.20
  SINCE JAN 1     49.74                     39.29  10.45    42.93

SNOWFALL (IN)
  TODAY            T             9.0  1904   0.1   -0.1      0.0
  MONTH TO DATE    3.0                       0.9    2.1      0.0
  SINCE DEC 1      3.0                       0.9    2.1      0.0
  SINCE JUL 1      3.0                       1.1    1.9       T
  SNOW DEPTH       2

DEGREE DAYS
 HEATING
  TODAY           30                        26      4       33
  MONTH TO DATE  228                       248    -20      235
  SINCE DEC 1    228                       248    -20      235
  SINCE JUL 1    931                      1155   -224      982

 COOLING
  TODAY            0                         0      0        0
  MONTH TO DATE    0                         0      0        0
  SINCE DEC 1      0                         0      0        0
  SINCE JAN 1   1264                      1055    209     1340
..................................................................


WIND (MPH)
  HIGHEST WIND SPEED    21   HIGHEST WIND DIRECTION     W (290)
  HIGHEST GUST SPEED    27   HIGHEST GUST DIRECTION     W (290)
  AVERAGE WIND SPEED    11.2


SKY COVER
  POSSIBLE SUNSHINE  MM
  AVERAGE SKY COVER 0.2


WEATHER CONDITIONS
 THE FOLLOWING WEATHER WAS RECORDED TODAY.
  LIGHT SNOW
  FOG


RELATIVE HUMIDITY (PERCENT)
 HIGHEST   100           200 AM
 LOWEST     54           100 PM
 AVERAGE    77

..........................................................


THE ATLANTIC CITY NJ CLIMATE NORMALS FOR TOMORROW
                         NORMAL    RECORD    YEAR
 MAXIMUM TEMPERATURE (F)   47        66      1971
 MINIMUM TEMPERATURE (F)   30         5      1968


SUNRISE AND SUNSET
DECEMBER 10 2017......SUNRISE   708 AM EST   SUNSET   435 PM EST
DECEMBER 11 2017......SUNRISE   708 AM EST   SUNSET   435 PM EST


-  INDICATES NEGATIVE NUMBERS.
R  INDICATES RECORD WAS SET OR TIED.
MM INDICATES DATA IS MISSING.
T  INDICATES TRACE AMOUNT.




$$
