000
CDUS41 KPHI 302126
CLIACY


CLIMATE REPORT
NATIONAL WEATHER SERVICE MOUNT HOLLY NJ
526 PM EDT THU MAR 30 2017


...................................

...THE ATLANTIC CITY NJ CLIMATE SUMMARY FOR MARCH 30 2017...
VALID TODAY AS OF 0500 PM LOCAL TIME.

CLIMATE NORMAL PERIOD 1981 TO 2010
CLIMATE RECORD PERIOD 1874 TO 2017


WEATHER ITEM   OBSERVED TIME   RECORD YEAR NORMAL DEPARTURE LAST
                VALUE   (LST)  VALUE       VALUE  FROM      YEAR
                                                  NORMAL
..................................................................
TEMPERATURE (F)
 TODAY
  MAXIMUM         49    215 PM  87    1998  56     -7       51
  MINIMUM         28    547 AM  18    1887  37     -9       27
  AVERAGE         39                        46     -7       39

PRECIPITATION (IN)
  TODAY            0.00          1.87 1939   0.14  -0.14     0.00
  MONTH TO DATE    4.16                      4.07   0.09     3.12
  SINCE MAR 1      4.16                      4.07   0.09     3.12
  SINCE JAN 1      9.71                     10.16  -0.45    10.47

SNOWFALL (IN)
  TODAY            0.0           0.2  1964   0.0    0.0      0.0
  MONTH TO DATE    0.2                       1.1   -0.9      5.1
  SINCE MAR 1      0.2                       1.1   -0.9      5.1
  SINCE JUL 1      7.7                      16.2   -8.5     25.7
  SNOW DEPTH       0

DEGREE DAYS
 HEATING
  TODAY           26                        19      7       26
  MONTH TO DATE  703                       688     15      526
  SINCE MAR 1    703                       688     15      526
  SINCE JUL 1   3699                      4279   -580     3407

 COOLING
  TODAY            0                         0      0        0
  MONTH TO DATE    0                         0      0        3
  SINCE MAR 1      0                         0      0        3
  SINCE JAN 1      0                         0      0        3
..................................................................


WIND (MPH)
  HIGHEST WIND SPEED    14   HIGHEST WIND DIRECTION    SE (130)
  HIGHEST GUST SPEED    18   HIGHEST GUST DIRECTION    SE (130)
  AVERAGE WIND SPEED     6.4


SKY COVER
  POSSIBLE SUNSHINE  MM
  AVERAGE SKY COVER 0.2


WEATHER CONDITIONS
 THE FOLLOWING WEATHER WAS RECORDED TODAY.
  NO SIGNIFICANT WEATHER WAS OBSERVED.


RELATIVE HUMIDITY (PERCENT)
 HIGHEST    78           500 AM
 LOWEST     42          1200 PM
 AVERAGE    60

..........................................................


THE ATLANTIC CITY NJ CLIMATE NORMALS FOR TOMORROW
                         NORMAL    RECORD    YEAR
 MAXIMUM TEMPERATURE (F)   56        85      1979
 MINIMUM TEMPERATURE (F)   37        16      1969


SUNRISE AND SUNSET
MARCH 30 2017.........SUNRISE   645 AM EDT   SUNSET   720 PM EDT
MARCH 31 2017.........SUNRISE   644 AM EDT   SUNSET   721 PM EDT


-  INDICATES NEGATIVE NUMBERS.
R  INDICATES RECORD WAS SET OR TIED.
MM INDICATES DATA IS MISSING.
T  INDICATES TRACE AMOUNT.




$$
