000
CDAK48 PADQ 221314
CLIADQ

CLIMATE REPORT
NATIONAL WEATHER SERVICE KODIAK, AK
514 AM AKDT WED OCT 22 2014

...................................
...THE KODIAK AP CLIMATE SUMMARY FOR OCTOBER 21 2014...

CLIMATE NORMAL PERIOD  1981 TO  2010
CLIMATE RECORD PERIOD  1949 TO  2014

WEATHER ITEM   OBSERVED TIME    RECORD YEAR NORMAL DEPARTURE LAST
               VALUE    (LST)   VALUE       VALUE  FROM      YEAR
                                                   NORMAL
...................................................................
TEMPERATURE
YESTERDAY
 MAXIMUM            43  0338 PM    55  1981     45      -2     47
 MINIMUM            23  0821 AM    16  1966     33     -10     29
 AVERAGE            33                          39      -6     38

PRECIPITATION
(INCHES)
 YESTERDAY        0.00           1.95  1980   0.26   -0.26   0.23
 MONTH TO DATE    4.76                        5.73   -0.97   5.25
 SINCE SEP 1     12.28                       13.08   -0.80  12.79
 SINCE JAN 1     61.51                       59.87    1.64  52.70

SNOWFALL
(INCHES)
 YESTERDAY         0.0            7.3  1954    0.0     0.0    0.0
 MONTH TO DATE     0.2                         0.4    -0.2    0.0
 SINCE SEP 1       0.2                         0.4    -0.2    0.0
 SINCE JUL 1       0.2                         0.4    -0.2    0.0
 SNOW DEPTH (IN)     0                                          0

DEGREE DAYS
 HEATING
  YESTERDAY         32                          26       6     27
  MONTH TO DATE    508                         488      20    405
  SINCE SEP 1      878                         956     -78    845
  SINCE JUL 1     1379                        1586    -207   1324

 COOLING
  YESTERDAY          0                           0       0      0
  MONTH TO DATE      0                           0       0      0
  SINCE SEP 1        0                           0       0      0
  SINCE JAN 1        4                           0       4      6
...................................................................

WIND (MPH)
 HIGHEST WIND SPEED    25     HIGHEST WIND DIRECTION    290
 HIGHEST GUST SPEED    34     HIGHEST GUST DIRECTION    290
 AVERAGE WIND SPEED   9.7

SKY COVER
  POSSIBLE SUNSHINE    MM          AVERAGE SKY COVER     MM

WEATHER CONDITIONS
 THE FOLLOWING WEATHER WAS RECORDED YESTERDAY.
  NO SIGNIFICANT WEATHER WAS OBSERVED.

RELATIVE HUMIDITY
 HIGHEST RH     MM PERCENT       MM
 LOWEST  RH     MM PERCENT       MM
 AVERAGE RH     MM PERCENT       MM
...................................................................

THE KODIAK CLIMATE NORMALS FOR TODAY
                           NORMAL    RECORD   YEAR
 MAXIMUM TEMPERATURE (F)     45        53     2004
 MINIMUM TEMPERATURE (F)     33        19     1966

SUNRISE AND SUNSET
 OCT 22 2014..........SUNRISE  9:01 AM      SUNSET  6:47 PM
 OCT 23 2014..........SUNRISE  9:04 AM      SUNSET  6:45 PM

-  INDICATES NEGATIVE NUMBERS.
R  INDICATES RECORD HAS BEEN SET OR TIED.
MM INDICATES DATA IS MISSING.
T  INDICATES TRACE OF PRECIPITATION.

&&
-------------------------------------------------------------------

AMOUNT OF DAYLIGHT TODAY  (HOUR:MIN)........9 HOURS 46 MINUTES
GAIN/LOSS SINCE YESTERDAY (HOUR:MIN:SEC)....-0:04:49

$$
*** OCT 14
