000
CDAK48 PAFC 210050
CLIADQ


CLIMATE REPORT
NATIONAL WEATHER SERVICE ANCHORAGE, AK
350 PM AKST MON NOV 20 2017


...................................

...THE KODIAK CLIMATE SUMMARY FOR NOVEMBER 20 2017...
VALID TODAY AS OF 0300 PM LOCAL TIME.

CLIMATE NORMAL PERIOD 1981 TO 2010
CLIMATE RECORD PERIOD 1913 TO 2017


WEATHER ITEM   OBSERVED TIME   RECORD YEAR NORMAL DEPARTURE LAST
                VALUE   (LST)  VALUE       VALUE  FROM      YEAR
                                                  NORMAL
..................................................................
TEMPERATURE (F)
 TODAY
  MAXIMUM         38        MM  50    1935  38      0       43
  MINIMUM         33        MM   4    1922  28      5       22
  AVERAGE         36                        33      3       33

PRECIPITATION (IN)
  TODAY            0.04          2.04 1988   0.22  -0.18     0.82
  MONTH TO DATE    0.75                      4.43  -3.68     6.03
  SINCE SEP 1     13.12                     20.04  -6.92    22.60
  SINCE JAN 1     53.64                     66.83 -13.19    73.90

SNOWFALL (IN)
  TODAY            0.2           5.7  2011   0.2    0.0       T
  MONTH TO DATE    2.9                       3.2   -0.3       T
  SINCE SEP 1      3.1                       4.3   -1.2      0.2
  SINCE JUL 1      3.1                       4.3   -1.2      0.2
  SNOW DEPTH       2

DEGREE DAYS
 HEATING
  TODAY           29                        32     -3       32
  MONTH TO DATE  518                       608    -90      532
  SINCE SEP 1   1624                      1837   -213     1566
  SINCE JUL 1   2229                      2470   -241     1907

 COOLING
  TODAY            0                         0      0        0
  MONTH TO DATE    0                         0      0        0
  SINCE SEP 1      0                         0      0        0
  SINCE JAN 1      0                         1     -1       29
..................................................................


WIND (MPH)
  RESULTANT WIND SPEED  22   RESULTANT WIND DIRECTION  NW (310)
  HIGHEST WIND SPEED    30   HIGHEST WIND DIRECTION    NW (310)
  HIGHEST GUST SPEED    46   HIGHEST GUST DIRECTION    NW (320)
  AVERAGE WIND SPEED    22.3



WEATHER CONDITIONS
 THE FOLLOWING WEATHER WAS RECORDED TODAY.
  LIGHT RAIN
  SNOW
  LIGHT SNOW
  FOG


RELATIVE HUMIDITY (PERCENT)
 HIGHEST    89
 LOWEST     75
 AVERAGE    82

..........................................................


THE KODIAK CLIMATE NORMALS FOR TOMORROW
                         NORMAL    RECORD    YEAR
 MAXIMUM TEMPERATURE (F)   38        51      1978
 MINIMUM TEMPERATURE (F)   28         7      2011
                                             1922


SUNRISE AND SUNSET
NOVEMBER 20 2017......SUNRISE   907 AM AKST  SUNSET   444 PM AKST
NOVEMBER 21 2017......SUNRISE   909 AM AKST  SUNSET   442 PM AKST


-  INDICATES NEGATIVE NUMBERS.
R  INDICATES RECORD WAS SET OR TIED.
MM INDICATES DATA IS MISSING.
T  INDICATES TRACE AMOUNT.




$$
