000
CDAK48 PADQ 261255
CLIADQ


CLIMATE REPORT
NATIONAL WEATHER SERVICE ANCHORAGE, AK
454 AM AKDT FRI MAY 26 2017


...................................

...THE KODIAK CLIMATE SUMMARY FOR MAY 25 2017...

CLIMATE NORMAL PERIOD 1981 TO 2010
CLIMATE RECORD PERIOD 1913 TO 2017


WEATHER ITEM   OBSERVED TIME   RECORD YEAR NORMAL DEPARTURE LAST
                VALUE   (LST)  VALUE       VALUE  FROM      YEAR
                                                  NORMAL
..................................................................
TEMPERATURE (F)
 YESTERDAY
  MAXIMUM         55        MM  71    2006  52      3       58
  MINIMUM         34        MM  32    2000  40     -6       46
  AVERAGE         45                        46     -1       52

PRECIPITATION (IN)
  YESTERDAY        T             2.20 1992   0.19  -0.19     0.00
  MONTH TO DATE    6.36                      4.42   1.94     2.63
  SINCE MAR 1     14.41                     15.76  -1.35    18.87
  SINCE JAN 1     19.95                     30.19 -10.24    41.47

SNOWFALL (IN)
  YESTERDAY        0.0          MM      MM   0.0    0.0      0.0
  MONTH TO DATE    0.0                       0.2   -0.2      0.0
  SINCE MAR 1      2.6                      19.5  -16.9      3.6
  SINCE JUL 1     28.4                      68.9  -40.5     20.6
  SNOW DEPTH       0

DEGREE DAYS
 HEATING
  YESTERDAY       20                        19      1       13
  MONTH TO DATE  479                       531    -52      385
  SINCE MAR 1   2339                      2351    -12     1517
  SINCE JUL 1   7680                      8223   -543     6025

 COOLING
  YESTERDAY        0                         0      0        0
  MONTH TO DATE    0                         0      0        0
  SINCE MAR 1      0                         0      0        0
  SINCE JAN 1      0                         0      0        0
..................................................................


WIND (MPH)
  RESULTANT WIND SPEED   7   RESULTANT WIND DIRECTION   W (270)
  HIGHEST WIND SPEED    17   HIGHEST WIND DIRECTION     W (270)
  HIGHEST GUST SPEED    24   HIGHEST GUST DIRECTION     W (290)
  AVERAGE WIND SPEED     7.8



WEATHER CONDITIONS
 THE FOLLOWING WEATHER WAS RECORDED YESTERDAY.
  LIGHT RAIN


RELATIVE HUMIDITY (PERCENT)
 HIGHEST    92
 LOWEST     35
 AVERAGE    64

..........................................................


THE KODIAK CLIMATE NORMALS FOR TODAY
                         NORMAL    RECORD    YEAR
 MAXIMUM TEMPERATURE (F)   52        74      2006
 MINIMUM TEMPERATURE (F)   41        34      1984
                                             1939


SUNRISE AND SUNSET
MAY 26 2017...........SUNRISE   527 AM AKDT  SUNSET  1049 PM AKDT
MAY 27 2017...........SUNRISE   525 AM AKDT  SUNSET  1051 PM AKDT


-  INDICATES NEGATIVE NUMBERS.
R  INDICATES RECORD WAS SET OR TIED.
MM INDICATES DATA IS MISSING.
T  INDICATES TRACE AMOUNT.




$$
