000
CDAK48 PADQ 292213
CLIADQ

CLIMATE REPORT
NATIONAL WEATHER SERVICE KODIAK, AK
213 PM AKDT WED JUL 29 2015

...................................
...THE KODIAK AP CLIMATE SUMMARY FOR JULY 29 2015...
VALID TODAY AS OF 2:00 PM LOCAL TIME

CLIMATE NORMAL PERIOD  1981 TO  2010
CLIMATE RECORD PERIOD  1949 TO  2015

WEATHER ITEM   OBSERVED TIME    RECORD YEAR NORMAL DEPARTURE LAST
               VALUE    (LST)   VALUE       VALUE  FROM      YEAR
                                                   NORMAL
...................................................................
TEMPERATURE
TODAY
 MAXIMUM            63  1259 PM    74  1999     61       2     64
 MINIMUM            54  0456 AM    43  1978     50       4     53
 AVERAGE            59                          56       3     59

PRECIPITATION
(INCHES)
 TODAY            0.00           1.44  1965   0.15   -0.15   0.30
 MONTH TO DATE    3.17                        4.64   -1.47   2.58
 SINCE JUN 1      6.25                       10.55   -4.30   8.80
 SINCE JAN 1     45.37                       41.94    3.43  42.33

SNOWFALL
(INCHES)
 TODAY             0.0                         0.0     0.0    0.0
 MONTH TO DATE     0.0                         0.0     0.0    0.0
 SINCE JUN 1       0.0                         0.0     0.0    0.0
 SINCE JUL 1       0.0                         0.0     0.0    0.0
 SNOW DEPTH (IN)     0                                          0

DEGREE DAYS
 HEATING
  TODAY              6                           9      -3      6
  MONTH TO DATE    210                         308     -98    228
  SINCE JUN 1      521                         769    -248    650
  SINCE JUL 1      210                         308     -98    228

 COOLING
  TODAY              0                           0       0      0
  MONTH TO DATE      0                           0       0      0
  SINCE JUN 1        1                           0       1      0
  SINCE JAN 1        1                           0       1      4
...................................................................

WIND (MPH)
 HIGHEST WIND SPEED    16     HIGHEST WIND DIRECTION    110
 HIGHEST GUST SPEED    20     HIGHEST GUST DIRECTION    110
 AVERAGE WIND SPEED    MM

SKY COVER
  POSSIBLE SUNSHINE  MM            AVERAGE SKY COVER MM

WEATHER CONDITIONS
 THE FOLLOWING WEATHER WAS RECORDED TODAY.
NO SIGNIFICANT WEATHER WAS OBSERVED.

RELATIVE HUMIDITY
 HIGHEST RH     MM PERCENT       MM
 LOWEST  RH     MM PERCENT       MM
 AVERAGE RH     MM PERCENT       MM
...................................................................

THE KODIAK CLIMATE NORMALS FOR TOMORROW
                        NORMAL    RECORD   YEAR
 MAXIMUM TEMPERATURE      62        78     1961
 MINIMUM TEMPERATURE      50        38     2000

SUNRISE AND SUNSET
 JUL 29 2015..........SUNRISE  5:59 AM      SUNSET 10:34 PM
 JUL 30 2015..........SUNRISE  6:01 AM      SUNSET 10:31 PM

-  INDICATES NEGATIVE NUMBERS.
R  INDICATES RECORD HAS BEEN SET OR TIED.
MM INDICATES DATA IS MISSING.
T  INDICATES TRACE OF PRECIPITATION.

&&
-------------------------------------------------------------------

AMOUNT OF DAYLIGHT TODAY  (HOUR:MIN)........16 HOURS 35 MINUTES
GAIN/LOSS SINCE YESTERDAY (HOUR:MIN:SEC)....-0:04:05

$$
JAS JUL 15
