000
CDAK48 PADQ 020922
CLIADQ

CLIMATE REPORT
NATIONAL WEATHER SERVICE KODIAK, AK
1223 AM AKST MON MAR 2 2015

...................................
...THE KODIAK AP CLIMATE SUMMARY FOR MARCH 1 2015...

CLIMATE NORMAL PERIOD  1981 TO  2010
CLIMATE RECORD PERIOD  1949 TO  2015

WEATHER ITEM   OBSERVED TIME    RECORD YEAR NORMAL DEPARTURE LAST
               VALUE    (LST)   VALUE       VALUE  FROM      YEAR
                                                   NORMAL
...................................................................
TEMPERATURE
YESTERDAY
 MAXIMUM            40  0356 PM    49  1985     37       3     41
 MINIMUM            28  0906 AM     6  1966     27       1     24
 AVERAGE            34                          32       2     33

PRECIPITATION
(INCHES)
 YESTERDAY        0.03           0.96  1950   0.18   -0.15   0.01
 MONTH TO DATE    0.03                        0.18   -0.15   0.01
 SINCE MAR 1      0.03                        0.18   -0.15   0.01
 SINCE JAN 1     18.95                       14.61    4.34  21.26

SNOWFALL
(INCHES)
 YESTERDAY         0.0            5.5  2012    0.4    -0.4    0.0
 MONTH TO DATE     0.0                         0.4    -0.4    0.0
 SINCE MAR 1       0.0                         0.4    -0.4    0.0
 SINCE JUL 1      15.4                        49.8   -34.4   31.0
 SNOW DEPTH (IN)     0                                          0

DEGREE DAYS
 HEATING
  YESTERDAY         31                          33      -2     32
  MONTH TO DATE     31                          33      -2     32
  SINCE MAR 1       31                          33      -2     32
  SINCE JUL 1     4949                        5906    -957   5318

 COOLING
  YESTERDAY          0                           0       0      0
  MONTH TO DATE      0                           0       0      0
  SINCE MAR 1        0                           0       0      0
  SINCE JAN 1        0                           0       0      0
...................................................................

WIND (MPH)
 HIGHEST WIND SPEED     9     HIGHEST WIND DIRECTION     90
 HIGHEST GUST SPEED    11     HIGHEST GUST DIRECTION     90
 AVERAGE WIND SPEED   3.6

SKY COVER
  POSSIBLE SUNSHINE    MM          AVERAGE SKY COVER     MM

WEATHER CONDITIONS
 THE FOLLOWING WEATHER WAS RECORDED YESTERDAY.
  FOG
RAIN


RELATIVE HUMIDITY
 HIGHEST RH     MM PERCENT       MM
 LOWEST  RH     MM PERCENT       MM
 AVERAGE RH     MM PERCENT       MM
...................................................................

THE KODIAK CLIMATE NORMALS FOR TODAY
                           NORMAL    RECORD   YEAR
 MAXIMUM TEMPERATURE (F)     37        50     2003
 MINIMUM TEMPERATURE (F)     27         2     1994

SUNRISE AND SUNSET
 MAR 2 2015..........SUNRISE  8:02 AM      SUNSET  6:44 PM
 MAR 3 2015..........SUNRISE  7:59 AM      SUNSET  6:47 PM

-  INDICATES NEGATIVE NUMBERS.
R  INDICATES RECORD HAS BEEN SET OR TIED.
MM INDICATES DATA IS MISSING.
T  INDICATES TRACE OF PRECIPITATION.

&&
-------------------------------------------------------------------

AMOUNT OF DAYLIGHT TODAY  (HOUR:MIN)........10 HOURS 42 MINUTES
GAIN/LOSS SINCE YESTERDAY (HOUR:MIN:SEC)....+0:04:58

$$
*** MAR 15
