000
CDAK48 PADQ 231028
CLIADQ

CLIMATE REPORT
NATIONAL WEATHER SERVICE KODIAK, AK
129 AM AKST SUN NOV 23 2014

...................................
...THE KODIAK AP CLIMATE SUMMARY FOR NOVEMBER 22 2014...

CLIMATE NORMAL PERIOD  1981 TO  2010
CLIMATE RECORD PERIOD  1949 TO  2014

WEATHER ITEM   OBSERVED TIME    RECORD YEAR NORMAL DEPARTURE LAST
               VALUE    (LST)   VALUE       VALUE  FROM      YEAR
                                                   NORMAL
...................................................................
TEMPERATURE
YESTERDAY
 MAXIMUM            43  0303 PM    49  1967     38       5     44
 MINIMUM            29  1142 PM     4  2011     28       1     20
 AVERAGE            36                          33       3     32

PRECIPITATION
(INCHES)
 YESTERDAY        0.06           2.87  2002   0.23   -0.17   0.00
 MONTH TO DATE   12.79                        4.89    7.90   3.37
 SINCE SEP 1     26.21                       20.50    5.71  20.87
 SINCE JAN 1     75.44                       67.29    8.15  60.78

SNOWFALL
(INCHES)
 YESTERDAY         0.0            3.6  2008    0.3    -0.3    0.0
 MONTH TO DATE     0.0                         3.7    -3.7    7.3
 SINCE SEP 1       0.7                         4.8    -4.1    7.3
 SINCE JUL 1       0.7                         4.8    -4.1    7.3
 SNOW DEPTH (IN)     0                                          T

DEGREE DAYS
 HEATING
  YESTERDAY         29                          32      -3     33
  MONTH TO DATE    509                         672    -163    594
  SINCE SEP 1     1657                        1900    -243   1663
  SINCE JUL 1     2158                        2530    -372   2142

 COOLING
  YESTERDAY          0                           0       0      0
  MONTH TO DATE      0                           0       0      0
  SINCE SEP 1        0                           0       0      0
  SINCE JAN 1        4                           0       4      6
...................................................................

WIND (MPH)
 HIGHEST WIND SPEED    16     HIGHEST WIND DIRECTION    100
 HIGHEST GUST SPEED    20     HIGHEST GUST DIRECTION    110
 AVERAGE WIND SPEED   4.3

SKY COVER
  POSSIBLE SUNSHINE    MM          AVERAGE SKY COVER     MM

WEATHER CONDITIONS
 THE FOLLOWING WEATHER WAS RECORDED YESTERDAY.
  FOG
RAIN


RELATIVE HUMIDITY
 HIGHEST RH     MM PERCENT       MM
 LOWEST  RH     MM PERCENT       MM
 AVERAGE RH     MM PERCENT       MM
...................................................................

THE KODIAK CLIMATE NORMALS FOR TODAY
                           NORMAL    RECORD   YEAR
 MAXIMUM TEMPERATURE (F)     38        49     2010
 MINIMUM TEMPERATURE (F)     28         7     2005

SUNRISE AND SUNSET
 NOV 23 2014..........SUNRISE  9:14 AM      SUNSET  4:40 PM
 NOV 24 2014..........SUNRISE  9:16 AM      SUNSET  4:38 PM

-  INDICATES NEGATIVE NUMBERS.
R  INDICATES RECORD HAS BEEN SET OR TIED.
MM INDICATES DATA IS MISSING.
T  INDICATES TRACE OF PRECIPITATION.

&&
-------------------------------------------------------------------

AMOUNT OF DAYLIGHT TODAY  (HOUR:MIN)........7 HOURS 26 MINUTES
GAIN/LOSS SINCE YESTERDAY (HOUR:MIN:SEC)....-0:03:35

$$
*** NOV 14
