000
CDAK48 PADQ 272238
CLIADQ

CLIMATE REPORT
NATIONAL WEATHER SERVICE KODIAK, AK
238 PM AKDT SUN JUL 27 2014

...THE KODIAK AP CLIMATE SUMMARY FOR JULY 27 2014...
VALID TODAY AS OF 2:00 PM LOCAL TIME

CLIMATE NORMAL PERIOD  1981 TO  2010
CLIMATE RECORD PERIOD  1949 TO  2014

WEATHER ITEM   OBSERVED TIME    RECORD YEAR NORMAL DEPARTURE LAST
               VALUE    (LST)   VALUE       VALUE  FROM      YEAR
                                                   NORMAL
...................................................................
TEMPERATURE
TODAY
 MAXIMUM            71  0158 PM    81  1987     61      10     59
 MINIMUM            47  1210 AM    44  1989     50      -3     54
 AVERAGE            59                          56       3     57

PRECIPITATION
(INCHES)
 TODAY            0.00           1.35  1977   0.15   -0.15   0.02
 MONTH TO DATE    2.22                        4.35   -2.13   1.06
 SINCE JUN 1      8.44                       10.26   -1.82   5.17
 SINCE JAN 1     41.97                       41.65    0.32  30.61

SNOWFALL
(INCHES)
 TODAY             0.0            0.0  2014    0.0     0.0    0.0
 MONTH TO DATE     0.0                         0.0     0.0    0.0
 SINCE JUN 1       0.0                         0.0     0.0    0.0
 SINCE JUL 1       0.0                         0.0     0.0    0.0
 SNOW DEPTH (IN)     0                                          0

DEGREE DAYS
 HEATING
  TODAY              6                           9      -3      8
  MONTH TO DATE    212                         290     -78    190
  SINCE JUN 1      634                         751    -117    521
  SINCE JUL 1      212                         290     -78    190

 COOLING
  TODAY              0                           0       0      0
  MONTH TO DATE      0                           0       0      3
  SINCE JUN 1        0                           0       0      6
  SINCE JAN 1        4                           0       4      6
...................................................................

WIND (MPH)
 HIGHEST WIND SPEED    21     HIGHEST WIND DIRECTION    270
 HIGHEST GUST SPEED    25     HIGHEST GUST DIRECTION    320
 AVERAGE WIND SPEED    MM

WEATHER CONDITIONS
NO SIGNIFICANT WEATHER WAS OBSERVED TODAY.
...................................................................

THE KODIAK CLIMATE NORMALS FOR TOMORROW
                        NORMAL    RECORD   YEAR
 MAXIMUM TEMPERATURE      61        75     1987
 MINIMUM TEMPERATURE      50        40     1971

SUNRISE AND SUNSET
 JUL 27 2014..........SUNRISE  5:56 AM      SUNSET 10:37 PM
 JUL 28 2014..........SUNRISE  5:57 AM      SUNSET 10:35 PM

-  INDICATES NEGATIVE NUMBERS.
R  INDICATES RECORD HAS BEEN SET OR TIED.
MM INDICATES DATA IS MISSING.
T  INDICATES TRACE OF PRECIPITATION.

&&
-------------------------------------------------------------------

AMOUNT OF DAYLIGHT TODAY  (HOUR:MIN)........16 HOURS 41 MINUTES
GAIN/LOSS SINCE YESTERDAY (HOUR:MIN:SEC)....-0:03:59

$$
COURTNEY JUL 14
