719
CDAK48 PADQ 130041
CLIADQ

CLIMATE REPORT
NATIONAL WEATHER SERVICE KODIAK, AK
341 PM AKST FRI FEB 12 2016

...................................
...THE KODIAK AP CLIMATE SUMMARY FOR FEBRUARY 12 2016...
VALID TODAY AS OF 2:00 PM LOCAL TIME

CLIMATE NORMAL PERIOD  1981 TO  2010
CLIMATE RECORD PERIOD  1913 TO  2016

WEATHER ITEM   OBSERVED TIME    RECORD YEAR NORMAL DEPARTURE LAST
               VALUE    (LST)   VALUE       VALUE  FROM      YEAR
                                                   NORMAL
...................................................................
TEMPERATURE
TODAY
 MAXIMUM            37  0159 PM    50  1931     35       2     42
 MINIMUM            33  0931 AM     6  1921     26       7     37
 AVERAGE            35                          31       4     40

PRECIPITATION
(INCHES)
 TODAY            0.14           1.41  1958   0.23   -0.09   0.10
 MONTH TO DATE    4.31                        2.81    1.50   2.83
 SINCE DEC 1     27.00                       19.83    7.17  26.75
 SINCE JAN 1     14.72                       11.10    3.62  12.96

SNOWFALL
(INCHES)
 TODAY             0.0           13.1  1973    0.6    -0.6    0.0
 MONTH TO DATE       T                         6.4    -6.4   10.2
 SINCE DEC 1      15.0                        33.2   -18.2   14.7
 SINCE JUL 1        MM                        40.7      MM   15.4
 SNOW DEPTH (IN)     0                                          0

DEGREE DAYS
 HEATING
  TODAY             30                          34      -4     25
  MONTH TO DATE    356                         417     -61    378
  SINCE DEC 1     2162                        2539    -377   2081
  SINCE JUL 1     4458                        5331    -873   4477

 COOLING
  TODAY              0                           0       0      0
  MONTH TO DATE      0                           0       0      0
  SINCE DEC 1        0                           0       0      0
  SINCE JAN 1        0                           0       0      0
...................................................................

WIND (MPH)
 HIGHEST WIND SPEED    22     HIGHEST WIND DIRECTION    290
 HIGHEST GUST SPEED    26     HIGHEST GUST DIRECTION    290
 AVERAGE WIND SPEED    MM

SKY COVER
  POSSIBLE SUNSHINE  MM            AVERAGE SKY COVER MM

WEATHER CONDITIONS
 THE FOLLOWING WEATHER WAS RECORDED TODAY.
FOG
RAIN


RELATIVE HUMIDITY
 HIGHEST RH     MM PERCENT       MM
 LOWEST  RH     MM PERCENT       MM
 AVERAGE RH     MM PERCENT       MM
...................................................................

THE KODIAK CLIMATE NORMALS FOR TOMORROW
                        NORMAL    RECORD   YEAR
 MAXIMUM TEMPERATURE      35        51     1927
 MINIMUM TEMPERATURE      26        -4     1972

SUNRISE AND SUNSET
 FEB 12 2016..........SUNRISE  8:49 AM      SUNSET  6:02 PM
 FEB 13 2016..........SUNRISE  8:46 AM      SUNSET  6:04 PM

-  INDICATES NEGATIVE NUMBERS.
R  INDICATES RECORD HAS BEEN SET OR TIED.
MM INDICATES DATA IS MISSING.
T  INDICATES TRACE OF PRECIPITATION.

&&
-------------------------------------------------------------------

AMOUNT OF DAYLIGHT TODAY  (HOUR:MIN)........9 HOURS 13 MINUTES
GAIN/LOSS SINCE YESTERDAY (HOUR:MIN:SEC)....+0:04:45

$$
JTS FEB 16
