000
CDAK48 PADQ 300042
CLIADQ


CLIMATE REPORT
NATIONAL WEATHER SERVICE ANCHORAGE, AK
441 PM AKDT WED MAR 29 2017


...................................

...THE KODIAK CLIMATE SUMMARY FOR MARCH 29 2017...
VALID TODAY AS OF 0400 PM LOCAL TIME.

CLIMATE NORMAL PERIOD 1981 TO 2010
CLIMATE RECORD PERIOD 1913 TO 2017


WEATHER ITEM   OBSERVED TIME   RECORD YEAR NORMAL DEPARTURE LAST
                VALUE   (LST)  VALUE       VALUE  FROM      YEAR
                                                  NORMAL
..................................................................
TEMPERATURE (F)
 TODAY
  MAXIMUM         35    100 PM  54    1915  39     -4       45
  MINIMUM         27        MM   3    1944  29     -2       36
  AVERAGE         31                        34     -3       41

PRECIPITATION (IN)
  TODAY            0.00          0.89 1957   0.17  -0.17     0.27
  MONTH TO DATE    0.03                      5.18  -5.15     6.45
  SINCE MAR 1      0.03                      5.18  -5.15     6.45
  SINCE JAN 1      5.57                     19.61 -14.04    29.05

SNOWFALL (IN)
  TODAY            0.0           2.3  1980   0.4   -0.4      0.0
  MONTH TO DATE    0.5                      10.6  -10.1      3.6
  SINCE MAR 1      0.5                      10.6  -10.1      3.6
  SINCE JUL 1     26.3                      60.0  -33.7     20.6
  SNOW DEPTH       T

DEGREE DAYS
 HEATING
  TODAY           34                        31      3       24
  MONTH TO DATE 1052                       936    116      567
  SINCE MAR 1   1052                       936    116      567
  SINCE JUL 1   6393                      6808   -415     5075

 COOLING
  TODAY            0                         0      0        0
  MONTH TO DATE    0                         0      0        0
  SINCE MAR 1      0                         0      0        0
  SINCE JAN 1      0                         0      0        0
..................................................................


WIND (MPH)
  RESULTANT WIND SPEED   7   RESULTANT WIND DIRECTION   W (280)
  HIGHEST WIND SPEED    14   HIGHEST WIND DIRECTION     W (290)
  HIGHEST GUST SPEED    20   HIGHEST GUST DIRECTION     W (290)
  AVERAGE WIND SPEED     7.8



WEATHER CONDITIONS
 THE FOLLOWING WEATHER WAS RECORDED TODAY.
  NO SIGNIFICANT WEATHER WAS OBSERVED.


RELATIVE HUMIDITY (PERCENT)
 HIGHEST    58
 LOWEST     35
 AVERAGE    47

..........................................................


THE KODIAK CLIMATE NORMALS FOR TOMORROW
                         NORMAL    RECORD    YEAR
 MAXIMUM TEMPERATURE (F)   39        52      1970
 MINIMUM TEMPERATURE (F)   29        -3      1944


SUNRISE AND SUNSET
MARCH 29 2017.........SUNRISE   745 AM AKDT  SUNSET   845 PM AKDT
MARCH 30 2017.........SUNRISE   743 AM AKDT  SUNSET   847 PM AKDT


-  INDICATES NEGATIVE NUMBERS.
R  INDICATES RECORD WAS SET OR TIED.
MM INDICATES DATA IS MISSING.
T  INDICATES TRACE AMOUNT.




$$
