355
CDAK48 PAFC 212235
CLIADQ


CLIMATE REPORT
NATIONAL WEATHER SERVICE ANCHORAGE, AK
135 PM AKST SAT JAN 21 2017


...................................

...THE KODIAK CLIMATE SUMMARY FOR JANUARY 21 2017...
VALID TODAY AS OF 0100 PM LOCAL TIME.

CLIMATE NORMAL PERIOD 1981 TO 2010
CLIMATE RECORD PERIOD 1913 TO 2017


WEATHER ITEM   OBSERVED TIME   RECORD YEAR NORMAL DEPARTURE LAST
                VALUE   (LST)  VALUE       VALUE  FROM      YEAR
                                                  NORMAL
..................................................................
TEMPERATURE (F)
 TODAY
  MAXIMUM         29   1200 AM  49    1937  35     -6       39
  MINIMUM         24    100 PM  -4    1968  26     -2       31
  AVERAGE         27                        30     -3       35

PRECIPITATION (IN)
  TODAY            T             2.43 1963   0.27  -0.27     1.29
  MONTH TO DATE    0.80                      5.80  -5.00     6.52
  SINCE DEC 1      4.91                     14.53  -9.62    18.79
  SINCE JAN 1      0.80                      5.80  -5.00     6.52

SNOWFALL (IN)
  TODAY           MM            10.5  1956   0.5   MM         T
  MONTH TO DATE    3.3                       8.4   -5.1       T
  SINCE DEC 1      6.9                      22.2  -15.3     14.9
  SINCE JUL 1      8.9                      29.7  -20.8     15.9
  SNOW DEPTH       0

DEGREE DAYS
 HEATING
  TODAY           38                        35      3       30
  MONTH TO DATE  788                       723     65      516
  SINCE DEC 1   1821                      1771     50     1421
  SINCE JUL 1   4023                      4566   -543     3639

 COOLING
  TODAY            0                         0      0        0
  MONTH TO DATE    0                         0      0        0
  SINCE DEC 1      0                         0      0        0
  SINCE JAN 1      0                         0      0        0
..................................................................


WIND (MPH)
  RESULTANT WIND SPEED  11   RESULTANT WIND DIRECTION  NW (300)
  HIGHEST WIND SPEED    14   HIGHEST WIND DIRECTION    NW (300)
  HIGHEST GUST SPEED    MM   HIGHEST GUST DIRECTION    MM
  AVERAGE WIND SPEED    10.8



WEATHER CONDITIONS
 THE FOLLOWING WEATHER WAS RECORDED TODAY.
  LIGHT SNOW
  FOG


RELATIVE HUMIDITY (PERCENT)
 HIGHEST    92
 LOWEST     74
 AVERAGE    83

..........................................................


THE KODIAK CLIMATE NORMALS FOR TOMORROW
                         NORMAL    RECORD    YEAR
 MAXIMUM TEMPERATURE (F)   35        46      1937
 MINIMUM TEMPERATURE (F)   26        -4      1947


SUNRISE AND SUNSET
JANUARY 21 2017.......SUNRISE   932 AM AKST  SUNSET   512 PM AKST
JANUARY 22 2017.......SUNRISE   930 AM AKST  SUNSET   514 PM AKST


-  INDICATES NEGATIVE NUMBERS.
R  INDICATES RECORD WAS SET OR TIED.
MM INDICATES DATA IS MISSING.
T  INDICATES TRACE AMOUNT.




$$
