000
CDUS44 KLCH 170818
CLIAEX


CLIMATE REPORT
NATIONAL WEATHER SERVICE LAKE CHARLES, LA
317 AM CDT THU APR 17 2014


...................................

...THE ALEXANDRIA CLIMATE SUMMARY FOR APRIL 16 2014...

CLIMATE NORMAL PERIOD 1981 TO 2010
CLIMATE RECORD PERIOD 1892 TO 2014


WEATHER ITEM   OBSERVED TIME   RECORD YEAR NORMAL DEPARTURE LAST
                VALUE   (LST)  VALUE       VALUE  FROM      YEAR
                                                  NORMAL
..................................................................
TEMPERATURE (F)
 YESTERDAY
  MAXIMUM         64    448 PM  92    1925  78    -14       81
                                      1920
  MINIMUM         37R   612 AM  38    1961  54    -17       73
  AVERAGE         51                        66    -15       77

PRECIPITATION (IN)
  YESTERDAY        0.00          2.13 2012   0.13  -0.13      T
  MONTH TO DATE    2.89                      2.75   0.14     2.16
  SINCE MAR 1      6.80                      7.80  -1.00     3.55
  SINCE JAN 1     13.18                     17.48  -4.30    20.00

SNOWFALL (IN)
  YESTERDAY        0.0           0.0    MM  MM     MM        0.0
  MONTH TO DATE    0.0                      MM     MM        0.0
  SINCE MAR 1      0.2                      MM     MM        0.0
  SINCE JUL 1      5.0                      MM     MM        0.0
  SNOW DEPTH       0

DEGREE DAYS
 HEATING
  YESTERDAY       14                         2     12        0
  MONTH TO DATE   70                        52     18       61
  SINCE MAR 1    387                       267    120      367
  SINCE JUL 1   2403                      1932    471     1800

 COOLING
  YESTERDAY        0                         3     -3       12
  MONTH TO DATE   37                        44     -7       43
  SINCE MAR 1     50                        80    -30       59
  SINCE JAN 1     61                        97    -36       77
..................................................................


WIND (MPH)
  HIGHEST WIND SPEED    16   HIGHEST WIND DIRECTION    SE (140)
  HIGHEST GUST SPEED    21   HIGHEST GUST DIRECTION    SE (130)
  AVERAGE WIND SPEED     5.3


SKY COVER
  POSSIBLE SUNSHINE  MM
  AVERAGE SKY COVER 0.0


WEATHER CONDITIONS
 THE FOLLOWING WEATHER WAS RECORDED YESTERDAY.
  HAZE


RELATIVE HUMIDITY (PERCENT)
 HIGHEST    93          1100 PM
 LOWEST     40          1100 AM
 AVERAGE    67

..........................................................


THE ALEXANDRIA CLIMATE NORMALS FOR TODAY
                         NORMAL    RECORD    YEAR
 MAXIMUM TEMPERATURE (F)   78        92      2006
 MINIMUM TEMPERATURE (F)   55        39      1921


SUNRISE AND SUNSET
APRIL 17 2014.........SUNRISE   640 AM CDT   SUNSET   740 PM CDT
APRIL 18 2014.........SUNRISE   639 AM CDT   SUNSET   741 PM CDT


-  INDICATES NEGATIVE NUMBERS.
R  INDICATES RECORD WAS SET OR TIED.
MM INDICATES DATA IS MISSING.
T  INDICATES TRACE AMOUNT.




$$
