000
CDUS44 KLCH 301245
CLIAEX


CLIMATE REPORT
NATIONAL WEATHER SERVICE LAKE CHARLES, LA
745 AM CDT FRI SEP 30 2016


...................................

...THE ALEXANDRIA CLIMATE SUMMARY FOR SEPTEMBER 29 2016...

CLIMATE NORMAL PERIOD 1981 TO 2010
CLIMATE RECORD PERIOD 1892 TO 2016


WEATHER ITEM   OBSERVED TIME   RECORD YEAR NORMAL DEPARTURE LAST
                VALUE   (LST)  VALUE       VALUE  FROM      YEAR
                                                  NORMAL
..................................................................
TEMPERATURE (F)
 YESTERDAY
  MAXIMUM         80    313 PM  99    1953  84     -4       86
  MINIMUM         56   1156 PM  40    1967  61     -5       68
  AVERAGE         68                        72     -4       77

PRECIPITATION (IN)
  YESTERDAY        0.00          2.15 1999   0.17  -0.17     0.01
  MONTH TO DATE    3.46                      2.74   0.72     1.87
  SINCE SEP 1      3.46                      2.74   0.72     1.87
  SINCE JAN 1     44.20                     38.97   5.23    36.43

DEGREE DAYS
 HEATING
  YESTERDAY        0                         0      0        0
  MONTH TO DATE    0                         0      0        0
  SINCE SEP 1      0                         0      0        0
  SINCE JUL 1      0                         0      0        0

 COOLING
  YESTERDAY        3                         8     -5       12
  MONTH TO DATE  470                       354    116      420
  SINCE SEP 1    470                       354    116      420
  SINCE JAN 1   2573                      2341    232     2595
..................................................................


WIND (MPH)
  HIGHEST WIND SPEED    17   HIGHEST WIND DIRECTION    NE (30)
  HIGHEST GUST SPEED    23   HIGHEST GUST DIRECTION     N (20)
  AVERAGE WIND SPEED     7.5


SKY COVER
  POSSIBLE SUNSHINE  MM
  AVERAGE SKY COVER 0.0


WEATHER CONDITIONS
 THE FOLLOWING WEATHER WAS RECORDED YESTERDAY.
  FOG
  HAZE


RELATIVE HUMIDITY (PERCENT)
 HIGHEST    97           400 AM
 LOWEST     35           300 PM
 AVERAGE    66

..........................................................


THE ALEXANDRIA CLIMATE NORMALS FOR TODAY
                         NORMAL    RECORD    YEAR
 MAXIMUM TEMPERATURE (F)   84        96      1953
 MINIMUM TEMPERATURE (F)   61        42      1909


SUNRISE AND SUNSET
SEPTEMBER 30 2016.....SUNRISE   704 AM CDT   SUNSET   656 PM CDT
OCTOBER  1 2016.......SUNRISE   704 AM CDT   SUNSET   655 PM CDT


-  INDICATES NEGATIVE NUMBERS.
R  INDICATES RECORD WAS SET OR TIED.
MM INDICATES DATA IS MISSING.
T  INDICATES TRACE AMOUNT.




$$
