000
CDUS44 KLCH 200913
CLIAEX


CLIMATE REPORT
NATIONAL WEATHER SERVICE LAKE CHARLES, LA
413 AM CDT SUN AUG 20 2017


...................................

...THE ALEXANDRIA CLIMATE SUMMARY FOR AUGUST 19 2017...

CLIMATE NORMAL PERIOD 1981 TO 2010
CLIMATE RECORD PERIOD 1892 TO 2017


WEATHER ITEM   OBSERVED TIME   RECORD YEAR NORMAL DEPARTURE LAST
                VALUE   (LST)  VALUE       VALUE  FROM      YEAR
                                                  NORMAL
..................................................................
TEMPERATURE (F)
 YESTERDAY
  MAXIMUM         97        MM 106    1909  94      3       85
  MINIMUM         77   1100 PM  63    1943  72      5       73
  AVERAGE         87                        83      4       79

PRECIPITATION (IN)
  YESTERDAY        0.00          1.68 1989   0.13  -0.13     0.39
  MONTH TO DATE    3.16                      2.06   1.10     7.11
  SINCE JUN 1     11.83                     10.79   1.04    15.15
  SINCE JAN 1     36.54                     34.79   1.75    37.50

DEGREE DAYS
 COOLING
  YESTERDAY       22                        18      4       14
  MONTH TO DATE  330                       342    -12      351
  SINCE JUN 1   1299                      1334    -35     1421
  SINCE JAN 1   1874                      1788     86     1888
..................................................................


WIND (MPH)
  HIGHEST WIND SPEED     7   HIGHEST WIND DIRECTION     E (99)
  HIGHEST GUST SPEED    MM   HIGHEST GUST DIRECTION    MM
  AVERAGE WIND SPEED     2.2


SKY COVER
  POSSIBLE SUNSHINE  MM
  AVERAGE SKY COVER 0.1


WEATHER CONDITIONS
 THE FOLLOWING WEATHER WAS RECORDED YESTERDAY.
  NO SIGNIFICANT WEATHER WAS OBSERVED.


RELATIVE HUMIDITY (PERCENT)
 HIGHEST    94          1100 PM
 LOWEST     49           600 PM
 AVERAGE    72

..........................................................


THE ALEXANDRIA CLIMATE NORMALS FOR TODAY
                         NORMAL    RECORD    YEAR
 MAXIMUM TEMPERATURE (F)   94       105      1999
                                             1925
                                             1909
 MINIMUM TEMPERATURE (F)   72        63      1943
                                             1940


SUNRISE AND SUNSET
AUGUST 20 2017........SUNRISE   639 AM CDT   SUNSET   747 PM CDT
AUGUST 21 2017........SUNRISE   640 AM CDT   SUNSET   746 PM CDT


-  INDICATES NEGATIVE NUMBERS.
R  INDICATES RECORD WAS SET OR TIED.
MM INDICATES DATA IS MISSING.
T  INDICATES TRACE AMOUNT.




$$
