071
CDUS44 KLCH 101245
CLIAEX


CLIMATE REPORT
NATIONAL WEATHER SERVICE LAKE CHARLES, LA
645 AM CST SAT DEC 10 2016


...................................

...THE ALEXANDRIA CLIMATE SUMMARY FOR DECEMBER 9 2016...

CLIMATE NORMAL PERIOD 1981 TO 2010
CLIMATE RECORD PERIOD 1892 TO 2016


WEATHER ITEM   OBSERVED TIME   RECORD YEAR NORMAL DEPARTURE LAST
                VALUE   (LST)  VALUE       VALUE  FROM      YEAR
                                                  NORMAL
..................................................................
TEMPERATURE (F)
 YESTERDAY
  MAXIMUM         48    353 PM  83    2007  61    -13       74
  MINIMUM         31    735 AM  18    2006  41    -10       53
  AVERAGE         40                        51    -11       64

PRECIPITATION (IN)
  YESTERDAY        0.00          3.45 1923   0.26  -0.26     0.00
  MONTH TO DATE    7.57                      2.30   5.27     0.20
  SINCE DEC 1      7.57                      2.30   5.27     0.20
  SINCE JAN 1     54.54                     52.10   2.44    55.32

SNOWFALL (IN)
  YESTERDAY        0.0           0.0    MM  MM     MM        0.0
  MONTH TO DATE    0.0                      MM     MM        0.0
  SINCE DEC 1      0.0                      MM     MM        0.0
  SINCE JUL 1      0.0                      MM     MM        0.0
  SNOW DEPTH       0

DEGREE DAYS
 HEATING
  YESTERDAY       25                        15     10        1
  MONTH TO DATE  146                       124     22      108
  SINCE DEC 1    146                       124     22      108
  SINCE JUL 1    321                       449   -128      259
..................................................................


WIND (MPH)
  HIGHEST WIND SPEED    15   HIGHEST WIND DIRECTION    NE (30)
  HIGHEST GUST SPEED    20   HIGHEST GUST DIRECTION    NE (30)
  AVERAGE WIND SPEED     7.5


SKY COVER
  POSSIBLE SUNSHINE  MM
  AVERAGE SKY COVER 0.1


WEATHER CONDITIONS
 THE FOLLOWING WEATHER WAS RECORDED YESTERDAY.
  NO SIGNIFICANT WEATHER WAS OBSERVED.


RELATIVE HUMIDITY (PERCENT)
 HIGHEST    75           900 PM
 LOWEST     31           400 PM
 AVERAGE    53

..........................................................


THE ALEXANDRIA CLIMATE NORMALS FOR TODAY
                         NORMAL    RECORD    YEAR
 MAXIMUM TEMPERATURE (F)   61        83      2007
 MINIMUM TEMPERATURE (F)   41        20      1917


SUNRISE AND SUNSET
DECEMBER 10 2016......SUNRISE   659 AM CST   SUNSET   508 PM CST
DECEMBER 11 2016......SUNRISE   659 AM CST   SUNSET   508 PM CST


-  INDICATES NEGATIVE NUMBERS.
R  INDICATES RECORD WAS SET OR TIED.
MM INDICATES DATA IS MISSING.
T  INDICATES TRACE AMOUNT.




$$
