000
CDUS44 KLCH 101245
CLIAEX


CLIMATE REPORT
NATIONAL WEATHER SERVICE LAKE CHARLES, LA
645 AM CST WED FEB 10 2016


...................................

...THE ALEXANDRIA CLIMATE SUMMARY FOR FEBRUARY 9 2016...

CLIMATE NORMAL PERIOD 1981 TO 2010
CLIMATE RECORD PERIOD 1892 TO 2016


WEATHER ITEM   OBSERVED TIME   RECORD YEAR NORMAL DEPARTURE LAST
                VALUE   (LST)  VALUE       VALUE  FROM      YEAR
                                                  NORMAL
..................................................................
TEMPERATURE (F)
 YESTERDAY
  MAXIMUM         58    354 PM  84    1957  62     -4       76
  MINIMUM         34    731 AM  15    1933  40     -6       48
  AVERAGE         46                        51     -5       62

PRECIPITATION (IN)
  YESTERDAY        0.00          2.79 1980   0.15  -0.15     0.00
  MONTH TO DATE    0.42                      1.38  -0.96     0.07
  SINCE DEC 1     12.26                     12.72  -0.46     6.17
  SINCE JAN 1      4.20                      6.60  -2.40     3.78

SNOWFALL (IN)
  YESTERDAY        0.0           T    1973  MM     MM        0.0
  MONTH TO DATE    0.0                      MM     MM        0.0
  SINCE DEC 1      0.0                      MM     MM        0.0
  SINCE JUL 1      0.0                      MM     MM        0.0
  SNOW DEPTH       0

DEGREE DAYS
 HEATING
  YESTERDAY       19                        15      4        3
  MONTH TO DATE  136                       137     -1      136
  SINCE DEC 1    889                      1103   -214     1097
  SINCE JUL 1   1040                      1428   -388     1490
..................................................................


WIND (MPH)
  HIGHEST WIND SPEED    26   HIGHEST WIND DIRECTION    NW (310)
  HIGHEST GUST SPEED    35   HIGHEST GUST DIRECTION    NW (320)
  AVERAGE WIND SPEED    13.5


SKY COVER
  POSSIBLE SUNSHINE  MM
  AVERAGE SKY COVER 0.0


WEATHER CONDITIONS
 THE FOLLOWING WEATHER WAS RECORDED YESTERDAY.
  NO SIGNIFICANT WEATHER WAS OBSERVED.


RELATIVE HUMIDITY (PERCENT)
 HIGHEST    61           700 AM
 LOWEST     20           100 PM
 AVERAGE    41

..........................................................


THE ALEXANDRIA CLIMATE NORMALS FOR TODAY
                         NORMAL    RECORD    YEAR
 MAXIMUM TEMPERATURE (F)   62        86      1957
 MINIMUM TEMPERATURE (F)   40        21      1971


SUNRISE AND SUNSET
FEBRUARY 10 2016......SUNRISE   656 AM CST   SUNSET   553 PM CST
FEBRUARY 11 2016......SUNRISE   655 AM CST   SUNSET   554 PM CST


-  INDICATES NEGATIVE NUMBERS.
R  INDICATES RECORD WAS SET OR TIED.
MM INDICATES DATA IS MISSING.
T  INDICATES TRACE AMOUNT.




$$
