000
CDUS44 KLCH 180809
CLIAEX


CLIMATE REPORT
NATIONAL WEATHER SERVICE LAKE CHARLES, LA
309 AM CDT THU SEP 18 2014


...................................

...THE ALEXANDRIA CLIMATE SUMMARY FOR SEPTEMBER 17 2014...

CLIMATE NORMAL PERIOD 1981 TO 2010
CLIMATE RECORD PERIOD 1892 TO 2014


WEATHER ITEM   OBSERVED TIME   RECORD YEAR NORMAL DEPARTURE LAST
                VALUE   (LST)  VALUE       VALUE  FROM      YEAR
                                                  NORMAL
..................................................................
TEMPERATURE (F)
 YESTERDAY
  MAXIMUM         88    434 PM 101    1906  88      0       95
                                      1900
  MINIMUM         70    405 AM  50    1902  66      4       71
  AVERAGE         79                        77      2       83

PRECIPITATION (IN)
  YESTERDAY        0.00          3.04 1958   0.07  -0.07     0.00
  MONTH TO DATE    0.87                      1.40  -0.53     0.02
  SINCE SEP 1      0.87                      1.40  -0.53     0.02
  SINCE JAN 1     32.22                     37.63  -5.41    37.61

DEGREE DAYS
 HEATING
  YESTERDAY        0                         0      0        0
  MONTH TO DATE    0                         0      0        0
  SINCE SEP 1      0                         0      0        0
  SINCE JUL 1      0                         0      0        0

 COOLING
  YESTERDAY       14                        12      2       18
  MONTH TO DATE  239                       239      0      309
  SINCE SEP 1    239                       239      0      309
  SINCE JAN 1   2147                      2226    -79     2274
..................................................................


WIND (MPH)
  HIGHEST WIND SPEED    10   HIGHEST WIND DIRECTION     E (70)
  HIGHEST GUST SPEED    12   HIGHEST GUST DIRECTION     E (70)
  AVERAGE WIND SPEED     1.9


SKY COVER
  POSSIBLE SUNSHINE  MM
  AVERAGE SKY COVER 0.3


WEATHER CONDITIONS
 THE FOLLOWING WEATHER WAS RECORDED YESTERDAY.
  FOG
  FOG W/VISIBILITY <= 1/4 MILE


RELATIVE HUMIDITY (PERCENT)
 HIGHEST   100           100 AM
 LOWEST     59           100 PM
 AVERAGE    80

..........................................................


THE ALEXANDRIA CLIMATE NORMALS FOR TODAY
                         NORMAL    RECORD    YEAR
 MAXIMUM TEMPERATURE (F)   88       101      1906
                                             1900
 MINIMUM TEMPERATURE (F)   65        46      1903


SUNRISE AND SUNSET
SEPTEMBER 18 2014.....SUNRISE   656 AM CDT   SUNSET   712 PM CDT
SEPTEMBER 19 2014.....SUNRISE   657 AM CDT   SUNSET   711 PM CDT


-  INDICATES NEGATIVE NUMBERS.
R  INDICATES RECORD WAS SET OR TIED.
MM INDICATES DATA IS MISSING.
T  INDICATES TRACE AMOUNT.




$$
