000
CDUS44 KLCH 212219
CLIAEX


CLIMATE REPORT
NATIONAL WEATHER SERVICE LAKE CHARLES, LA
519 PM CDT MON JUL 21 2014


...................................

...THE ALEXANDRIA CLIMATE SUMMARY FOR JULY 21 2014...
VALID TODAY AS OF 0500 PM LOCAL TIME.

CLIMATE NORMAL PERIOD 1981 TO 2010
CLIMATE RECORD PERIOD 1892 TO 2014


WEATHER ITEM   OBSERVED TIME   RECORD YEAR NORMAL DEPARTURE LAST
                VALUE   (LST)  VALUE       VALUE  FROM      YEAR
                                                  NORMAL
..................................................................
TEMPERATURE (F)
 TODAY
  MAXIMUM         91    233 PM 103    1924  92     -1       89
  MINIMUM         69    622 AM  65    1984  73     -4       71
                                      1910
                                      1903
  AVERAGE         80                        82     -2       80

PRECIPITATION (IN)
  TODAY            0.00          1.20 1917   0.09  -0.09     0.11
  MONTH TO DATE    5.10                      2.79   2.31     1.85
  SINCE JUN 1      7.98                      7.89   0.09     6.04
  SINCE JAN 1     26.20                     31.89  -5.69    31.30

DEGREE DAYS
 COOLING
  TODAY           15                        18     -3       15
  MONTH TO DATE  325                       360    -35      341
  SINCE JUN 1    798                       813    -15      822
  SINCE JAN 1   1209                      1267    -58     1215
..................................................................


WIND (MPH)
  HIGHEST WIND SPEED    13   HIGHEST WIND DIRECTION    NW (330)
  HIGHEST GUST SPEED    17   HIGHEST GUST DIRECTION     N (350)
  AVERAGE WIND SPEED     3.3


SKY COVER
  POSSIBLE SUNSHINE  MM
  AVERAGE SKY COVER 0.1


WEATHER CONDITIONS
 THE FOLLOWING WEATHER WAS RECORDED TODAY.
  FOG


RELATIVE HUMIDITY (PERCENT)
 HIGHEST   100           200 AM
 LOWEST     56           100 PM
 AVERAGE    78

..........................................................


THE ALEXANDRIA CLIMATE NORMALS FOR TOMORROW
                         NORMAL    RECORD    YEAR
 MAXIMUM TEMPERATURE (F)   92       104      1907
 MINIMUM TEMPERATURE (F)   73        64      1915


SUNRISE AND SUNSET
JULY 21 2014..........SUNRISE   620 AM CDT   SUNSET   813 PM CDT
JULY 22 2014..........SUNRISE   621 AM CDT   SUNSET   812 PM CDT


-  INDICATES NEGATIVE NUMBERS.
R  INDICATES RECORD WAS SET OR TIED.
MM INDICATES DATA IS MISSING.
T  INDICATES TRACE AMOUNT.




$$
