000
CDUS42 KCAE 262226
CLIAGS


CLIMATE REPORT
NATIONAL WEATHER SERVICE COLUMBIA SC
523 PM EST WED NOV 26 2014


...................................

...THE AUGUSTA BUSH FIELD GA CLIMATE SUMMARY FOR NOVEMBER 26 2014...
VALID TODAY AS OF 0500 PM LOCAL TIME.

CLIMATE NORMAL PERIOD 1981 TO 2010
CLIMATE RECORD PERIOD 1873 TO 2014


WEATHER ITEM   OBSERVED TIME   RECORD YEAR NORMAL DEPARTURE LAST
                VALUE   (LST)  VALUE       VALUE  FROM      YEAR
                                                  NORMAL
..................................................................
TEMPERATURE (F)
 TODAY
  MAXIMUM         62    313 PM  82    1973  66     -4       69
  MINIMUM         48    509 AM  17    1950  39      9       44
  AVERAGE         55                        52      3       57

PRECIPITATION (IN)
  TODAY            0.64          0.76 1878   0.10   0.54     0.71
  MONTH TO DATE    3.19                      2.41   0.78     1.73
  SINCE SEP 1      6.06                      8.90  -2.84     3.21
  SINCE JAN 1     34.48                     39.77  -5.29    48.53

SNOWFALL (IN)
  TODAY            0.0          MM      MM   0.0             0.0
  MONTH TO DATE    0.0                       0.0             0.0
  SINCE SEP 1      0.0                       0.0             0.0
  SINCE JUL 1      0.0                       0.0             0.0

DEGREE DAYS
 HEATING
  TODAY           10                        13     -3        8
  MONTH TO DATE  384                       254    130      280
  SINCE SEP 1    475                       368    107      356
  SINCE JUL 1    475                       368    107      356

 COOLING
  TODAY            0                         0      0        0
  MONTH TO DATE    7                        15     -8       10
  SINCE SEP 1    448                       397     51      390
  SINCE JAN 1   2099                      2085     14     1865
..................................................................


WIND (MPH)
  HIGHEST WIND SPEED    15   HIGHEST WIND DIRECTION    NW (330)
  HIGHEST GUST SPEED    20   HIGHEST GUST DIRECTION    NW (320)
  AVERAGE WIND SPEED     9.9


SKY COVER
  AVERAGE SKY COVER 0.8


WEATHER CONDITIONS
 THE FOLLOWING WEATHER WAS RECORDED TODAY.
  HEAVY RAIN
  RAIN
  LIGHT RAIN
  FOG


RELATIVE HUMIDITY (PERCENT)
 HIGHEST   100           700 AM
 LOWEST     39           400 PM
 AVERAGE    70

..........................................................


THE AUGUSTA BUSH FIELD GA CLIMATE NORMALS FOR TOMORROW
                         NORMAL    RECORD    YEAR
 MAXIMUM TEMPERATURE (F)   66        83      2001
 MINIMUM TEMPERATURE (F)   38        21      1974


SUNRISE AND SUNSET
NOVEMBER 26 2014......SUNRISE   709 AM EST   SUNSET   521 PM EST
NOVEMBER 27 2014......SUNRISE   710 AM EST   SUNSET   521 PM EST


-  INDICATES NEGATIVE NUMBERS.
R  INDICATES RECORD WAS SET OR TIED.
MM INDICATES DATA IS MISSING.
T  INDICATES TRACE AMOUNT.




$$
