000
CDUS42 KCAE 180521
CLIAGS


CLIMATE REPORT
NATIONAL WEATHER SERVICE COLUMBIA SC
121 AM EDT FRI APR 18 2014


...................................

...THE AUGUSTA REGIONAL BUSH FIELD GA CLIMATE SUMMARY FOR APRIL 17 2014...

CLIMATE NORMAL PERIOD 1981 TO 2010
CLIMATE RECORD PERIOD 1873 TO 2014


WEATHER ITEM   OBSERVED TIME   RECORD YEAR NORMAL DEPARTURE LAST
                VALUE   (LST)  VALUE       VALUE  FROM      YEAR
                                                  NORMAL
..................................................................
TEMPERATURE (F)
 YESTERDAY
  MAXIMUM         70    414 PM  93    1896  78     -8       86
  MINIMUM         36    200 AM  33    1962  48    -12       53
                                      1953
  AVERAGE         53                        63    -10       70

PRECIPITATION (IN)
  YESTERDAY        0.00          2.14 1874   0.09  -0.09     0.00
  MONTH TO DATE    1.95                      1.72   0.23     1.22
  SINCE MAR 1      4.51                      5.90  -1.39     4.33
  SINCE JAN 1     10.72                     13.73  -3.01    14.33

SNOWFALL (IN)
  YESTERDAY        0.0          MM      MM   0.0             0.0
  MONTH TO DATE    0.0                       0.0             0.0
  SINCE MAR 1      0.0                       0.0             0.0
  SINCE JUL 1      3.3                       0.9             0.0

DEGREE DAYS
 HEATING
  YESTERDAY       12                         4      8        0
  MONTH TO DATE   72                        87    -15       76
  SINCE MAR 1    472                       383     89      511
  SINCE JUL 1   2634                      2415    219     2315

 COOLING
  YESTERDAY        0                         2     -2        5
  MONTH TO DATE   18                        22     -4       28
  SINCE MAR 1     18                        37    -19       34
  SINCE JAN 1     20                        40    -20       49
..................................................................


WIND (MPH)
  HIGHEST WIND SPEED    15   HIGHEST WIND DIRECTION    NE (60)
  HIGHEST GUST SPEED    21   HIGHEST GUST DIRECTION    NE (40)
  AVERAGE WIND SPEED     5.5


SKY COVER
  AVERAGE SKY COVER 0.2


WEATHER CONDITIONS
 THE FOLLOWING WEATHER WAS RECORDED YESTERDAY.
  NO SIGNIFICANT WEATHER WAS OBSERVED.


RELATIVE HUMIDITY (PERCENT)
 HIGHEST    85           200 AM
 LOWEST     26           100 PM
 AVERAGE    56

..........................................................


THE AUGUSTA REGIONAL BUSH FIELD GA CLIMATE NORMALS FOR TODAY
                         NORMAL    RECORD    YEAR
 MAXIMUM TEMPERATURE (F)   78        91      1896
 MINIMUM TEMPERATURE (F)   49        34      2001
                                             1999


SUNRISE AND SUNSET
APRIL 18 2014.........SUNRISE   654 AM EDT   SUNSET   801 PM EDT
APRIL 19 2014.........SUNRISE   653 AM EDT   SUNSET   802 PM EDT


-  INDICATES NEGATIVE NUMBERS.
R  INDICATES RECORD WAS SET OR TIED.
MM INDICATES DATA IS MISSING.
T  INDICATES TRACE AMOUNT.




$$
