000
CDUS42 KCAE 250540
CLIAGS


CLIMATE REPORT
NATIONAL WEATHER SERVICE COLUMBIA SC
140 AM EDT FRI APR 25 2014


...................................

...THE AUGUSTA REGIONAL BUSH FIELD GA CLIMATE SUMMARY FOR APRIL 24 2014...

CLIMATE NORMAL PERIOD 1981 TO 2010
CLIMATE RECORD PERIOD 1873 TO 2014


WEATHER ITEM   OBSERVED TIME   RECORD YEAR NORMAL DEPARTURE LAST
                VALUE   (LST)  VALUE       VALUE  FROM      YEAR
                                                  NORMAL
..................................................................
TEMPERATURE (F)
 YESTERDAY
  MAXIMUM         82    443 PM  93    1925  79      3       81
  MINIMUM         44    544 AM  32    1986  50     -6       53
  AVERAGE         63                        65     -2       67

PRECIPITATION (IN)
  YESTERDAY        0.00          1.26 1896   0.08  -0.08      T
  MONTH TO DATE    4.24                      2.35   1.89     1.63
  SINCE MAR 1      6.80                      6.53   0.27     4.74
  SINCE JAN 1     13.01                     14.36  -1.35    14.74

SNOWFALL (IN)
  YESTERDAY        0.0          MM      MM   0.0             0.0
  MONTH TO DATE    0.0                       0.0             0.0
  SINCE MAR 1      0.0                       0.0             0.0
  SINCE JUL 1      3.3                       0.9             0.0

DEGREE DAYS
 HEATING
  YESTERDAY        2                         3     -1        0
  MONTH TO DATE  101                       110     -9      106
  SINCE MAR 1    501                       406     95      541
  SINCE JUL 1   2663                      2438    225     2345

 COOLING
  YESTERDAY        0                         2     -2        2
  MONTH TO DATE   20                        36    -16       39
  SINCE MAR 1     20                        51    -31       45
  SINCE JAN 1     22                        54    -32       60
..................................................................


WIND (MPH)
  HIGHEST WIND SPEED    14   HIGHEST WIND DIRECTION     E (70)
  HIGHEST GUST SPEED    21   HIGHEST GUST DIRECTION    SE (120)
  AVERAGE WIND SPEED     5.2


SKY COVER
  AVERAGE SKY COVER 0.1


WEATHER CONDITIONS
 THE FOLLOWING WEATHER WAS RECORDED YESTERDAY.
  FOG


RELATIVE HUMIDITY (PERCENT)
 HIGHEST    93          1200 AM
 LOWEST     26           400 PM
 AVERAGE    60

..........................................................


THE AUGUSTA REGIONAL BUSH FIELD GA CLIMATE NORMALS FOR TODAY
                         NORMAL    RECORD    YEAR
 MAXIMUM TEMPERATURE (F)   80        93      1885
 MINIMUM TEMPERATURE (F)   50        34      1974


SUNRISE AND SUNSET
APRIL 25 2014.........SUNRISE   646 AM EDT   SUNSET   806 PM EDT
APRIL 26 2014.........SUNRISE   645 AM EDT   SUNSET   807 PM EDT


-  INDICATES NEGATIVE NUMBERS.
R  INDICATES RECORD WAS SET OR TIED.
MM INDICATES DATA IS MISSING.
T  INDICATES TRACE AMOUNT.




$$
