000
CDUS42 KCAE 280544
CLIAGS


CLIMATE REPORT
NATIONAL WEATHER SERVICE COLUMBIA SC
143 AM EDT THU APR 28 2016


...................................

...THE AUGUSTA REGIONAL BUSH FIELD GA CLIMATE SUMMARY FOR APRIL 27 2016...

CLIMATE NORMAL PERIOD 1981 TO 2010
CLIMATE RECORD PERIOD 1873 TO 2016


WEATHER ITEM   OBSERVED TIME   RECORD YEAR NORMAL DEPARTURE LAST
                VALUE   (LST)  VALUE       VALUE  FROM      YEAR
                                                  NORMAL
..................................................................
TEMPERATURE (F)
 YESTERDAY
  MAXIMUM         88    411 PM  96    1986  80      8       74
  MINIMUM         60    458 AM  38    2000  51      9       51
                                      1977
                                      1972
  AVERAGE         74                        66      8       63

PRECIPITATION (IN)
  YESTERDAY        T             2.71 1961   0.08  -0.08     0.01
  MONTH TO DATE    4.41                      2.59   1.82     4.50
  SINCE MAR 1      7.59                      6.77   0.82     7.54
  SINCE JAN 1     13.01                     14.60  -1.59    14.34

SNOWFALL (IN)
  YESTERDAY        0.0          MM      MM   0.0             0.0
  MONTH TO DATE    0.0                       0.0             0.0
  SINCE MAR 1      0.0                       0.0             0.0
  SINCE JUL 1      0.5                       0.9              T

DEGREE DAYS
 HEATING
  YESTERDAY        0                         2     -2        2
  MONTH TO DATE   93                       117    -24       38
  SINCE MAR 1    266                       413   -147      251
  SINCE JUL 1   1843                      2445   -602     2537

 COOLING
  YESTERDAY        9                         3      6        0
  MONTH TO DATE   33                        45    -12      102
  SINCE MAR 1     84                        60     24      114
  SINCE JAN 1     87                        63     24      114
..................................................................


WIND (MPH)
  HIGHEST WIND SPEED    17   HIGHEST WIND DIRECTION    SW (210)
  HIGHEST GUST SPEED    23   HIGHEST GUST DIRECTION    SW (210)
  AVERAGE WIND SPEED     6.7


SKY COVER
  AVERAGE SKY COVER 0.1


WEATHER CONDITIONS
 THE FOLLOWING WEATHER WAS RECORDED YESTERDAY.
  LIGHT RAIN


RELATIVE HUMIDITY (PERCENT)
 HIGHEST    93           200 AM
 LOWEST     36           400 PM
 AVERAGE    65

..........................................................


THE AUGUSTA REGIONAL BUSH FIELD GA CLIMATE NORMALS FOR TODAY
                         NORMAL    RECORD    YEAR
 MAXIMUM TEMPERATURE (F)   80        91      2012
                                             1986
                                             1985
 MINIMUM TEMPERATURE (F)   51        37      2005


SUNRISE AND SUNSET
APRIL 28 2016.........SUNRISE   642 AM EDT   SUNSET   809 PM EDT
APRIL 29 2016.........SUNRISE   641 AM EDT   SUNSET   809 PM EDT


-  INDICATES NEGATIVE NUMBERS.
R  INDICATES RECORD WAS SET OR TIED.
MM INDICATES DATA IS MISSING.
T  INDICATES TRACE AMOUNT.




$$
