749
CDUS42 KCAE 272126
CLIAGS


CLIMATE REPORT
NATIONAL WEATHER SERVICE COLUMBIA SC
525 PM EDT SAT MAY 27 2017


...................................

...THE AUGUSTA BUSH FIELD GA CLIMATE SUMMARY FOR MAY 27 2017...
VALID TODAY AS OF 0500 PM LOCAL TIME.

CLIMATE NORMAL PERIOD 1981 TO 2010
CLIMATE RECORD PERIOD 1873 TO 2017


WEATHER ITEM   OBSERVED TIME   RECORD YEAR NORMAL DEPARTURE LAST
                VALUE   (LST)  VALUE       VALUE  FROM      YEAR
                                                  NORMAL
..................................................................
TEMPERATURE (F)
 TODAY
  MAXIMUM         93    355 PM  99    2000  88      5       87
                                      1916
  MINIMUM         61    536 AM  45    1979  61      0       60
  AVERAGE         77                        74      3       74

PRECIPITATION (IN)
  TODAY            0.00          2.01 1966   0.11  -0.11     0.00
  MONTH TO DATE    3.34                      2.19   1.15     3.02
  SINCE MAR 1      7.71                      9.21  -1.50    10.62
  SINCE JAN 1     19.95                     17.04   2.91    16.04

SNOWFALL (IN)
  TODAY            0.0          MM      MM   0.0             0.0
  MONTH TO DATE    0.0                       0.0             0.0
  SINCE MAR 1      0.0                       0.0             0.0
  SINCE JUL 1      T                         0.9             0.5

DEGREE DAYS
 HEATING
  TODAY            0                         0      0        0
  MONTH TO DATE    3                        18    -15       13
  SINCE MAR 1    272                       438   -166      279
  SINCE JUL 1   1407                      2470  -1063     1856

 COOLING
  TODAY           12                        10      2        9
  MONTH TO DATE  232                       170     62      160
  SINCE MAR 1    452                       240    212      275
  SINCE JAN 1    482                       243    239      278
..................................................................


WIND (MPH)
  HIGHEST WIND SPEED    20   HIGHEST WIND DIRECTION     W (270)
  HIGHEST GUST SPEED    25   HIGHEST GUST DIRECTION     W (280)
  AVERAGE WIND SPEED     6.4


SKY COVER
  AVERAGE SKY COVER 0.0


WEATHER CONDITIONS
 THE FOLLOWING WEATHER WAS RECORDED TODAY.
  FOG


RELATIVE HUMIDITY (PERCENT)
 HIGHEST    93          1200 AM
 LOWEST     30           200 PM
 AVERAGE    62

..........................................................


THE AUGUSTA BUSH FIELD GA CLIMATE NORMALS FOR TOMORROW
                         NORMAL    RECORD    YEAR
 MAXIMUM TEMPERATURE (F)   88        99      1964
 MINIMUM TEMPERATURE (F)   61        45      1961


SUNRISE AND SUNSET
MAY 27 2017...........SUNRISE   621 AM EDT   SUNSET   830 PM EDT
MAY 28 2017...........SUNRISE   621 AM EDT   SUNSET   830 PM EDT


-  INDICATES NEGATIVE NUMBERS.
R  INDICATES RECORD WAS SET OR TIED.
MM INDICATES DATA IS MISSING.
T  INDICATES TRACE AMOUNT.




$$
