000
CDUS42 KCAE 250537
CLIAGS


CLIMATE REPORT
NATIONAL WEATHER SERVICE COLUMBIA SC
137 AM EDT TUE APR 25 2017


...................................

...THE AUGUSTA REGIONAL BUSH FIELD GA CLIMATE SUMMARY FOR APRIL 24 2017...

CLIMATE NORMAL PERIOD 1981 TO 2010
CLIMATE RECORD PERIOD 1873 TO 2017


WEATHER ITEM   OBSERVED TIME   RECORD YEAR NORMAL DEPARTURE LAST
                VALUE   (LST)  VALUE       VALUE  FROM      YEAR
                                                  NORMAL
..................................................................
TEMPERATURE (F)
 YESTERDAY
  MAXIMUM         67   1109 AM  93    1925  79    -12       82
  MINIMUM         59   1159 PM  32    1986  50      9       50
  AVERAGE         63                        65     -2       66

PRECIPITATION (IN)
  YESTERDAY        1.21          1.26 1896   0.08   1.13     0.00
  MONTH TO DATE    2.58                      2.35   0.23     4.41
  SINCE MAR 1      4.35                      6.53  -2.18     7.59
  SINCE JAN 1     16.59                     14.36   2.23    13.01

SNOWFALL (IN)
  YESTERDAY        0.0          MM      MM   0.0             0.0
  MONTH TO DATE    0.0                       0.0             0.0
  SINCE MAR 1      0.0                       0.0             0.0
  SINCE JUL 1      T                         0.9             0.5

DEGREE DAYS
 HEATING
  YESTERDAY        2                         3     -1        0
  MONTH TO DATE   31                       110    -79       93
  SINCE MAR 1    269                       406   -137      266
  SINCE JUL 1   1404                      2438  -1034     1843

 COOLING
  YESTERDAY        0                         2     -2        1
  MONTH TO DATE  109                        36     73       16
  SINCE MAR 1    162                        51    111       67
  SINCE JAN 1    192                        54    138       70
..................................................................


WIND (MPH)
  HIGHEST WIND SPEED    18   HIGHEST WIND DIRECTION    NE (30)
  HIGHEST GUST SPEED    24   HIGHEST GUST DIRECTION    NE (40)
  AVERAGE WIND SPEED    10.6


SKY COVER
  AVERAGE SKY COVER 1.0


WEATHER CONDITIONS
 THE FOLLOWING WEATHER WAS RECORDED YESTERDAY.
  THUNDERSTORM
  HEAVY RAIN
  RAIN
  LIGHT RAIN
  FOG


RELATIVE HUMIDITY (PERCENT)
 HIGHEST    90           100 AM
 LOWEST     73           100 PM
 AVERAGE    82

..........................................................


THE AUGUSTA REGIONAL BUSH FIELD GA CLIMATE NORMALS FOR TODAY
                         NORMAL    RECORD    YEAR
 MAXIMUM TEMPERATURE (F)   80        93      1885
 MINIMUM TEMPERATURE (F)   50        34      1974


SUNRISE AND SUNSET
APRIL 25 2017.........SUNRISE   646 AM EDT   SUNSET   806 PM EDT
APRIL 26 2017.........SUNRISE   645 AM EDT   SUNSET   807 PM EDT


-  INDICATES NEGATIVE NUMBERS.
R  INDICATES RECORD WAS SET OR TIED.
MM INDICATES DATA IS MISSING.
T  INDICATES TRACE AMOUNT.




$$
