000
CDUS42 KCAE 182251
CLIAGS


CLIMATE REPORT
NATIONAL WEATHER SERVICE COLUMBIA SC
550 PM EST THU JAN 18 2018


...................................

...THE AUGUSTA BUSH FIELD GA CLIMATE SUMMARY FOR JANUARY 18 2018...
VALID TODAY AS OF 0500 PM LOCAL TIME.

CLIMATE NORMAL PERIOD 1981 TO 2010
CLIMATE RECORD PERIOD 1873 TO 2018


WEATHER ITEM   OBSERVED TIME   RECORD YEAR NORMAL DEPARTURE LAST
                VALUE   (LST)  VALUE       VALUE  FROM      YEAR
                                                  NORMAL
..................................................................
TEMPERATURE (F)
 TODAY
  MAXIMUM         51    451 PM  81    2017  58     -7       81
  MINIMUM         20    742 AM  14    2003  33    -13       54
  AVERAGE         36                        45     -9       68

PRECIPITATION (IN)
  TODAY            0.00          2.33 1925   0.12  -0.12     0.00
  MONTH TO DATE    0.75                      2.22  -1.47     6.43
  SINCE DEC 1      4.86                      5.61  -0.75    10.84
  SINCE JAN 1      0.75                      2.22  -1.47     6.43

SNOWFALL (IN)
  TODAY            0.0          MM      MM   0.0             0.0
  MONTH TO DATE    T                         0.3              T
  SINCE DEC 1      T                         0.4              T
  SINCE JUL 1      T                         0.4              T

DEGREE DAYS
 HEATING
  TODAY           29                        20      9        0
  MONTH TO DATE  460                       360    100      181
  SINCE DEC 1    931                       913     18      547
  SINCE JUL 1   1296                      1335    -39      818

 COOLING
  TODAY            0                         0      0        3
  MONTH TO DATE    2                         0      2       11
  SINCE DEC 1      2                         3     -1       18
  SINCE JAN 1      2                         0      2       11
..................................................................


WIND (MPH)
  HIGHEST WIND SPEED    15   HIGHEST WIND DIRECTION     N (360)
  HIGHEST GUST SPEED    19   HIGHEST GUST DIRECTION     N (350)
  AVERAGE WIND SPEED     5.5


SKY COVER
  AVERAGE SKY COVER 0.0


WEATHER CONDITIONS
 THE FOLLOWING WEATHER WAS RECORDED TODAY.
  HAZE


RELATIVE HUMIDITY (PERCENT)
 HIGHEST    67           700 AM
 LOWEST     16           400 PM
 AVERAGE    42

..........................................................


THE AUGUSTA BUSH FIELD GA CLIMATE NORMALS FOR TOMORROW
                         NORMAL    RECORD    YEAR
 MAXIMUM TEMPERATURE (F)   58        78      2001
 MINIMUM TEMPERATURE (F)   33        12      1977
                                             1976


SUNRISE AND SUNSET
JANUARY 18 2018.......SUNRISE   731 AM EST   SUNSET   546 PM EST
JANUARY 19 2018.......SUNRISE   731 AM EST   SUNSET   547 PM EST


-  INDICATES NEGATIVE NUMBERS.
R  INDICATES RECORD WAS SET OR TIED.
MM INDICATES DATA IS MISSING.
T  INDICATES TRACE AMOUNT.




$$
