000
CDUS42 KCAE 012134
CLIAGS


CLIMATE REPORT
NATIONAL WEATHER SERVICE COLUMBIA SC
532 PM EDT MON JUN 1 2015


...................................

...THE AUGUSTA BUSH FIELD GA CLIMATE SUMMARY FOR JUNE 1 2015...
VALID TODAY AS OF 0500 PM LOCAL TIME.

CLIMATE NORMAL PERIOD 1981 TO 2010
CLIMATE RECORD PERIOD 1873 TO 2015


WEATHER ITEM   OBSERVED TIME   RECORD YEAR NORMAL DEPARTURE LAST
                VALUE   (LST)  VALUE       VALUE  FROM      YEAR
                                                  NORMAL
..................................................................
TEMPERATURE (F)
 TODAY
  MAXIMUM         91    207 PM 101    1985  89      2       83
                                      1945
  MINIMUM         66    518 AM  46    1889  63      3       59
  AVERAGE         79                        76      3       71

PRECIPITATION (IN)
  TODAY            0.02          2.01 2005   0.15  -0.13     0.00
  MONTH TO DATE    0.02                      0.15  -0.13     0.00
  SINCE JUN 1      0.02                      0.15  -0.13     0.00
  SINCE JAN 1     15.65                     17.65  -2.00    18.86

SNOWFALL (IN)
  TODAY            0.0          MM      MM   0.0             0.0
  MONTH TO DATE    0.0                       0.0             0.0
  SINCE JUN 1      0.0                       0.0             0.0
  SINCE JUL 1      T                         0.9             3.3

DEGREE DAYS
 HEATING
  TODAY            0                         0      0        0
  MONTH TO DATE    0                         0      0        0
  SINCE JUN 1      0                         0      0        0
  SINCE JUL 1   2563                      2471     92     2676

 COOLING
  TODAY           14                        11      3        6
  MONTH TO DATE   14                        11      3        6
  SINCE JUN 1     14                        11      3        6
  SINCE JAN 1    375                       294     81      290
..................................................................


WIND (MPH)
  HIGHEST WIND SPEED    21   HIGHEST WIND DIRECTION     W (260)
  HIGHEST GUST SPEED    30   HIGHEST GUST DIRECTION     W (270)
  AVERAGE WIND SPEED     3.8


SKY COVER
  AVERAGE SKY COVER 0.3


WEATHER CONDITIONS
 THE FOLLOWING WEATHER WAS RECORDED TODAY.
  THUNDERSTORM
  LIGHT RAIN
  FOG


RELATIVE HUMIDITY (PERCENT)
 HIGHEST    93           300 AM
 LOWEST     44           100 PM
 AVERAGE    69

..........................................................


THE AUGUSTA BUSH FIELD GA CLIMATE NORMALS FOR TOMORROW
                         NORMAL    RECORD    YEAR
 MAXIMUM TEMPERATURE (F)   89       104      1985
 MINIMUM TEMPERATURE (F)   63        49      1972


SUNRISE AND SUNSET
JUNE  1 2015..........SUNRISE   619 AM EDT   SUNSET   832 PM EDT
JUNE  2 2015..........SUNRISE   619 AM EDT   SUNSET   833 PM EDT


-  INDICATES NEGATIVE NUMBERS.
R  INDICATES RECORD WAS SET OR TIED.
MM INDICATES DATA IS MISSING.
T  INDICATES TRACE AMOUNT.




$$
