000
CDUS42 KCAE 300542
CLIAGS


CLIMATE REPORT
NATIONAL WEATHER SERVICE COLUMBIA SC
141 AM EDT MON MAR 30 2015


...................................

...THE AUGUSTA REGIONAL BUSH FIELD GA CLIMATE SUMMARY FOR MARCH 29 2015...

CLIMATE NORMAL PERIOD 1981 TO 2010
CLIMATE RECORD PERIOD 1873 TO 2015


WEATHER ITEM   OBSERVED TIME   RECORD YEAR NORMAL DEPARTURE LAST
                VALUE   (LST)  VALUE       VALUE  FROM      YEAR
                                                  NORMAL
..................................................................
TEMPERATURE (F)
 YESTERDAY
  MAXIMUM         59    530 PM  89    1907  73    -14       79
  MINIMUM         28    639 AM  24    1955  45    -17       51
  AVERAGE         44                        59    -15       65

PRECIPITATION (IN)
  YESTERDAY        0.00          4.84 1886   0.12  -0.12     0.06
  MONTH TO DATE    2.95                      3.93  -0.98     2.56
  SINCE MAR 1      2.95                      3.93  -0.98     2.56
  SINCE JAN 1      9.75                     11.76  -2.01     8.77

SNOWFALL (IN)
  YESTERDAY        0.0          MM      MM   0.0             0.0
  MONTH TO DATE    0.0                       0.0             0.0
  SINCE MAR 1      0.0                       0.0             0.0
  SINCE JUL 1      T                         0.9             3.3

DEGREE DAYS
 HEATING
  YESTERDAY       21                         7     14        0
  MONTH TO DATE  198                       283    -85      382
  SINCE MAR 1    198                       283    -85      382
  SINCE JUL 1   2484                      2315    169     2544

 COOLING
  YESTERDAY        0                         1     -1        0
  MONTH TO DATE   12                        15     -3        0
  SINCE MAR 1     12                        15     -3        0
  SINCE JAN 1     12                        18     -6        2
..................................................................


WIND (MPH)
  HIGHEST WIND SPEED    12   HIGHEST WIND DIRECTION     E (80)
  HIGHEST GUST SPEED    16   HIGHEST GUST DIRECTION     E (90)
  AVERAGE WIND SPEED     4.3


SKY COVER
  AVERAGE SKY COVER 0.0


WEATHER CONDITIONS
 THE FOLLOWING WEATHER WAS RECORDED YESTERDAY.
  NO SIGNIFICANT WEATHER WAS OBSERVED.


RELATIVE HUMIDITY (PERCENT)
 HIGHEST    78           600 AM
 LOWEST     15           300 PM
 AVERAGE    47

..........................................................


THE AUGUSTA REGIONAL BUSH FIELD GA CLIMATE NORMALS FOR TODAY
                         NORMAL    RECORD    YEAR
 MAXIMUM TEMPERATURE (F)   74        90      1907
 MINIMUM TEMPERATURE (F)   45        28      1955


SUNRISE AND SUNSET
MARCH 30 2015.........SUNRISE   719 AM EDT   SUNSET   747 PM EDT
MARCH 31 2015.........SUNRISE   717 AM EDT   SUNSET   747 PM EDT


-  INDICATES NEGATIVE NUMBERS.
R  INDICATES RECORD WAS SET OR TIED.
MM INDICATES DATA IS MISSING.
T  INDICATES TRACE AMOUNT.




$$
