000
CDUS42 KCAE 280634
CLIAGS


CLIMATE REPORT
NATIONAL WEATHER SERVICE COLUMBIA SC
233 AM EDT TUE JUL 28 2015


...................................

...THE AUGUSTA REGIONAL BUSH FIELD GA CLIMATE SUMMARY FOR JULY 27 2015...

CLIMATE NORMAL PERIOD 1981 TO 2010
CLIMATE RECORD PERIOD 1873 TO 2015


WEATHER ITEM   OBSERVED TIME   RECORD YEAR NORMAL DEPARTURE LAST
                VALUE   (LST)  VALUE       VALUE  FROM      YEAR
                                                  NORMAL
..................................................................
TEMPERATURE (F)
 YESTERDAY
  MAXIMUM         99    422 PM 102    1936  93      6       96
  MINIMUM         67    609 AM  62    1911  70     -3       70
  AVERAGE         83                        82      1       83

PRECIPITATION (IN)
  YESTERDAY        0.00          2.27 2001   0.14  -0.14     0.00
  MONTH TO DATE    1.81                      3.73  -1.92     5.24
  SINCE JUN 1      5.31                      8.45  -3.14     7.51
  SINCE JAN 1     20.94                     25.95  -5.01    26.37

SNOWFALL (IN)
  YESTERDAY        0.0          MM      MM   0.0             0.0
  MONTH TO DATE    0.0                       0.0             0.0
  SINCE JUN 1      0.0                       0.0             0.0
  SINCE JUL 1      0.0                       0.0             0.0

DEGREE DAYS
 HEATING
  YESTERDAY        0                         0      0        0
  MONTH TO DATE    0                         0      0        0
  SINCE JUN 1      0                         0      0        0
  SINCE JUL 1      0                         0      0        0

 COOLING
  YESTERDAY       18                        17      1       18
  MONTH TO DATE  503                       451     52      427
  SINCE JUN 1    982                       859    123      851
  SINCE JAN 1   1343                      1142    201     1135
..................................................................


WIND (MPH)
  HIGHEST WIND SPEED    14   HIGHEST WIND DIRECTION    NE (30)
  HIGHEST GUST SPEED    18   HIGHEST GUST DIRECTION    NE (30)
  AVERAGE WIND SPEED     3.5


SKY COVER
  AVERAGE SKY COVER 0.1


WEATHER CONDITIONS
 THE FOLLOWING WEATHER WAS RECORDED YESTERDAY.
  FOG


RELATIVE HUMIDITY (PERCENT)
 HIGHEST   100           600 AM
 LOWEST     31           300 PM
 AVERAGE    66

..........................................................


THE AUGUSTA REGIONAL BUSH FIELD GA CLIMATE NORMALS FOR TODAY
                         NORMAL    RECORD    YEAR
 MAXIMUM TEMPERATURE (F)   93       104      1993
 MINIMUM TEMPERATURE (F)   70        60      1962


SUNRISE AND SUNSET
JULY 28 2015..........SUNRISE   638 AM EDT   SUNSET   831 PM EDT
JULY 29 2015..........SUNRISE   638 AM EDT   SUNSET   830 PM EDT


-  INDICATES NEGATIVE NUMBERS.
R  INDICATES RECORD WAS SET OR TIED.
MM INDICATES DATA IS MISSING.
T  INDICATES TRACE AMOUNT.




$$
