000
CDUS42 KCAE 232207
CLIAGS


CLIMATE REPORT
NATIONAL WEATHER SERVICE COLUMBIA SC
606 PM EDT SUN JUL 23 2017


...................................

...THE AUGUSTA BUSH FIELD GA CLIMATE SUMMARY FOR JULY 23 2017...
VALID TODAY AS OF 0500 PM LOCAL TIME.

CLIMATE NORMAL PERIOD 1981 TO 2010
CLIMATE RECORD PERIOD 1873 TO 2017


WEATHER ITEM   OBSERVED TIME   RECORD YEAR NORMAL DEPARTURE LAST
                VALUE   (LST)  VALUE       VALUE  FROM      YEAR
                                                  NORMAL
..................................................................
TEMPERATURE (F)
 TODAY
  MAXIMUM         97    357 PM 105    1952  94      3       98
  MINIMUM         79    629 AM  59    2007  70      9       70
  AVERAGE         88                        82      6       84

PRECIPITATION (IN)
  TODAY            0.00          2.33 1938   0.14  -0.14     0.02
  MONTH TO DATE    4.14                      3.16   0.98     1.05
  SINCE JUN 1      7.66                      7.88  -0.22     3.92
  SINCE JAN 1     27.61                     25.38   2.23    22.65

SNOWFALL (IN)
  TODAY            0.0          MM      MM   0.0             0.0
  MONTH TO DATE    0.0                       0.0             0.0
  SINCE JUN 1      0.0                       0.0             0.0
  SINCE JUL 1      0.0                       0.0             0.0

DEGREE DAYS
 HEATING
  TODAY            0                         0      0        0
  MONTH TO DATE    0                         0      0        0
  SINCE JUN 1      0                         0      0        0
  SINCE JUL 1      0                         0      0        0

 COOLING
  TODAY           23                        17      6       19
  MONTH TO DATE  445                       383     62      444
  SINCE JUN 1    904                       791    113      915
  SINCE JAN 1   1445                      1074    371     1230
..................................................................


WIND (MPH)
  HIGHEST WIND SPEED    14   HIGHEST WIND DIRECTION    SW (210)
  HIGHEST GUST SPEED    19   HIGHEST GUST DIRECTION    SW (220)
  AVERAGE WIND SPEED     7.9


SKY COVER
  AVERAGE SKY COVER 0.1


WEATHER CONDITIONS
 THE FOLLOWING WEATHER WAS RECORDED TODAY.
  NO SIGNIFICANT WEATHER WAS OBSERVED.


RELATIVE HUMIDITY (PERCENT)
 HIGHEST    91           500 AM
 LOWEST     45           400 PM
 AVERAGE    68

..........................................................


THE AUGUSTA BUSH FIELD GA CLIMATE NORMALS FOR TOMORROW
                         NORMAL    RECORD    YEAR
 MAXIMUM TEMPERATURE (F)   94       106      1952
 MINIMUM TEMPERATURE (F)   70        60      2007


SUNRISE AND SUNSET
JULY 23 2017..........SUNRISE   635 AM EDT   SUNSET   834 PM EDT
JULY 24 2017..........SUNRISE   635 AM EDT   SUNSET   833 PM EDT


-  INDICATES NEGATIVE NUMBERS.
R  INDICATES RECORD WAS SET OR TIED.
MM INDICATES DATA IS MISSING.
T  INDICATES TRACE AMOUNT.




$$
