000
CDUS42 KCAE 262138
CLIAGS


CLIMATE REPORT
NATIONAL WEATHER SERVICE COLUMBIA SC
537 PM EDT MON SEP 26 2016


...................................

...THE AUGUSTA BUSH FIELD GA CLIMATE SUMMARY FOR SEPTEMBER 26 2016...
VALID TODAY AS OF 0500 PM LOCAL TIME.

CLIMATE NORMAL PERIOD 1981 TO 2010
CLIMATE RECORD PERIOD 1873 TO 2016


WEATHER ITEM   OBSERVED TIME   RECORD YEAR NORMAL DEPARTURE LAST
                VALUE   (LST)  VALUE       VALUE  FROM      YEAR
                                                  NORMAL
..................................................................
TEMPERATURE (F)
 TODAY
  MAXIMUM         87    326 PM  96    1984  84      3       80
  MINIMUM         66    534 AM  44    1981  59      7       64
  AVERAGE         77                        71      6       72

PRECIPITATION (IN)
  TODAY            T             4.70 1929   0.11  -0.11     0.00
  MONTH TO DATE    4.58                      2.75   1.83     3.94
  SINCE SEP 1      4.58                      2.75   1.83     3.94
  SINCE JAN 1     31.15                     33.62  -2.47    30.33

SNOWFALL (IN)
  TODAY            0.0          MM      MM   0.0             0.0
  MONTH TO DATE    0.0                       0.0             0.0
  SINCE SEP 1      0.0                       0.0             0.0
  SINCE JUL 1      0.0                       0.0             0.0

DEGREE DAYS
 HEATING
  TODAY            0                         1     -1        0
  MONTH TO DATE    0                         1     -1        0
  SINCE SEP 1      0                         1     -1        0
  SINCE JUL 1      0                         1     -1        0

 COOLING
  TODAY           12                         7      5        7
  MONTH TO DATE  346                       272     74      271
  SINCE SEP 1    346                       272     74      271
  SINCE JAN 1   2317                      1960    357     2184
..................................................................


WIND (MPH)
  HIGHEST WIND SPEED    12   HIGHEST WIND DIRECTION    SE (130)
  HIGHEST GUST SPEED    15   HIGHEST GUST DIRECTION    SE (120)
  AVERAGE WIND SPEED     4.3


SKY COVER
  AVERAGE SKY COVER 0.5


WEATHER CONDITIONS
 THE FOLLOWING WEATHER WAS RECORDED TODAY.
  LIGHT RAIN
  FOG
  FOG W/VISIBILITY <= 1/4 MILE


RELATIVE HUMIDITY (PERCENT)
 HIGHEST   100           400 AM
 LOWEST     55           300 PM
 AVERAGE    78

..........................................................


THE AUGUSTA BUSH FIELD GA CLIMATE NORMALS FOR TOMORROW
                         NORMAL    RECORD    YEAR
 MAXIMUM TEMPERATURE (F)   84        96      1986
 MINIMUM TEMPERATURE (F)   58        45      2001


SUNRISE AND SUNSET
SEPTEMBER 26 2016.....SUNRISE   719 AM EDT   SUNSET   718 PM EDT
SEPTEMBER 27 2016.....SUNRISE   720 AM EDT   SUNSET   717 PM EDT


-  INDICATES NEGATIVE NUMBERS.
R  INDICATES RECORD WAS SET OR TIED.
MM INDICATES DATA IS MISSING.
T  INDICATES TRACE AMOUNT.




$$
