000
CDUS42 KCAE 190530
CLIAGS


CLIMATE REPORT
NATIONAL WEATHER SERVICE COLUMBIA SC
1230 AM EST SUN NOV 19 2017


...................................

...THE AUGUSTA REGIONAL BUSH FIELD GA CLIMATE SUMMARY FOR NOVEMBER 18 2017...

CLIMATE NORMAL PERIOD 1981 TO 2010
CLIMATE RECORD PERIOD 1873 TO 2017


WEATHER ITEM   OBSERVED TIME   RECORD YEAR NORMAL DEPARTURE LAST
                VALUE   (LST)  VALUE       VALUE  FROM      YEAR
                                                  NORMAL
..................................................................
TEMPERATURE (F)
 YESTERDAY
  MAXIMUM         75    313 PM  86    2013  69      6       80
  MINIMUM         36    508 AM  23    1997  41     -5       37
  AVERAGE         56                        55      1       59

PRECIPITATION (IN)
  YESTERDAY        0.00          2.22 1915   0.10  -0.10     0.00
  MONTH TO DATE    1.33                      1.61  -0.28     0.01
  SINCE SEP 1      6.44                      8.10  -1.66     6.68
  SINCE JAN 1     40.82                     38.97   1.85    33.25

SNOWFALL (IN)
  YESTERDAY        0.0          MM      MM   0.0             0.0
  MONTH TO DATE    0.0                       0.0             0.0
  SINCE SEP 1      0.0                       0.0             0.0
  SINCE JUL 1      0.0                       0.0             0.0

DEGREE DAYS
 HEATING
  YESTERDAY        9                        11     -2        6
  MONTH TO DATE  135                       157    -22      127
  SINCE SEP 1    208                       271    -63      155
  SINCE JUL 1    208                       271    -63      155

 COOLING
  YESTERDAY        0                         0      0        0
  MONTH TO DATE   25                        15     10        9
  SINCE SEP 1    575                       397    178      527
  SINCE JAN 1   2703                      2085    618     2498
..................................................................


WIND (MPH)
  HIGHEST WIND SPEED    18   HIGHEST WIND DIRECTION     S (200)
  HIGHEST GUST SPEED    27   HIGHEST GUST DIRECTION    SW (210)
  AVERAGE WIND SPEED     5.8


SKY COVER
  AVERAGE SKY COVER 0.2


WEATHER CONDITIONS
 THE FOLLOWING WEATHER WAS RECORDED YESTERDAY.
  FOG
  HAZE


RELATIVE HUMIDITY (PERCENT)
 HIGHEST   100          1200 AM
 LOWEST     46           100 PM
 AVERAGE    73

..........................................................


THE AUGUSTA REGIONAL BUSH FIELD GA CLIMATE NORMALS FOR TODAY
                         NORMAL    RECORD    YEAR
 MAXIMUM TEMPERATURE (F)   68        84      1942
 MINIMUM TEMPERATURE (F)   40        15      2014


SUNRISE AND SUNSET
NOVEMBER 19 2017......SUNRISE   703 AM EST   SUNSET   523 PM EST
NOVEMBER 20 2017......SUNRISE   704 AM EST   SUNSET   523 PM EST


-  INDICATES NEGATIVE NUMBERS.
R  INDICATES RECORD WAS SET OR TIED.
MM INDICATES DATA IS MISSING.
T  INDICATES TRACE AMOUNT.




$$
