500
CDUS42 KFFC 260821
CLIAHN


CLIMATE REPORT
NATIONAL WEATHER SERVICE PEACHTREE CITY GA
421 AM EDT MON JUN 26 2017


...................................

...THE ATHENS CLIMATE SUMMARY FOR JUNE 25 2017...

CLIMATE NORMAL PERIOD 1981 TO 2010
CLIMATE RECORD PERIOD 1898 TO 2017


WEATHER ITEM   OBSERVED TIME   RECORD YEAR NORMAL DEPARTURE LAST
                VALUE   (LST)  VALUE       VALUE  FROM      YEAR
                                                  NORMAL
..................................................................
TEMPERATURE (F)
 YESTERDAY
  MAXIMUM         85    325 PM 105    1914  90     -5      101
  MINIMUM         68   1159 PM  58    1922  68      0       72
  AVERAGE         77                        79     -2       87

PRECIPITATION (IN)
  YESTERDAY        0.00          1.37 1892   0.15  -0.15     0.00
  MONTH TO DATE    6.66                      3.43   3.23     1.66
  SINCE JUN 1      6.66                      3.43   3.23     1.66
  SINCE JAN 1     31.77                     22.54   9.23    16.84

DEGREE DAYS
 COOLING
  YESTERDAY       12                        14     -2       22
  MONTH TO DATE  293                       304    -11      393
  SINCE JUN 1    293                       304    -11      393
  SINCE JAN 1    658                       544    114      694
..................................................................


WIND (MPH)
  RESULTANT WIND SPEED   1   RESULTANT WIND DIRECTION  NW (320)
  HIGHEST WIND SPEED     9   HIGHEST WIND DIRECTION    NW (310)
  HIGHEST GUST SPEED    14   HIGHEST GUST DIRECTION    NW (310)
  AVERAGE WIND SPEED     3.1


SKY COVER
  POSSIBLE SUNSHINE  MM
  AVERAGE SKY COVER 0.1


WEATHER CONDITIONS
 THE FOLLOWING WEATHER WAS RECORDED YESTERDAY.
  FOG


RELATIVE HUMIDITY (PERCENT)
 HIGHEST   100          1200 AM
 LOWEST     60           700 PM
 AVERAGE    80

..........................................................


THE ATHENS CLIMATE NORMALS FOR TODAY
                         NORMAL    RECORD    YEAR
 MAXIMUM TEMPERATURE (F)   91       102      1914
 MINIMUM TEMPERATURE (F)   69        57      1974


SUNRISE AND SUNSET
JUNE 26 2017..........SUNRISE   624 AM EDT   SUNSET   848 PM EDT
JUNE 27 2017..........SUNRISE   624 AM EDT   SUNSET   848 PM EDT


-  INDICATES NEGATIVE NUMBERS.
R  INDICATES RECORD WAS SET OR TIED.
MM INDICATES DATA IS MISSING.
T  INDICATES TRACE AMOUNT.




$$
