000
CDUS42 KFFC 090920
CLIAHN


CLIMATE REPORT
NATIONAL WEATHER SERVICE PEACHTREE CITY GA
418 AM EST TUE FEB 9 2016


...................................

...THE ATHENS CLIMATE SUMMARY FOR FEBRUARY 8 2016...

CLIMATE NORMAL PERIOD 1981 TO 2010
CLIMATE RECORD PERIOD 1898 TO 2016


WEATHER ITEM   OBSERVED TIME   RECORD YEAR NORMAL DEPARTURE LAST
                VALUE   (LST)  VALUE       VALUE  FROM      YEAR
                                                  NORMAL
..................................................................
TEMPERATURE (F)
 YESTERDAY
  MAXIMUM         55    254 PM  77    1957  57     -2       70
  MINIMUM         35    804 AM  16    1951  35      0       37
  AVERAGE         45                        46     -1       54

PRECIPITATION (IN)
  YESTERDAY        T             2.35 1903   0.16  -0.16     0.00
  MONTH TO DATE    1.83                      1.25   0.58     0.67
  SINCE DEC 1     17.88                      9.03   8.85     8.34
  SINCE JAN 1      5.51                      5.30   0.21     3.65

SNOWFALL (IN)
  YESTERDAY       MM             0.0  2002   0.0   MM        0.0
  MONTH TO DATE    0.0                       0.2   -0.2      0.0
  SINCE DEC 1      0.1                       1.7   -1.6      0.0
  SINCE JUL 1      0.1                       1.7   -1.6      0.0
  SNOW DEPTH       0

DEGREE DAYS
 HEATING
  YESTERDAY       20                        19      1       11
  MONTH TO DATE  116                       158    -42      175
  SINCE DEC 1   1101                      1435   -334     1385
  SINCE JUL 1   1461                      1915   -454     1998
..................................................................


WIND (MPH)
  RESULTANT WIND SPEED   6   RESULTANT WIND DIRECTION   W (270)
  HIGHEST WIND SPEED    25   HIGHEST WIND DIRECTION    NW (300)
  HIGHEST GUST SPEED    35   HIGHEST GUST DIRECTION    NW (300)
  AVERAGE WIND SPEED     8.8


SKY COVER
  POSSIBLE SUNSHINE  MM
  AVERAGE SKY COVER 0.3


WEATHER CONDITIONS
 THE FOLLOWING WEATHER WAS RECORDED YESTERDAY.
  NO SIGNIFICANT WEATHER WAS OBSERVED.


RELATIVE HUMIDITY (PERCENT)
 HIGHEST    64           600 AM
 LOWEST     30           500 PM
 AVERAGE    47

..........................................................


THE ATHENS CLIMATE NORMALS FOR TODAY
                         NORMAL    RECORD    YEAR
 MAXIMUM TEMPERATURE (F)   57        79      1994
 MINIMUM TEMPERATURE (F)   35        11      1995
                                             1933


SUNRISE AND SUNSET
FEBRUARY  9 2016......SUNRISE   724 AM EST   SUNSET   611 PM EST
FEBRUARY 10 2016......SUNRISE   723 AM EST   SUNSET   612 PM EST


-  INDICATES NEGATIVE NUMBERS.
R  INDICATES RECORD WAS SET OR TIED.
MM INDICATES DATA IS MISSING.
T  INDICATES TRACE AMOUNT.




$$
