000
CDUS42 KFFC 230820
CLIAHN


CLIMATE REPORT
NATIONAL WEATHER SERVICE PEACHTREE CITY GA
419 AM EDT WED JUL 23 2014


...................................

...THE ATHENS CLIMATE SUMMARY FOR JULY 22 2014...

CLIMATE NORMAL PERIOD 1981 TO 2010
CLIMATE RECORD PERIOD 1898 TO 2014


WEATHER ITEM   OBSERVED TIME   RECORD YEAR NORMAL DEPARTURE LAST
                VALUE   (LST)  VALUE       VALUE  FROM      YEAR
                                                  NORMAL
..................................................................
TEMPERATURE (F)
 YESTERDAY
  MAXIMUM         87    451 PM 103    1932  92     -5       86
  MINIMUM         71    345 AM  58    1947  70      1       71
  AVERAGE         79                        81     -2       79

PRECIPITATION (IN)
  YESTERDAY        T             2.32 1970   0.14  -0.14     0.71
  MONTH TO DATE    4.17                      3.20   0.97     8.55
  SINCE JUN 1      7.91                      7.38   0.53    16.76
  SINCE JAN 1     27.55                     26.49   1.06    39.84

DEGREE DAYS
 COOLING
  YESTERDAY       14                        16     -2       14
  MONTH TO DATE  321                       345    -24      287
  SINCE JUN 1    739                       723     16      654
  SINCE JAN 1   1009                       963     46      833
..................................................................


WIND (MPH)
  RESULTANT WIND SPEED   3   RESULTANT WIND DIRECTION   E (80)
  HIGHEST WIND SPEED    12   HIGHEST WIND DIRECTION     E (80)
  HIGHEST GUST SPEED    14   HIGHEST GUST DIRECTION     E (70)
  AVERAGE WIND SPEED     3.3


SKY COVER
  POSSIBLE SUNSHINE  MM
  AVERAGE SKY COVER 0.6


WEATHER CONDITIONS
 THE FOLLOWING WEATHER WAS RECORDED YESTERDAY.
  LIGHT RAIN
  FOG
  HAZE


RELATIVE HUMIDITY (PERCENT)
 HIGHEST    93          1200 AM
 LOWEST     55           500 PM
 AVERAGE    74

..........................................................


THE ATHENS CLIMATE NORMALS FOR TODAY
                         NORMAL    RECORD    YEAR
 MAXIMUM TEMPERATURE (F)   92       104      1924
 MINIMUM TEMPERATURE (F)   70        60      1966


SUNRISE AND SUNSET
JULY 23 2014..........SUNRISE   638 AM EDT   SUNSET   841 PM EDT
JULY 24 2014..........SUNRISE   639 AM EDT   SUNSET   840 PM EDT


-  INDICATES NEGATIVE NUMBERS.
R  INDICATES RECORD WAS SET OR TIED.
MM INDICATES DATA IS MISSING.
T  INDICATES TRACE AMOUNT.




$$
