000
CDUS42 KFFC 010826
CLIAHN


CLIMATE REPORT
NATIONAL WEATHER SERVICE PEACHTREE CITY GA
425 AM EDT MON SEP 1 2014


...................................

...THE ATHENS CLIMATE SUMMARY FOR AUGUST 31 2014...

CLIMATE NORMAL PERIOD 1981 TO 2010
CLIMATE RECORD PERIOD 1898 TO 2014


WEATHER ITEM   OBSERVED TIME   RECORD YEAR NORMAL DEPARTURE LAST
                VALUE   (LST)  VALUE       VALUE  FROM      YEAR
                                                  NORMAL
..................................................................
TEMPERATURE (F)
 YESTERDAY
  MAXIMUM         93    408 PM  99    1912  88      5       91
  MINIMUM         72    726 AM  58    1999  68      4       70
                                      1946
  AVERAGE         83                        78      5       81

PRECIPITATION (IN)
  YESTERDAY        0.47          2.04 1917   0.10   0.37     1.16
  MONTH TO DATE    1.89                      3.53  -1.64     5.68
  SINCE JUN 1      9.85                     12.18  -2.33    23.08
  SINCE JAN 1     29.49                     31.29  -1.80    46.16

DEGREE DAYS
 COOLING
  YESTERDAY       18                        13      5       16
  MONTH TO DATE  448                       453     -5      378
  SINCE JUN 1   1315                      1315      0     1148
  SINCE JAN 1   1585                      1555     30     1327
..................................................................


WIND (MPH)
  RESULTANT WIND SPEED   0   RESULTANT WIND DIRECTION  SW (240)
  HIGHEST WIND SPEED    12   HIGHEST WIND DIRECTION     W (280)
  HIGHEST GUST SPEED    20   HIGHEST GUST DIRECTION     W (280)
  AVERAGE WIND SPEED     1.6


SKY COVER
  POSSIBLE SUNSHINE  MM
  AVERAGE SKY COVER 0.4


WEATHER CONDITIONS
 THE FOLLOWING WEATHER WAS RECORDED YESTERDAY.
  THUNDERSTORM
  HEAVY RAIN
  RAIN
  LIGHT RAIN
  FOG


RELATIVE HUMIDITY (PERCENT)
 HIGHEST   100           700 AM
 LOWEST     47           400 PM
 AVERAGE    74

..........................................................


THE ATHENS CLIMATE NORMALS FOR TODAY
                         NORMAL    RECORD    YEAR
 MAXIMUM TEMPERATURE (F)   88        99      1957
                                             1912
 MINIMUM TEMPERATURE (F)   67        56      1946


SUNRISE AND SUNSET
SEPTEMBER  1 2014.....SUNRISE   707 AM EDT   SUNSET   759 PM EDT
SEPTEMBER  2 2014.....SUNRISE   708 AM EDT   SUNSET   758 PM EDT


-  INDICATES NEGATIVE NUMBERS.
R  INDICATES RECORD WAS SET OR TIED.
MM INDICATES DATA IS MISSING.
T  INDICATES TRACE AMOUNT.




$$
