000
CDUS42 KFFC 270818
CLIAHN


CLIMATE REPORT
NATIONAL WEATHER SERVICE PEACHTREE CITY GA
418 AM EDT WED MAY 27 2015


...................................

...THE ATHENS CLIMATE SUMMARY FOR MAY 26 2015...

CLIMATE NORMAL PERIOD 1981 TO 2010
CLIMATE RECORD PERIOD 1898 TO 2015


WEATHER ITEM   OBSERVED TIME   RECORD YEAR NORMAL DEPARTURE LAST
                VALUE   (LST)  VALUE       VALUE  FROM      YEAR
                                                  NORMAL
..................................................................
TEMPERATURE (F)
 YESTERDAY
  MAXIMUM         86    334 PM  99    1911  84      2       86
  MINIMUM         66   1159 PM  41    1979  61      5       60
  AVERAGE         76                        73      3       73

PRECIPITATION (IN)
  YESTERDAY        0.79          5.47 1959   0.09   0.70     0.00
  MONTH TO DATE    0.85                      2.50  -1.65     3.23
  SINCE MAR 1     11.65                     10.08   1.57    10.77
  SINCE JAN 1     18.62                     18.61   0.01    19.41

DEGREE DAYS
 COOLING
  YESTERDAY       11                         8      3        8
  MONTH TO DATE  192                       138     54      161
  SINCE MAR 1    271                       195     76      212
  SINCE JAN 1    271                       196     75      213
..................................................................


WIND (MPH)
  RESULTANT WIND SPEED   4   RESULTANT WIND DIRECTION   E (100)
  HIGHEST WIND SPEED    25   HIGHEST WIND DIRECTION     W (250)
  HIGHEST GUST SPEED    38   HIGHEST GUST DIRECTION     W (260)
  AVERAGE WIND SPEED     4.1


SKY COVER
  POSSIBLE SUNSHINE  MM
  AVERAGE SKY COVER 0.8


WEATHER CONDITIONS
 THE FOLLOWING WEATHER WAS RECORDED YESTERDAY.
  THUNDERSTORM
  HEAVY RAIN
  RAIN
  LIGHT RAIN
  FOG
  HAZE


RELATIVE HUMIDITY (PERCENT)
 HIGHEST    93           700 PM
 LOWEST     57           200 PM
 AVERAGE    75

..........................................................


THE ATHENS CLIMATE NORMALS FOR TODAY
                         NORMAL    RECORD    YEAR
 MAXIMUM TEMPERATURE (F)   85        97      1916
 MINIMUM TEMPERATURE (F)   62        40      1961


SUNRISE AND SUNSET
MAY 27 2015...........SUNRISE   625 AM EDT   SUNSET   836 PM EDT
MAY 28 2015...........SUNRISE   625 AM EDT   SUNSET   837 PM EDT


-  INDICATES NEGATIVE NUMBERS.
R  INDICATES RECORD WAS SET OR TIED.
MM INDICATES DATA IS MISSING.
T  INDICATES TRACE AMOUNT.




$$
