000
CDUS42 KFFC 030918
CLIAHN


CLIMATE REPORT
NATIONAL WEATHER SERVICE PEACHTREE CITY GA
417 AM EST SAT DEC 3 2016


...................................

...THE ATHENS CLIMATE SUMMARY FOR DECEMBER 2 2016...

CLIMATE NORMAL PERIOD 1981 TO 2010
CLIMATE RECORD PERIOD 1898 TO 2016


WEATHER ITEM   OBSERVED TIME   RECORD YEAR NORMAL DEPARTURE LAST
                VALUE   (LST)  VALUE       VALUE  FROM      YEAR
                                                  NORMAL
..................................................................
TEMPERATURE (F)
 YESTERDAY
  MAXIMUM         64    310 PM  75    1991  59      5       62
                                      1970
                                      1922
  MINIMUM         35    702 AM  18    1924  38     -3       48
  AVERAGE         50                        48      2       55

PRECIPITATION (IN)
  YESTERDAY        0.00          3.20 2009   0.12  -0.12     0.06
  MONTH TO DATE    0.00                      0.25  -0.25     0.06
  SINCE DEC 1      0.00                      0.25  -0.25     0.06
  SINCE JAN 1     34.46                     42.85  -8.39    52.86

SNOWFALL (IN)
  YESTERDAY        0.0           0.0  2001   0.0    0.0      0.0
  MONTH TO DATE    0.0                       0.0    0.0      0.0
  SINCE DEC 1      0.0                       0.0    0.0      0.0
  SINCE JUL 1      0.0                       0.0    0.0      0.0
  SNOW DEPTH       0

DEGREE DAYS
 HEATING
  YESTERDAY       15                        17     -2       10
  MONTH TO DATE   29                        33     -4       19
  SINCE DEC 1     29                        33     -4       19
  SINCE JUL 1    315                       513   -198      379
..................................................................


WIND (MPH)
  RESULTANT WIND SPEED   5   RESULTANT WIND DIRECTION  NW (310)
  HIGHEST WIND SPEED    14   HIGHEST WIND DIRECTION    NW (300)
  HIGHEST GUST SPEED    21   HIGHEST GUST DIRECTION    NW (310)
  AVERAGE WIND SPEED     5.8


SKY COVER
  POSSIBLE SUNSHINE  MM
  AVERAGE SKY COVER 0.0


WEATHER CONDITIONS
 THE FOLLOWING WEATHER WAS RECORDED YESTERDAY.
  NO SIGNIFICANT WEATHER WAS OBSERVED.


RELATIVE HUMIDITY (PERCENT)
 HIGHEST    82           300 AM
 LOWEST     24           300 PM
 AVERAGE    53

..........................................................


THE ATHENS CLIMATE NORMALS FOR TODAY
                         NORMAL    RECORD    YEAR
 MAXIMUM TEMPERATURE (F)   59        77      1982
 MINIMUM TEMPERATURE (F)   37        18      1960
                                             1935


SUNRISE AND SUNSET
DECEMBER  3 2016......SUNRISE   722 AM EST   SUNSET   524 PM EST
DECEMBER  4 2016......SUNRISE   723 AM EST   SUNSET   524 PM EST


-  INDICATES NEGATIVE NUMBERS.
R  INDICATES RECORD WAS SET OR TIED.
MM INDICATES DATA IS MISSING.
T  INDICATES TRACE AMOUNT.




$$
