491
CDUS42 KFFC 232041
CLIAHN


CLIMATE REPORT
NATIONAL WEATHER SERVICE PEACHTREE CITY GA
441 PM EDT THU MAR 23 2017


...................................

...THE ATHENS CLIMATE SUMMARY FOR MARCH 23 2017...
VALID TODAY AS OF 0400 PM LOCAL TIME.

CLIMATE NORMAL PERIOD 1981 TO 2010
CLIMATE RECORD PERIOD 1898 TO 2017


WEATHER ITEM   OBSERVED TIME   RECORD YEAR NORMAL DEPARTURE LAST
                VALUE   (LST)  VALUE       VALUE  FROM      YEAR
                                                  NORMAL
..................................................................
TEMPERATURE (F)
 TODAY
  MAXIMUM         66    308 PM  86    1995  68     -2       75
                                      1935
                                      1907
  MINIMUM         45    632 AM  22    1888  44      1       42
                                      1885
  AVERAGE         56                        56      0       59

PRECIPITATION (IN)
  TODAY            0.00          2.40 1903   0.13  -0.13     0.00
  MONTH TO DATE    3.52                      3.34   0.18     1.26
  SINCE MAR 1      3.52                      3.34   0.18     1.26
  SINCE JAN 1     11.22                     11.87  -0.65     9.43

SNOWFALL (IN)
  TODAY            0.0           0.0  2002   0.0    0.0      0.0
                                      2001
                                      2000
  MONTH TO DATE    0.0                       0.6   -0.6      0.0
  SINCE MAR 1      0.0                       0.6   -0.6      0.0
  SINCE JUL 1      0.0                       2.7   -2.7      0.1
  SNOW DEPTH       0

DEGREE DAYS
 HEATING
  TODAY            9                         9      0        6
  MONTH TO DATE  278                       273      5      159
  SINCE MAR 1    278                       273      5      159
  SINCE JUL 1   1802                      2528   -726     2002

 COOLING
  TODAY            0                         0      0        0
  MONTH TO DATE    9                         0      9       34
  SINCE MAR 1      9                         0      9       34
  SINCE JAN 1     18                         1     17       34
..................................................................


WIND (MPH)
  HIGHEST WIND SPEED    17   HIGHEST WIND DIRECTION     E (90)
  HIGHEST GUST SPEED    24   HIGHEST GUST DIRECTION     E (80)
  AVERAGE WIND SPEED     8.8


SKY COVER
  AVERAGE SKY COVER 0.7


WEATHER CONDITIONS
 THE FOLLOWING WEATHER WAS RECORDED TODAY.
  NO SIGNIFICANT WEATHER WAS OBSERVED.


RELATIVE HUMIDITY (PERCENT)
 HIGHEST    54           400 AM
 LOWEST     33          1200 PM
 AVERAGE    44

..........................................................


THE ATHENS CLIMATE NORMALS FOR TOMORROW
                         NORMAL    RECORD    YEAR
 MAXIMUM TEMPERATURE (F)   69        89      1929
 MINIMUM TEMPERATURE (F)   44        20      1885


SUNRISE AND SUNSET
MARCH 23 2017.........SUNRISE   733 AM EDT   SUNSET   747 PM EDT
MARCH 24 2017.........SUNRISE   731 AM EDT   SUNSET   748 PM EDT


-  INDICATES NEGATIVE NUMBERS.
R  INDICATES RECORD WAS SET OR TIED.
MM INDICATES DATA IS MISSING.
T  INDICATES TRACE AMOUNT.




$$
