000
CDUS45 KCYS 290730
CLIAIA


CLIMATE REPORT
NATIONAL WEATHER SERVICE CHEYENNE WY
128 AM MDT FRI JUL 29 2016


...................................

...THE ALLIANCE NE AIRPORT CLIMATE SUMMARY FOR JULY 28 2016...

CLIMATE NORMAL PERIOD 1981 TO 2010
CLIMATE RECORD PERIOD 1896 TO 2016


WEATHER ITEM   OBSERVED TIME   RECORD YEAR NORMAL DEPARTURE LAST
                VALUE   (LST)  VALUE       VALUE  FROM      YEAR
                                                  NORMAL
..................................................................
TEMPERATURE (F)
 YESTERDAY
  MAXIMUM         78    407 PM 104    1933  89    -11       82
  MINIMUM         53    217 AM  46    2015  57     -4       46
  AVERAGE         66                        73     -7       64

PRECIPITATION (IN)
  YESTERDAY        0.79          1.25 1982   0.05   0.74     0.00
  MONTH TO DATE    2.55                      2.12   0.43     2.40
  SINCE JAN 1     12.11                     10.51   1.60    17.60

DEGREE DAYS
 HEATING
  YESTERDAY        0                         0      0        1
  MONTH TO DATE    3                         5     -2       13
  SINCE JUN 1     26                        98    -72       22
  SINCE JUL 1      3                         5     -2       13

 COOLING
  YESTERDAY        1                         9     -8        0
  MONTH TO DATE  212                       211      1      160
  SINCE JUN 1    386                       299     87      264
  SINCE JAN 1    386                       309     77      264
..................................................................


WIND (MPH)
  HIGHEST WIND SPEED    36   HIGHEST WIND DIRECTION     N (350)
  HIGHEST GUST SPEED    48   HIGHEST GUST DIRECTION     N (340)
  AVERAGE WIND SPEED     7.0


SKY COVER
  AVERAGE SKY COVER 0.3


WEATHER CONDITIONS
 THE FOLLOWING WEATHER WAS RECORDED YESTERDAY.
  THUNDERSTORM
  HEAVY RAIN
  RAIN
  LIGHT RAIN
  FOG


RELATIVE HUMIDITY (PERCENT)
 HIGHEST    93           300 AM
 LOWEST     46           600 PM
 AVERAGE    70

..........................................................


THE ALLIANCE NE AIRPORT CLIMATE NORMALS FOR TODAY
                         NORMAL    RECORD    YEAR
 MAXIMUM TEMPERATURE (F)   89       102      2006
                                             1980
                                             1933
 MINIMUM TEMPERATURE (F)   57        41      2015


SUNRISE AND SUNSET
JULY 29 2016..........SUNRISE   542 AM MDT   SUNSET   813 PM MDT
JULY 30 2016..........SUNRISE   543 AM MDT   SUNSET   812 PM MDT


-  INDICATES NEGATIVE NUMBERS.
R  INDICATES RECORD WAS SET OR TIED.
MM INDICATES DATA IS MISSING.
T  INDICATES TRACE AMOUNT.




$$
