000
CDUS45 KCYS 142137
CLIAIA


CLIMATE REPORT
NATIONAL WEATHER SERVICE CHEYENNE WY
337 PM MDT SUN SEP 14 2014


...................................

...THE ALLIANCE NE AIRPORT CLIMATE SUMMARY FOR SEPTEMBER 14 2014...
VALID AS OF 0300 PM LOCAL TIME.

CLIMATE NORMAL PERIOD 1981 TO 2010
CLIMATE RECORD PERIOD 1896 TO 2014


WEATHER ITEM   OBSERVED TIME   RECORD YEAR NORMAL DEPARTURE LAST
                VALUE   (LST)  VALUE       VALUE  FROM      YEAR
                                                  NORMAL
..................................................................
TEMPERATURE (F)
 TODAY
  MAXIMUM         72    140 PM  94    1955  77     -5       81
  MINIMUM         40    600 AM  26    1961  44     -4       56
                                      1903
  AVERAGE         56                        60     -4       69

PRECIPITATION (IN)
  TODAY            0.00          0.51 1982   0.05  -0.05     0.14
  MONTH TO DATE    0.30                      0.72  -0.42     0.71
  SINCE JAN 1     15.24                     13.13   2.11     9.77

DEGREE DAYS
 HEATING
  TODAY            9                         6      3        0
  MONTH TO DATE  111                        57     54        5
  SINCE SEP 1    111                        57     54        5
  SINCE JUL 1    148                        94     54       13

 COOLING
  TODAY            0                         1     -1        4
  MONTH TO DATE   15                        30    -15      117
  SINCE SEP 1     15                        30    -15      117
  SINCE JAN 1    477                       553    -76      776
..................................................................


WIND (MPH)
  HIGHEST WIND SPEED    18   HIGHEST WIND DIRECTION    SE (130)
  HIGHEST GUST SPEED    21   HIGHEST GUST DIRECTION    SE (130)
  AVERAGE WIND SPEED     6.1


SKY COVER
  AVERAGE SKY COVER 0.4


WEATHER CONDITIONS
 THE FOLLOWING WEATHER WAS RECORDED TODAY.
  NO SIGNIFICANT WEATHER WAS OBSERVED.


RELATIVE HUMIDITY (PERCENT)
 HIGHEST    96           200 AM
 LOWEST     53           200 PM
 AVERAGE    75

..........................................................


THE ALLIANCE NE AIRPORT CLIMATE NORMALS FOR TOMORROW
                         NORMAL    RECORD    YEAR
 MAXIMUM TEMPERATURE (F)   77        97      1948
 MINIMUM TEMPERATURE (F)   43        30      1903


SUNRISE AND SUNSET
SEPTEMBER 14 2014.....SUNRISE   630 AM MDT   SUNSET   702 PM MDT
SEPTEMBER 15 2014.....SUNRISE   631 AM MDT   SUNSET   701 PM MDT


-  INDICATES NEGATIVE NUMBERS.
R  INDICATES RECORD WAS SET OR TIED.
MM INDICATES DATA IS MISSING.
T  INDICATES TRACE AMOUNT.




$$
