000
CDUS45 KCYS 070727
CLIAIA


CLIMATE REPORT
NATIONAL WEATHER SERVICE CHEYENNE WY
127 AM MDT TUE JUL 7 2015


...................................

...THE ALLIANCE NE AIRPORT CLIMATE SUMMARY FOR JULY 6 2015...

CLIMATE NORMAL PERIOD 1981 TO 2010
CLIMATE RECORD PERIOD 1896 TO 2015


WEATHER ITEM   OBSERVED TIME   RECORD YEAR NORMAL DEPARTURE LAST
                VALUE   (LST)  VALUE       VALUE  FROM      YEAR
                                                  NORMAL
..................................................................
TEMPERATURE (F)
 YESTERDAY
  MAXIMUM         71    147 PM 106    1989  87    -16       91
                                      1973
  MINIMUM         57   1159 PM  36    1904  55      2       56
  AVERAGE         64                        71     -7       74

PRECIPITATION (IN)
  YESTERDAY        0.00          1.23 1978   0.06  -0.06     0.00
  MONTH TO DATE    0.98                      0.45   0.53     0.01
  SINCE JAN 1     16.18                      8.84   7.34    12.19

DEGREE DAYS
 HEATING
  YESTERDAY        1                         0      1        0
  MONTH TO DATE    1                         5     -4       10
  SINCE JUN 1     10                        98    -88      109
  SINCE JUL 1      1                         5     -4       10

 COOLING
  YESTERDAY        0                         6     -6        9
  MONTH TO DATE   42                        36      6       34
  SINCE JUN 1    146                       124     22       70
  SINCE JAN 1    146                       134     12       84
..................................................................


WIND (MPH)
  HIGHEST WIND SPEED    22   HIGHEST WIND DIRECTION     N (20)
  HIGHEST GUST SPEED    26   HIGHEST GUST DIRECTION     N (20)
  AVERAGE WIND SPEED    11.2


SKY COVER
  AVERAGE SKY COVER 0.9


WEATHER CONDITIONS
 THE FOLLOWING WEATHER WAS RECORDED YESTERDAY.
  FOG
  HAZE


RELATIVE HUMIDITY (PERCENT)
 HIGHEST    97           200 AM
 LOWEST     57           200 PM
 AVERAGE    77

..........................................................


THE ALLIANCE NE AIRPORT CLIMATE NORMALS FOR TODAY
                         NORMAL    RECORD    YEAR
 MAXIMUM TEMPERATURE (F)   87       103      1930
 MINIMUM TEMPERATURE (F)   55        41      1908


SUNRISE AND SUNSET
JULY  7 2015..........SUNRISE   523 AM MDT   SUNSET   829 PM MDT
JULY  8 2015..........SUNRISE   523 AM MDT   SUNSET   829 PM MDT


-  INDICATES NEGATIVE NUMBERS.
R  INDICATES RECORD WAS SET OR TIED.
MM INDICATES DATA IS MISSING.
T  INDICATES TRACE AMOUNT.




$$
