000
CDUS45 KCYS 250740
CLIAIA


CLIMATE REPORT
NATIONAL WEATHER SERVICE CHEYENNE WY
139 AM MDT THU AUG 25 2016


...................................

...THE ALLIANCE NE AIRPORT CLIMATE SUMMARY FOR AUGUST 24 2016...

CLIMATE NORMAL PERIOD 1981 TO 2010
CLIMATE RECORD PERIOD 1896 TO 2016


WEATHER ITEM   OBSERVED TIME   RECORD YEAR NORMAL DEPARTURE LAST
                VALUE   (LST)  VALUE       VALUE  FROM      YEAR
                                                  NORMAL
..................................................................
TEMPERATURE (F)
 YESTERDAY
  MAXIMUM         73    332 PM 102    1936  85    -12       87
  MINIMUM         47    320 AM  38    1917  53     -6       42
  AVERAGE         60                        69     -9       65

PRECIPITATION (IN)
  YESTERDAY        0.00          1.48 1960   0.06  -0.06     0.00
  MONTH TO DATE    1.61                      1.32   0.29     0.83
  SINCE JAN 1     13.74                     12.03   1.71    18.57

DEGREE DAYS
 HEATING
  YESTERDAY        5                         1      4        0
  MONTH TO DATE   23                        13     10       37
  SINCE JUN 1     49                       118    -69       61
  SINCE JUL 1     26                        25      1       52

 COOLING
  YESTERDAY        0                         5     -5        0
  MONTH TO DATE  131                       162    -31      148
  SINCE JUN 1    538                       484     54      426
  SINCE JAN 1    538                       494     44      426
..................................................................


WIND (MPH)
  HIGHEST WIND SPEED    18   HIGHEST WIND DIRECTION     N (340)
  HIGHEST GUST SPEED    22   HIGHEST GUST DIRECTION     N (340)
  AVERAGE WIND SPEED     5.3


SKY COVER
  AVERAGE SKY COVER 0.3


WEATHER CONDITIONS
 THE FOLLOWING WEATHER WAS RECORDED YESTERDAY.
  NO SIGNIFICANT WEATHER WAS OBSERVED.


RELATIVE HUMIDITY (PERCENT)
 HIGHEST    93           600 AM
 LOWEST     31          1200 PM
 AVERAGE    62

..........................................................


THE ALLIANCE NE AIRPORT CLIMATE NORMALS FOR TODAY
                         NORMAL    RECORD    YEAR
 MAXIMUM TEMPERATURE (F)   84       100      1991
                                             1926
 MINIMUM TEMPERATURE (F)   52        30      1910


SUNRISE AND SUNSET
AUGUST 25 2016........SUNRISE   610 AM MDT   SUNSET   735 PM MDT
AUGUST 26 2016........SUNRISE   611 AM MDT   SUNSET   734 PM MDT


-  INDICATES NEGATIVE NUMBERS.
R  INDICATES RECORD WAS SET OR TIED.
MM INDICATES DATA IS MISSING.
T  INDICATES TRACE AMOUNT.




$$
