925
CDUS45 KCYS 070734
CLIAIA


CLIMATE REPORT
NATIONAL WEATHER SERVICE CHEYENNE WY
1233 AM MST SUN FEB 7 2016


...................................

...THE ALLIANCE NE AIRPORT CLIMATE SUMMARY FOR FEBRUARY 6 2016...

CLIMATE NORMAL PERIOD 1981 TO 2010
CLIMATE RECORD PERIOD 1896 TO 2016


WEATHER ITEM   OBSERVED TIME   RECORD YEAR NORMAL DEPARTURE LAST
                VALUE   (LST)  VALUE       VALUE  FROM      YEAR
                                                  NORMAL
..................................................................
TEMPERATURE (F)
 YESTERDAY
  MAXIMUM         38    731 PM  61    1965  39     -1       53
                                      1904
  MINIMUM          9    147 AM -28    1899  11     -2       26
  AVERAGE         24                        25     -1       40

PRECIPITATION (IN)
  YESTERDAY        0.00          0.40 1919   0.01  -0.01     0.00
  MONTH TO DATE    0.05                      0.07  -0.02     0.40
  SINCE JAN 1      0.07                      0.25  -0.18     0.85

DEGREE DAYS
 HEATING
  YESTERDAY       41                        40      1       25
  MONTH TO DATE  267                       240     27      242
  SINCE DEC 1   2931                      2786    145     2753
  SINCE JUL 1   4418                      4585   -167     4461

 COOLING
  YESTERDAY        0                         0      0        0
  MONTH TO DATE    0                         0      0        0
  SINCE DEC 1      0                         0      0        0
  SINCE JAN 1      0                         0      0        0
..................................................................


WIND (MPH)
  HIGHEST WIND SPEED    31   HIGHEST WIND DIRECTION     W (270)
  HIGHEST GUST SPEED    35   HIGHEST GUST DIRECTION     W (270)
  AVERAGE WIND SPEED    15.4


SKY COVER
  AVERAGE SKY COVER 0.0


WEATHER CONDITIONS
 THE FOLLOWING WEATHER WAS RECORDED YESTERDAY.
  NO SIGNIFICANT WEATHER WAS OBSERVED.


RELATIVE HUMIDITY (PERCENT)
 HIGHEST    84           400 AM
 LOWEST     59           800 PM
 AVERAGE    72

..........................................................


THE ALLIANCE NE AIRPORT CLIMATE NORMALS FOR TODAY
                         NORMAL    RECORD    YEAR
 MAXIMUM TEMPERATURE (F)   39        65      2015
 MINIMUM TEMPERATURE (F)   12       -24      1914


SUNRISE AND SUNSET
FEBRUARY  7 2016......SUNRISE   658 AM MST   SUNSET   513 PM MST
FEBRUARY  8 2016......SUNRISE   657 AM MST   SUNSET   514 PM MST


-  INDICATES NEGATIVE NUMBERS.
R  INDICATES RECORD WAS SET OR TIED.
MM INDICATES DATA IS MISSING.
T  INDICATES TRACE AMOUNT.




$$
