000
CDUS45 KCYS 300727
CLIAIA


CLIMATE REPORT
NATIONAL WEATHER SERVICE CHEYENNE WY
127 AM MDT SUN AUG 30 2015


...................................

...THE ALLIANCE NE AIRPORT CLIMATE SUMMARY FOR AUGUST 29 2015...

CLIMATE NORMAL PERIOD 1981 TO 2010
CLIMATE RECORD PERIOD 1896 TO 2015


WEATHER ITEM   OBSERVED TIME   RECORD YEAR NORMAL DEPARTURE LAST
                VALUE   (LST)  VALUE       VALUE  FROM      YEAR
                                                  NORMAL
..................................................................
TEMPERATURE (F)
 YESTERDAY
  MAXIMUM         93    326 PM 103    2012  83     10       80
  MINIMUM         46    532 AM  38    2004  51     -5       49
  AVERAGE         70                        67      3       65

PRECIPITATION (IN)
  YESTERDAY        0.00          2.22 1963   0.05  -0.05     0.00
  MONTH TO DATE    0.83                      1.59  -0.76     2.18
  SINCE JAN 1     18.57                     12.30   6.27    14.53

DEGREE DAYS
 HEATING
  YESTERDAY        0                         2     -2        0
  MONTH TO DATE   37                        20     17        7
  SINCE JUN 1     61                       125    -64      133
  SINCE JUL 1     52                        32     20       34

 COOLING
  YESTERDAY        5                         4      1        0
  MONTH TO DATE  179                       183     -4      185
  SINCE JUN 1    457                       505    -48      443
  SINCE JAN 1    457                       515    -58      457
..................................................................


WIND (MPH)
  HIGHEST WIND SPEED    17   HIGHEST WIND DIRECTION     S (180)
  HIGHEST GUST SPEED    23   HIGHEST GUST DIRECTION     S (180)
  AVERAGE WIND SPEED     7.9


SKY COVER
  AVERAGE SKY COVER 0.0


WEATHER CONDITIONS
 THE FOLLOWING WEATHER WAS RECORDED YESTERDAY.
  NO SIGNIFICANT WEATHER WAS OBSERVED.


RELATIVE HUMIDITY (PERCENT)
 HIGHEST    93           600 AM
 LOWEST     14           100 PM
 AVERAGE    54

..........................................................


THE ALLIANCE NE AIRPORT CLIMATE NORMALS FOR TODAY
                         NORMAL    RECORD    YEAR
 MAXIMUM TEMPERATURE (F)   83       100      2000
                                             1948
 MINIMUM TEMPERATURE (F)   50        37      1992
                                             1964


SUNRISE AND SUNSET
AUGUST 30 2015........SUNRISE   614 AM MDT   SUNSET   729 PM MDT
AUGUST 31 2015........SUNRISE   615 AM MDT   SUNSET   727 PM MDT


-  INDICATES NEGATIVE NUMBERS.
R  INDICATES RECORD WAS SET OR TIED.
MM INDICATES DATA IS MISSING.
T  INDICATES TRACE AMOUNT.




$$
