000
CDUS45 KCYS 050747
CLIAIA


CLIMATE REPORT
NATIONAL WEATHER SERVICE CHEYENNE WY
1246 AM MST MON DEC 5 2016


...................................

...THE ALLIANCE NE AIRPORT CLIMATE SUMMARY FOR DECEMBER 4 2016...

CLIMATE NORMAL PERIOD 1981 TO 2010
CLIMATE RECORD PERIOD 1896 TO 2016


WEATHER ITEM   OBSERVED TIME   RECORD YEAR NORMAL DEPARTURE LAST
                VALUE   (LST)  VALUE       VALUE  FROM      YEAR
                                                  NORMAL
..................................................................
TEMPERATURE (F)
 YESTERDAY
  MAXIMUM         49    201 PM  69    1980  41      8       57
  MINIMUM         14    624 AM -16    2013  10      4       21
  AVERAGE         32                        25      7       39

PRECIPITATION (IN)
  YESTERDAY        0.00          0.56 1960   0.02  -0.02     0.00
  MONTH TO DATE    0.00                      0.07  -0.07     0.01
  SINCE JAN 1     15.83                     15.41   0.42    21.94

DEGREE DAYS
 HEATING
  YESTERDAY       33                        40     -7       26
  MONTH TO DATE  151                       157     -6      125
  SINCE DEC 1    151                       157     -6      125
  SINCE JUL 1   1481                      1956   -475     1612

 COOLING
  YESTERDAY        0                         0      0        0
  MONTH TO DATE    0                         0      0        0
  SINCE DEC 1      0                         0      0        0
  SINCE JAN 1    588                       564     24      566
..................................................................


WIND (MPH)
  HIGHEST WIND SPEED    26   HIGHEST WIND DIRECTION     W (270)
  HIGHEST GUST SPEED    32   HIGHEST GUST DIRECTION     W (260)
  AVERAGE WIND SPEED    11.5


SKY COVER
  AVERAGE SKY COVER 0.1


WEATHER CONDITIONS
 THE FOLLOWING WEATHER WAS RECORDED YESTERDAY.
  NO SIGNIFICANT WEATHER WAS OBSERVED.


RELATIVE HUMIDITY (PERCENT)
 HIGHEST    80           300 AM
 LOWEST     24           200 PM
 AVERAGE    52

..........................................................


THE ALLIANCE NE AIRPORT CLIMATE NORMALS FOR TODAY
                         NORMAL    RECORD    YEAR
 MAXIMUM TEMPERATURE (F)   40        70      1901
 MINIMUM TEMPERATURE (F)   10       -22      2013


SUNRISE AND SUNSET
DECEMBER  5 2016......SUNRISE   704 AM MST   SUNSET   420 PM MST
DECEMBER  6 2016......SUNRISE   705 AM MST   SUNSET   420 PM MST


-  INDICATES NEGATIVE NUMBERS.
R  INDICATES RECORD WAS SET OR TIED.
MM INDICATES DATA IS MISSING.
T  INDICATES TRACE AMOUNT.




$$
