000
CDUS45 KCYS 040743
CLIAIA


CLIMATE REPORT
NATIONAL WEATHER SERVICE CHEYENNE WY
137 AM MDT TUE AUG 4 2015


...................................

...THE ALLIANCE NE AIRPORT CLIMATE SUMMARY FOR AUGUST 3 2015...

CLIMATE NORMAL PERIOD 1981 TO 2010
CLIMATE RECORD PERIOD 1896 TO 2015


WEATHER ITEM   OBSERVED TIME   RECORD YEAR NORMAL DEPARTURE LAST
                VALUE   (LST)  VALUE       VALUE  FROM      YEAR
                                                  NORMAL
..................................................................
TEMPERATURE (F)
 YESTERDAY
  MAXIMUM         90    235 PM 104    1954  89      1       93
  MINIMUM         58    343 AM  40    1974  57      1       50
  AVERAGE         74                        73      1       72

PRECIPITATION (IN)
  YESTERDAY        0.00          1.20 1897   0.07  -0.07     0.00
  MONTH TO DATE    0.02                      0.19  -0.17     0.00
  SINCE JAN 1     17.76                     10.90   6.86    12.35

DEGREE DAYS
 HEATING
  YESTERDAY        0                         0      0        0
  MONTH TO DATE    0                         0      0        0
  SINCE JUN 1     24                       105    -81      126
  SINCE JUL 1     15                        12      3       27

 COOLING
  YESTERDAY        9                         8      1        7
  MONTH TO DATE   28                        24      4       18
  SINCE JUN 1    306                       346    -40      276
  SINCE JAN 1    306                       356    -50      290
..................................................................


WIND (MPH)
  HIGHEST WIND SPEED    17   HIGHEST WIND DIRECTION    SE (150)
  HIGHEST GUST SPEED    20   HIGHEST GUST DIRECTION    SE (150)
  AVERAGE WIND SPEED    10.3


SKY COVER
  AVERAGE SKY COVER 0.0


WEATHER CONDITIONS
 THE FOLLOWING WEATHER WAS RECORDED YESTERDAY.
  NO SIGNIFICANT WEATHER WAS OBSERVED.


RELATIVE HUMIDITY (PERCENT)
 HIGHEST    93           400 AM
 LOWEST     37          1200 PM
 AVERAGE    65

..........................................................


THE ALLIANCE NE AIRPORT CLIMATE NORMALS FOR TODAY
                         NORMAL    RECORD    YEAR
 MAXIMUM TEMPERATURE (F)   89       102      1947
 MINIMUM TEMPERATURE (F)   57        45      1978


SUNRISE AND SUNSET
AUGUST  4 2015........SUNRISE   547 AM MDT   SUNSET   807 PM MDT
AUGUST  5 2015........SUNRISE   548 AM MDT   SUNSET   805 PM MDT


-  INDICATES NEGATIVE NUMBERS.
R  INDICATES RECORD WAS SET OR TIED.
MM INDICATES DATA IS MISSING.
T  INDICATES TRACE AMOUNT.




$$
