000
CDUS45 KCYS 280755
CLIAIA


CLIMATE REPORT
NATIONAL WEATHER SERVICE CHEYENNE WY
154 AM MDT WED SEP 28 2016


...................................

...THE ALLIANCE NE AIRPORT CLIMATE SUMMARY FOR SEPTEMBER 27 2016...

CLIMATE NORMAL PERIOD 1981 TO 2010
CLIMATE RECORD PERIOD 1896 TO 2016


WEATHER ITEM   OBSERVED TIME   RECORD YEAR NORMAL DEPARTURE LAST
                VALUE   (LST)  VALUE       VALUE  FROM      YEAR
                                                  NORMAL
..................................................................
TEMPERATURE (F)
 YESTERDAY
  MAXIMUM         85    247 PM  92    1952  71     14       85
  MINIMUM         34    427 AM  17    1908  37     -3       45
  AVERAGE         60                        54      6       65

PRECIPITATION (IN)
  YESTERDAY        0.00          0.45 1912   0.04  -0.04     0.00
  MONTH TO DATE    1.44                      1.26   0.18     1.15
  SINCE JAN 1     15.27                     13.67   1.60    19.72

DEGREE DAYS
 HEATING
  YESTERDAY        5                        11     -6        0
  MONTH TO DATE  120                       172    -52       63
  SINCE SEP 1    120                       172    -52       63
  SINCE JUL 1    158                       209    -51      115

 COOLING
  YESTERDAY        0                         0      0        0
  MONTH TO DATE   34                        38     -4       88
  SINCE SEP 1     34                        38     -4       88
  SINCE JAN 1    587                       561     26      566
..................................................................


WIND (MPH)
  HIGHEST WIND SPEED    14   HIGHEST WIND DIRECTION    NW (320)
  HIGHEST GUST SPEED    20   HIGHEST GUST DIRECTION    NW (320)
  AVERAGE WIND SPEED     6.9


SKY COVER
  AVERAGE SKY COVER 0.0


WEATHER CONDITIONS
 THE FOLLOWING WEATHER WAS RECORDED YESTERDAY.
  NO SIGNIFICANT WEATHER WAS OBSERVED.


RELATIVE HUMIDITY (PERCENT)
 HIGHEST   100           300 AM
 LOWEST     14           300 PM
 AVERAGE    57

..........................................................


THE ALLIANCE NE AIRPORT CLIMATE NORMALS FOR TODAY
                         NORMAL    RECORD    YEAR
 MAXIMUM TEMPERATURE (F)   70        90      2010
                                             1957
                                             1953
 MINIMUM TEMPERATURE (F)   37        22      2009
                                             2006


SUNRISE AND SUNSET
SEPTEMBER 28 2016.....SUNRISE   645 AM MDT   SUNSET   637 PM MDT
SEPTEMBER 29 2016.....SUNRISE   647 AM MDT   SUNSET   635 PM MDT


-  INDICATES NEGATIVE NUMBERS.
R  INDICATES RECORD WAS SET OR TIED.
MM INDICATES DATA IS MISSING.
T  INDICATES TRACE AMOUNT.




$$
