000
CDAK48 PAKN 031140
CLIAKN

CLIMATE REPORT
NATIONAL WEATHER SERVICE KING SALMON, AK
340 AM AKDT MON AUG 3 2015

...................................
...THE KING SALMON AP CLIMATE SUMMARY FOR AUGUST 2 2015...

CLIMATE NORMAL PERIOD  1981 TO  2010
CLIMATE RECORD PERIOD  1917 TO  2015

WEATHER ITEM   OBSERVED TIME    RECORD YEAR NORMAL DEPARTURE LAST
               VALUE    (LST)   VALUE       VALUE  FROM      YEAR
                                                   NORMAL
...................................................................
TEMPERATURE
YESTERDAY
 MAXIMUM            76  0602 PM    81  2002     64      12     73
 MINIMUM            51  0248 AM    38  1992     48       3     49
 AVERAGE            64                          56       8     61

PRECIPITATION
(INCHES)
 YESTERDAY           T           0.84  2011   0.09   -0.09   0.00
 MONTH TO DATE       T                        0.18   -0.18   0.00
 SINCE JUN 1      3.95                        4.13   -0.18   5.63
 SINCE JAN 1     11.19                        8.83    2.36  10.76

SNOWFALL
(INCHES)
 YESTERDAY         0.0            0.0  2015    0.0     0.0    0.0
 MONTH TO DATE     0.0                         0.0     0.0    0.0
 SINCE JUN 1       0.0                         0.0     0.0    0.0
 SINCE JUL 1       0.0                         0.0     0.0    0.0
 SNOW DEPTH (IN)     0                                          0

DEGREE DAYS
 HEATING
  YESTERDAY          1                           9      -8      4
  MONTH TO DATE      2                          18     -16      7
  SINCE JUN 1      481                         715    -234    676
  SINCE JUL 1      232                         308     -76    245

 COOLING
  YESTERDAY          0                           0       0      0
  MONTH TO DATE      0                           0       0      0
  SINCE JUN 1        2                           0       2      0
  SINCE JAN 1        2                           0       2      0
...................................................................

WIND (MPH)
 HIGHEST WIND SPEED    12     HIGHEST WIND DIRECTION    300
 HIGHEST GUST SPEED    14     HIGHEST GUST DIRECTION    300
 AVERAGE WIND SPEED   5.1

SKY COVER
  POSSIBLE SUNSHINE    MM          AVERAGE SKY COVER     MM

WEATHER CONDITIONS
 THE FOLLOWING WEATHER WAS RECORDED YESTERDAY.
  FOG
DRIZZLE


RELATIVE HUMIDITY
 HIGHEST RH     MM PERCENT       MM
 LOWEST  RH     MM PERCENT       MM
 AVERAGE RH     MM PERCENT       MM
...................................................................

THE KING SALMON CLIMATE NORMALS FOR TODAY
                           NORMAL    RECORD   YEAR
 MAXIMUM TEMPERATURE (F)     64        78     2002
 MINIMUM TEMPERATURE (F)     48        38     2009

SUNRISE AND SUNSET
 AUG 3 2015..........SUNRISE  6:21 AM      SUNSET 10:44 PM
 AUG 4 2015..........SUNRISE  6:23 AM      SUNSET 10:42 PM

-  INDICATES NEGATIVE NUMBERS.
R  INDICATES RECORD HAS BEEN SET OR TIED.
MM INDICATES DATA IS MISSING.
T  INDICATES TRACE OF PRECIPITATION.

&&
-------------------------------------------------------------------

AMOUNT OF DAYLIGHT TODAY  (HOUR:MIN)........16 HOURS 23 MINUTES
LOSS SINCE YESTERDAY (HOUR:MIN:SEC).........-0:04:32

$$
AM AUG 15
