252
CDAK48 PAFC 250104 RRA
CLIAKN

CLIMATE REPORT
NATIONAL WEATHER SERVICE ANCHORAGE, AK
502 PM AKDT MON APR 24 2017


...................................

...THE KING SALMON CLIMATE SUMMARY FOR APRIL 24 2017...
VALID TODAY AS OF 0500 PM LOCAL TIME.

CLIMATE NORMAL PERIOD 1981 TO 2010
CLIMATE RECORD PERIOD 1917 TO 2017


WEATHER ITEM   OBSERVED TIME   RECORD YEAR NORMAL DEPARTURE LAST
                VALUE   (LST)  VALUE       VALUE  FROM      YEAR
                                                  NORMAL
..................................................................
TEMPERATURE (F)
 TODAY
  MAXIMUM         50   1200 PM  59    1936  46      4       56
  MINIMUM         37        MM  10    1955  28      9       32
  AVERAGE         44                        37      7       44

PRECIPITATION (IN)
  TODAY            0.07          1.30 1934   0.04   0.03     0.00
  MONTH TO DATE    0.56                      0.76  -0.20     0.64
  SINCE MAR 1      0.61                      1.46  -0.85     2.59
  SINCE JAN 1      1.81                      3.24  -1.43     4.03

SNOWFALL (IN)
  TODAY            0.0          MM      MM   0.1   -0.1      0.0
  MONTH TO DATE    2.9                       3.5   -0.6      0.0
  SINCE MAR 1      3.3                       9.9   -6.6      0.0
  SINCE JUL 1     26.0                      45.4  -19.4     13.1
  SNOW DEPTH       0

DEGREE DAYS
 HEATING
  TODAY           21                        28     -7       21
  MONTH TO DATE  629                       780   -151      527
  SINCE MAR 1   2253                      2046    207     1476
  SINCE JUL 1   9386                      9666   -280     7167

 COOLING
  TODAY            0                         0      0        0
  MONTH TO DATE    0                         0      0        0
  SINCE MAR 1      0                         0      0        0
  SINCE JAN 1      0                         0      0        0
..................................................................


WIND (MPH)
  RESULTANT WIND SPEED   2   RESULTANT WIND DIRECTION  NE (40)
  HIGHEST WIND SPEED     9   HIGHEST WIND DIRECTION     N (20)
  HIGHEST GUST SPEED    MM   HIGHEST GUST DIRECTION    MM
  AVERAGE WIND SPEED     2.9



WEATHER CONDITIONS
 THE FOLLOWING WEATHER WAS RECORDED TODAY.
  LIGHT RAIN


RELATIVE HUMIDITY (PERCENT)
 HIGHEST    96
 LOWEST     77
 AVERAGE    87

..........................................................


THE KING SALMON CLIMATE NORMALS FOR TOMORROW
                         NORMAL    RECORD    YEAR
 MAXIMUM TEMPERATURE (F)   46        60      2004
                                             1998
                                             1936
 MINIMUM TEMPERATURE (F)   29         8      1955


SUNRISE AND SUNSET
APRIL 24 2017.........SUNRISE   648 AM AKDT  SUNSET  1003 PM AKDT
APRIL 25 2017.........SUNRISE   645 AM AKDT  SUNSET  1005 PM AKDT

CIVIL TWILIGHT
APRIL 24 2017           START    601 AM GMT     END   1051 PM GMT
APRIL 25 2017           START    558 AM GMT     END   1054 PM GMT



-  INDICATES NEGATIVE NUMBERS.
R  INDICATES RECORD WAS SET OR TIED.
MM INDICATES DATA IS MISSING.
T  INDICATES TRACE AMOUNT.




$$
&&
------------------------------------------------------
AMOUNT OF DAYLIGHT TODAY  (HOUR:MIN)........15:15
GAIN/LOSS SINCE YESTERDAY (HOUR:MIN:SEC)....+0:04:59

$$
