301
CDAK48 PAFC 210059
CLIAKN


CLIMATE REPORT
NATIONAL WEATHER SERVICE ANCHORAGE, AK
359 PM AKST SAT JAN 20 2018


...................................

...THE KING SALMON CLIMATE SUMMARY FOR JANUARY 20 2018...
VALID TODAY AS OF 0300 PM LOCAL TIME.

CLIMATE NORMAL PERIOD 1981 TO 2010
CLIMATE RECORD PERIOD 1917 TO 2018


WEATHER ITEM   OBSERVED TIME   RECORD YEAR NORMAL DEPARTURE LAST
                VALUE   (LST)  VALUE       VALUE  FROM      YEAR
                                                  NORMAL
..................................................................
TEMPERATURE (F)
 TODAY
  MAXIMUM          8   1242 AM  45    1961  23    -15       27
  MINIMUM          3   1040 AM -33    1947   9     -6        2
  AVERAGE          6                        16    -10       15

PRECIPITATION (IN)
  TODAY            0.00          0.46 1982   0.04  -0.04     0.07
  MONTH TO DATE    1.47                      0.65   0.82     0.08
  SINCE SEP 1     11.77                      8.54   3.23     8.06
  SINCE JAN 1      1.47                      0.65   0.82     0.08

SNOWFALL (IN)
  TODAY            0.0          MM      MM   0.4   -0.4      1.4
  MONTH TO DATE    4.3                       6.5   -2.2      1.9
  SINCE SEP 1     12.4                      25.8  -13.4     12.0
  SINCE JUL 1     12.4                      25.8  -13.4     12.0
  SNOW DEPTH       4

DEGREE DAYS
 HEATING
  TODAY           59                        49     10       50
  MONTH TO DATE  713                       976   -263     1114
  SINCE DEC 1   1768                      2414   -646     2536
  SINCE JUL 1   4704                      5791  -1087     5262

 COOLING
  TODAY            0                         0      0        0
  MONTH TO DATE    0                         0      0        0
  SINCE DEC 1      0                         0      0        0
  SINCE JAN 1      0                         0      0        0
..................................................................


WIND (MPH)
  RESULTANT WIND SPEED  20   RESULTANT WIND DIRECTION   N (360)
  HIGHEST WIND SPEED    28   HIGHEST WIND DIRECTION     N (360)
  HIGHEST GUST SPEED    37   HIGHEST GUST DIRECTION     N (360)
  AVERAGE WIND SPEED    20.6



WEATHER CONDITIONS
 THE FOLLOWING WEATHER WAS RECORDED TODAY.
  NO SIGNIFICANT WEATHER WAS OBSERVED.


RELATIVE HUMIDITY (PERCENT)
 HIGHEST    76
 LOWEST     55
 AVERAGE    66

..........................................................


THE KING SALMON CLIMATE NORMALS FOR TOMORROW
                         NORMAL    RECORD    YEAR
 MAXIMUM TEMPERATURE (F)   23        47      1963
 MINIMUM TEMPERATURE (F)    9       -29      1993


SUNRISE AND SUNSET
JANUARY 20 2018.......SUNRISE   956 AM AKST  SUNSET   520 PM AKST
JANUARY 21 2018.......SUNRISE   955 AM AKST  SUNSET   522 PM AKST


-  INDICATES NEGATIVE NUMBERS.
R  INDICATES RECORD WAS SET OR TIED.
MM INDICATES DATA IS MISSING.
T  INDICATES TRACE AMOUNT.




$$
