000
CDAK48 PAKN 061001
CLIAKN

CLIMATE REPORT
NATIONAL WEATHER SERVICE KING SALMON, AK
101 AM AKST FRI MAR 6 2015

...................................
...THE KING SALMON AP CLIMATE SUMMARY FOR MARCH 5 2015...

CLIMATE NORMAL PERIOD  1981 TO  2010
CLIMATE RECORD PERIOD  1917 TO  2015

WEATHER ITEM   OBSERVED TIME    RECORD YEAR NORMAL DEPARTURE LAST
               VALUE    (LST)   VALUE       VALUE  FROM      YEAR
                                                   NORMAL
...................................................................
TEMPERATURE
YESTERDAY
 MAXIMUM            36  0534 PM    51  1943     30       6     25
 MINIMUM            28  1159 PM   -26  1994     14      14     12
 AVERAGE            32                          22      10     19

PRECIPITATION
(INCHES)
 YESTERDAY        0.00           0.38  1961   0.02   -0.02   0.01
 MONTH TO DATE    0.25                        0.12    0.13   0.01
 SINCE MAR 1      0.25                        0.12    0.13   0.01
 SINCE JAN 1      1.04                        1.90   -0.86   1.82

SNOWFALL
(INCHES)
 YESTERDAY         0.0            5.2  1961    0.2    -0.2      T
 MONTH TO DATE       T                         1.1    -1.1      T
 SINCE MAR 1       0.0                         1.1    -1.1    0.0
 SINCE JUL 1      13.7                        36.6   -22.9   26.7
 SNOW DEPTH (IN)     0                                          0

DEGREE DAYS
 HEATING
  YESTERDAY         33                          43     -10     46
  MONTH TO DATE    149                         217     -68    192
  SINCE MAR 1      149                         217     -68    192
  SINCE JUL 1     6346                        7835   -1489   6552

 COOLING
  YESTERDAY          0                           0       0      0
  MONTH TO DATE      0                           0       0      0
  SINCE MAR 1        0                           0       0      0
  SINCE JAN 1        0                           0       0      0
...................................................................

WIND (MPH)
 HIGHEST WIND SPEED    10     HIGHEST WIND DIRECTION    260
 HIGHEST GUST SPEED    12     HIGHEST GUST DIRECTION    280
 AVERAGE WIND SPEED   3.8

SKY COVER
  POSSIBLE SUNSHINE    MM          AVERAGE SKY COVER     MM

WEATHER CONDITIONS
 THE FOLLOWING WEATHER WAS RECORDED YESTERDAY.
  FOG


RELATIVE HUMIDITY
 HIGHEST RH     MM PERCENT       MM
 LOWEST  RH     MM PERCENT       MM
 AVERAGE RH     MM PERCENT       MM
...................................................................

THE KING SALMON CLIMATE NORMALS FOR TODAY
                           NORMAL    RECORD   YEAR
 MAXIMUM TEMPERATURE (F)     31        47     1984
 MINIMUM TEMPERATURE (F)     14       -26     1971

SUNRISE AND SUNSET
 MAR 6 2015..........SUNRISE  8:09 AM      SUNSET  7:09 PM
 MAR 7 2015..........SUNRISE  8:06 AM      SUNSET  7:11 PM

-  INDICATES NEGATIVE NUMBERS.
R  INDICATES RECORD HAS BEEN SET OR TIED.
MM INDICATES DATA IS MISSING.
T  INDICATES TRACE OF PRECIPITATION.

&&
-------------------------------------------------------------------

AMOUNT OF DAYLIGHT TODAY  (HOUR:MIN)........11 HOURS 0 MINUTES
GAIN/LOSS SINCE YESTERDAY (HOUR:MIN:SEC)....+0:05:10

$$
DJH MAR 15
