000
CDAK48 PAFC 240054
CLIAKN


CLIMATE REPORT
NATIONAL WEATHER SERVICE ANCHORAGE, AK
454 PM AKDT WED AUG 23 2017


...................................

...THE KING SALMON CLIMATE SUMMARY FOR AUGUST 23 2017...
VALID TODAY AS OF 0400 PM LOCAL TIME.

CLIMATE NORMAL PERIOD 1981 TO 2010
CLIMATE RECORD PERIOD 1917 TO 2017


WEATHER ITEM   OBSERVED TIME   RECORD YEAR NORMAL DEPARTURE LAST
                VALUE   (LST)  VALUE       VALUE  FROM      YEAR
                                                  NORMAL
..................................................................
TEMPERATURE (F)
 TODAY
  MAXIMUM         54        MM  76    1979  62     -8       70
  MINIMUM         49        MM  33    2011  46      3       55
  AVERAGE         52                        54     -2       63

PRECIPITATION (IN)
  TODAY            0.03          1.25 1928   0.10  -0.07     0.16
  MONTH TO DATE    1.91                      2.14  -0.23     4.66
  SINCE JUN 1      6.15                      6.09   0.06    10.43
  SINCE JAN 1      9.22                     10.79  -1.57    17.84

SNOWFALL (IN)
  TODAY            0.0          MM      MM   0.0    0.0      0.0
  MONTH TO DATE    0.0                       0.0    0.0      0.0
  SINCE JUN 1      0.0                       T      0.0      0.0
  SINCE JUL 1      0.0                       0.0    0.0      0.0
  SNOW DEPTH       0

DEGREE DAYS
 HEATING
  TODAY           13                        11      2        2
  MONTH TO DATE  192                       229    -37      115
  SINCE JUN 1    732                       929   -197      540
  SINCE JUL 1    402                       522   -120      281

 COOLING
  TODAY            0                         0      0        0
  MONTH TO DATE    0                         0      0        0
  SINCE JUN 1      1                         0      1        0
  SINCE JAN 1      1                         0      1        0
..................................................................


WIND (MPH)
  RESULTANT WIND SPEED   5   RESULTANT WIND DIRECTION   S (180)
  HIGHEST WIND SPEED    10   HIGHEST WIND DIRECTION    SW (220)
  HIGHEST GUST SPEED    MM   HIGHEST GUST DIRECTION    MM
  AVERAGE WIND SPEED     6.2



WEATHER CONDITIONS
 THE FOLLOWING WEATHER WAS RECORDED TODAY.
  LIGHT RAIN
  FOG


RELATIVE HUMIDITY (PERCENT)
 HIGHEST   100
 LOWEST     86
 AVERAGE    93

..........................................................


THE KING SALMON CLIMATE NORMALS FOR TOMORROW
                         NORMAL    RECORD    YEAR
 MAXIMUM TEMPERATURE (F)   62        78      1957
 MINIMUM TEMPERATURE (F)   46        32      1961


SUNRISE AND SUNSET
AUGUST 23 2017........SUNRISE   706 AM AKDT  SUNSET   951 PM AKDT
AUGUST 24 2017........SUNRISE   708 AM AKDT  SUNSET   948 PM AKDT


-  INDICATES NEGATIVE NUMBERS.
R  INDICATES RECORD WAS SET OR TIED.
MM INDICATES DATA IS MISSING.
T  INDICATES TRACE AMOUNT.




$$
