764
CDAK48 PAFC 280038 RRA
CLIAKN

CLIMATE REPORT
NATIONAL WEATHER SERVICE ANCHORAGE, AK
437 PM AKDT TUE SEP 27 2016


...................................

...THE KING SALMON CLIMATE SUMMARY FOR SEPTEMBER 27 2016...
VALID TODAY AS OF 0400 PM LOCAL TIME.

CLIMATE NORMAL PERIOD 1981 TO 2010
CLIMATE RECORD PERIOD 1917 TO 2016


WEATHER ITEM   OBSERVED TIME   RECORD YEAR NORMAL DEPARTURE LAST
                VALUE   (LST)  VALUE       VALUE  FROM      YEAR
                                                  NORMAL
..................................................................
TEMPERATURE (F)
 TODAY
  MAXIMUM         58        MM  64    1947  51      7       62
  MINIMUM         25        MM  17    2010  35    -10       53
  AVERAGE         42                        43     -1       58

PRECIPITATION (IN)
  TODAY            0.00          0.87 1968   0.10  -0.10     0.16
  MONTH TO DATE    4.80                      2.90   1.90     2.92
  SINCE SEP 1      4.80                      2.90   1.90     2.92
  SINCE JAN 1     22.77                     14.50   8.27    15.86

SNOWFALL (IN)
  TODAY            0.0          MM      MM   0.0    0.0      0.0
  MONTH TO DATE    0.0                       0.1   -0.1      0.0
  SINCE SEP 1      0.0                       0.1   -0.1      0.0
  SINCE JUL 1      0.0                       0.1   -0.1      0.0
  SNOW DEPTH       0

DEGREE DAYS
 HEATING
  TODAY           23                        22      1        7
  MONTH TO DATE  354                       453    -99      402
  SINCE SEP 1    354                       453    -99      402
  SINCE JUL 1    671                      1069   -398      889

 COOLING
  TODAY            0                         0      0        0
  MONTH TO DATE    0                         0      0        0
  SINCE SEP 1      0                         0      0        0
  SINCE JAN 1      0                         1     -1        2
..................................................................


WIND (MPH)
  RESULTANT WIND SPEED   2   RESULTANT WIND DIRECTION   N (340)
  HIGHEST WIND SPEED     7   HIGHEST WIND DIRECTION     N (340)
  HIGHEST GUST SPEED    MM   HIGHEST GUST DIRECTION    MM
  AVERAGE WIND SPEED     3.1



WEATHER CONDITIONS
 THE FOLLOWING WEATHER WAS RECORDED TODAY.
  FOG
  FOG W/VISIBILITY <= 1/4 MILE


RELATIVE HUMIDITY (PERCENT)
 HIGHEST   100
 LOWEST     47
 AVERAGE    74

..........................................................


THE KING SALMON CLIMATE NORMALS FOR TOMORROW
                         NORMAL    RECORD    YEAR
 MAXIMUM TEMPERATURE (F)   50        63      1929
 MINIMUM TEMPERATURE (F)   34        22      1996
                                             1994


SUNRISE AND SUNSET
SEPTEMBER 27 2016.....SUNRISE   824 AM AKDT  SUNSET   809 PM AKDT
SEPTEMBER 28 2016.....SUNRISE   826 AM AKDT  SUNSET   806 PM AKDT

CIVIL TWILIGHT
SEPTEMBER 27 2016       START   716 AM AKDT     END   825 PM AKDT
SEPTEMBER 28 2016       START   718 AM AKDT     END   822 PM AKDT



-  INDICATES NEGATIVE NUMBERS.
R  INDICATES RECORD WAS SET OR TIED.
MM INDICATES DATA IS MISSING.
T  INDICATES TRACE AMOUNT.




$$
&&
------------------------------------------------------
AMOUNT OF DAYLIGHT TODAY  (HOUR:MIN)........11:44
GAIN/LOSS SINCE YESTERDAY (HOUR:MIN:SEC)....-0:05:39
