000
CDUS45 KBOU 220725
CLIAKO


CLIMATE REPORT
NATIONAL WEATHER SERVICE DENVER/BOULDER CO
125 AM MDT THU JUN 22 2017


...................................

...THE AKRON CO CLIMATE SUMMARY FOR JUNE 21 2017...

CLIMATE NORMAL PERIOD 1981 TO 2010
CLIMATE RECORD PERIOD 9999 TO 9999


WEATHER ITEM   OBSERVED TIME   RECORD YEAR NORMAL DEPARTURE LAST
                VALUE   (LST)  VALUE       VALUE  FROM      YEAR
                                                  NORMAL
..................................................................
TEMPERATURE (F)
 YESTERDAY
  MAXIMUM         99    301 PM 100    1937  84     15
  MINIMUM         68    512 AM  44    1947  55     13
  AVERAGE         84                        69     15

PRECIPITATION (IN)
  YESTERDAY        0.00          1.04 1964   0.07  -0.07     0.00
  MONTH TO DATE    0.48                      1.86  -1.38     2.42
  SINCE JUN 1      0.48                      1.86  -1.38     2.42
  SINCE JAN 1      7.13                      8.04  -0.91     8.93

DEGREE DAYS
 HEATING
  YESTERDAY        0
  MONTH TO DATE    3

 COOLING
  YESTERDAY       19
  MONTH TO DATE  112
..................................................................


WIND (MPH)
  HIGHEST WIND SPEED    26   HIGHEST WIND DIRECTION    NW (320)
  HIGHEST GUST SPEED    33   HIGHEST GUST DIRECTION    NW (300)




RELATIVE HUMIDITY (PERCENT)
 HIGHEST    47
 LOWEST      8
 AVERAGE    28

..........................................................


THE AKRON CO CLIMATE NORMALS FOR TODAY
                         NORMAL    RECORD    YEAR
 MAXIMUM TEMPERATURE (F)   84        98      1937
 MINIMUM TEMPERATURE (F)   55        38      1957


SUNRISE AND SUNSET
JUNE 22 2017..........SUNRISE   524 AM MDT   SUNSET   826 PM MDT
JUNE 23 2017..........SUNRISE   524 AM MDT   SUNSET   826 PM MDT


-  INDICATES NEGATIVE NUMBERS.
R  INDICATES RECORD WAS SET OR TIED.
MM INDICATES DATA IS MISSING.
T  INDICATES TRACE AMOUNT.




$$
