000
CDUS45 KBOU 240725
CLIAKO


CLIMATE REPORT
NATIONAL WEATHER SERVICE DENVER/BOULDER CO
125 AM MDT THU AUG 24 2017


...................................

...THE AKRON CO CLIMATE SUMMARY FOR AUGUST 23 2017...

CLIMATE NORMAL PERIOD 1981 TO 2010
CLIMATE RECORD PERIOD 9999 TO 9999


WEATHER ITEM   OBSERVED TIME   RECORD YEAR NORMAL DEPARTURE LAST
                VALUE   (LST)  VALUE       VALUE  FROM      YEAR
                                                  NORMAL
..................................................................
TEMPERATURE (F)
 YESTERDAY
  MAXIMUM         92    311 PM  98    2006  85      7
  MINIMUM         55    515 AM  41    1964  57     -2
  AVERAGE         74                        71      3

PRECIPITATION (IN)
  YESTERDAY        T             0.44 1992   0.07  -0.07     0.00
  MONTH TO DATE    2.28                      1.83   0.45     1.36
  SINCE JUN 1      5.11                      6.84  -1.73     7.99
  SINCE JAN 1     11.76                     13.02  -1.26    14.50

DEGREE DAYS
 HEATING
  YESTERDAY        0
  MONTH TO DATE    9

 COOLING
  YESTERDAY        9
  MONTH TO DATE  119
..................................................................


WIND (MPH)
  HIGHEST WIND SPEED    21   HIGHEST WIND DIRECTION    SW (210)
  HIGHEST GUST SPEED    26   HIGHEST GUST DIRECTION     S (200)




RELATIVE HUMIDITY (PERCENT)
 HIGHEST    86
 LOWEST     22
 AVERAGE    54

..........................................................


THE AKRON CO CLIMATE NORMALS FOR TODAY
                         NORMAL    RECORD    YEAR
 MAXIMUM TEMPERATURE (F)   85        98      1955
 MINIMUM TEMPERATURE (F)   57        45      1968


SUNRISE AND SUNSET
AUGUST 24 2017........SUNRISE   613 AM MDT   SUNSET   736 PM MDT
AUGUST 25 2017........SUNRISE   614 AM MDT   SUNSET   735 PM MDT


-  INDICATES NEGATIVE NUMBERS.
R  INDICATES RECORD WAS SET OR TIED.
MM INDICATES DATA IS MISSING.
T  INDICATES TRACE AMOUNT.




$$
