000
CDUS45 KBOU 310725
CLIAKO


CLIMATE REPORT
NATIONAL WEATHER SERVICE DENVER/BOULDER CO
125 AM MDT WED AUG 31 2016


...................................

...THE AKRON CO CLIMATE SUMMARY FOR AUGUST 30 2016...

CLIMATE NORMAL PERIOD 1981 TO 2010
CLIMATE RECORD PERIOD 9999 TO 9999


WEATHER ITEM   OBSERVED TIME   RECORD YEAR NORMAL DEPARTURE LAST
                VALUE   (LST)  VALUE       VALUE  FROM      YEAR
                                                  NORMAL
..................................................................
TEMPERATURE (F)
 YESTERDAY
  MAXIMUM         82    107 PM  99    1990  83     -1
  MINIMUM         54    501 AM  43    1964  56     -2
  AVERAGE         68                        70     -2

PRECIPITATION (IN)
  YESTERDAY        T             0.72 1954   0.06  -0.06     0.00
  MONTH TO DATE    1.39                      2.24  -0.85     0.65
  SINCE JUN 1      8.02                      7.25   0.77     3.52
  SINCE JAN 1     14.53                     13.43   1.10    11.53

DEGREE DAYS
 HEATING
  YESTERDAY        0
  MONTH TO DATE   17

 COOLING
  YESTERDAY        3
  MONTH TO DATE  195
..................................................................


WIND (MPH)
  HIGHEST WIND SPEED    24   HIGHEST WIND DIRECTION    NE (40)
  HIGHEST GUST SPEED    29   HIGHEST GUST DIRECTION    NE (50)




RELATIVE HUMIDITY (PERCENT)
 HIGHEST    93
 LOWEST     33
 AVERAGE    63

..........................................................


THE AKRON CO CLIMATE NORMALS FOR TODAY
                         NORMAL    RECORD    YEAR
 MAXIMUM TEMPERATURE (F)   83        98      2011
 MINIMUM TEMPERATURE (F)   55        39      1944


SUNRISE AND SUNSET
AUGUST 31 2016........SUNRISE   620 AM MDT   SUNSET   725 PM MDT
SEPTEMBER  1 2016.....SUNRISE   621 AM MDT   SUNSET   724 PM MDT


-  INDICATES NEGATIVE NUMBERS.
R  INDICATES RECORD WAS SET OR TIED.
MM INDICATES DATA IS MISSING.
T  INDICATES TRACE AMOUNT.




$$
