000
CDUS45 KBOU 200725
CLIAKO


CLIMATE REPORT
NATIONAL WEATHER SERVICE DENVER/BOULDER CO
1225 AM MST MON FEB 20 2017


...................................

...THE AKRON CO CLIMATE SUMMARY FOR FEBRUARY 19 2017...

CLIMATE NORMAL PERIOD 1981 TO 2010
CLIMATE RECORD PERIOD 9999 TO 9999


WEATHER ITEM   OBSERVED TIME   RECORD YEAR NORMAL DEPARTURE LAST
                VALUE   (LST)  VALUE       VALUE  FROM      YEAR
                                                  NORMAL
..................................................................
TEMPERATURE (F)
 YESTERDAY
  MAXIMUM         67    135 PM  70    1986  44     23
  MINIMUM         42    711 AM -11    1942  20     22
  AVERAGE         55                        32     23

PRECIPITATION (IN)
  YESTERDAY        0.00          0.52 1951   0.02  -0.02     0.00
  MONTH TO DATE    T                         0.27  -0.27     0.02
  SINCE DEC 1      0.25                      0.97  -0.72     0.13
  SINCE JAN 1      0.11                      0.57  -0.46     0.11

DEGREE DAYS
 HEATING
  YESTERDAY       10
  MONTH TO DATE  472

 COOLING
  YESTERDAY        0
  MONTH TO DATE    0
..................................................................


WIND (MPH)
  HIGHEST WIND SPEED    35   HIGHEST WIND DIRECTION    NW (320)
  HIGHEST GUST SPEED    42   HIGHEST GUST DIRECTION    NW (300)




RELATIVE HUMIDITY (PERCENT)
 HIGHEST    60
 LOWEST     19
 AVERAGE    40

..........................................................


THE AKRON CO CLIMATE NORMALS FOR TODAY
                         NORMAL    RECORD    YEAR
 MAXIMUM TEMPERATURE (F)   45        71      1958
 MINIMUM TEMPERATURE (F)   21        -2      1953


SUNRISE AND SUNSET
FEBRUARY 20 2017......SUNRISE   639 AM MST   SUNSET   535 PM MST
FEBRUARY 21 2017......SUNRISE   637 AM MST   SUNSET   536 PM MST


-  INDICATES NEGATIVE NUMBERS.
R  INDICATES RECORD WAS SET OR TIED.
MM INDICATES DATA IS MISSING.
T  INDICATES TRACE AMOUNT.




$$
