000
CDUS45 KBOU 281104
CLIAKO

CLIMATE REPORT
NATIONAL WEATHER SERVICE BOULDER, CO
125 AM MDT MON JUL 28 2014


...................................

...THE AKRON CO CLIMATE SUMMARY FOR JULY 27 2014...

CLIMATE NORMAL PERIOD 1981 TO 2010

WEATHER ITEM   OBSERVED TIME   RECORD YEAR NORMAL DEPARTURE LAST
                VALUE   (LST)  VALUE       VALUE  FROM      YEAR
                                                  NORMAL
..................................................................
TEMPERATURE (F)
 YESTERDAY
  MAXIMUM         86    313 PM  99    1952  88     -2
  MINIMUM         61    534 AM  50    1988  60      1
  AVERAGE         74                        74      0

PRECIPITATION (IN)
  YESTERDAY        0.00          1.94 1982   0.09  -0.09      T
  MONTH TO DATE    1.12                      2.20  -1.08     3.16
  SINCE JUN 1      4.94                      4.66   0.28     4.36
  SINCE JAN 1      9.64                     10.84  -1.20     8.25

DEGREE DAYS
 HEATING
  YESTERDAY        0
  MONTH TO DATE   10

 COOLING
  YESTERDAY        9
  MONTH TO DATE  265
..................................................................


WIND (MPH)
  HIGHEST WIND SPEED    21   HIGHEST WIND DIRECTION     S (160)
  HIGHEST GUST SPEED    27   HIGHEST GUST DIRECTION     S (160)




RELATIVE HUMIDITY (PERCENT)
 HIGHEST   100
 LOWEST     25
 AVERAGE    63

..........................................................


THE AKRON CO CLIMATE NORMALS FOR TODAY
                         NORMAL    RECORD    YEAR
 MAXIMUM TEMPERATURE (F)   88       100      1959
 MINIMUM TEMPERATURE (F)   60        50      1971


SUNRISE AND SUNSET
JULY 28 2014..........SUNRISE   547 AM MDT   SUNSET   811 PM MDT
JULY 29 2014..........SUNRISE   548 AM MDT   SUNSET   810 PM MDT


-  INDICATES NEGATIVE NUMBERS.
R  INDICATES RECORD WAS SET OR TIED.
MM INDICATES DATA IS MISSING.
T  INDICATES TRACE AMOUNT.




$$
