000
CDUS45 KBOU 050725
CLIAKO


CLIMATE REPORT
NATIONAL WEATHER SERVICE DENVER/BOULDER CO
1225 AM MST MON DEC 5 2016


...................................

...THE AKRON CO CLIMATE SUMMARY FOR DECEMBER 4 2016...

CLIMATE NORMAL PERIOD 1981 TO 2010
CLIMATE RECORD PERIOD 9999 TO 9999


WEATHER ITEM   OBSERVED TIME   RECORD YEAR NORMAL DEPARTURE LAST
                VALUE   (LST)  VALUE       VALUE  FROM      YEAR
                                                  NORMAL
..................................................................
TEMPERATURE (F)
 YESTERDAY
  MAXIMUM         51    313 PM  71    1980  41     10
  MINIMUM         16    648 AM  -8    2013  18     -2
  AVERAGE         34                        30      4

PRECIPITATION (IN)
  YESTERDAY        0.00          0.29 1958   0.01  -0.01     0.00
  MONTH TO DATE    0.00                      0.07  -0.07     0.00
  SINCE DEC 1      0.00                      0.07  -0.07     0.00
  SINCE JAN 1     16.65                     16.41   0.24    13.29

DEGREE DAYS
 HEATING
  YESTERDAY       31
  MONTH TO DATE  138

 COOLING
  YESTERDAY        0
  MONTH TO DATE    0
..................................................................


WIND (MPH)
  HIGHEST WIND SPEED    21   HIGHEST WIND DIRECTION     S (200)
  HIGHEST GUST SPEED    26   HIGHEST GUST DIRECTION     S (200)




RELATIVE HUMIDITY (PERCENT)
 HIGHEST    62
 LOWEST     14
 AVERAGE    38

..........................................................


THE AKRON CO CLIMATE NORMALS FOR TODAY
                         NORMAL    RECORD    YEAR
 MAXIMUM TEMPERATURE (F)   41        68      1939
 MINIMUM TEMPERATURE (F)   18       -20      1972


SUNRISE AND SUNSET
DECEMBER  5 2016......SUNRISE   700 AM MST   SUNSET   427 PM MST
DECEMBER  6 2016......SUNRISE   701 AM MST   SUNSET   427 PM MST


-  INDICATES NEGATIVE NUMBERS.
R  INDICATES RECORD WAS SET OR TIED.
MM INDICATES DATA IS MISSING.
T  INDICATES TRACE AMOUNT.




$$
