890
CDUS41 KALY 240623
CLIALB


CLIMATE REPORT
NATIONAL WEATHER SERVICE ALBANY NY
222 AM EDT TUE MAY 24 2016


...................................

...THE ALBANY NY CLIMATE SUMMARY FOR MAY 23 2016...

CLIMATE NORMAL PERIOD 1981 TO 2010
CLIMATE RECORD PERIOD 1874 TO 2016


WEATHER ITEM   OBSERVED TIME   RECORD YEAR NORMAL DEPARTURE LAST
                VALUE   (LST)  VALUE       VALUE  FROM      YEAR
                                                  NORMAL
..................................................................
TEMPERATURE (F)
 YESTERDAY
  MAXIMUM         81    429 PM  93    1964  72      9       65
  MINIMUM         51    405 AM  36    1967  49      2       38
  AVERAGE         66                        60      6       52

PRECIPITATION (IN)
  YESTERDAY        0.00          1.43   MM   0.14  -0.14     0.00
  MONTH TO DATE    1.79                      2.60  -0.81     0.31
  SINCE MAR 1      4.81                      8.98  -4.17     3.66
  SINCE JAN 1     10.12                     13.77  -3.65     7.98

SNOWFALL (IN)
  YESTERDAY        0.0           0.0    MM   0.0    0.0      0.0
  MONTH TO DATE    0.0                       0.1   -0.1      0.0
  SINCE MAR 1      6.6                      13.4   -6.8      5.3
  SINCE JUL 1     16.9                      60.3  -43.4     75.9
  SNOW DEPTH       0

DEGREE DAYS
 HEATING
  YESTERDAY        0                         6     -6       13
  MONTH TO DATE  231                       196     35       89
  SINCE MAR 1   1482                      1645   -163     1685
  SINCE JUL 1   5411                      6589  -1178     6815

 COOLING
  YESTERDAY        1                         1      0        0
  MONTH TO DATE    1                        12    -11       63
  SINCE MAR 1      3                        16    -13       63
  SINCE JAN 1      3                        16    -13       63
..................................................................


WIND (MPH)
  HIGHEST WIND SPEED    21   HIGHEST WIND DIRECTION    NE (40)
  HIGHEST GUST SPEED    26   HIGHEST GUST DIRECTION    NE (30)
  AVERAGE WIND SPEED     6.8


SKY COVER
  AVERAGE SKY COVER 0.4



RELATIVE HUMIDITY (PERCENT)
 HIGHEST   100
 LOWEST     18
 AVERAGE    59

..........................................................


THE ALBANY NY CLIMATE NORMALS FOR TODAY
                         NORMAL    RECORD    YEAR
 MAXIMUM TEMPERATURE (F)   72        92      1964
 MINIMUM TEMPERATURE (F)   50        29      1963


SUNRISE AND SUNSET
MAY 24 2016...........SUNRISE   524 AM EDT   SUNSET   820 PM EDT
MAY 25 2016...........SUNRISE   524 AM EDT   SUNSET   821 PM EDT


-  INDICATES NEGATIVE NUMBERS.
R  INDICATES RECORD WAS SET OR TIED.
MM INDICATES DATA IS MISSING.
T  INDICATES TRACE AMOUNT.




$$
