000
CDUS41 KALY 180623
CLIALB


CLIMATE REPORT
NATIONAL WEATHER SERVICE ALBANY NY
223 AM EDT THU SEP 18 2014


...................................

...THE ALBANY NY CLIMATE SUMMARY FOR SEPTEMBER 17 2014...

CLIMATE NORMAL PERIOD 1981 TO 2010
CLIMATE RECORD PERIOD 1874 TO 2014


WEATHER ITEM   OBSERVED TIME   RECORD YEAR NORMAL DEPARTURE LAST
                VALUE   (LST)  VALUE       VALUE  FROM      YEAR
                                                  NORMAL
..................................................................
TEMPERATURE (F)
 YESTERDAY
  MAXIMUM         69    318 PM  89    1942  72     -3       64
  MINIMUM         42    535 AM  32    1959  51     -9       39
  AVERAGE         56                        62     -6       52

PRECIPITATION (IN)
  YESTERDAY        0.00          1.49 1890   0.11  -0.11     0.00
  MONTH TO DATE    0.88                      1.75  -0.87     4.12
  SINCE SEP 1      0.88                      1.75  -0.87     4.12
  SINCE JAN 1     27.66                     27.90  -0.24    35.63

DEGREE DAYS
 HEATING
  YESTERDAY        9                         5      4       13
  MONTH TO DATE   62                        48     14       74
  SINCE SEP 1     62                        48     14       74
  SINCE JUL 1     70                        71     -1       80

 COOLING
  YESTERDAY        0                         1     -1        0
  MONTH TO DATE   65                        41     24       64
  SINCE SEP 1     65                        41     24       64
  SINCE JAN 1    632                       584     48      762
..................................................................


WIND (MPH)
  HIGHEST WIND SPEED    10   HIGHEST WIND DIRECTION     W (290)
  HIGHEST GUST SPEED    16   HIGHEST GUST DIRECTION    NW (320)
  AVERAGE WIND SPEED     3.0


SKY COVER
  AVERAGE SKY COVER 0.2



RELATIVE HUMIDITY (PERCENT)
 HIGHEST    93
 LOWEST     42
 AVERAGE    68

..........................................................


THE ALBANY NY CLIMATE NORMALS FOR TODAY
                         NORMAL    RECORD    YEAR
 MAXIMUM TEMPERATURE (F)   71        88      1891
 MINIMUM TEMPERATURE (F)   51        35      1986


SUNRISE AND SUNSET
SEPTEMBER 18 2014.....SUNRISE   638 AM EDT   SUNSET   700 PM EDT
SEPTEMBER 19 2014.....SUNRISE   639 AM EDT   SUNSET   658 PM EDT


-  INDICATES NEGATIVE NUMBERS.
R  INDICATES RECORD WAS SET OR TIED.
MM INDICATES DATA IS MISSING.
T  INDICATES TRACE AMOUNT.




$$
