000
CDUS41 KALY 230626
CLIALB


CLIMATE REPORT
NATIONAL WEATHER SERVICE ALBANY NY
225 AM EDT WED AUG 23 2017


...................................

...THE ALBANY NY CLIMATE SUMMARY FOR AUGUST 22 2017...

CLIMATE NORMAL PERIOD 1981 TO 2010
CLIMATE RECORD PERIOD 1874 TO 2017


WEATHER ITEM   OBSERVED TIME   RECORD YEAR NORMAL DEPARTURE LAST
                VALUE   (LST)  VALUE       VALUE  FROM      YEAR
                                                  NORMAL
..................................................................
TEMPERATURE (F)
 YESTERDAY
  MAXIMUM         89    323 PM  93    1916  80      9       73
  MINIMUM         68    317 AM  39    1982  59      9       55
  AVERAGE         79                        70      9       64

PRECIPITATION (IN)
  YESTERDAY        0.34          1.44 1887   0.10   0.24     0.00
  MONTH TO DATE    3.76                      2.56   1.20     3.62
  SINCE JUN 1     12.89                     10.47   2.42    12.37
  SINCE JAN 1     31.80                     25.25   6.55    23.13

DEGREE DAYS
 HEATING
  YESTERDAY        0                         1     -1        1
  MONTH TO DATE    0                         5     -5        1
  SINCE JUN 1     53                        62     -9       39
  SINCE JUL 1      2                        10     -8        1

 COOLING
  YESTERDAY       14                         5      9        0
  MONTH TO DATE  152                       138     14      222
  SINCE JUN 1    519                       474     45      650
  SINCE JAN 1    569                       504     65      725
..................................................................


WIND (MPH)
  HIGHEST WIND SPEED    37   HIGHEST WIND DIRECTION     W (290)
  HIGHEST GUST SPEED    49   HIGHEST GUST DIRECTION     W (290)
  AVERAGE WIND SPEED    10.4


SKY COVER
  AVERAGE SKY COVER 0.6



RELATIVE HUMIDITY (PERCENT)
 HIGHEST    93
 LOWEST     50
 AVERAGE    72

..........................................................


THE ALBANY NY CLIMATE NORMALS FOR TODAY
                         NORMAL    RECORD    YEAR
 MAXIMUM TEMPERATURE (F)   80        94      1947
 MINIMUM TEMPERATURE (F)   59        44      1988


SUNRISE AND SUNSET
AUGUST 23 2017........SUNRISE   610 AM EDT   SUNSET   744 PM EDT
AUGUST 24 2017........SUNRISE   612 AM EDT   SUNSET   743 PM EDT


-  INDICATES NEGATIVE NUMBERS.
R  INDICATES RECORD WAS SET OR TIED.
MM INDICATES DATA IS MISSING.
T  INDICATES TRACE AMOUNT.




$$
