000
CDUS43 KDMX 300630 RRA
CLIALO

CLIMATE REPORT
NATIONAL WEATHER SERVICE DES MOINES IA
128 AM CDT SAT AUG 30 2014


...................................

...THE WATERLOO IA CLIMATE SUMMARY FOR AUGUST 29 2014...

CLIMATE NORMAL PERIOD 1981 TO 2010
CLIMATE RECORD PERIOD 1895 TO 2014


WEATHER ITEM   OBSERVED TIME   RECORD YEAR NORMAL DEPARTURE LAST
                VALUE   (LST)  VALUE       VALUE  FROM      YEAR
                                                  NORMAL
..................................................................
TEMPERATURE (F)
 YESTERDAY
  MAXIMUM         88    206 PM  98    1984  81      7       93
  MINIMUM         64    502 AM  37    1946  58      6       72
  AVERAGE         76                        69      7       83

PRECIPITATION (IN)
  YESTERDAY        0.43          2.87 1993   0.12   0.31     0.00
  MONTH TO DATE    1.79                      4.02  -2.23     1.84
  SINCE JUN 1     12.56                     13.91  -1.35    10.55
  SINCE JAN 1     26.59                     26.03   0.56    34.13

SNOWFALL (IN)
  YESTERDAY        0.0          MM      MM   0.0    0.0      0.0
  MONTH TO DATE    0.0                       0.0    0.0      0.0
  SINCE JUN 1      0.0                       0.0    0.0      0.0
  SINCE JUL 1      0.0                       0.0    0.0      0.0
  SNOW DEPTH       0

DEGREE DAYS
 HEATING
  YESTERDAY        0                         1     -1        0
  MONTH TO DATE    0                        12    -12        6
  SINCE JUN 1     24                        42    -18       58
  SINCE JUL 1     17                        16      1       20

 COOLING
  YESTERDAY       11                         5      6       18
  MONTH TO DATE  208                       198     10      191
  SINCE JUN 1    527                       646   -119      614
  SINCE JAN 1    594                       702   -108      667
..................................................................


WIND (MPH)
  HIGHEST WIND SPEED    23   HIGHEST WIND DIRECTION    SW (230)
  HIGHEST GUST SPEED    33   HIGHEST GUST DIRECTION    SW (220)
  AVERAGE WIND SPEED     8.5


SKY COVER
  POSSIBLE SUNSHINE  MM
  AVERAGE SKY COVER 0.4


WEATHER CONDITIONS
 THE FOLLOWING WEATHER WAS RECORDED YESTERDAY.
  THUNDERSTORM
  HEAVY RAIN
  RAIN
  LIGHT RAIN
  FOG


RELATIVE HUMIDITY (PERCENT)
 HIGHEST   100           500 AM
 LOWEST     55           100 PM
 AVERAGE    78

..........................................................


THE WATERLOO IA CLIMATE NORMALS FOR TODAY
                         NORMAL    RECORD    YEAR
 MAXIMUM TEMPERATURE (F)   81        96      2012
                                             1937
 MINIMUM TEMPERATURE (F)   58        34      1915


SUNRISE AND SUNSET
AUGUST 30 2014........SUNRISE   632 AM CDT   SUNSET   747 PM CDT
AUGUST 31 2014........SUNRISE   633 AM CDT   SUNSET   745 PM CDT


-  INDICATES NEGATIVE NUMBERS.
R  INDICATES RECORD WAS SET OR TIED.
MM INDICATES DATA IS MISSING.
T  INDICATES TRACE AMOUNT.




$$
