416
CDUS45 KPUB 261036
CLIALS


CLIMATE REPORT
NATIONAL WEATHER SERVICE PUEBLO
436 AM MDT MON JUN 26 2017


...................................

...THE ALAMOSA CO CLIMATE SUMMARY FOR JUNE 25 2017...

CLIMATE NORMAL PERIOD 1981 TO 2010
CLIMATE RECORD PERIOD 1932 TO 2017


WEATHER ITEM   OBSERVED TIME   RECORD YEAR NORMAL DEPARTURE LAST
                VALUE   (LST)  VALUE       VALUE  FROM      YEAR
                                                  NORMAL
..................................................................
TEMPERATURE (F)
 YESTERDAY
  MAXIMUM         80    133 PM  93    2012  81     -1       79
  MINIMUM         46    353 AM  32    1976  43      3       49
  AVERAGE         63                        62      1       64

PRECIPITATION (IN)
  YESTERDAY        T             0.33 1983   0.02  -0.02     0.00
  MONTH TO DATE    0.19                      0.39  -0.20     0.04
  SINCE JUN 1      0.19                      0.39  -0.20     0.04
  SINCE JAN 1      4.44                      2.61   1.83     4.41

SNOWFALL (IN)
  YESTERDAY        0.0           0.0  2002   0.0    0.0      0.0
  MONTH TO DATE    0.0                       0.0    0.0      0.0
  SINCE JUN 1      0.0                       0.0    0.0      0.0
  SINCE JUL 1     42.2                      27.6   14.6     43.0
  SNOW DEPTH       0

DEGREE DAYS
 HEATING
  YESTERDAY        2                         3     -1        1
  MONTH TO DATE   80                       154    -74       53
  SINCE JUN 1     80                       154    -74       53
  SINCE JUL 1   7689                      8580   -891     7865

 COOLING
  YESTERDAY        0                         0      0        0
  MONTH TO DATE   17                         0     17       26
  SINCE JUN 1     17                         0     17       26
  SINCE JAN 1     17                         0     17       26
..................................................................


WIND (MPH)
  HIGHEST WIND SPEED    31   HIGHEST WIND DIRECTION     W (250)
  HIGHEST GUST SPEED    47   HIGHEST GUST DIRECTION     W (260)
  AVERAGE WIND SPEED     9.4


SKY COVER
  POSSIBLE SUNSHINE  MM
  AVERAGE SKY COVER 0.1


WEATHER CONDITIONS
 THE FOLLOWING WEATHER WAS RECORDED YESTERDAY.
  NO SIGNIFICANT WEATHER WAS OBSERVED.


RELATIVE HUMIDITY (PERCENT)
 HIGHEST    86           300 AM
 LOWEST     13           300 PM
 AVERAGE    50

..........................................................


THE ALAMOSA CO CLIMATE NORMALS FOR TODAY
                         NORMAL    RECORD    YEAR
 MAXIMUM TEMPERATURE (F)   81        95      1994
 MINIMUM TEMPERATURE (F)   43        33      1965


SUNRISE AND SUNSET
JUNE 26 2017..........SUNRISE   544 AM MDT   SUNSET   828 PM MDT
JUNE 27 2017..........SUNRISE   545 AM MDT   SUNSET   828 PM MDT


-  INDICATES NEGATIVE NUMBERS.
R  INDICATES RECORD WAS SET OR TIED.
MM INDICATES DATA IS MISSING.
T  INDICATES TRACE AMOUNT.




$$
