000
CDUS45 KPUB 241032
CLIALS


CLIMATE REPORT
NATIONAL WEATHER SERVICE PUEBLO
430 AM MDT WED AUG 24 2016


...................................

...THE ALAMOSA CO CLIMATE SUMMARY FOR AUGUST 23 2016...

CLIMATE NORMAL PERIOD 1981 TO 2010
CLIMATE RECORD PERIOD 1932 TO 2016


WEATHER ITEM   OBSERVED TIME   RECORD YEAR NORMAL DEPARTURE LAST
                VALUE   (LST)  VALUE       VALUE  FROM      YEAR
                                                  NORMAL
..................................................................
TEMPERATURE (F)
 YESTERDAY
  MAXIMUM         72    315 PM  89    1938  79     -7       81
  MINIMUM         39    522 AM  35    1941  45     -6       44
                                      1934
  AVERAGE         56                        62     -6       63

PRECIPITATION (IN)
  YESTERDAY        0.05          0.33 1906   0.04   0.01     0.03
  MONTH TO DATE    1.94                      0.94   1.00     0.19
  SINCE JUN 1      2.76                      2.40   0.36     2.72
  SINCE JAN 1      7.13                      4.62   2.51     6.66

SNOWFALL (IN)
  YESTERDAY        0.0           0.0  2002   0.0    0.0      0.0
  MONTH TO DATE    0.0                       0.0    0.0      0.0
  SINCE JUN 1      0.0                       0.0    0.0      0.0
  SINCE JUL 1      0.0                       0.0    0.0      0.0
  SNOW DEPTH       0

DEGREE DAYS
 HEATING
  YESTERDAY        9                         3      6        2
  MONTH TO DATE   60                        50     10       32
  SINCE JUN 1    129                       263   -134      152
  SINCE JUL 1     73                        95    -22       76

 COOLING
  YESTERDAY        0                         0      0        0
  MONTH TO DATE    9                        12     -3       24
  SINCE JUN 1    115                        50     65       73
  SINCE JAN 1    115                        50     65       73
..................................................................


WIND (MPH)
  HIGHEST WIND SPEED    23   HIGHEST WIND DIRECTION     W (260)
  HIGHEST GUST SPEED    27   HIGHEST GUST DIRECTION     W (260)
  AVERAGE WIND SPEED     6.4


SKY COVER
  POSSIBLE SUNSHINE  MM
  AVERAGE SKY COVER 0.3


WEATHER CONDITIONS
 THE FOLLOWING WEATHER WAS RECORDED YESTERDAY.
  LIGHT RAIN
  FOG


RELATIVE HUMIDITY (PERCENT)
 HIGHEST    96           500 AM
 LOWEST     36          1200 PM
 AVERAGE    66

..........................................................


THE ALAMOSA CO CLIMATE NORMALS FOR TODAY
                         NORMAL    RECORD    YEAR
 MAXIMUM TEMPERATURE (F)   79        89      2011
 MINIMUM TEMPERATURE (F)   45        33      2002


SUNRISE AND SUNSET
AUGUST 24 2016........SUNRISE   628 AM MDT   SUNSET   743 PM MDT
AUGUST 25 2016........SUNRISE   628 AM MDT   SUNSET   742 PM MDT


-  INDICATES NEGATIVE NUMBERS.
R  INDICATES RECORD WAS SET OR TIED.
MM INDICATES DATA IS MISSING.
T  INDICATES TRACE AMOUNT.




$$
