000
CDUS45 KPUB 201126
CLIALS


CLIMATE REPORT
NATIONAL WEATHER SERVICE PUEBLO
426 AM MST SAT DEC 20 2014


...................................

...THE ALAMOSA CO CLIMATE SUMMARY FOR DECEMBER 19 2014...

CLIMATE NORMAL PERIOD 1981 TO 2010
CLIMATE RECORD PERIOD 1932 TO 2014


WEATHER ITEM   OBSERVED TIME   RECORD YEAR NORMAL DEPARTURE LAST
                VALUE   (LST)  VALUE       VALUE  FROM      YEAR
                                                  NORMAL
..................................................................
TEMPERATURE (F)
 YESTERDAY
  MAXIMUM         35    128 PM  56    1955  34      1       32
  MINIMUM          2    732 AM -29    1968   1      1       -5
  AVERAGE         19                        17      2       14

PRECIPITATION (IN)
  YESTERDAY        0.00          0.09 2006   0.02  -0.02     0.00
  MONTH TO DATE    0.16                      0.23  -0.07     0.03
  SINCE DEC 1      0.16                      0.23  -0.07     0.03
  SINCE JAN 1      5.49                      7.19  -1.70    10.04

SNOWFALL (IN)
  YESTERDAY        0.0           1.6  2006   0.2   -0.2      0.0
  MONTH TO DATE    0.9                       2.9   -2.0      0.7
  SINCE DEC 1      0.9                       2.9   -2.0      0.7
  SINCE JUL 1      2.5                       8.7   -6.2     22.3
  SNOW DEPTH       0

DEGREE DAYS
 HEATING
  YESTERDAY       46                        48     -2       51
  MONTH TO DATE  713                       875   -162     1095
  SINCE DEC 1    713                       875   -162     1095
  SINCE JUL 1   2556                      3050   -494     3195

 COOLING
  YESTERDAY        0                         0      0        0
  MONTH TO DATE    0                         0      0        0
  SINCE DEC 1      0                         0      0        0
  SINCE JAN 1     60                        51      9      113
..................................................................


WIND (MPH)
  HIGHEST WIND SPEED     9   HIGHEST WIND DIRECTION     N (20)
  HIGHEST GUST SPEED    13   HIGHEST GUST DIRECTION    SE (120)
  AVERAGE WIND SPEED     2.7


SKY COVER
  POSSIBLE SUNSHINE  MM
  AVERAGE SKY COVER 0.3


WEATHER CONDITIONS
 THE FOLLOWING WEATHER WAS RECORDED YESTERDAY.
  FOG
  FOG W/VISIBILITY <= 1/4 MILE


RELATIVE HUMIDITY (PERCENT)
 HIGHEST    95           600 AM
 LOWEST     43           100 PM
 AVERAGE    69

..........................................................


THE ALAMOSA CO CLIMATE NORMALS FOR TODAY
                         NORMAL    RECORD    YEAR
 MAXIMUM TEMPERATURE (F)   34        56      1981
 MINIMUM TEMPERATURE (F)    1       -27      1992


SUNRISE AND SUNSET
DECEMBER 20 2014......SUNRISE   714 AM MST   SUNSET   449 PM MST
DECEMBER 21 2014......SUNRISE   714 AM MST   SUNSET   449 PM MST


-  INDICATES NEGATIVE NUMBERS.
R  INDICATES RECORD WAS SET OR TIED.
MM INDICATES DATA IS MISSING.
T  INDICATES TRACE AMOUNT.




$$
