000
CDUS44 KAMA 200629
CLIAMA


CLIMATE REPORT
NATIONAL WEATHER SERVICE AMARILLO TX
129 AM CDT SAT SEP 20 2014


...................................

...THE AMARILLO CLIMATE SUMMARY FOR SEPTEMBER 19 2014...

CLIMATE NORMAL PERIOD 1981 TO 2010
CLIMATE RECORD PERIOD 1892 TO 2014


WEATHER ITEM   OBSERVED TIME   RECORD YEAR NORMAL DEPARTURE LAST
                VALUE   (LST)  VALUE       VALUE  FROM      YEAR
                                                  NORMAL
..................................................................
TEMPERATURE (F)
 YESTERDAY
  MAXIMUM         77    124 PM  98    1983  82     -5       83
                                      1930
  MINIMUM         61    632 AM  41    1991  55      6       63
                                      1971
                                      1896
  AVERAGE         69                        68      1       73

PRECIPITATION (IN)
  YESTERDAY        0.04          1.49 1978   0.06  -0.02     0.58
  MONTH TO DATE    2.54                      1.25   1.29     1.29
  SINCE SEP 1      2.54                      1.25   1.29     1.29
  SINCE JAN 1     16.23                     16.52  -0.29    13.66

SNOWFALL (IN)
  YESTERDAY        0.0           T    2007   0.0    0.0      0.0
                                      1991
  MONTH TO DATE    T                         0.0    0.0      0.0
  SINCE SEP 1      T                         0.0    0.0      0.0
  SINCE JUL 1      T                         0.0    0.0      0.0
  SNOW DEPTH       0

DEGREE DAYS
 HEATING
  YESTERDAY        0                         2     -2        0
  MONTH TO DATE   24                        12     12        0
  SINCE SEP 1     24                        12     12        0
  SINCE JUL 1     24                        13     11        0

 COOLING
  YESTERDAY        4                         5     -1        8
  MONTH TO DATE  118                       139    -21      235
  SINCE SEP 1    118                       139    -21      235
  SINCE JAN 1   1448                      1331    117     1731
..................................................................


WIND (MPH)
  RESULTANT WIND SPEED  10   RESULTANT WIND DIRECTION   S (170)
  HIGHEST WIND SPEED    21   HIGHEST WIND DIRECTION     S (170)
  HIGHEST GUST SPEED    24   HIGHEST GUST DIRECTION     S (170)
  AVERAGE WIND SPEED    10.1


SKY COVER
  AVERAGE SKY COVER 0.6


WEATHER CONDITIONS
 THE FOLLOWING WEATHER WAS RECORDED YESTERDAY.
  LIGHT RAIN
  FOG


RELATIVE HUMIDITY (PERCENT)
 HIGHEST   100           300 AM
 LOWEST     64           100 PM
 AVERAGE    82

..........................................................


THE AMARILLO CLIMATE NORMALS FOR TODAY
                         NORMAL    RECORD    YEAR
 MAXIMUM TEMPERATURE (F)   81        97      1977
                                             1956
 MINIMUM TEMPERATURE (F)   55        37      1983
                                             1918


SUNRISE AND SUNSET
SEPTEMBER 20 2014.....SUNRISE   733 AM CDT   SUNSET   746 PM CDT
SEPTEMBER 21 2014.....SUNRISE   734 AM CDT   SUNSET   745 PM CDT


-  INDICATES NEGATIVE NUMBERS.
R  INDICATES RECORD WAS SET OR TIED.
MM INDICATES DATA IS MISSING.
T  INDICATES TRACE AMOUNT.




$$
