791
CDUS44 KAMA 232229
CLIAMA


CLIMATE REPORT
NATIONAL WEATHER SERVICE AMARILLO TX
428 PM CST THU FEB 23 2017


...................................

...THE AMARILLO CLIMATE SUMMARY FOR FEBRUARY 23 2017...
VALID TODAY AS OF 0400 PM LOCAL TIME.

CLIMATE NORMAL PERIOD 1981 TO 2010
CLIMATE RECORD PERIOD 1892 TO 2017


WEATHER ITEM   OBSERVED TIME   RECORD YEAR NORMAL DEPARTURE LAST
                VALUE   (LST)  VALUE       VALUE  FROM      YEAR
                                                  NORMAL
..................................................................
TEMPERATURE (F)
 TODAY
  MAXIMUM         78    256 PM  82    1918  56     22       43
  MINIMUM         42    539 AM   4    1914  28     14       30
  AVERAGE         60                        42     18       37

PRECIPITATION (IN)
  TODAY            0.00          0.39 2016   0.02  -0.02     0.39
  MONTH TO DATE    0.51                      0.46   0.05     0.50
  SINCE DEC 1      3.95                      1.89   2.06     1.47
  SINCE JAN 1      3.68                      1.18   2.50     0.69

SNOWFALL (IN)
  TODAY            0.0           3.5  2015   0.0    0.0      3.2
  MONTH TO DATE    1.1                       2.6   -1.5      3.2
  SINCE DEC 1      8.0                      11.0   -3.0     10.8
  SINCE JUL 1      8.0                      13.7   -5.7     12.1
  SNOW DEPTH       0

DEGREE DAYS
 HEATING
  TODAY            5                        23    -18       28
  MONTH TO DATE  376                       581   -205      442
  SINCE DEC 1   1989                      2322   -333     1984
  SINCE JUL 1   2454                      3166   -712     2643

 COOLING
  TODAY            0                         0      0        0
  MONTH TO DATE    5                         0      5        1
  SINCE DEC 1      5                         0      5        1
  SINCE JAN 1      5                         0      5        1
..................................................................


WIND (MPH)
  RESULTANT WIND SPEED  15   RESULTANT WIND DIRECTION  SW (230)
  HIGHEST WIND SPEED    40   HIGHEST WIND DIRECTION    SW (230)
  HIGHEST GUST SPEED    49   HIGHEST GUST DIRECTION    SW (220)
  AVERAGE WIND SPEED    15.7


SKY COVER
  AVERAGE SKY COVER 0.0


WEATHER CONDITIONS
 THE FOLLOWING WEATHER WAS RECORDED TODAY.
  NO SIGNIFICANT WEATHER WAS OBSERVED.


RELATIVE HUMIDITY (PERCENT)
 HIGHEST    65           600 AM
 LOWEST      8           300 PM
 AVERAGE    37

..........................................................


THE AMARILLO CLIMATE NORMALS FOR TOMORROW
                         NORMAL    RECORD    YEAR
 MAXIMUM TEMPERATURE (F)   56        81      1918
 MINIMUM TEMPERATURE (F)   28         3      1965


SUNRISE AND SUNSET
FEBRUARY 23 2017......SUNRISE   723 AM CST   SUNSET   637 PM CST
FEBRUARY 24 2017......SUNRISE   722 AM CST   SUNSET   638 PM CST


-  INDICATES NEGATIVE NUMBERS.
R  INDICATES RECORD WAS SET OR TIED.
MM INDICATES DATA IS MISSING.
T  INDICATES TRACE AMOUNT.




$$
