000
CDUS44 KAMA 210728
CLIAMA


CLIMATE REPORT
NATIONAL WEATHER SERVICE AMARILLO TX
128 AM CST WED FEB 21 2018


...................................

...THE AMARILLO CLIMATE SUMMARY FOR FEBRUARY 20 2018...

CLIMATE NORMAL PERIOD 1981 TO 2010
CLIMATE RECORD PERIOD 1892 TO 2018


WEATHER ITEM   OBSERVED TIME   RECORD YEAR NORMAL DEPARTURE LAST
                VALUE   (LST)  VALUE       VALUE  FROM      YEAR
                                                  NORMAL
..................................................................
TEMPERATURE (F)
 YESTERDAY
  MAXIMUM         56   1233 AM  83    1981  55      1       69
  MINIMUM         19   1013 AM   4    1955  27     -8       39
  AVERAGE         38                        41     -3       54

PRECIPITATION (IN)
  YESTERDAY        0.00          1.20 1990   0.01  -0.01     0.00
  MONTH TO DATE    0.01                      0.40  -0.39     0.51
  SINCE DEC 1      0.01                      1.83  -1.82     3.95
  SINCE JAN 1      0.01                      1.12  -1.11     3.68

SNOWFALL (IN)
  YESTERDAY        0.0           8.1  1915   0.0    0.0      0.0
  MONTH TO DATE    T                         2.4   -2.4      1.1
  SINCE DEC 1      T                        10.8  -10.8      8.0
  SINCE JUL 1      T                        13.5  -13.5      8.0
  SNOW DEPTH       0

DEGREE DAYS
 HEATING
  YESTERDAY       27                        24      3       11
  MONTH TO DATE  475                       512    -37      357
  SINCE DEC 1   2095                      2253   -158     1970
  SINCE JUL 1   2727                      3097   -370     2435

 COOLING
  YESTERDAY        0                         0      0        0
  MONTH TO DATE    0                         0      0        5
  SINCE DEC 1      0                         0      0        5
  SINCE JAN 1      0                         0      0        5
..................................................................


WIND (MPH)
  RESULTANT WIND SPEED   7   RESULTANT WIND DIRECTION   N (10)
  HIGHEST WIND SPEED    26   HIGHEST WIND DIRECTION     N (360)
  HIGHEST GUST SPEED    34   HIGHEST GUST DIRECTION     S (200)
  AVERAGE WIND SPEED    16.3


SKY COVER
  AVERAGE SKY COVER 0.2


WEATHER CONDITIONS
 THE FOLLOWING WEATHER WAS RECORDED YESTERDAY.
  FOG
  FOG W/VISIBILITY <= 1/4 MILE


RELATIVE HUMIDITY (PERCENT)
 HIGHEST   100           900 AM
 LOWEST     30           400 PM
 AVERAGE    65

..........................................................


THE AMARILLO CLIMATE NORMALS FOR TODAY
                         NORMAL    RECORD    YEAR
 MAXIMUM TEMPERATURE (F)   56        81      1996
 MINIMUM TEMPERATURE (F)   28         5      1894


SUNRISE AND SUNSET
FEBRUARY 21 2018......SUNRISE   726 AM CST   SUNSET   635 PM CST
FEBRUARY 22 2018......SUNRISE   725 AM CST   SUNSET   636 PM CST


-  INDICATES NEGATIVE NUMBERS.
R  INDICATES RECORD WAS SET OR TIED.
MM INDICATES DATA IS MISSING.
T  INDICATES TRACE AMOUNT.




$$
