000
CDUS44 KAMA 171410
CLIAMA


CLIMATE REPORT
NATIONAL WEATHER SERVICE AMARILLO TX
910 AM CDT TUE OCT 17 2017


...................................

...THE AMARILLO CLIMATE SUMMARY FOR OCTOBER 17 2017...
VALID AS OF 0900 AM LOCAL TIME.

CLIMATE NORMAL PERIOD 1981 TO 2010
CLIMATE RECORD PERIOD 1892 TO 2017


WEATHER ITEM   OBSERVED TIME   RECORD YEAR NORMAL DEPARTURE LAST
                VALUE   (LST)  VALUE       VALUE  FROM      YEAR
                                                  NORMAL
..................................................................
TEMPERATURE (F)
 TODAY
  MINIMUM         43    633 AM  30    1976  44     -1       59

PRECIPITATION (IN)
  TODAY            0.00          2.35 1960   0.06  -0.06     0.00
  MONTH TO DATE    2.20                      1.01   1.19     0.13
  SINCE SEP 1      5.60                      2.93   2.67     0.95
  SINCE JAN 1     26.48                     18.20   8.28    15.83

SNOWFALL (IN)
  TODAY            0.0           T    1999   0.0    0.0      0.0
  MONTH TO DATE    0.0                       0.0    0.0      0.0
  SINCE SEP 1      0.0                       T      0.0      0.0
  SINCE JUL 1      T                         T      0.0       T
  SNOW DEPTH       0

..................................................................


WIND (MPH)
  RESULTANT WIND SPEED  12   RESULTANT WIND DIRECTION  SW (210)
  HIGHEST WIND SPEED    16   HIGHEST WIND DIRECTION    SW (210)
  HIGHEST GUST SPEED    20   HIGHEST GUST DIRECTION    SW (210)
  AVERAGE WIND SPEED    12.2


SKY COVER
  AVERAGE SKY COVER 0.0


WEATHER CONDITIONS
 THE FOLLOWING WEATHER WAS RECORDED TODAY.
  NO SIGNIFICANT WEATHER WAS OBSERVED.


RELATIVE HUMIDITY (PERCENT)
 HIGHEST    76           400 AM
 LOWEST     61          1200 AM
 AVERAGE    69

..........................................................


THE AMARILLO CLIMATE NORMALS FOR TOMORROW
                         NORMAL    RECORD    YEAR
 MAXIMUM TEMPERATURE (F)   71        89      1943
 MINIMUM TEMPERATURE (F)   44        28      2013
                                             1948


SUNRISE AND SUNSET
OCTOBER 17 2017.......SUNRISE   755 AM CDT   SUNSET   709 PM CDT
OCTOBER 18 2017.......SUNRISE   756 AM CDT   SUNSET   707 PM CDT


-  INDICATES NEGATIVE NUMBERS.
R  INDICATES RECORD WAS SET OR TIED.
MM INDICATES DATA IS MISSING.
T  INDICATES TRACE AMOUNT.




$$
