000
CDUS44 KAMA 092239
CLIAMA


CLIMATE REPORT
NATIONAL WEATHER SERVICE AMARILLO TX
438 PM CST FRI DEC 9 2016


...................................

...THE AMARILLO CLIMATE SUMMARY FOR DECEMBER 9 2016...
VALID TODAY AS OF 0400 PM LOCAL TIME.

CLIMATE NORMAL PERIOD 1981 TO 2010
CLIMATE RECORD PERIOD 1892 TO 2016


WEATHER ITEM   OBSERVED TIME   RECORD YEAR NORMAL DEPARTURE LAST
                VALUE   (LST)  VALUE       VALUE  FROM      YEAR
                                                  NORMAL
..................................................................
TEMPERATURE (F)
 TODAY
  MAXIMUM         47    354 PM  80    1996  50     -3       69
  MINIMUM         24    301 AM  -4    1978  25     -1       36
  AVERAGE         36                        37     -1       53

PRECIPITATION (IN)
  TODAY            0.00          3.11 1943   0.03  -0.03     0.00
  MONTH TO DATE    0.15                      0.19  -0.04     0.00
  SINCE DEC 1      0.15                      0.19  -0.04     0.00
  SINCE JAN 1     17.08                     19.84  -2.76    33.85

SNOWFALL (IN)
  TODAY            0.0           3.3  1898   0.1   -0.1      0.0
  MONTH TO DATE    T                         1.1   -1.1      0.0
  SINCE DEC 1      T                         1.1   -1.1      0.0
  SINCE JUL 1      T                         3.8   -3.8      1.3
  SNOW DEPTH       0

DEGREE DAYS
 HEATING
  TODAY           29                        28      1       12
  MONTH TO DATE  272                       239     33      170
  SINCE DEC 1    272                       239     33      170
  SINCE JUL 1    737                      1083   -346      829

 COOLING
  TODAY            0                         0      0        0
  MONTH TO DATE    0                         0      0        0
  SINCE DEC 1      0                         0      0        0
  SINCE JAN 1   1694                      1399    295     1493
..................................................................


WIND (MPH)
  RESULTANT WIND SPEED  18   RESULTANT WIND DIRECTION   S (180)
  HIGHEST WIND SPEED    29   HIGHEST WIND DIRECTION     S (200)
  HIGHEST GUST SPEED    35   HIGHEST GUST DIRECTION     S (200)
  AVERAGE WIND SPEED    18.3


SKY COVER
  AVERAGE SKY COVER 0.8


WEATHER CONDITIONS
 THE FOLLOWING WEATHER WAS RECORDED TODAY.
  NO SIGNIFICANT WEATHER WAS OBSERVED.


RELATIVE HUMIDITY (PERCENT)
 HIGHEST    81           900 AM
 LOWEST     49           400 PM
 AVERAGE    65

..........................................................


THE AMARILLO CLIMATE NORMALS FOR TOMORROW
                         NORMAL    RECORD    YEAR
 MAXIMUM TEMPERATURE (F)   50        80      1933
 MINIMUM TEMPERATURE (F)   24        -1      1898


SUNRISE AND SUNSET
DECEMBER  9 2016......SUNRISE   744 AM CST   SUNSET   535 PM CST
DECEMBER 10 2016......SUNRISE   745 AM CST   SUNSET   535 PM CST


-  INDICATES NEGATIVE NUMBERS.
R  INDICATES RECORD WAS SET OR TIED.
MM INDICATES DATA IS MISSING.
T  INDICATES TRACE AMOUNT.




$$
