000
CDUS44 KAMA 242233
CLIAMA


CLIMATE REPORT
NATIONAL WEATHER SERVICE AMARILLO TX
433 PM CST SAT JAN 24 2015


...................................

...THE AMARILLO CLIMATE SUMMARY FOR JANUARY 24 2015...
VALID TODAY AS OF 0400 PM LOCAL TIME.

CLIMATE NORMAL PERIOD 1981 TO 2010
CLIMATE RECORD PERIOD 1892 TO 2015


WEATHER ITEM   OBSERVED TIME   RECORD YEAR NORMAL DEPARTURE LAST
                VALUE   (LST)  VALUE       VALUE  FROM      YEAR
                                                  NORMAL
..................................................................
TEMPERATURE (F)
 TODAY
  MAXIMUM         45    146 PM  79    1970  51     -6       56
  MINIMUM         27    801 AM  -2    1894  24      3        5
  AVERAGE         36                        37     -1       31

PRECIPITATION (IN)
  TODAY            0.00          0.11 1978   0.02  -0.02     0.00
  MONTH TO DATE    1.21                      0.52   0.69     0.03
  SINCE DEC 1      1.34                      1.23   0.11     0.35
  SINCE JAN 1      1.21                      0.52   0.69     0.03

SNOWFALL (IN)
  TODAY            0.0           2.5  1978   0.2   -0.2      0.0
  MONTH TO DATE   14.1                       3.4   10.7      0.9
  SINCE DEC 1     14.5                       7.1    7.4      3.1
  SINCE JUL 1     17.0                       9.8    7.2      7.4
  SNOW DEPTH       5

DEGREE DAYS
 HEATING
  TODAY           29                        28      1       34
  MONTH TO DATE  743                       678     65      651
  SINCE DEC 1   1518                      1551    -33     1554
  SINCE JUL 1   2312                      2395    -83     2392

 COOLING
  TODAY            0                         0      0        0
  MONTH TO DATE    0                         0      0        0
  SINCE DEC 1      0                         0      0        0
  SINCE JAN 1      0                         0      0        0
..................................................................


WIND (MPH)
  RESULTANT WIND SPEED  10   RESULTANT WIND DIRECTION   W (280)
  HIGHEST WIND SPEED    17   HIGHEST WIND DIRECTION    NW (300)
  HIGHEST GUST SPEED    21   HIGHEST GUST DIRECTION    NW (300)
  AVERAGE WIND SPEED    11.3


SKY COVER
  AVERAGE SKY COVER 0.0


WEATHER CONDITIONS
 THE FOLLOWING WEATHER WAS RECORDED TODAY.
  NO SIGNIFICANT WEATHER WAS OBSERVED.


RELATIVE HUMIDITY (PERCENT)
 HIGHEST    81           700 AM
 LOWEST     49           100 PM
 AVERAGE    65

..........................................................


THE AMARILLO CLIMATE NORMALS FOR TOMORROW
                         NORMAL    RECORD    YEAR
 MAXIMUM TEMPERATURE (F)   51        77      1952
 MINIMUM TEMPERATURE (F)   24         0      1897


SUNRISE AND SUNSET
JANUARY 24 2015.......SUNRISE   751 AM CST   SUNSET   607 PM CST
JANUARY 25 2015.......SUNRISE   751 AM CST   SUNSET   608 PM CST


-  INDICATES NEGATIVE NUMBERS.
R  INDICATES RECORD WAS SET OR TIED.
MM INDICATES DATA IS MISSING.
T  INDICATES TRACE AMOUNT.




$$
