697
CDUS44 KAMA 180639
CLIAMA


CLIMATE REPORT
NATIONAL WEATHER SERVICE AMARILLO TX
139 AM CDT FRI AUG 18 2017


...................................

...THE AMARILLO CLIMATE SUMMARY FOR AUGUST 17 2017...

CLIMATE NORMAL PERIOD 1981 TO 2010
CLIMATE RECORD PERIOD 1892 TO 2017


WEATHER ITEM   OBSERVED TIME   RECORD YEAR NORMAL DEPARTURE LAST
                VALUE   (LST)  VALUE       VALUE  FROM      YEAR
                                                  NORMAL
..................................................................
TEMPERATURE (F)
 YESTERDAY
  MAXIMUM         89    458 PM 102    1994  90     -1       90
                                      1951
                                      1909
  MINIMUM         60    625 AM  56    1950  64     -4       57
  AVERAGE         75                        77     -2       74

PRECIPITATION (IN)
  YESTERDAY        0.01          2.30 2009   0.10  -0.09     0.00
  MONTH TO DATE    6.65                      1.75   4.90     1.59
  SINCE JUN 1     11.98                      7.75   4.23     6.48
  SINCE JAN 1     20.13                     14.11   6.02    12.37

SNOWFALL (IN)
  YESTERDAY        0.0           T    2009   0.0    0.0      0.0
  MONTH TO DATE    0.0                       0.0    0.0      0.0
  SINCE JUN 1      T                         0.0    0.0       T
  SINCE JUL 1      T                         0.0    0.0       T
  SNOW DEPTH       0

DEGREE DAYS
 HEATING
  YESTERDAY        0                         0      0        0
  MONTH TO DATE    0                         0      0        0
  SINCE JUN 1      1                         7     -6        0
  SINCE JUL 1      0                         0      0        0

 COOLING
  YESTERDAY       10                        12     -2        9
  MONTH TO DATE  155                       213    -58      239
  SINCE JUN 1    999                       913     86     1176
  SINCE JAN 1   1129                      1038     91     1264
..................................................................


WIND (MPH)
  RESULTANT WIND SPEED   8   RESULTANT WIND DIRECTION  SE (150)
  HIGHEST WIND SPEED    24   HIGHEST WIND DIRECTION     S (180)
  HIGHEST GUST SPEED    32   HIGHEST GUST DIRECTION     S (170)
  AVERAGE WIND SPEED    10.6


SKY COVER
  AVERAGE SKY COVER 0.0


WEATHER CONDITIONS
 THE FOLLOWING WEATHER WAS RECORDED YESTERDAY.
  THUNDERSTORM
  LIGHT RAIN


RELATIVE HUMIDITY (PERCENT)
 HIGHEST    93           700 AM
 LOWEST     41           400 PM
 AVERAGE    67

..........................................................


THE AMARILLO CLIMATE NORMALS FOR TODAY
                         NORMAL    RECORD    YEAR
 MAXIMUM TEMPERATURE (F)   89       104      1994
 MINIMUM TEMPERATURE (F)   64        56      1981
                                             1950


SUNRISE AND SUNSET
AUGUST 18 2017........SUNRISE   709 AM CDT   SUNSET   832 PM CDT
AUGUST 19 2017........SUNRISE   710 AM CDT   SUNSET   830 PM CDT


-  INDICATES NEGATIVE NUMBERS.
R  INDICATES RECORD WAS SET OR TIED.
MM INDICATES DATA IS MISSING.
T  INDICATES TRACE AMOUNT.




$$
