000
CDUS44 KAMA 140728
CLIAMA


CLIMATE REPORT
NATIONAL WEATHER SERVICE AMARILLO TX
127 AM CST THU DEC 14 2017


...................................

...THE AMARILLO CLIMATE SUMMARY FOR DECEMBER 13 2017...

CLIMATE NORMAL PERIOD 1981 TO 2010
CLIMATE RECORD PERIOD 1892 TO 2017


WEATHER ITEM   OBSERVED TIME   RECORD YEAR NORMAL DEPARTURE LAST
                VALUE   (LST)  VALUE       VALUE  FROM      YEAR
                                                  NORMAL
..................................................................
TEMPERATURE (F)
 YESTERDAY
  MAXIMUM         64    246 PM  78    1921  49     15       51
  MINIMUM         30    720 AM   1    1919  24      6       24
  AVERAGE         47                        37     10       38

PRECIPITATION (IN)
  YESTERDAY        0.00          0.77 1987   0.03  -0.03     0.00
  MONTH TO DATE    0.00                      0.29  -0.29     0.15
  SINCE DEC 1      0.00                      0.29  -0.29     0.15
  SINCE JAN 1     26.48                     19.94   6.54    17.08

SNOWFALL (IN)
  YESTERDAY        0.0           8.1  1987   0.2   -0.2      0.0
  MONTH TO DATE    0.0                       1.7   -1.7       T
  SINCE DEC 1      0.0                       1.7   -1.7       T
  SINCE JUL 1      T                         4.4   -4.4       T
  SNOW DEPTH       0

DEGREE DAYS
 HEATING
  YESTERDAY       18                        28    -10       27
  MONTH TO DATE  267                       351    -84      362
  SINCE DEC 1    267                       351    -84      362
  SINCE JUL 1    899                      1195   -296      827

 COOLING
  YESTERDAY        0                         0      0        0
  MONTH TO DATE    0                         0      0        0
  SINCE DEC 1      0                         0      0        0
  SINCE JAN 1   1487                      1399     88     1694
..................................................................


WIND (MPH)
  RESULTANT WIND SPEED   6   RESULTANT WIND DIRECTION   N (350)
  HIGHEST WIND SPEED    22   HIGHEST WIND DIRECTION    NE (30)
  HIGHEST GUST SPEED    26   HIGHEST GUST DIRECTION     N (20)
  AVERAGE WIND SPEED    10.4


SKY COVER
  AVERAGE SKY COVER 0.0


WEATHER CONDITIONS
 THE FOLLOWING WEATHER WAS RECORDED YESTERDAY.
  NO SIGNIFICANT WEATHER WAS OBSERVED.


RELATIVE HUMIDITY (PERCENT)
 HIGHEST    40          1000 PM
 LOWEST     14           100 PM
 AVERAGE    27

..........................................................


THE AMARILLO CLIMATE NORMALS FOR TODAY
                         NORMAL    RECORD    YEAR
 MAXIMUM TEMPERATURE (F)   49        69      1977
                                             1962
                                             1929
 MINIMUM TEMPERATURE (F)   24        -1      1901


SUNRISE AND SUNSET
DECEMBER 14 2017......SUNRISE   747 AM CST   SUNSET   536 PM CST
DECEMBER 15 2017......SUNRISE   748 AM CST   SUNSET   536 PM CST


-  INDICATES NEGATIVE NUMBERS.
R  INDICATES RECORD WAS SET OR TIED.
MM INDICATES DATA IS MISSING.
T  INDICATES TRACE AMOUNT.




$$
