000
CDUS44 KAMA 272137
CLIAMA


CLIMATE REPORT
NATIONAL WEATHER SERVICE AMARILLO TX
437 PM CDT TUE SEP 27 2016


...................................

...THE AMARILLO CLIMATE SUMMARY FOR SEPTEMBER 27 2016...
VALID TODAY AS OF 0400 PM LOCAL TIME.

CLIMATE NORMAL PERIOD 1981 TO 2010
CLIMATE RECORD PERIOD 1892 TO 2016


WEATHER ITEM   OBSERVED TIME   RECORD YEAR NORMAL DEPARTURE LAST
                VALUE   (LST)  VALUE       VALUE  FROM      YEAR
                                                  NORMAL
..................................................................
TEMPERATURE (F)
 TODAY
  MAXIMUM         83    330 PM  98    1953  78      5       84
  MINIMUM         46    543 AM  35    1996  52     -6       57
  AVERAGE         65                        65      0       71

PRECIPITATION (IN)
  TODAY            0.00          1.46 1944   0.06  -0.06     0.00
  MONTH TO DATE    0.82                      1.74  -0.92     0.16
  SINCE SEP 1      0.82                      1.74  -0.92     0.16
  SINCE JAN 1     15.70                     17.01  -1.31    28.87

SNOWFALL (IN)
  TODAY            0.0           0.0    MM   0.0    0.0      0.0
  MONTH TO DATE    0.0                       0.0    0.0      0.0
  SINCE SEP 1      0.0                       0.0    0.0      0.0
  SINCE JUL 1      T                         0.0    0.0      0.0
  SNOW DEPTH       0

DEGREE DAYS
 HEATING
  TODAY            0                         3     -3        0
  MONTH TO DATE    7                        32    -25        0
  SINCE SEP 1      7                        32    -25        0
  SINCE JUL 1      7                        33    -26        0

 COOLING
  TODAY            0                         3     -3        6
  MONTH TO DATE  207                       170     37      289
  SINCE SEP 1    207                       170     37      289
  SINCE JAN 1   1581                      1362    219     1435
..................................................................


WIND (MPH)
  RESULTANT WIND SPEED   5   RESULTANT WIND DIRECTION  SW (240)
  HIGHEST WIND SPEED    12   HIGHEST WIND DIRECTION     W (290)
  HIGHEST GUST SPEED    16   HIGHEST GUST DIRECTION    SW (240)
  AVERAGE WIND SPEED     6.8


SKY COVER
  AVERAGE SKY COVER 0.0


WEATHER CONDITIONS
 THE FOLLOWING WEATHER WAS RECORDED TODAY.
  HAZE


RELATIVE HUMIDITY (PERCENT)
 HIGHEST    66           600 AM
 LOWEST     20           300 PM
 AVERAGE    43

..........................................................


THE AMARILLO CLIMATE NORMALS FOR TOMORROW
                         NORMAL    RECORD    YEAR
 MAXIMUM TEMPERATURE (F)   78        96      1977
 MINIMUM TEMPERATURE (F)   51        33      1945


SUNRISE AND SUNSET
SEPTEMBER 27 2016.....SUNRISE   739 AM CDT   SUNSET   736 PM CDT
SEPTEMBER 28 2016.....SUNRISE   740 AM CDT   SUNSET   734 PM CDT


-  INDICATES NEGATIVE NUMBERS.
R  INDICATES RECORD WAS SET OR TIED.
MM INDICATES DATA IS MISSING.
T  INDICATES TRACE AMOUNT.




$$
