000
CDUS44 KAMA 030636
CLIAMA


CLIMATE REPORT
NATIONAL WEATHER SERVICE AMARILLO TX
135 AM CDT TUE MAY 3 2016


...................................

...THE AMARILLO CLIMATE SUMMARY FOR MAY 2 2016...

CLIMATE NORMAL PERIOD 1981 TO 2010
CLIMATE RECORD PERIOD 1892 TO 2016


WEATHER ITEM   OBSERVED TIME   RECORD YEAR NORMAL DEPARTURE LAST
                VALUE   (LST)  VALUE       VALUE  FROM      YEAR
                                                  NORMAL
..................................................................
TEMPERATURE (F)
 YESTERDAY
  MAXIMUM         63    501 PM  95    2012  76    -13       84
  MINIMUM         34    555 AM  28    2013  47    -13       56
  AVERAGE         49                        61    -12       70

PRECIPITATION (IN)
  YESTERDAY        0.00          3.30 2007   0.05  -0.05     0.00
  MONTH TO DATE    0.01                      0.10  -0.09     0.00
  SINCE MAR 1      3.61                      2.89   0.72     3.18
  SINCE JAN 1      4.30                      4.17   0.13     5.26

SNOWFALL (IN)
  YESTERDAY        0.0           4.7  2005   0.0    0.0      0.0
  MONTH TO DATE    0.0                       0.0    0.0      0.0
  SINCE MAR 1      1.3                       3.6   -2.3      0.1
  SINCE JUL 1     13.4                      17.6   -4.2     23.9
  SNOW DEPTH       0

DEGREE DAYS
 HEATING
  YESTERDAY       16                         5     11        0
  MONTH TO DATE   38                        10     28        1
  SINCE MAR 1    632                       821   -189      629
  SINCE JUL 1   3373                      4098   -725     3754

 COOLING
  YESTERDAY        0                         1     -1        5
  MONTH TO DATE    0                         2     -2        5
  SINCE MAR 1     10                        23    -13       27
  SINCE JAN 1     11                        23    -12       27
..................................................................


WIND (MPH)
  RESULTANT WIND SPEED   7   RESULTANT WIND DIRECTION  NW (330)
  HIGHEST WIND SPEED    17   HIGHEST WIND DIRECTION     N (350)
  HIGHEST GUST SPEED    24   HIGHEST GUST DIRECTION    NW (330)
  AVERAGE WIND SPEED     9.6


SKY COVER
  AVERAGE SKY COVER 0.1


WEATHER CONDITIONS
 THE FOLLOWING WEATHER WAS RECORDED YESTERDAY.
  FOG


RELATIVE HUMIDITY (PERCENT)
 HIGHEST   100           500 AM
 LOWEST     36           400 PM
 AVERAGE    68

..........................................................


THE AMARILLO CLIMATE NORMALS FOR TODAY
                         NORMAL    RECORD    YEAR
 MAXIMUM TEMPERATURE (F)   76        96      1996
                                             1940
 MINIMUM TEMPERATURE (F)   48        26      1907


SUNRISE AND SUNSET
MAY  3 2016...........SUNRISE   653 AM CDT   SUNSET   835 PM CDT
MAY  4 2016...........SUNRISE   652 AM CDT   SUNSET   836 PM CDT


-  INDICATES NEGATIVE NUMBERS.
R  INDICATES RECORD WAS SET OR TIED.
MM INDICATES DATA IS MISSING.
T  INDICATES TRACE AMOUNT.




$$
