000
CDUS44 KAMA 242135
CLIAMA


CLIMATE REPORT
NATIONAL WEATHER SERVICE AMARILLO TX
434 PM CDT THU APR 24 2014


...................................

...THE AMARILLO CLIMATE SUMMARY FOR APRIL 24 2014...
VALID TODAY AS OF 0400 PM LOCAL TIME.

CLIMATE NORMAL PERIOD 1981 TO 2010
CLIMATE RECORD PERIOD 1892 TO 2014


WEATHER ITEM   OBSERVED TIME   RECORD YEAR NORMAL DEPARTURE LAST
                VALUE   (LST)  VALUE       VALUE  FROM      YEAR
                                                  NORMAL
..................................................................
TEMPERATURE (F)
 TODAY
  MAXIMUM         73    224 PM  95    2012  74     -1       64
  MINIMUM         48    621 AM  20    2013  44      4       20
  AVERAGE         61                        59      2       42

PRECIPITATION (IN)
  TODAY            0.00          1.39 1997   0.06  -0.06     0.00
  MONTH TO DATE    0.57                      1.09  -0.52     0.05
  SINCE MAR 1      0.77                      2.48  -1.71     0.20
  SINCE JAN 1      1.16                      3.76  -2.60     3.49

SNOWFALL (IN)
  TODAY            0.0           0.2  1913   0.0    0.0      0.0
  MONTH TO DATE    0.4                       0.6   -0.2       T
  SINCE MAR 1      0.7                       3.5   -2.8      0.1
  SINCE JUL 1     12.8                      17.5   -4.7     29.7
  SNOW DEPTH       0

DEGREE DAYS
 HEATING
  TODAY            4                         7     -3       23
  MONTH TO DATE  208                       243    -35      326
  SINCE MAR 1    767                       775     -8      763
  SINCE JUL 1   4120                      4052     68     3628

 COOLING
  TODAY            0                         1     -1        0
  MONTH TO DATE   16                        10      6       11
  SINCE MAR 1     16                        12      4       11
  SINCE JAN 1     16                        12      4       11
..................................................................


WIND (MPH)
  RESULTANT WIND SPEED  19   RESULTANT WIND DIRECTION  NW (330)
  HIGHEST WIND SPEED    35   HIGHEST WIND DIRECTION     N (340)
  HIGHEST GUST SPEED    41   HIGHEST GUST DIRECTION     N (350)
  AVERAGE WIND SPEED    20.0


SKY COVER
  AVERAGE SKY COVER 0.2


WEATHER CONDITIONS
 THE FOLLOWING WEATHER WAS RECORDED TODAY.
  NO SIGNIFICANT WEATHER WAS OBSERVED.


RELATIVE HUMIDITY (PERCENT)
 HIGHEST    66           700 AM
 LOWEST     13           300 PM
 AVERAGE    40

..........................................................


THE AMARILLO CLIMATE NORMALS FOR TOMORROW
                         NORMAL    RECORD    YEAR
 MAXIMUM TEMPERATURE (F)   74        99      2012
 MINIMUM TEMPERATURE (F)   45        32      1997
                                             1907


SUNRISE AND SUNSET
APRIL 24 2014.........SUNRISE   703 AM CDT   SUNSET   827 PM CDT
APRIL 25 2014.........SUNRISE   702 AM CDT   SUNSET   828 PM CDT


-  INDICATES NEGATIVE NUMBERS.
R  INDICATES RECORD WAS SET OR TIED.
MM INDICATES DATA IS MISSING.
T  INDICATES TRACE AMOUNT.




$$
