725
CDUS42 KJAX 222230
CLIAMG


CLIMATE REPORT
NATIONAL WEATHER SERVICE JACKSONVILLE FL
529 PM EST THU FEB 22 2018


...................................

...THE ALMA CLIMATE SUMMARY FOR FEBRUARY 22 2018...
VALID TODAY AS OF 0500 PM LOCAL TIME.

CLIMATE NORMAL PERIOD 1981 TO 2010
CLIMATE RECORD PERIOD 1948 TO 2018


WEATHER ITEM   OBSERVED TIME   RECORD YEAR NORMAL DEPARTURE LAST
                VALUE   (LST)  VALUE       VALUE  FROM      YEAR
                                                  NORMAL
..................................................................
TEMPERATURE (F)
 TODAY
  MAXIMUM         84R   402 PM  82    2005  67     17       70
  MINIMUM         67    708 AM  25    1958  44     23       63
  AVERAGE         76                        56     20       67

PRECIPITATION (IN)
  TODAY            0.00          1.73 1998   0.14  -0.14     0.53
  MONTH TO DATE    1.73                      2.96  -1.23     1.01
  SINCE DEC 1      5.14                     10.51  -5.37    12.82
  SINCE JAN 1      3.28                      7.22  -3.94     8.10

SNOWFALL (IN)
  TODAY            0.0           0.0    MM   0.0    0.0      0.0
  MONTH TO DATE    0.0                       0.0    0.0      0.0
  SINCE DEC 1      3.0                       0.1    2.9      0.0
  SINCE JUL 1      3.0                       0.1    2.9      0.0
  SNOW DEPTH       0

DEGREE DAYS
 HEATING
  TODAY            0                        10    -10        0
  MONTH TO DATE   99                       256   -157      129
  SINCE DEC 1   1021                      1101    -80      650
  SINCE JUL 1   1232                      1345   -113      838

 COOLING
  TODAY           11                         0     11        2
  MONTH TO DATE   70                         0     70       11
  SINCE DEC 1     88                        16     72       50
  SINCE JAN 1     75                         5     70       37
..................................................................


WIND (MPH)
  HIGHEST WIND SPEED    12   HIGHEST WIND DIRECTION    SE (150)
  HIGHEST GUST SPEED    15   HIGHEST GUST DIRECTION    SE (150)
  AVERAGE WIND SPEED     4.8


SKY COVER
  POSSIBLE SUNSHINE  MM
  AVERAGE SKY COVER 0.8


WEATHER CONDITIONS
 THE FOLLOWING WEATHER WAS RECORDED TODAY.
  FOG


RELATIVE HUMIDITY (PERCENT)
 HIGHEST    90          1200 AM
 LOWEST     43           400 PM
 AVERAGE    67

..........................................................


THE ALMA CLIMATE NORMALS FOR TOMORROW
                         NORMAL    RECORD    YEAR
 MAXIMUM TEMPERATURE (F)   67        82      2012
                                             1996
 MINIMUM TEMPERATURE (F)   44        21      1963


SUNRISE AND SUNSET
FEBRUARY 22 2018......SUNRISE   705 AM EST   SUNSET   623 PM EST
FEBRUARY 23 2018......SUNRISE   704 AM EST   SUNSET   624 PM EST


-  INDICATES NEGATIVE NUMBERS.
R  INDICATES RECORD WAS SET OR TIED.
MM INDICATES DATA IS MISSING.
T  INDICATES TRACE AMOUNT.




$$
