000
CDUS42 KJAX 022230
CLIAMG


CLIMATE REPORT
NATIONAL WEATHER SERVICE JACKSONVILLE FL
529 PM EST MON MAR 2 2015


...................................

...THE ALMA CLIMATE SUMMARY FOR MARCH 2 2015...
VALID TODAY AS OF 0500 PM LOCAL TIME.

CLIMATE NORMAL PERIOD 1981 TO 2010
CLIMATE RECORD PERIOD 1948 TO 2015


WEATHER ITEM   OBSERVED TIME   RECORD YEAR NORMAL DEPARTURE LAST
                VALUE   (LST)  VALUE       VALUE  FROM      YEAR
                                                  NORMAL
..................................................................
TEMPERATURE (F)
 TODAY
  MAXIMUM         70    403 PM  85    1976  69      1       74
  MINIMUM         49    125 AM  25    1986  46      3       40
  AVERAGE         60                        57      3       57

PRECIPITATION (IN)
  TODAY            0.00          2.82 1994   0.17  -0.17     0.00
  MONTH TO DATE    0.00                      0.33  -0.33     0.00
  SINCE MAR 1      0.00                      0.33  -0.33     0.00
  SINCE JAN 1      5.83                      8.39  -2.56     3.52

SNOWFALL (IN)
  TODAY            0.0           0.0    MM   0.0    0.0      0.0
  MONTH TO DATE    0.0                       0.0    0.0      0.0
  SINCE MAR 1      0.0                       0.0    0.0      0.0
  SINCE JUL 1      0.0                       0.1   -0.1       T
  SNOW DEPTH       0

DEGREE DAYS
 HEATING
  TODAY            5                         8     -3        8
  MONTH TO DATE   21                        17      4       19
  SINCE MAR 1     21                        17      4       19
  SINCE JUL 1   1696                      1418    278     1486

 COOLING
  TODAY            0                         1     -1        0
  MONTH TO DATE    0                         2     -2        0
  SINCE MAR 1      0                         2     -2        0
  SINCE JAN 1      3                        18    -15        8
..................................................................


WIND (MPH)
  HIGHEST WIND SPEED    13   HIGHEST WIND DIRECTION    NW (330)
  HIGHEST GUST SPEED    18   HIGHEST GUST DIRECTION    NW (330)
  AVERAGE WIND SPEED     2.4


SKY COVER
  POSSIBLE SUNSHINE  MM
  AVERAGE SKY COVER 0.9


WEATHER CONDITIONS
 THE FOLLOWING WEATHER WAS RECORDED TODAY.
  FOG
  FOG W/VISIBILITY <= 1/4 MILE


RELATIVE HUMIDITY (PERCENT)
 HIGHEST   100           500 AM
 LOWEST     70           300 PM
 AVERAGE    85

..........................................................


THE ALMA CLIMATE NORMALS FOR TOMORROW
                         NORMAL    RECORD    YEAR
 MAXIMUM TEMPERATURE (F)   69        86      1976
 MINIMUM TEMPERATURE (F)   46        18      1980


SUNRISE AND SUNSET
MARCH  2 2015.........SUNRISE   656 AM EST   SUNSET   629 PM EST
MARCH  3 2015.........SUNRISE   655 AM EST   SUNSET   629 PM EST


-  INDICATES NEGATIVE NUMBERS.
R  INDICATES RECORD WAS SET OR TIED.
MM INDICATES DATA IS MISSING.
T  INDICATES TRACE AMOUNT.




$$
