000
CDUS42 KJAX 302129
CLIAMG


CLIMATE REPORT
NATIONAL WEATHER SERVICE JACKSONVILLE FL
529 PM EDT MON MAY 30 2016


...................................

...THE ALMA CLIMATE SUMMARY FOR MAY 30 2016...
VALID TODAY AS OF 0500 PM LOCAL TIME.

CLIMATE NORMAL PERIOD 1981 TO 2010
CLIMATE RECORD PERIOD 1948 TO 2016


WEATHER ITEM   OBSERVED TIME   RECORD YEAR NORMAL DEPARTURE LAST
                VALUE   (LST)  VALUE       VALUE  FROM      YEAR
                                                  NORMAL
..................................................................
TEMPERATURE (F)
 TODAY
  MAXIMUM         93    359 PM  95    2004  88      5       87
                                      1981
  MINIMUM         64    609 AM  51    1971  66     -2       65
  AVERAGE         79                        77      2       76

PRECIPITATION (IN)
  TODAY            0.00          1.85 1995   0.11  -0.11      T
  MONTH TO DATE    3.34                      2.36   0.98     1.28
  SINCE MAR 1      9.53                      9.92  -0.39     7.44
  SINCE JAN 1     18.78                     17.98   0.80    13.27

SNOWFALL (IN)
  TODAY            0.0           0.0    MM   0.0    0.0      0.0
  MONTH TO DATE    0.0                       0.0    0.0      0.0
  SINCE MAR 1      0.0                       0.0    0.0      0.0
  SINCE JUL 1      0.0                       0.1   -0.1      0.0
  SNOW DEPTH       0

DEGREE DAYS
 HEATING
  TODAY            0                         0      0        0
  MONTH TO DATE    7                         3      4        4
  SINCE MAR 1    176                       255    -79      145
  SINCE JUL 1   1274                      1656   -382     1820

 COOLING
  TODAY           14                        12      2       11
  MONTH TO DATE  250                       263    -13      285
  SINCE MAR 1    423                       401     22      509
  SINCE JAN 1    436                       417     19      512
..................................................................


WIND (MPH)
  HIGHEST WIND SPEED    14   HIGHEST WIND DIRECTION    NW (300)
  HIGHEST GUST SPEED    19   HIGHEST GUST DIRECTION    NW (320)
  AVERAGE WIND SPEED     4.7


SKY COVER
  POSSIBLE SUNSHINE  MM
  AVERAGE SKY COVER 0.2


WEATHER CONDITIONS
 THE FOLLOWING WEATHER WAS RECORDED TODAY.
  NO SIGNIFICANT WEATHER WAS OBSERVED.


RELATIVE HUMIDITY (PERCENT)
 HIGHEST    93           200 AM
 LOWEST     38           200 PM
 AVERAGE    66

..........................................................


THE ALMA CLIMATE NORMALS FOR TOMORROW
                         NORMAL    RECORD    YEAR
 MAXIMUM TEMPERATURE (F)   88        97      1960
 MINIMUM TEMPERATURE (F)   66        47      1984


SUNRISE AND SUNSET
MAY 30 2016...........SUNRISE   626 AM EDT   SUNSET   829 PM EDT
MAY 31 2016...........SUNRISE   626 AM EDT   SUNSET   830 PM EDT


-  INDICATES NEGATIVE NUMBERS.
R  INDICATES RECORD WAS SET OR TIED.
MM INDICATES DATA IS MISSING.
T  INDICATES TRACE AMOUNT.




$$
