000
CDUS42 KJAX 310531
CLIAMG


CLIMATE REPORT
NATIONAL WEATHER SERVICE JACKSONVILLE FL
131 AM EDT FRI OCT 31 2014


...................................

...THE ALMA CLIMATE SUMMARY FOR OCTOBER 30 2014...

CLIMATE NORMAL PERIOD 1981 TO 2010
CLIMATE RECORD PERIOD 1948 TO 2014


WEATHER ITEM   OBSERVED TIME   RECORD YEAR NORMAL DEPARTURE LAST
                VALUE   (LST)  VALUE       VALUE  FROM      YEAR
                                                  NORMAL
..................................................................
TEMPERATURE (F)
 YESTERDAY
  MAXIMUM         76    302 PM  86    1961  76      0       81
  MINIMUM         50   1159 PM  26    1952  53     -3       50
  AVERAGE         63                        64     -1       66

PRECIPITATION (IN)
  YESTERDAY        0.00          2.07 1993   0.09  -0.09     0.00
  MONTH TO DATE    1.72                      2.95  -1.23     0.72
  SINCE SEP 1      5.04                      6.59  -1.55     2.84
  SINCE JAN 1     32.90                     40.80  -7.90    45.71

SNOWFALL (IN)
  YESTERDAY        0.0           0.0    MM   0.0    0.0      0.0
  MONTH TO DATE    0.0                       0.0    0.0      0.0
  SINCE SEP 1      0.0                       0.0    0.0      0.0
  SINCE JUL 1      0.0                       0.0    0.0      0.0
  SNOW DEPTH       0

DEGREE DAYS
 HEATING
  YESTERDAY        2                         3     -1        0
  MONTH TO DATE   42                        44     -2       44
  SINCE SEP 1     44                        46     -2       44
  SINCE JUL 1     44                        46     -2       44

 COOLING
  YESTERDAY        0                         3     -3        1
  MONTH TO DATE  141                       154    -13      137
  SINCE SEP 1    524                       517      7      515
  SINCE JAN 1   2431                      2424      7     2292
..................................................................


WIND (MPH)
  HIGHEST WIND SPEED    12   HIGHEST WIND DIRECTION    NW (330)
  HIGHEST GUST SPEED    15   HIGHEST GUST DIRECTION    NW (330)
  AVERAGE WIND SPEED     4.4


SKY COVER
  POSSIBLE SUNSHINE  MM
  AVERAGE SKY COVER 0.4


WEATHER CONDITIONS
 THE FOLLOWING WEATHER WAS RECORDED YESTERDAY.
  FOG
  HAZE


RELATIVE HUMIDITY (PERCENT)
 HIGHEST    93           300 AM
 LOWEST     31           300 PM
 AVERAGE    62

..........................................................


THE ALMA CLIMATE NORMALS FOR TODAY
                         NORMAL    RECORD    YEAR
 MAXIMUM TEMPERATURE (F)   76        88      1961
 MINIMUM TEMPERATURE (F)   52        26      1954


SUNRISE AND SUNSET
OCTOBER 31 2014.......SUNRISE   745 AM EDT   SUNSET   642 PM EDT
NOVEMBER  1 2014......SUNRISE   746 AM EDT   SUNSET   641 PM EDT


-  INDICATES NEGATIVE NUMBERS.
R  INDICATES RECORD WAS SET OR TIED.
MM INDICATES DATA IS MISSING.
T  INDICATES TRACE AMOUNT.




$$
