000
CDUS42 KJAX 210545
CLIAMG


CLIMATE REPORT
NATIONAL WEATHER SERVICE JACKSONVILLE FL
145 AM EDT FRI JUL 21 2017


...................................

...THE ALMA CLIMATE SUMMARY FOR JULY 20 2017...

CLIMATE NORMAL PERIOD 1981 TO 2010
CLIMATE RECORD PERIOD 1948 TO 2017


WEATHER ITEM   OBSERVED TIME   RECORD YEAR NORMAL DEPARTURE LAST
                VALUE   (LST)  VALUE       VALUE  FROM      YEAR
                                                  NORMAL
..................................................................
TEMPERATURE (F)
 YESTERDAY
  MAXIMUM         95    130 PM 104    2000  93      2       96
  MINIMUM         72   1008 PM  64    2006  72      0       72
  AVERAGE         84                        82      2       84

PRECIPITATION (IN)
  YESTERDAY        0.26          1.21 1959   0.19   0.07     0.40
  MONTH TO DATE    2.39                      3.31  -0.92     0.67
  SINCE JUN 1      5.67                      8.69  -3.02     5.87
  SINCE JAN 1     20.32                     26.78  -6.46    24.65

SNOWFALL (IN)
  YESTERDAY        0.0           0.0    MM   0.0    0.0      0.0
  MONTH TO DATE    0.0                       0.0    0.0      0.0
  SINCE JUN 1      0.0                       0.0    0.0      0.0
  SINCE JUL 1      0.0                       0.0    0.0      0.0
  SNOW DEPTH       0

DEGREE DAYS
 HEATING
  YESTERDAY        0                         0      0        0
  MONTH TO DATE    0                         0      0        0
  SINCE JUN 1      0                         0      0        0
  SINCE JUL 1      0                         0      0        0

 COOLING
  YESTERDAY       19                        17      2       19
  MONTH TO DATE  374                       339     35      389
  SINCE JUN 1    820                       782     38      864
  SINCE JAN 1   1419                      1212    207     1315
..................................................................


WIND (MPH)
  HIGHEST WIND SPEED    13   HIGHEST WIND DIRECTION     S (170)
  HIGHEST GUST SPEED    16   HIGHEST GUST DIRECTION    SE (150)
  AVERAGE WIND SPEED     2.5


SKY COVER
  POSSIBLE SUNSHINE  MM
  AVERAGE SKY COVER 0.2


WEATHER CONDITIONS
 THE FOLLOWING WEATHER WAS RECORDED YESTERDAY.
  THUNDERSTORM
  HEAVY RAIN
  LIGHT RAIN
  FOG
  HAZE


RELATIVE HUMIDITY (PERCENT)
 HIGHEST    94           700 PM
 LOWEST     49           100 PM
 AVERAGE    72

..........................................................


THE ALMA CLIMATE NORMALS FOR TODAY
                         NORMAL    RECORD    YEAR
 MAXIMUM TEMPERATURE (F)   93       100      1954
 MINIMUM TEMPERATURE (F)   72        63      2004


SUNRISE AND SUNSET
JULY 21 2017..........SUNRISE   639 AM EDT   SUNSET   833 PM EDT
JULY 22 2017..........SUNRISE   640 AM EDT   SUNSET   833 PM EDT


-  INDICATES NEGATIVE NUMBERS.
R  INDICATES RECORD WAS SET OR TIED.
MM INDICATES DATA IS MISSING.
T  INDICATES TRACE AMOUNT.




$$
