000
CDUS42 KJAX 030536
CLIAMG


CLIMATE REPORT
NATIONAL WEATHER SERVICE JACKSONVILLE FL
135 AM EDT TUE MAY 3 2016


...................................

...THE ALMA CLIMATE SUMMARY FOR MAY 2 2016...

CLIMATE NORMAL PERIOD 1981 TO 2010
CLIMATE RECORD PERIOD 1948 TO 2016


WEATHER ITEM   OBSERVED TIME   RECORD YEAR NORMAL DEPARTURE LAST
                VALUE   (LST)  VALUE       VALUE  FROM      YEAR
                                                  NORMAL
..................................................................
TEMPERATURE (F)
 YESTERDAY
  MAXIMUM         89    156 PM  97    1990  83      6       78
  MINIMUM         67    151 AM  43    1963  58      9       47
  AVERAGE         78                        70      8       63

PRECIPITATION (IN)
  YESTERDAY        0.49          1.38 1964   0.06   0.43     0.00
  MONTH TO DATE    0.57                      0.13   0.44     0.00
  SINCE MAR 1      6.76                      7.69  -0.93     6.16
  SINCE JAN 1     16.01                     15.75   0.26    11.99

SNOWFALL (IN)
  YESTERDAY        0.0           0.0    MM   0.0    0.0      0.0
  MONTH TO DATE    0.0                       0.0    0.0      0.0
  SINCE MAR 1      0.0                       0.0    0.0      0.0
  SINCE JUL 1      0.0                       0.1   -0.1      0.0
  SNOW DEPTH       0

DEGREE DAYS
 HEATING
  YESTERDAY        0                         1     -1        2
  MONTH TO DATE    0                         2     -2        4
  SINCE MAR 1    169                       254    -85      145
  SINCE JUL 1   1267                      1655   -388     1820

 COOLING
  YESTERDAY       13                         6      7        0
  MONTH TO DATE   27                        11     16        0
  SINCE MAR 1    200                       149     51      224
  SINCE JAN 1    213                       165     48      227
..................................................................


WIND (MPH)
  HIGHEST WIND SPEED    22   HIGHEST WIND DIRECTION     S (180)
  HIGHEST GUST SPEED    32   HIGHEST GUST DIRECTION     S (180)
  AVERAGE WIND SPEED     4.7


SKY COVER
  POSSIBLE SUNSHINE  MM
  AVERAGE SKY COVER 0.3


WEATHER CONDITIONS
 THE FOLLOWING WEATHER WAS RECORDED YESTERDAY.
  THUNDERSTORM
  HEAVY RAIN
  LIGHT RAIN
  FOG
  HAZE


RELATIVE HUMIDITY (PERCENT)
 HIGHEST   100           300 AM
 LOWEST     50           200 PM
 AVERAGE    75

..........................................................


THE ALMA CLIMATE NORMALS FOR TODAY
                         NORMAL    RECORD    YEAR
 MAXIMUM TEMPERATURE (F)   83        95      2002
 MINIMUM TEMPERATURE (F)   58        43      1955


SUNRISE AND SUNSET
MAY  3 2016...........SUNRISE   643 AM EDT   SUNSET   812 PM EDT
MAY  4 2016...........SUNRISE   642 AM EDT   SUNSET   812 PM EDT


-  INDICATES NEGATIVE NUMBERS.
R  INDICATES RECORD WAS SET OR TIED.
MM INDICATES DATA IS MISSING.
T  INDICATES TRACE AMOUNT.




$$
