000
CDUS42 KJAX 182234
CLIAMG


CLIMATE REPORT
NATIONAL WEATHER SERVICE JACKSONVILLE FL
533 PM EST WED JAN 18 2017


...................................

...THE ALMA CLIMATE SUMMARY FOR JANUARY 18 2017...
VALID TODAY AS OF 0500 PM LOCAL TIME.

CLIMATE NORMAL PERIOD 1981 TO 2010
CLIMATE RECORD PERIOD 1948 TO 2017


WEATHER ITEM   OBSERVED TIME   RECORD YEAR NORMAL DEPARTURE LAST
                VALUE   (LST)  VALUE       VALUE  FROM      YEAR
                                                  NORMAL
..................................................................
TEMPERATURE (F)
 TODAY
  MAXIMUM         77    350 PM  79    1952  62     15       53
  MINIMUM         56    710 AM  17    1959  40     16       35
  AVERAGE         67                        51     16       44

PRECIPITATION (IN)
  TODAY            0.00          2.04 1955   0.13  -0.13     0.00
  MONTH TO DATE    1.91                      2.37  -0.46     3.22
  SINCE DEC 1      6.63                      5.66   0.97     5.19
  SINCE JAN 1      1.91                      2.37  -0.46     3.22

SNOWFALL (IN)
  TODAY            0.0           0.0    MM   0.0    0.0      0.0
  MONTH TO DATE    0.0                       0.0    0.0      0.0
  SINCE DEC 1      0.0                       0.1   -0.1      0.0
  SINCE JUL 1      0.0                       0.1   -0.1      0.0
  SNOW DEPTH       0

DEGREE DAYS
 HEATING
  TODAY            0                        15    -15       21
  MONTH TO DATE  146                       270   -124      280
  SINCE DEC 1    414                       666   -252      421
  SINCE JUL 1    602                       910   -308      539

 COOLING
  TODAY            2                         0      2        0
  MONTH TO DATE   17                         0     17        0
  SINCE DEC 1     30                        11     19       97
  SINCE JAN 1     17                         0     17        0
..................................................................


WIND (MPH)
  HIGHEST WIND SPEED    17   HIGHEST WIND DIRECTION    NW (300)
  HIGHEST GUST SPEED    25   HIGHEST GUST DIRECTION     W (250)
  AVERAGE WIND SPEED     6.9


SKY COVER
  POSSIBLE SUNSHINE  MM
  AVERAGE SKY COVER 0.6


WEATHER CONDITIONS
 THE FOLLOWING WEATHER WAS RECORDED TODAY.
  FOG
  FOG W/VISIBILITY <= 1/4 MILE


RELATIVE HUMIDITY (PERCENT)
 HIGHEST   100          1200 AM
 LOWEST     54           400 PM
 AVERAGE    77

..........................................................


THE ALMA CLIMATE NORMALS FOR TOMORROW
                         NORMAL    RECORD    YEAR
 MAXIMUM TEMPERATURE (F)   62        81      2001
 MINIMUM TEMPERATURE (F)   40        14      1957


SUNRISE AND SUNSET
JANUARY 18 2017.......SUNRISE   729 AM EST   SUNSET   552 PM EST
JANUARY 19 2017.......SUNRISE   729 AM EST   SUNSET   553 PM EST


-  INDICATES NEGATIVE NUMBERS.
R  INDICATES RECORD WAS SET OR TIED.
MM INDICATES DATA IS MISSING.
T  INDICATES TRACE AMOUNT.




$$
