000
CDUS42 KJAX 272126
CLIAMG


CLIMATE REPORT
NATIONAL WEATHER SERVICE JACKSONVILLE FL
526 PM EDT MON MAR 27 2017


...................................

...THE ALMA CLIMATE SUMMARY FOR MARCH 27 2017...
VALID TODAY AS OF 0500 PM LOCAL TIME.

CLIMATE NORMAL PERIOD 1981 TO 2010
CLIMATE RECORD PERIOD 1948 TO 2017


WEATHER ITEM   OBSERVED TIME   RECORD YEAR NORMAL DEPARTURE LAST
                VALUE   (LST)  VALUE       VALUE  FROM      YEAR
                                                  NORMAL
..................................................................
TEMPERATURE (F)
 TODAY
  MAXIMUM         83    356 PM  86    1994  75      8       72
  MINIMUM         60    655 AM  24    1955  50     10       63
  AVERAGE         72                        62     10       68

PRECIPITATION (IN)
  TODAY            0.00          1.60 2005   0.15  -0.15     1.46
  MONTH TO DATE    0.54                      4.18  -3.64     2.87
  SINCE MAR 1      0.54                      4.18  -3.64     2.87
  SINCE JAN 1      8.67                     12.24  -3.57    12.12

SNOWFALL (IN)
  TODAY            0.0           0.0    MM   0.0    0.0      0.0
  MONTH TO DATE    0.0                       0.0    0.0      0.0
  SINCE MAR 1      0.0                       0.0    0.0      0.0
  SINCE JUL 1      0.0                       0.1   -0.1      0.0
  SNOW DEPTH       0

DEGREE DAYS
 HEATING
  TODAY            0                         4     -4        0
  MONTH TO DATE  197                       172     25      108
  SINCE MAR 1    197                       172     25      108
  SINCE JUL 1   1053                      1573   -520     1206

 COOLING
  TODAY            7                         2      5        3
  MONTH TO DATE   31                        29      2       66
  SINCE MAR 1     31                        29      2       66
  SINCE JAN 1     86                        45     41       79
..................................................................


WIND (MPH)
  HIGHEST WIND SPEED    12   HIGHEST WIND DIRECTION    SW (230)
  HIGHEST GUST SPEED    15   HIGHEST GUST DIRECTION     S (200)
  AVERAGE WIND SPEED     4.1


SKY COVER
  POSSIBLE SUNSHINE  MM
  AVERAGE SKY COVER 0.5


WEATHER CONDITIONS
 THE FOLLOWING WEATHER WAS RECORDED TODAY.
  NO SIGNIFICANT WEATHER WAS OBSERVED.


RELATIVE HUMIDITY (PERCENT)
 HIGHEST   100           300 AM
 LOWEST     46           400 PM
 AVERAGE    73

..........................................................


THE ALMA CLIMATE NORMALS FOR TOMORROW
                         NORMAL    RECORD    YEAR
 MAXIMUM TEMPERATURE (F)   75        87      2007
 MINIMUM TEMPERATURE (F)   50        25      1955


SUNRISE AND SUNSET
MARCH 27 2017.........SUNRISE   725 AM EDT   SUNSET   746 PM EDT
MARCH 28 2017.........SUNRISE   723 AM EDT   SUNSET   747 PM EDT


-  INDICATES NEGATIVE NUMBERS.
R  INDICATES RECORD WAS SET OR TIED.
MM INDICATES DATA IS MISSING.
T  INDICATES TRACE AMOUNT.




$$
