000
CDUS44 KBMX 312125
CLIANB


CLIMATE REPORT
NATIONAL WEATHER SERVICE BIRMINGHAM, AL
425 PM CDT TUE MAY 31 2016


...................................

...THE ANNISTON CLIMATE SUMMARY FOR MAY 31 2016...
VALID TODAY AS OF 0400 PM LOCAL TIME.

CLIMATE NORMAL PERIOD 1981 TO 2010
CLIMATE RECORD PERIOD 1903 TO 2016


WEATHER ITEM   OBSERVED RECORD YEAR NORMAL DEPARTURE LAST
                VALUE   VALUE       VALUE  FROM      YEAR
                                           NORMAL
...........................................................
TEMPERATURE (F)
 TODAY
  MAXIMUM         94     96    1954  84     10       87
  MINIMUM         65     41    1984  63      2       66
  AVERAGE         80

PRECIPITATION (IN)
  TODAY            0.00   1.87 1997   0.13  -0.13     0.14
  MONTH TO DATE    4.49               4.26   0.23     2.53
  SINCE MAR 1     10.88              13.33  -2.45    16.36
  SINCE JAN 1     19.72              22.93  -3.21    24.52

DEGREE DAYS
 COOLING
  TODAY           15                  9      6       12
  MONTH TO DATE  191                178     13      235
  SINCE MAR 1    280                239     41      317
  SINCE JAN 1    280                240     40      317
...........................................................


WIND (MPH)
  HIGHEST WIND SPEED    10   HIGHEST WIND DIRECTION     W (250)
  HIGHEST GUST SPEED    14   HIGHEST GUST DIRECTION    NW (320)
  AVERAGE WIND SPEED     2.9


SKY COVER
  AVERAGE SKY COVER 0.1


WEATHER CONDITIONS
 THE FOLLOWING WEATHER WAS RECORDED TODAY.
  NO SIGNIFICANT WEATHER WAS OBSERVED.


RELATIVE HUMIDITY (PERCENT)
 HIGHEST    93
 LOWEST     30
 AVERAGE    62

..........................................................


THE ANNISTON CLIMATE NORMALS FOR TOMORROW
                         NORMAL    RECORD    YEAR
 MAXIMUM TEMPERATURE (F)   85        99      2011
 MINIMUM TEMPERATURE (F)   64        42      1972


SUNRISE AND SUNSET
MAY 31 2016...........SUNRISE   534 AM CDT   SUNSET   748 PM CDT
JUNE  1 2016..........SUNRISE   534 AM CDT   SUNSET   749 PM CDT


-  INDICATES NEGATIVE NUMBERS.
R  INDICATES RECORD WAS SET OR TIED.
MM INDICATES DATA IS MISSING.
T  INDICATES TRACE AMOUNT.




$$
