000
CDUS44 KBMX 110850
CLIANB


CLIMATE REPORT
NATIONAL WEATHER SERVICE BIRMINGHAM, AL
249 AM CST MON DEC 11 2017


...................................

...THE ANNISTON CLIMATE SUMMARY FOR DECEMBER 10 2017...

CLIMATE NORMAL PERIOD 1981 TO 2010
CLIMATE RECORD PERIOD 1903 TO 2017


WEATHER ITEM   OBSERVED TIME   RECORD YEAR NORMAL DEPARTURE LAST
                VALUE   (LST)  VALUE       VALUE  FROM      YEAR
                                                  NORMAL
..................................................................
TEMPERATURE (F)
 YESTERDAY
  MAXIMUM         43    404 PM  79    2007  57    -14       51
  MINIMUM         20    657 AM  16    1995  36    -16       21
  AVERAGE         32                        46    -14       36

PRECIPITATION (IN)
  YESTERDAY        0.00          2.08 2008   0.14  -0.14     0.00
  MONTH TO DATE    1.54                      1.47   0.07     1.41
  SINCE DEC 1      1.54                      1.47   0.07     1.41
  SINCE JAN 1     57.99                     47.02  10.97    30.90

SNOWFALL (IN)
  YESTERDAY        0.0                       0.0             0.0
  MONTH TO DATE    0.0                       0.0             0.0
  SINCE DEC 1      0.0                       0.0             0.0
  SINCE JUL 1      0.0                       0.0             0.0

DEGREE DAYS
 HEATING
  YESTERDAY       33
  MONTH TO DATE  173
  SINCE DEC 1    173
  SINCE JUL 1    629
..................................................................


WIND (MPH)
  HIGHEST WIND SPEED    13   HIGHEST WIND DIRECTION     S (200)
  HIGHEST GUST SPEED    16   HIGHEST GUST DIRECTION    SW (230)
  AVERAGE WIND SPEED     4.2


SKY COVER
  AVERAGE SKY COVER 0.0


WEATHER CONDITIONS
 THE FOLLOWING WEATHER WAS RECORDED YESTERDAY.
  NO SIGNIFICANT WEATHER WAS OBSERVED.


RELATIVE HUMIDITY (PERCENT)
 HIGHEST    92
 LOWEST     53
 AVERAGE    73

..........................................................


THE ANNISTON CLIMATE NORMALS FOR TODAY
                         NORMAL    RECORD    YEAR
 MAXIMUM TEMPERATURE (F)   57        77      2007
 MINIMUM TEMPERATURE (F)   36        12      1962


SUNRISE AND SUNSET
DECEMBER 11 2017......SUNRISE   638 AM CST   SUNSET   436 PM CST
DECEMBER 12 2017......SUNRISE   638 AM CST   SUNSET   436 PM CST


-  INDICATES NEGATIVE NUMBERS.
R  INDICATES RECORD WAS SET OR TIED.
MM INDICATES DATA IS MISSING.
T  INDICATES TRACE AMOUNT.




$$
