000
CDUS44 KBMX 172133
CLIANB


CLIMATE REPORT
NATIONAL WEATHER SERVICE BIRMINGHAM, AL
433 PM CDT THU APR 17 2014


...................................

...THE ANNISTON CLIMATE SUMMARY FOR APRIL 17 2014...
VALID AS OF 0400 PM LOCAL TIME.

CLIMATE NORMAL PERIOD 1981 TO 2010
CLIMATE RECORD PERIOD 1903 TO 2014


WEATHER ITEM   OBSERVED TIME   RECORD YEAR NORMAL DEPARTURE LAST
                VALUE   (LST)  VALUE       VALUE  FROM      YEAR
                                                  NORMAL
..................................................................
TEMPERATURE (F)
 TODAY
  MAXIMUM         69    211 PM  93    1955  74     -5       83
  MINIMUM         43    535 AM  26    1905  50     -7       65
  AVERAGE         56

PRECIPITATION (IN)
  TODAY            0.00          1.37 1957   0.13  -0.13     0.49
  MONTH TO DATE    5.38                      2.36   3.02     4.66
  SINCE MAR 1     10.79                      7.32   3.47     8.66
  SINCE JAN 1     17.95                     16.92   1.03    22.61

DEGREE DAYS
 HEATING
  TODAY            9
  MONTH TO DATE   91
  SINCE MAR 1    473
  SINCE JUL 1   2954
..................................................................


WIND (MPH)
  HIGHEST WIND SPEED    16   HIGHEST WIND DIRECTION     E (90)
  HIGHEST GUST SPEED    21   HIGHEST GUST DIRECTION     E (90)
  AVERAGE WIND SPEED     8.2


SKY COVER
  AVERAGE SKY COVER 0.1


WEATHER CONDITIONS
 THE FOLLOWING WEATHER WAS RECORDED TODAY.
  NO SIGNIFICANT WEATHER WAS OBSERVED.


RELATIVE HUMIDITY (PERCENT)
 HIGHEST    70
 LOWEST     42
 AVERAGE    56

..........................................................


THE ANNISTON CLIMATE NORMALS FOR TOMORROW
                         NORMAL    RECORD    YEAR
 MAXIMUM TEMPERATURE (F)   75        90      1955
 MINIMUM TEMPERATURE (F)   50        28      1905


SUNRISE AND SUNSET
APRIL 17 2014.........SUNRISE   611 AM CDT   SUNSET   716 PM CDT
APRIL 18 2014.........SUNRISE   609 AM CDT   SUNSET   717 PM CDT


-  INDICATES NEGATIVE NUMBERS.
R  INDICATES RECORD WAS SET OR TIED.
MM INDICATES DATA IS MISSING.
T  INDICATES TRACE AMOUNT.




$$
