000
CDUS44 KBMX 270830
CLIANB


CLIMATE REPORT
NATIONAL WEATHER SERVICE BIRMINGHAM, AL
229 AM CST FRI FEB 27 2015


...................................

...THE ANNISTON CLIMATE SUMMARY FOR FEBRUARY 26 2015...

CLIMATE NORMAL PERIOD 1981 TO 2010
CLIMATE RECORD PERIOD 1903 TO 2015


WEATHER ITEM   OBSERVED TIME   RECORD YEAR NORMAL DEPARTURE LAST
                VALUE   (LST)  VALUE       VALUE  FROM      YEAR
                                                  NORMAL
..................................................................
TEMPERATURE (F)
 YESTERDAY
  MAXIMUM         38    507 PM  84    1977  61    -23       46
  MINIMUM         27   1159 PM  16    1967  39    -12       31
  AVERAGE         33                        50    -17       39

PRECIPITATION (IN)
  YESTERDAY        T             1.36 1998   0.18  -0.18     0.25
  MONTH TO DATE    2.66                      4.70  -2.04     3.93
  SINCE DEC 1     14.38                     13.34   1.04    16.36
  SINCE JAN 1      8.16                      9.22  -1.06     7.14

SNOWFALL (IN)
  YESTERDAY        0.0                       0.0             0.0
  MONTH TO DATE    0.0                       0.3             0.8
  SINCE DEC 1      0.0                       1.0             2.3
  SINCE JUL 1      0.0                       1.0             2.3

DEGREE DAYS
 HEATING
  YESTERDAY       32
  MONTH TO DATE  644
  SINCE DEC 1   1846
  SINCE JUL 1   2474
..................................................................


WIND (MPH)
  HIGHEST WIND SPEED    16   HIGHEST WIND DIRECTION     N (10)
  HIGHEST GUST SPEED    23   HIGHEST GUST DIRECTION     N (360)
  AVERAGE WIND SPEED     4.7


SKY COVER
  AVERAGE SKY COVER 0.8


WEATHER CONDITIONS
 THE FOLLOWING WEATHER WAS RECORDED YESTERDAY.
  FOG


RELATIVE HUMIDITY (PERCENT)
 HIGHEST    92
 LOWEST     76
 AVERAGE    84

..........................................................


THE ANNISTON CLIMATE NORMALS FOR TODAY
                         NORMAL    RECORD    YEAR
 MAXIMUM TEMPERATURE (F)   61        82      1996
 MINIMUM TEMPERATURE (F)   39        14      1963


SUNRISE AND SUNSET
FEBRUARY 27 2015......SUNRISE   614 AM CST   SUNSET   538 PM CST
FEBRUARY 28 2015......SUNRISE   613 AM CST   SUNSET   539 PM CST


-  INDICATES NEGATIVE NUMBERS.
R  INDICATES RECORD WAS SET OR TIED.
MM INDICATES DATA IS MISSING.
T  INDICATES TRACE AMOUNT.




$$
