000
CDUS44 KBMX 040923
CLIANB


CLIMATE REPORT
NATIONAL WEATHER SERVICE BIRMINGHAM, AL
422 AM CDT SAT JUL 4 2015


...................................

...THE ANNISTON CLIMATE SUMMARY FOR JULY 3 2015...

CLIMATE NORMAL PERIOD 1981 TO 2010
CLIMATE RECORD PERIOD 1903 TO 2015


WEATHER ITEM   OBSERVED TIME   RECORD YEAR NORMAL DEPARTURE LAST
                VALUE   (LST)  VALUE       VALUE  FROM      YEAR
                                                  NORMAL
..................................................................
TEMPERATURE (F)
 YESTERDAY
  MAXIMUM         78    404 PM 100    1970  90    -12       87
  MINIMUM         70    731 AM  59    1947  69      1       67
  AVERAGE         74                        80     -6       77

PRECIPITATION (IN)
  YESTERDAY        0.85          1.93 1987   0.15   0.70     0.01
  MONTH TO DATE    1.24                      0.45   0.79     0.01
  SINCE JUN 1      3.87                      4.53  -0.66     5.12
  SINCE JAN 1     28.39                     27.46   0.93    28.64

..................................................................


WIND (MPH)
  HIGHEST WIND SPEED    18   HIGHEST WIND DIRECTION    NW (320)
  HIGHEST GUST SPEED    27   HIGHEST GUST DIRECTION    NW (330)
  AVERAGE WIND SPEED     6.5


SKY COVER
  AVERAGE SKY COVER 0.4


WEATHER CONDITIONS
 THE FOLLOWING WEATHER WAS RECORDED YESTERDAY.
  THUNDERSTORM
  HEAVY RAIN
  RAIN
  LIGHT RAIN
  FOG


RELATIVE HUMIDITY (PERCENT)
 HIGHEST    93
 LOWEST     74
 AVERAGE    84

..........................................................


THE ANNISTON CLIMATE NORMALS FOR TODAY
                         NORMAL    RECORD    YEAR
 MAXIMUM TEMPERATURE (F)   90       100      1969
 MINIMUM TEMPERATURE (F)   70        58      1967


SUNRISE AND SUNSET
JULY  4 2015..........SUNRISE   538 AM CDT   SUNSET   757 PM CDT
JULY  5 2015..........SUNRISE   539 AM CDT   SUNSET   757 PM CDT


-  INDICATES NEGATIVE NUMBERS.
R  INDICATES RECORD WAS SET OR TIED.
MM INDICATES DATA IS MISSING.
T  INDICATES TRACE AMOUNT.




$$
