000
CDUS44 KBMX 260734
CLIANB


CLIMATE REPORT
NATIONAL WEATHER SERVICE BIRMINGHAM, AL
233 AM CDT WED APR 26 2017


...................................

...THE ANNISTON CLIMATE SUMMARY FOR APRIL 25 2017...

CLIMATE NORMAL PERIOD 1981 TO 2010
CLIMATE RECORD PERIOD 1903 TO 2017


WEATHER ITEM   OBSERVED TIME   RECORD YEAR NORMAL DEPARTURE LAST
                VALUE   (LST)  VALUE       VALUE  FROM      YEAR
                                                  NORMAL
..................................................................
TEMPERATURE (F)
 YESTERDAY
  MAXIMUM         78    425 PM  88    1960  76      2       83
                                      2004
  MINIMUM         50    530 AM  34    2005  52     -2       58
  AVERAGE         64                        64      0       71

PRECIPITATION (IN)
  YESTERDAY        0.00          3.35 1982   0.13  -0.13     0.00
  MONTH TO DATE    5.31                      3.43   1.88     3.01
  SINCE MAR 1      9.56                      8.39   1.17     6.30
  SINCE JAN 1     20.08                     17.99   2.09    15.14

SNOWFALL (IN)
  YESTERDAY        0.0                       0.0             0.0
  MONTH TO DATE    0.0                       0.2             0.0
  SINCE MAR 1      0.0                       0.9             0.0
  SINCE JUL 1      0.0                       2.0              T

DEGREE DAYS
 HEATING
  YESTERDAY        1
  MONTH TO DATE   51
  SINCE MAR 1    326
  SINCE JUL 1   1799
..................................................................


WIND (MPH)
  HIGHEST WIND SPEED    10   HIGHEST WIND DIRECTION    SW (220)
  HIGHEST GUST SPEED    17   HIGHEST GUST DIRECTION     W (250)
  AVERAGE WIND SPEED     3.5


SKY COVER
  AVERAGE SKY COVER 0.2


WEATHER CONDITIONS
 THE FOLLOWING WEATHER WAS RECORDED YESTERDAY.
  FOG
  FOG W/VISIBILITY <= 1/4 MILE


RELATIVE HUMIDITY (PERCENT)
 HIGHEST   100
 LOWEST     48
 AVERAGE    74

..........................................................


THE ANNISTON CLIMATE NORMALS FOR TODAY
                         NORMAL    RECORD    YEAR
 MAXIMUM TEMPERATURE (F)   76        90      1986
 MINIMUM TEMPERATURE (F)   52        37      2013


SUNRISE AND SUNSET
APRIL 26 2017.........SUNRISE   600 AM CDT   SUNSET   723 PM CDT
APRIL 27 2017.........SUNRISE   559 AM CDT   SUNSET   724 PM CDT


-  INDICATES NEGATIVE NUMBERS.
R  INDICATES RECORD WAS SET OR TIED.
MM INDICATES DATA IS MISSING.
T  INDICATES TRACE AMOUNT.




$$
