000
CDUS44 KBMX 260748
CLIANB


CLIMATE REPORT
NATIONAL WEATHER SERVICE BIRMINGHAM, AL
248 AM CDT MON JUN 26 2017


...................................

...THE ANNISTON CLIMATE SUMMARY FOR JUNE 25 2017...

CLIMATE NORMAL PERIOD 1981 TO 2010
CLIMATE RECORD PERIOD 1903 TO 2017


WEATHER ITEM   OBSERVED TIME   RECORD YEAR NORMAL DEPARTURE LAST
                VALUE   (LST)  VALUE       VALUE  FROM      YEAR
                                                  NORMAL
..................................................................
TEMPERATURE (F)
 YESTERDAY
  MAXIMUM         81    311 PM 100    2016  89     -8      100
  MINIMUM         62   1159 PM  53    1967  68     -6       72
  AVERAGE         72                        79     -7       86

PRECIPITATION (IN)
  YESTERDAY        0.00          2.21 1964   0.14  -0.14     0.00
  MONTH TO DATE    6.29                      3.36   2.93     1.56
  SINCE JUN 1      6.29                      3.36   2.93     1.56
  SINCE JAN 1     32.21                     26.29   5.92    21.28

..................................................................


WIND (MPH)
  HIGHEST WIND SPEED    15   HIGHEST WIND DIRECTION     N (360)
  HIGHEST GUST SPEED    18   HIGHEST GUST DIRECTION    NW (330)
  AVERAGE WIND SPEED     3.5


SKY COVER
  AVERAGE SKY COVER 0.0


WEATHER CONDITIONS
 THE FOLLOWING WEATHER WAS RECORDED YESTERDAY.
  NO SIGNIFICANT WEATHER WAS OBSERVED.


RELATIVE HUMIDITY (PERCENT)
 HIGHEST    93
 LOWEST     45
 AVERAGE    69

..........................................................


THE ANNISTON CLIMATE NORMALS FOR TODAY
                         NORMAL    RECORD    YEAR
 MAXIMUM TEMPERATURE (F)   89        99      1971
                                             1954
 MINIMUM TEMPERATURE (F)   69        49      1974


SUNRISE AND SUNSET
JUNE 26 2017..........SUNRISE   535 AM CDT   SUNSET   757 PM CDT
JUNE 27 2017..........SUNRISE   535 AM CDT   SUNSET   758 PM CDT


-  INDICATES NEGATIVE NUMBERS.
R  INDICATES RECORD WAS SET OR TIED.
MM INDICATES DATA IS MISSING.
T  INDICATES TRACE AMOUNT.




$$
