000
CDUS44 KBMX 230836
CLIANB


CLIMATE REPORT
NATIONAL WEATHER SERVICE BIRMINGHAM, AL
236 AM CST MON JAN 23 2017


...................................

...THE ANNISTON CLIMATE SUMMARY FOR JANUARY 22 2017...

CLIMATE NORMAL PERIOD 1981 TO 2010
CLIMATE RECORD PERIOD 1903 TO 2017


WEATHER ITEM   OBSERVED TIME   RECORD YEAR NORMAL DEPARTURE LAST
                VALUE   (LST)  VALUE       VALUE  FROM      YEAR
                                                  NORMAL
..................................................................
TEMPERATURE (F)
 YESTERDAY
  MAXIMUM         67   1201 PM  76    1974  54     13       53
  MINIMUM         50   1159 PM   9    1985  33     17       30
  AVERAGE         59                        43     16       42

PRECIPITATION (IN)
  YESTERDAY        1.70          1.74 1980   0.16   1.54     0.76
  MONTH TO DATE    7.13                      3.06   4.07     2.44
  SINCE DEC 1      9.77                      7.18   2.59    11.73
  SINCE JAN 1      7.13                      3.06   4.07     2.44

SNOWFALL (IN)
  YESTERDAY        0.0                       0.0              T
  MONTH TO DATE    0.0                       0.4              T
  SINCE DEC 1      0.0                       0.4              T
  SINCE JUL 1      0.0                       0.4              T

DEGREE DAYS
 HEATING
  YESTERDAY        6
  MONTH TO DATE  252
  SINCE DEC 1    746
  SINCE JUL 1   1019
..................................................................


WIND (MPH)
  HIGHEST WIND SPEED    25   HIGHEST WIND DIRECTION     W (250)
  HIGHEST GUST SPEED    34   HIGHEST GUST DIRECTION     W (250)
  AVERAGE WIND SPEED    10.9


SKY COVER
  AVERAGE SKY COVER 0.8


WEATHER CONDITIONS
 THE FOLLOWING WEATHER WAS RECORDED YESTERDAY.
  THUNDERSTORM
  HEAVY RAIN
  RAIN
  LIGHT RAIN
  FOG


RELATIVE HUMIDITY (PERCENT)
 HIGHEST    97
 LOWEST     78
 AVERAGE    88

..........................................................


THE ANNISTON CLIMATE NORMALS FOR TODAY
                         NORMAL    RECORD    YEAR
 MAXIMUM TEMPERATURE (F)   54        74      2002
 MINIMUM TEMPERATURE (F)   33         5      1963


SUNRISE AND SUNSET
JANUARY 23 2017.......SUNRISE   645 AM CST   SUNSET   506 PM CST
JANUARY 24 2017.......SUNRISE   644 AM CST   SUNSET   507 PM CST


-  INDICATES NEGATIVE NUMBERS.
R  INDICATES RECORD WAS SET OR TIED.
MM INDICATES DATA IS MISSING.
T  INDICATES TRACE AMOUNT.




$$
