000
CDAK48 PAFC 221301
CLIANC

CLIMATE REPORT
NATIONAL WEATHER SERVICE ANCHORAGE, AK
459 AM AKDT SUN OCT 22 2017


...................................

...THE ANCHORAGE AK CLIMATE SUMMARY FOR OCTOBER 21 2017...

CLIMATE NORMAL PERIOD 1981 TO 2010
CLIMATE RECORD PERIOD 1952 TO 2017


WEATHER ITEM   OBSERVED TIME   RECORD YEAR NORMAL DEPARTURE LAST
                VALUE   (LST)  VALUE       VALUE  FROM      YEAR
                                                  NORMAL
..................................................................
TEMPERATURE (F)
 YESTERDAY
  MAXIMUM         28        MM  53    2002  38    -10       33
  MINIMUM         21        MM   2    1996  27     -6       29
  AVERAGE         25                        32     -7       31

PRECIPITATION (IN)
  YESTERDAY        0.02          0.72 1981   0.06  -0.04
  MONTH TO DATE    1.87                      1.56   0.31
  SINCE SEP 1      4.33                      4.55  -0.22
  SINCE JAN 1     16.27                     13.84   2.43

SNOWFALL (IN)
  YESTERDAY        0.3           3.6  2001   0.3    0.0      2.4
  MONTH TO DATE    0.3                       4.6   -4.3      2.6
  SINCE SEP 1      0.3                       5.0   -4.7      2.6
  SINCE JUL 1      0.3                       5.0   -4.7      2.6
  SNOW DEPTH       T

DEGREE DAYS
 HEATING
  YESTERDAY       40                                7
  MONTH TO DATE  520                              -57
  SINCE SEP 1    917                             -154
  SINCE JUL 1   1285                             -236

 COOLING
  YESTERDAY        0                                0
  MONTH TO DATE    0                                0
  SINCE SEP 1      0                                0
  SINCE JAN 1      3                                1
..................................................................


WIND (MPH)
  HIGHEST WIND SPEED    13   HIGHEST WIND DIRECTION     N (360)
  HIGHEST GUST SPEED    MM   HIGHEST GUST DIRECTION    MM
  AVERAGE WIND SPEED     8.0




RELATIVE HUMIDITY (PERCENT)
 HIGHEST    88
 LOWEST     55
 AVERAGE    72

..........................................................


THE ANCHORAGE AK CLIMATE NORMALS FOR TODAY
                         NORMAL    RECORD    YEAR
 MAXIMUM TEMPERATURE (F)   37        52      1957
 MINIMUM TEMPERATURE (F)   26         4      1956


SUNRISE AND SUNSET
OCTOBER 22 2017.......SUNRISE   902 AM AKDT  SUNSET   626 PM AKDT
OCTOBER 23 2017.......SUNRISE   905 AM AKDT  SUNSET   623 PM AKDT

CIVIL TWILIGHT
OCTOBER 22 2017         START    817 AM GMT     END    711 PM GMT
OCTOBER 23 2017         START    820 AM GMT     END    708 PM GMT



-  INDICATES NEGATIVE NUMBERS.
R  INDICATES RECORD WAS SET OR TIED.
MM INDICATES DATA IS MISSING.
T  INDICATES TRACE AMOUNT.




$$
&&
------------------------------------------------------
AMOUNT OF DAYLIGHT TODAY  (HOUR:MIN)........ 9:24
GAIN/LOSS SINCE YESTERDAY (HOUR:MIN:SEC)....-0:05:36
