000
CDAK48 PAFC 221337
CLIANC

CLIMATE REPORT
NATIONAL WEATHER SERVICE ANCHORAGE, AK
531 AM AKDT MON MAY 22 2017


...................................

...THE ANCHORAGE AK CLIMATE SUMMARY FOR MAY 21 2017...

CLIMATE NORMAL PERIOD 1981 TO 2010
CLIMATE RECORD PERIOD 1952 TO 2017


WEATHER ITEM   OBSERVED TIME   RECORD YEAR NORMAL DEPARTURE LAST
                VALUE   (LST)  VALUE       VALUE  FROM      YEAR
                                                  NORMAL
..................................................................
TEMPERATURE (F)
 YESTERDAY
  MAXIMUM         49        MM  77    2002  58     -9       51
  MINIMUM         44        MM  29    1985  41      3       44
  AVERAGE         47                        49     -2       48

PRECIPITATION (IN)
  YESTERDAY        0.25          0.46 1989   0.02   0.23
  MONTH TO DATE    0.59                      0.45   0.14
  SINCE MAR 1      1.66                      1.52   0.14
  SINCE JAN 1      4.36                      2.97   1.39

SNOWFALL (IN)
  YESTERDAY       MM             T    1990   0.0   MM        0.0
                                      1972
                                      1964
  MONTH TO DATE    0.0                       0.3   -0.3      0.0
  SINCE MAR 1     10.3                      14.2   -3.9     10.7
  SINCE JUL 1     82.4                      74.5    7.9     38.3
  SNOW DEPTH       0

DEGREE DAYS
 HEATING
  YESTERDAY       18                                2
  MONTH TO DATE  357                              -36
  SINCE MAR 1   2499                               68
  SINCE JUL 1   9537                             -223

 COOLING
  YESTERDAY        0                                0
  MONTH TO DATE    0                                0
  SINCE MAR 1      0                                0
  SINCE JAN 1      0                                0
..................................................................


WIND (MPH)
  HIGHEST WIND SPEED    15   HIGHEST WIND DIRECTION     S (190)
  HIGHEST GUST SPEED    35   HIGHEST GUST DIRECTION     S (180)
  AVERAGE WIND SPEED     5.3




RELATIVE HUMIDITY (PERCENT)
 HIGHEST   100
 LOWEST     65
 AVERAGE    83

..........................................................


THE ANCHORAGE AK CLIMATE NORMALS FOR TODAY
                         NORMAL    RECORD    YEAR
 MAXIMUM TEMPERATURE (F)   58        72      1960
 MINIMUM TEMPERATURE (F)   42        32      1964


SUNRISE AND SUNSET
MAY 22 2017...........SUNRISE   456 AM AKDT  SUNSET  1100 PM AKDT
MAY 23 2017...........SUNRISE   453 AM AKDT  SUNSET  1102 PM AKDT

CIVIL TWILIGHT
MAY 22 2017             START    335 AM GMT     END   1223 AM GMT
MAY 23 2017             START    331 AM GMT     END   1227 AM GMT



-  INDICATES NEGATIVE NUMBERS.
R  INDICATES RECORD WAS SET OR TIED.
MM INDICATES DATA IS MISSING.
T  INDICATES TRACE AMOUNT.




$$
&&
------------------------------------------------------
AMOUNT OF DAYLIGHT TODAY  (HOUR:MIN)........18:04
GAIN/LOSS SINCE YESTERDAY (HOUR:MIN:SEC)....+0:04:36
