000
CDAK48 PAFC 271241
CLIANC

CLIMATE REPORT
NATIONAL WEATHER SERVICE ANCHORAGE, AK
340 AM AKST TUE JAN 27 2015


...................................

...THE ANCHORAGE AK CLIMATE SUMMARY FOR JANUARY 26 2015...

CLIMATE NORMAL PERIOD 1981 TO 2010
CLIMATE RECORD PERIOD 1952 TO 2015


WEATHER ITEM   OBSERVED RECORD YEAR NORMAL DEPARTURE LAST
                VALUE   VALUE       VALUE  FROM      YEAR
                                           NORMAL
...........................................................
TEMPERATURE (F)
 YESTERDAY
  MAXIMUM          7     46    2014  23    -16       44
  MINIMUM         -4    -27    1973  11    -15       31
  AVERAGE          2                 17    -15       38

PRECIPITATION (IN)
  YESTERDAY        T      0.28 1992   0.02  -0.02
  MONTH TO DATE    0.31               0.60  -0.29
  SINCE DEC 1      0.99               1.71  -0.72
  SINCE JAN 1      0.31               0.60  -0.29

SNOWFALL (IN)
  YESTERDAY        T      5.7  1992   0.4   -0.4
  MONTH TO DATE    4.9                9.4   -4.5
  SINCE DEC 1     12.4               26.1  -13.7
  SINCE JUL 1     18.4               47.5  -29.1
  SNOW DEPTH       8

DEGREE DAYS
 HEATING
  YESTERDAY       63                        15
  MONTH TO DATE 1108                      -137
  SINCE DEC 1   2256                      -415
  SINCE JUL 1   4971                      -864

 COOLING
  YESTERDAY        0                         0
  MONTH TO DATE    0                         0
  SINCE DEC 1      0                         0
  SINCE JAN 1      0                         0
...........................................................


WIND (MPH)
  HIGHEST WIND SPEED     9   HIGHEST WIND DIRECTION     N (20)
  HIGHEST GUST SPEED    MM   HIGHEST GUST DIRECTION    MM
  AVERAGE WIND SPEED     6.9




RELATIVE HUMIDITY (PERCENT)
 HIGHEST    79
 LOWEST     56
 AVERAGE    68

..........................................................


THE ANCHORAGE AK CLIMATE NORMALS FOR TODAY
                         NORMAL    RECORD    YEAR
 MAXIMUM TEMPERATURE (F)   23        50      2014
 MINIMUM TEMPERATURE (F)   11       -24      1989


SUNRISE AND SUNSET
JANUARY 27 2015.......SUNRISE   932 AM AKST  SUNSET   454 PM AKST
JANUARY 28 2015.......SUNRISE   930 AM AKST  SUNSET   457 PM AKST

CIVIL TWILIGHT
JANUARY 27 2015         START   842 AM AKST     END   546 PM AKST
JANUARY 28 2015         START   840 AM AKST     END   548 PM AKST



-  INDICATES NEGATIVE NUMBERS.
R  INDICATES RECORD WAS SET OR TIED.
MM INDICATES DATA IS MISSING.
T  INDICATES TRACE AMOUNT.




$$
&&
------------------------------------------------------
AMOUNT OF DAYLIGHT TODAY  (HOUR:MIN)........ 7:22
GAIN/LOSS SINCE YESTERDAY (HOUR:MIN:SEC)....+0:05:03
