000
CDAK48 PAFC 311319
CLIANC

CLIMATE REPORT
NATIONAL WEATHER SERVICE ANCHORAGE, AK
454 AM AKDT FRI JUL 31 2015


...................................

...THE ANCHORAGE AK CLIMATE SUMMARY FOR JULY 30 2015...

CLIMATE NORMAL PERIOD 1981 TO 2010
CLIMATE RECORD PERIOD 1952 TO 2015


WEATHER ITEM   OBSERVED RECORD YEAR NORMAL DEPARTURE LAST
                VALUE   VALUE       VALUE  FROM      YEAR
                                           NORMAL
...........................................................
TEMPERATURE (F)
 YESTERDAY
  MAXIMUM         68     77    2002  66      2       74
                               1993
                               1965
  MINIMUM         54     47    1998  53      1       54
                               1962
  AVERAGE         61                 59      2       64

PRECIPITATION (IN)
  YESTERDAY        0.01   0.64 1987   0.08  -0.07
  MONTH TO DATE    2.34               1.75   0.59
  SINCE JUN 1      3.27               2.72   0.55
  SINCE JAN 1      6.33               5.96   0.37

SNOWFALL (IN)
  YESTERDAY        0.0    0.0    MM   0.0    0.0
  MONTH TO DATE    0.0                0.0    0.0
  SINCE JUN 1      0.0                0.0    0.0
  SINCE JUL 1      0.0                0.0    0.0
  SNOW DEPTH       0

DEGREE DAYS
 HEATING
  YESTERDAY        4                        -2
  MONTH TO DATE   92                       -97
  SINCE JUN 1    265                      -217
  SINCE JUL 1     92                       -97

 COOLING
  YESTERDAY        0                         0
  MONTH TO DATE   10                        10
  SINCE JUN 1     26                        26
  SINCE JAN 1     26                        26
...........................................................


WIND (MPH)
  HIGHEST WIND SPEED     9   HIGHEST WIND DIRECTION    SE (150)
  HIGHEST GUST SPEED    MM   HIGHEST GUST DIRECTION    MM
  AVERAGE WIND SPEED     6.1




RELATIVE HUMIDITY (PERCENT)
 HIGHEST    93
 LOWEST     51
 AVERAGE    72

..........................................................


THE ANCHORAGE AK CLIMATE NORMALS FOR TODAY
                         NORMAL    RECORD    YEAR
 MAXIMUM TEMPERATURE (F)   65        79      2002
 MINIMUM TEMPERATURE (F)   53        46      1996


SUNRISE AND SUNSET
JULY 31 2015..........SUNRISE   530 AM AKDT  SUNSET  1041 PM AKDT
AUGUST  1 2015........SUNRISE   533 AM AKDT  SUNSET  1038 PM AKDT

CIVIL TWILIGHT
JULY 31 2015            START   423 AM AKDT     END  1147 PM AKDT
AUGUST 1 2015           START   427 AM AKDT     END  1144 PM AKDT



-  INDICATES NEGATIVE NUMBERS.
R  INDICATES RECORD WAS SET OR TIED.
MM INDICATES DATA IS MISSING.
T  INDICATES TRACE AMOUNT.




$$
&&
------------------------------------------------------
AMOUNT OF DAYLIGHT TODAY  (HOUR:MIN)........17:11
GAIN/LOSS SINCE YESTERDAY (HOUR:MIN:SEC)....-0:05:09
