000
CDAK48 PAFC 211814 CCA
CLIANC

CLIMATE REPORT... CORRECTED
NATIONAL WEATHER SERVICE ANCHORAGE, AK
439 AM AKDT TUE OCT 21 2014


...................................

...THE ANCHORAGE AK CLIMATE SUMMARY FOR OCTOBER 20 2014...

CLIMATE NORMAL PERIOD 1981 TO 2010
CLIMATE RECORD PERIOD 1915 TO 2014


WEATHER ITEM   OBSERVED RECORD YEAR NORMAL DEPARTURE LAST
                VALUE   VALUE       VALUE  FROM      YEAR
                                           NORMAL
...........................................................
TEMPERATURE (F)
 YESTERDAY
  MAXIMUM         38     57    1938  38      0       52
  MINIMUM         33      8    1996  27      6       44
  AVERAGE         36                 33      3       48

PRECIPITATION (IN)
  YESTERDAY        0.28   0.50 1938   0.05   0.23
  MONTH TO DATE    1.20               1.50  -0.30
  SINCE JUN 1     14.29              10.54   3.75
  SINCE JAN 1     17.52              13.78   3.74

SNOWFALL (IN)
  YESTERDAY       3.2       5.2 2001   0.4    2.8
  MONTH TO DATE   3.8                  4.3   -0.5
  SINCE JUN 1     3.8                  4.7   -0.9
  SINCE JUL 1     3.8                  4.7   -0.9
  SNOW DEPTH      2

DEGREE DAYS
 HEATING
  YESTERDAY       29                        -3
  MONTH TO DATE  529                       -15
  SINCE SEP 1    958                       -80
  SINCE JUL 1   1307                      -181

 COOLING
  YESTERDAY        0                         0
  MONTH TO DATE    0                         0
  SINCE SEP 1      0                         0
  SINCE JAN 1      3                         1
...........................................................


WIND (MPH)
  HIGHEST WIND SPEED     7   HIGHEST WIND DIRECTION     N (340)
  HIGHEST GUST SPEED    MM   HIGHEST GUST DIRECTION    MM
  AVERAGE WIND SPEED     2.7




RELATIVE HUMIDITY (PERCENT)
 HIGHEST    96
 LOWEST     82
 AVERAGE    89

..........................................................


THE ANCHORAGE AK CLIMATE NORMALS FOR TODAY
                         NORMAL    RECORD    YEAR
 MAXIMUM TEMPERATURE (F)   38        58      1938
 MINIMUM TEMPERATURE (F)   27         2      1996


SUNRISE AND SUNSET
OCTOBER 21 2014.......SUNRISE   859 AM AKDT  SUNSET   630 PM AKDT
OCTOBER 22 2014.......SUNRISE   901 AM AKDT  SUNSET   627 PM AKDT

CIVIL TWILIGHT
OCTOBER 21 2014         START   814 AM AKDT     END   715 PM AKDT
OCTOBER 22 2014         START   817 AM AKDT     END   712 PM AKDT



-  INDICATES NEGATIVE NUMBERS.
R  INDICATES RECORD WAS SET OR TIED.
MM INDICATES DATA IS MISSING.
T  INDICATES TRACE AMOUNT.




$$
&&
------------------------------------------------------
AMOUNT OF DAYLIGHT TODAY  (HOUR:MIN)........ 9:31
GAIN/LOSS SINCE YESTERDAY (HOUR:MIN:SEC)....-0:05:37
