000
CDUS43 KAPX 220527
CLIANJ


CLIMATE REPORT
NATIONAL WEATHER SERVICE GAYLORD MI
126 AM EDT MON SEP 22 2014


...................................

...THE SAULT STE MARIE MI CLIMATE SUMMARY FOR SEPTEMBER 21 2014...

CLIMATE NORMAL PERIOD 1981 TO 2010
CLIMATE RECORD PERIOD 1888 TO 2014


WEATHER ITEM   OBSERVED TIME   RECORD YEAR NORMAL DEPARTURE LAST
                VALUE   (LST)  VALUE       VALUE  FROM      YEAR
                                                  NORMAL
..................................................................
TEMPERATURE (F)
 YESTERDAY
  MAXIMUM         55    329 AM  84    1914  64     -9       56
  MINIMUM         46   1159 PM  27    1981  46      0       42
  AVERAGE         51                        55     -4       49

PRECIPITATION (IN)
  YESTERDAY        0.00          2.14 1970   0.13  -0.13     0.04
  MONTH TO DATE    3.36                      2.63   0.73     6.59
  SINCE SEP 1      3.36                      2.63   0.73     6.59
  SINCE JAN 1     22.28                     21.80   0.48    34.88

DEGREE DAYS
 HEATING
  YESTERDAY       14                        10      4       16
  MONTH TO DATE  193                       147     46      163
  SINCE SEP 1    193                       147     46      163
  SINCE JUL 1    374                       294     80      279

 COOLING
  YESTERDAY        0                         0      0        0
  MONTH TO DATE    4                        15    -11       14
  SINCE SEP 1      4                        15    -11       14
  SINCE JAN 1    112                       193    -81      266
..................................................................


WIND (MPH)
  HIGHEST WIND SPEED    17   HIGHEST WIND DIRECTION     N (350)
  HIGHEST GUST SPEED    25   HIGHEST GUST DIRECTION     N (360)
  AVERAGE WIND SPEED     9.5




RELATIVE HUMIDITY (PERCENT)
 HIGHEST   100
 LOWEST     56
 AVERAGE    78

..........................................................


THE SAULT STE MARIE MI CLIMATE NORMALS FOR TODAY
                         NORMAL    RECORD    YEAR
 MAXIMUM TEMPERATURE (F)   64        85      1920
                                             1895
 MINIMUM TEMPERATURE (F)   46        28      1974


SUNRISE AND SUNSET
SEPTEMBER 22 2014.....SUNRISE   724 AM EDT   SUNSET   735 PM EDT
SEPTEMBER 23 2014.....SUNRISE   726 AM EDT   SUNSET   733 PM EDT


-  INDICATES NEGATIVE NUMBERS.
R  INDICATES RECORD WAS SET OR TIED.
MM INDICATES DATA IS MISSING.
T  INDICATES TRACE AMOUNT.




$$
