981
CDUS43 KAPX 230528
CLIANJ


CLIMATE REPORT
NATIONAL WEATHER SERVICE GAYLORD MI
128 AM EDT TUE MAY 23 2017


...................................

...THE SAULT STE MARIE MI CLIMATE SUMMARY FOR MAY 22 2017...

CLIMATE NORMAL PERIOD 1981 TO 2010
CLIMATE RECORD PERIOD 1888 TO 2017


WEATHER ITEM   OBSERVED TIME   RECORD YEAR NORMAL DEPARTURE LAST
                VALUE   (LST)  VALUE       VALUE  FROM      YEAR
                                                  NORMAL
..................................................................
TEMPERATURE (F)
 YESTERDAY
  MAXIMUM         54    134 PM  86    1992  65    -11       71
  MINIMUM         48   1148 PM  27    1967  42      6       41
  AVERAGE         51                        54     -3       56

PRECIPITATION (IN)
  YESTERDAY        0.20          1.02 1912   0.08   0.12     0.00
  MONTH TO DATE    2.40                      1.77   0.63     0.55
  SINCE MAR 1      7.02                      6.11   0.91     5.63
  SINCE JAN 1     12.98                      9.64   3.34     9.34

DEGREE DAYS
 HEATING
  YESTERDAY       14                        12      2        9
  MONTH TO DATE  340                       320     20      335
  SINCE MAR 1   2190                      2263    -73     2189
  SINCE JUL 1   7064                      8389  -1325     7330

 COOLING
  YESTERDAY        0                         0      0        0
  MONTH TO DATE    1                         0      1        0
  SINCE MAR 1      1                         0      1        0
  SINCE JAN 1      1                         0      1        0
..................................................................


WIND (MPH)
  HIGHEST WIND SPEED    15   HIGHEST WIND DIRECTION    SW (210)
  HIGHEST GUST SPEED    22   HIGHEST GUST DIRECTION    SW (220)
  AVERAGE WIND SPEED     7.0




RELATIVE HUMIDITY (PERCENT)
 HIGHEST    93
 LOWEST     86
 AVERAGE    90

..........................................................


THE SAULT STE MARIE MI CLIMATE NORMALS FOR TODAY
                         NORMAL    RECORD    YEAR
 MAXIMUM TEMPERATURE (F)   65        89      1975
 MINIMUM TEMPERATURE (F)   43        28      1963
                                             1956


SUNRISE AND SUNSET
MAY 23 2017...........SUNRISE   555 AM EDT   SUNSET   914 PM EDT
MAY 24 2017...........SUNRISE   554 AM EDT   SUNSET   915 PM EDT


-  INDICATES NEGATIVE NUMBERS.
R  INDICATES RECORD WAS SET OR TIED.
MM INDICATES DATA IS MISSING.
T  INDICATES TRACE AMOUNT.




$$
