000
CDUS43 KAPX 050555
CLIANJ


CLIMATE REPORT
NATIONAL WEATHER SERVICE GAYLORD MI
1254 AM EST THU MAR 5 2015


...................................

...THE SAULT STE MARIE MI CLIMATE SUMMARY FOR MARCH 4 2015...

CLIMATE NORMAL PERIOD 1981 TO 2010
CLIMATE RECORD PERIOD 1888 TO 2015


WEATHER ITEM   OBSERVED TIME   RECORD YEAR NORMAL DEPARTURE LAST
                VALUE   (LST)  VALUE       VALUE  FROM      YEAR
                                                  NORMAL
..................................................................
TEMPERATURE (F)
 YESTERDAY
  MAXIMUM         24   1206 AM  50    1894  30     -6       18
  MINIMUM         -4   1106 PM -18    1904  13    -17       -1
  AVERAGE         10                        22    -12        9

PRECIPITATION (IN)
  YESTERDAY        0.02          1.15 1979   0.06  -0.04     0.02
  MONTH TO DATE    0.35                      0.22   0.13     0.02
  SINCE MAR 1      0.35                      0.22   0.13     0.02
  SINCE JAN 1      3.72                      3.75  -0.03     3.38

SNOWFALL (IN)
  YESTERDAY        0.4           9.8  1920   0.5   -0.1      0.4
  MONTH TO DATE    5.6                       2.2    3.4      0.5
  SINCE OCT 1    154.3                     102.4   51.9    106.6
  SINCE JUL 1    154.3                     102.4   51.9    106.6
  SNOW DEPTH      32

DEGREE DAYS
 HEATING
  YESTERDAY       55                        43     12       56
  MONTH TO DATE  212                       174     38      256
  SINCE MAR 1    212                       174     38      256
  SINCE JUL 1   6991                      6300    691     7036

 COOLING
  YESTERDAY        0                         0      0        0
  MONTH TO DATE    0                         0      0        0
  SINCE MAR 1      0                         0      0        0
  SINCE JAN 1      0                         0      0        0
..................................................................


WIND (MPH)
  HIGHEST WIND SPEED    26   HIGHEST WIND DIRECTION    NW (300)
  HIGHEST GUST SPEED    39   HIGHEST GUST DIRECTION     W (290)
  AVERAGE WIND SPEED    14.1




RELATIVE HUMIDITY (PERCENT)
 HIGHEST    88
 LOWEST     63
 AVERAGE    76

..........................................................


THE SAULT STE MARIE MI CLIMATE NORMALS FOR TODAY
                         NORMAL    RECORD    YEAR
 MAXIMUM TEMPERATURE (F)   31        49      1910
 MINIMUM TEMPERATURE (F)   14       -19      1926
                                             1917


SUNRISE AND SUNSET
MARCH  5 2015.........SUNRISE   710 AM EST   SUNSET   629 PM EST
MARCH  6 2015.........SUNRISE   708 AM EST   SUNSET   630 PM EST


-  INDICATES NEGATIVE NUMBERS.
R  INDICATES RECORD WAS SET OR TIED.
MM INDICATES DATA IS MISSING.
T  INDICATES TRACE AMOUNT.




$$
