000
CDUS43 KAPX 210545
CLIANJ


CLIMATE REPORT
NATIONAL WEATHER SERVICE GAYLORD MI
144 AM EDT TUE OCT 21 2014


...................................

...THE SAULT STE MARIE MI CLIMATE SUMMARY FOR OCTOBER 20 2014...

CLIMATE NORMAL PERIOD 1981 TO 2010
CLIMATE RECORD PERIOD 1888 TO 2014


WEATHER ITEM   OBSERVED TIME   RECORD YEAR NORMAL DEPARTURE LAST
                VALUE   (LST)  VALUE       VALUE  FROM      YEAR
                                                  NORMAL
..................................................................
TEMPERATURE (F)
 YESTERDAY
  MAXIMUM         50    110 PM  76    1920  52     -2       50
  MINIMUM         44   1159 PM  20    1974  37      7       34
                                      1922
  AVERAGE         47                        44      3       42

PRECIPITATION (IN)
  YESTERDAY        0.08          1.28 1995   0.12  -0.04     0.01
  MONTH TO DATE    6.47                      2.51   3.96     1.68
  SINCE SEP 1     10.44                      6.33   4.11     8.50
  SINCE JAN 1     29.36                     25.50   3.86    36.79

SNOWFALL (IN)
  YESTERDAY        0.0           7.0  1895   0.1   -0.1      0.0
  MONTH TO DATE    0.0                       0.5   -0.5      0.0
  SINCE OCT 1      0.0                       0.5   -0.5      0.0
  SINCE JUL 1      0.0                       0.5   -0.5      0.0
  SNOW DEPTH       0

DEGREE DAYS
 HEATING
  YESTERDAY       18                        21     -3       23
  MONTH TO DATE  326                       350    -24      254
  SINCE SEP 1    576                       604    -28      507
  SINCE JUL 1    757                       751      6      623

 COOLING
  YESTERDAY        0                         0      0        0
  MONTH TO DATE    0                         0      0        0
  SINCE SEP 1      5                        17    -12       14
  SINCE JAN 1    113                       195    -82      266
..................................................................


WIND (MPH)
  HIGHEST WIND SPEED    14   HIGHEST WIND DIRECTION    NW (310)
  HIGHEST GUST SPEED    19   HIGHEST GUST DIRECTION     W (280)
  AVERAGE WIND SPEED     5.8




RELATIVE HUMIDITY (PERCENT)
 HIGHEST   100
 LOWEST     70
 AVERAGE    85

..........................................................


THE SAULT STE MARIE MI CLIMATE NORMALS FOR TODAY
                         NORMAL    RECORD    YEAR
 MAXIMUM TEMPERATURE (F)   51        70      1978
                                             1920
 MINIMUM TEMPERATURE (F)   36        18      1895


SUNRISE AND SUNSET
OCTOBER 21 2014.......SUNRISE   803 AM EDT   SUNSET   640 PM EDT
OCTOBER 22 2014.......SUNRISE   805 AM EDT   SUNSET   638 PM EDT


-  INDICATES NEGATIVE NUMBERS.
R  INDICATES RECORD WAS SET OR TIED.
MM INDICATES DATA IS MISSING.
T  INDICATES TRACE AMOUNT.




$$
