000
CDUS43 KAPX 280526
CLIANJ


CLIMATE REPORT
NATIONAL WEATHER SERVICE GAYLORD MI
126 AM EDT TUE MAR 28 2017


...................................

...THE SAULT STE MARIE MI CLIMATE SUMMARY FOR MARCH 27 2017...

CLIMATE NORMAL PERIOD 1981 TO 2010
CLIMATE RECORD PERIOD 1888 TO 2017


WEATHER ITEM   OBSERVED TIME   RECORD YEAR NORMAL DEPARTURE LAST
                VALUE   (LST)  VALUE       VALUE  FROM      YEAR
                                                  NORMAL
..................................................................
TEMPERATURE (F)
 YESTERDAY
  MAXIMUM         40    137 PM  69    1945  39      1       42
  MINIMUM         35   1159 PM  -6    1996  22     13       34
  AVERAGE         38                        31      7       38

PRECIPITATION (IN)
  YESTERDAY        0.10          0.88 1950   0.07   0.03     0.26
  MONTH TO DATE    1.95                      1.66   0.29     1.76
  SINCE MAR 1      1.95                      1.66   0.29     1.76
  SINCE JAN 1      7.91                      5.19   2.72     5.47

SNOWFALL (IN)
  YESTERDAY        0.0           4.4  2014   0.3   -0.3      0.0
  MONTH TO DATE   13.8                      12.1    1.7      8.2
  SINCE OCT 1    136.9                     112.3   24.6     72.4
  SINCE JUL 1    136.9                     112.3   24.6     72.4
  SNOW DEPTH      12

DEGREE DAYS
 HEATING
  YESTERDAY       27                        34     -7       27
  MONTH TO DATE 1096                      1068     28      895
  SINCE MAR 1   1096                      1068     28      895
  SINCE JUL 1   5970                      7194  -1224     6036

 COOLING
  YESTERDAY        0                         0      0        0
  MONTH TO DATE    0                         0      0        0
  SINCE MAR 1      0                         0      0        0
  SINCE JAN 1      0                         0      0        0
..................................................................


WIND (MPH)
  HIGHEST WIND SPEED    10   HIGHEST WIND DIRECTION    NW (300)
  HIGHEST GUST SPEED    14   HIGHEST GUST DIRECTION    NW (300)
  AVERAGE WIND SPEED     5.9




RELATIVE HUMIDITY (PERCENT)
 HIGHEST    92
 LOWEST     79
 AVERAGE    86

..........................................................


THE SAULT STE MARIE MI CLIMATE NORMALS FOR TODAY
                         NORMAL    RECORD    YEAR
 MAXIMUM TEMPERATURE (F)   40        75      1946
 MINIMUM TEMPERATURE (F)   23       -11      1923


SUNRISE AND SUNSET
MARCH 28 2017.........SUNRISE   724 AM EDT   SUNSET   801 PM EDT
MARCH 29 2017.........SUNRISE   722 AM EDT   SUNSET   803 PM EDT


-  INDICATES NEGATIVE NUMBERS.
R  INDICATES RECORD WAS SET OR TIED.
MM INDICATES DATA IS MISSING.
T  INDICATES TRACE AMOUNT.




$$
