000
CDUS43 KAPX 270528
CLIANJ


CLIMATE REPORT
NATIONAL WEATHER SERVICE GAYLORD MI
127 AM EDT TUE JUN 27 2017


...................................

...THE SAULT STE MARIE MI CLIMATE SUMMARY FOR JUNE 26 2017...

CLIMATE NORMAL PERIOD 1981 TO 2010
CLIMATE RECORD PERIOD 1888 TO 2017


WEATHER ITEM   OBSERVED TIME   RECORD YEAR NORMAL DEPARTURE LAST
                VALUE   (LST)  VALUE       VALUE  FROM      YEAR
                                                  NORMAL
..................................................................
TEMPERATURE (F)
 YESTERDAY
  MAXIMUM         59    152 PM  93    1983  74    -15       82
  MINIMUM         47   1157 PM  35    1982  51     -4       65
  AVERAGE         53                        63    -10       74

PRECIPITATION (IN)
  YESTERDAY        0.99          2.39 1969   0.09   0.90     0.02
  MONTH TO DATE    2.82                      2.36   0.46     1.87
  SINCE JUN 1      2.82                      2.36   0.46     1.87
  SINCE JAN 1     16.26                     12.80   3.46    12.42

DEGREE DAYS
 HEATING
  YESTERDAY       12                         4      8        0
  MONTH TO DATE  103                       165    -62      147
  SINCE JUN 1    103                       165    -62      147
  SINCE JUL 1   7229                      8648  -1419     7491

 COOLING
  YESTERDAY        0                         2     -2        9
  MONTH TO DATE   18                        22     -4       36
  SINCE JUN 1     18                        22     -4       36
  SINCE JAN 1     19                        27     -8       47
..................................................................


WIND (MPH)
  HIGHEST WIND SPEED    14   HIGHEST WIND DIRECTION    NW (310)
  HIGHEST GUST SPEED    19   HIGHEST GUST DIRECTION    NW (310)
  AVERAGE WIND SPEED     4.5




RELATIVE HUMIDITY (PERCENT)
 HIGHEST    93
 LOWEST     71
 AVERAGE    82

..........................................................


THE SAULT STE MARIE MI CLIMATE NORMALS FOR TODAY
                         NORMAL    RECORD    YEAR
 MAXIMUM TEMPERATURE (F)   74        93      1901
 MINIMUM TEMPERATURE (F)   52        36      1981


SUNRISE AND SUNSET
JUNE 27 2017..........SUNRISE   547 AM EDT   SUNSET   934 PM EDT
JUNE 28 2017..........SUNRISE   547 AM EDT   SUNSET   934 PM EDT


-  INDICATES NEGATIVE NUMBERS.
R  INDICATES RECORD WAS SET OR TIED.
MM INDICATES DATA IS MISSING.
T  INDICATES TRACE AMOUNT.




$$
