000
CDUS43 KAPX 250542
CLIANJ


CLIMATE REPORT
NATIONAL WEATHER SERVICE GAYLORD MI
142 AM EDT SUN SEP 25 2016


...................................

...THE SAULT STE MARIE MI CLIMATE SUMMARY FOR SEPTEMBER 24 2016...

CLIMATE NORMAL PERIOD 1981 TO 2010
CLIMATE RECORD PERIOD 1888 TO 2016


WEATHER ITEM   OBSERVED TIME   RECORD YEAR NORMAL DEPARTURE LAST
                VALUE   (LST)  VALUE       VALUE  FROM      YEAR
                                                  NORMAL
..................................................................
TEMPERATURE (F)
 YESTERDAY
  MAXIMUM         67    352 PM  88    1892  63      4       69
  MINIMUM         46    705 AM  28    1980  45      1       53
  AVERAGE         57                        54      3       61

PRECIPITATION (IN)
  YESTERDAY        0.00          1.37 1996   0.13  -0.13     0.00
  MONTH TO DATE    3.44                      3.04   0.40     2.03
  SINCE SEP 1      3.44                      3.04   0.40     2.03
  SINCE JAN 1     23.52                     22.21   1.31    19.28

DEGREE DAYS
 HEATING
  YESTERDAY        8                        11     -3        4
  MONTH TO DATE   46                       179   -133       72
  SINCE SEP 1     46                       179   -133       72
  SINCE JUL 1     81                       326   -245      173

 COOLING
  YESTERDAY        0                         0      0        0
  MONTH TO DATE   35                        15     20       73
  SINCE SEP 1     35                        15     20       73
  SINCE JAN 1    361                       193    168      265
..................................................................


WIND (MPH)
  HIGHEST WIND SPEED     8   HIGHEST WIND DIRECTION    SE (140)
  HIGHEST GUST SPEED    11   HIGHEST GUST DIRECTION    SE (150)
  AVERAGE WIND SPEED     3.7




RELATIVE HUMIDITY (PERCENT)
 HIGHEST    93
 LOWEST     40
 AVERAGE    67

..........................................................


THE SAULT STE MARIE MI CLIMATE NORMALS FOR TODAY
                         NORMAL    RECORD    YEAR
 MAXIMUM TEMPERATURE (F)   63        83      1908
 MINIMUM TEMPERATURE (F)   45        25      1947


SUNRISE AND SUNSET
SEPTEMBER 25 2016.....SUNRISE   729 AM EDT   SUNSET   728 PM EDT
SEPTEMBER 26 2016.....SUNRISE   730 AM EDT   SUNSET   726 PM EDT


-  INDICATES NEGATIVE NUMBERS.
R  INDICATES RECORD WAS SET OR TIED.
MM INDICATES DATA IS MISSING.
T  INDICATES TRACE AMOUNT.




$$
