000
CDUS43 KAPX 310542
CLIANJ


CLIMATE REPORT
NATIONAL WEATHER SERVICE GAYLORD MI
139 AM EDT FRI OCT 31 2014


...................................

...THE SAULT STE MARIE MI CLIMATE SUMMARY FOR OCTOBER 30 2014...

CLIMATE NORMAL PERIOD 1981 TO 2010
CLIMATE RECORD PERIOD 1888 TO 2014


WEATHER ITEM   OBSERVED TIME   RECORD YEAR NORMAL DEPARTURE LAST
                VALUE   (LST)  VALUE       VALUE  FROM      YEAR
                                                  NORMAL
..................................................................
TEMPERATURE (F)
 YESTERDAY
  MAXIMUM         45        MM  74    1901  47     -2       48
  MINIMUM         34        MM  15    1925  34      0       32
  AVERAGE         40                        40      0       40

PRECIPITATION (IN)
  YESTERDAY        0.19          1.31 1896   0.12   0.07     0.07
  MONTH TO DATE    7.59                      3.69   3.90     3.22
  SINCE SEP 1     11.56                      7.51   4.05    10.04
  SINCE JAN 1     30.48                     26.68   3.80    38.33

SNOWFALL (IN)
  YESTERDAY        0.0           2.5  1895   0.2   -0.2      0.3
  MONTH TO DATE    0.0                       1.5   -1.5      6.7
  SINCE OCT 1      0.0                       1.5   -1.5      6.7
  SINCE JUL 1      0.0                       1.5   -1.5      6.7
  SNOW DEPTH       0

DEGREE DAYS
 HEATING
  YESTERDAY       25                        25      0       25
  MONTH TO DATE  574                       579     -5      534
  SINCE SEP 1    824                       833     -9      787
  SINCE JUL 1   1005                       980     25      903

 COOLING
  YESTERDAY        0                         0      0        0
  MONTH TO DATE    0                         0      0        0
  SINCE SEP 1      5                        17    -12       14
  SINCE JAN 1    113                       195    -82      266
..................................................................


WIND (MPH)
  HIGHEST WIND SPEED     8   HIGHEST WIND DIRECTION     S (200)
  HIGHEST GUST SPEED    MM   HIGHEST GUST DIRECTION    MM
  AVERAGE WIND SPEED     3.8




RELATIVE HUMIDITY (PERCENT)
 HIGHEST   100
 LOWEST     70
 AVERAGE    85

..........................................................


THE SAULT STE MARIE MI CLIMATE NORMALS FOR TODAY
                         NORMAL    RECORD    YEAR
 MAXIMUM TEMPERATURE (F)   47        68      1956
 MINIMUM TEMPERATURE (F)   33        20      1949


SUNRISE AND SUNSET
OCTOBER 31 2014.......SUNRISE   818 AM EDT   SUNSET   624 PM EDT
NOVEMBER  1 2014......SUNRISE   819 AM EDT   SUNSET   622 PM EDT


-  INDICATES NEGATIVE NUMBERS.
R  INDICATES RECORD WAS SET OR TIED.
MM INDICATES DATA IS MISSING.
T  INDICATES TRACE AMOUNT.




$$
