000
CDUS43 KAPX 230529
CLIANJ


CLIMATE REPORT
NATIONAL WEATHER SERVICE GAYLORD MI
1228 AM EST MON JAN 23 2017


...................................

...THE SAULT STE MARIE MI CLIMATE SUMMARY FOR JANUARY 22 2017...

CLIMATE NORMAL PERIOD 1981 TO 2010
CLIMATE RECORD PERIOD 1888 TO 2017


WEATHER ITEM   OBSERVED TIME   RECORD YEAR NORMAL DEPARTURE LAST
                VALUE   (LST)  VALUE       VALUE  FROM      YEAR
                                                  NORMAL
..................................................................
TEMPERATURE (F)
 YESTERDAY
  MAXIMUM         38   1159 PM  43    1916  23     15       28
  MINIMUM         36    101 AM -22    1975   7     29       16
  AVERAGE         37                        15     22       22

PRECIPITATION (IN)
  YESTERDAY        0.03          0.84 1933   0.06  -0.03      T
  MONTH TO DATE    1.76                      1.62   0.14     1.12
  SINCE DEC 1      6.01                      4.41   1.60     6.53
  SINCE JAN 1      1.76                      1.62   0.14     1.12

SNOWFALL (IN)
  YESTERDAY        0.0           7.0  1895   0.9   -0.9      0.1
  MONTH TO DATE   20.7                      22.8   -2.1     14.1
  SINCE OCT 1     78.4                      73.0    5.4     33.5
  SINCE JUL 1     78.4                      73.0    5.4     33.5
  SNOW DEPTH      13

DEGREE DAYS
 HEATING
  YESTERDAY       28                        50    -22       43
  MONTH TO DATE  900                      1088   -188     1040
  SINCE DEC 1   2157                      2415   -258     2003
  SINCE JUL 1   3427                      4347   -920     3494
..................................................................


WIND (MPH)
  HIGHEST WIND SPEED    12   HIGHEST WIND DIRECTION    SE (130)
  HIGHEST GUST SPEED    17   HIGHEST GUST DIRECTION    SE (120)
  AVERAGE WIND SPEED     4.3




RELATIVE HUMIDITY (PERCENT)
 HIGHEST   100
 LOWEST     92
 AVERAGE    96

..........................................................


THE SAULT STE MARIE MI CLIMATE NORMALS FOR TODAY
                         NORMAL    RECORD    YEAR
 MAXIMUM TEMPERATURE (F)   23        42      1999
 MINIMUM TEMPERATURE (F)    7       -25      1935


SUNRISE AND SUNSET
JANUARY 23 2017.......SUNRISE   810 AM EST   SUNSET   529 PM EST
JANUARY 24 2017.......SUNRISE   810 AM EST   SUNSET   530 PM EST


-  INDICATES NEGATIVE NUMBERS.
R  INDICATES RECORD WAS SET OR TIED.
MM INDICATES DATA IS MISSING.
T  INDICATES TRACE AMOUNT.




$$
