000
CDUS43 KAPX 280527
CLIANJ


CLIMATE REPORT
NATIONAL WEATHER SERVICE GAYLORD MI
126 AM EDT SAT MAY 28 2016


...................................

...THE SAULT STE MARIE MI CLIMATE SUMMARY FOR MAY 27 2016...

CLIMATE NORMAL PERIOD 1981 TO 2010
CLIMATE RECORD PERIOD 1888 TO 2016


WEATHER ITEM   OBSERVED TIME   RECORD YEAR NORMAL DEPARTURE LAST
                VALUE   (LST)  VALUE       VALUE  FROM      YEAR
                                                  NORMAL
..................................................................
TEMPERATURE (F)
 YESTERDAY
  MAXIMUM         78    407 PM  90    1911  66     12       62
  MINIMUM         54    635 AM  27    1983  44     10       45
  AVERAGE         66                        55     11       54

PRECIPITATION (IN)
  YESTERDAY        0.03          1.11 1912   0.09  -0.06     0.11
  MONTH TO DATE    1.08                      2.21  -1.13     2.04
  SINCE MAR 1      6.16                      6.55  -0.39     5.20
  SINCE JAN 1      9.87                     10.08  -0.21     8.57

DEGREE DAYS
 HEATING
  YESTERDAY        0                        10    -10       11
  MONTH TO DATE  339                       374    -35      325
  SINCE MAR 1   2193                      2317   -124     2448
  SINCE JUL 1   7334                      8443  -1109     9227

 COOLING
  YESTERDAY        1                         0      1        0
  MONTH TO DATE    3                         0      3        2
  SINCE MAR 1      3                         0      3        2
  SINCE JAN 1      3                         0      3        2
..................................................................


WIND (MPH)
  HIGHEST WIND SPEED    13   HIGHEST WIND DIRECTION    SE (140)
  HIGHEST GUST SPEED    16   HIGHEST GUST DIRECTION    SE (140)
  AVERAGE WIND SPEED     4.2




RELATIVE HUMIDITY (PERCENT)
 HIGHEST   100
 LOWEST     54
 AVERAGE    77

..........................................................


THE SAULT STE MARIE MI CLIMATE NORMALS FOR TODAY
                         NORMAL    RECORD    YEAR
 MAXIMUM TEMPERATURE (F)   66        89      1919
 MINIMUM TEMPERATURE (F)   44        30      1970
                                             1907


SUNRISE AND SUNSET
MAY 28 2016...........SUNRISE   551 AM EDT   SUNSET   919 PM EDT
MAY 29 2016...........SUNRISE   550 AM EDT   SUNSET   920 PM EDT


-  INDICATES NEGATIVE NUMBERS.
R  INDICATES RECORD WAS SET OR TIED.
MM INDICATES DATA IS MISSING.
T  INDICATES TRACE AMOUNT.




$$
