429
CDUS43 KAPX 130534
CLIANJ


CLIMATE REPORT
NATIONAL WEATHER SERVICE GAYLORD MI
1233 AM EST SAT FEB 13 2016


...................................

...THE SAULT STE MARIE MI CLIMATE SUMMARY FOR FEBRUARY 12 2016...

CLIMATE NORMAL PERIOD 1981 TO 2010
CLIMATE RECORD PERIOD 1888 TO 2016


WEATHER ITEM   OBSERVED TIME   RECORD YEAR NORMAL DEPARTURE LAST
                VALUE   (LST)  VALUE       VALUE  FROM      YEAR
                                                  NORMAL
..................................................................
TEMPERATURE (F)
 YESTERDAY
  MAXIMUM         16    135 AM  47    1999  25     -9        5
  MINIMUM        -12   1159 PM -28    1981   9    -21      -10
                                      1914
  AVERAGE          2                        17    -15       -2

PRECIPITATION (IN)
  YESTERDAY        0.10          0.54 1977   0.05   0.05      T
  MONTH TO DATE    0.83                      0.60   0.23     0.93
  SINCE DEC 1      7.79                      5.58   2.21     6.27
  SINCE JAN 1      2.38                      2.79  -0.41     2.93

SNOWFALL (IN)
  YESTERDAY        1.6           7.8  1965   0.7    0.9       T
  MONTH TO DATE   12.4                       9.2    3.2     12.7
  SINCE OCT 1     51.4                      90.8  -39.4    141.7
  SINCE JUL 1     51.4                      90.8  -39.4    141.7
  SNOW DEPTH      15

DEGREE DAYS
 HEATING
  YESTERDAY       63                        48     15       67
  MONTH TO DATE  542                       587    -45      687
  SINCE DEC 1   2907                      3455   -548     3574
  SINCE JUL 1   4398                      5387   -989     5736
..................................................................


WIND (MPH)
  HIGHEST WIND SPEED    23   HIGHEST WIND DIRECTION    NW (310)
  HIGHEST GUST SPEED    32   HIGHEST GUST DIRECTION    NW (330)
  AVERAGE WIND SPEED    12.7




RELATIVE HUMIDITY (PERCENT)
 HIGHEST    83
 LOWEST     45
 AVERAGE    64

..........................................................


THE SAULT STE MARIE MI CLIMATE NORMALS FOR TODAY
                         NORMAL    RECORD    YEAR
 MAXIMUM TEMPERATURE (F)   25        42      1890
 MINIMUM TEMPERATURE (F)    9       -27      1970


SUNRISE AND SUNSET
FEBRUARY 13 2016......SUNRISE   745 AM EST   SUNSET   559 PM EST
FEBRUARY 14 2016......SUNRISE   743 AM EST   SUNSET   601 PM EST


-  INDICATES NEGATIVE NUMBERS.
R  INDICATES RECORD WAS SET OR TIED.
MM INDICATES DATA IS MISSING.
T  INDICATES TRACE AMOUNT.




$$
