000
CDUS43 KAPX 142239
CLIANJ


CLIMATE REPORT
NATIONAL WEATHER SERVICE GAYLORD MI
539 PM EST THU DEC 14 2017


...................................

...THE SAULT STE MARIE MI CLIMATE SUMMARY FOR DECEMBER 14 2017...
VALID TODAY AS OF 0500 PM LOCAL TIME.

CLIMATE NORMAL PERIOD 1981 TO 2010
CLIMATE RECORD PERIOD 1888 TO 2017


WEATHER ITEM   OBSERVED TIME   RECORD YEAR NORMAL DEPARTURE LAST
                VALUE   (LST)  VALUE       VALUE  FROM      YEAR
                                                  NORMAL
..................................................................
TEMPERATURE (F)
 TODAY
  MAXIMUM         12    434 PM  53    1975  29    -17       15
  MINIMUM         -5    436 AM -18    1943  17    -22        2
                                      1933
  AVERAGE          4                        23    -19        9

PRECIPITATION (IN)
  TODAY            0.01          2.17 2015   0.09  -0.08     0.22
  MONTH TO DATE    2.25                      1.37   0.88     1.58
  SINCE DEC 1      2.25                      1.37   0.88     1.58
  SINCE JAN 1     41.56                     31.53  10.03    32.33

SNOWFALL (IN)
  TODAY            0.1           8.7  1964   1.1             3.8
  MONTH TO DATE   16.0                      14.4            18.6
  SINCE OCT 1     31.0                      31.1            25.5
  SINCE JUL 1     31.0                      31.1            25.5

DEGREE DAYS
 HEATING
  TODAY           61                        42     19       56
  MONTH TO DATE  580                       557     23      539
  SINCE DEC 1    580                       557     23      539
  SINCE JUL 1   2165                      2489   -324     1809
..................................................................


WIND (MPH)
  RESULTANT WIND SPEED   3   RESULTANT WIND DIRECTION  NE (60)
  HIGHEST WIND SPEED     8   HIGHEST WIND DIRECTION    SE (150)
  HIGHEST GUST SPEED    11   HIGHEST GUST DIRECTION     N (10)
  AVERAGE WIND SPEED     4.6


SKY COVER
  POSSIBLE SUNSHINE  MM
  AVERAGE SKY COVER 0.7


WEATHER CONDITIONS
 THE FOLLOWING WEATHER WAS RECORDED TODAY.
  SNOW
  LIGHT SNOW
  FOG
  HAZE


RELATIVE HUMIDITY (PERCENT)
 HIGHEST    87           800 AM
 LOWEST     65           100 AM
 AVERAGE    76

..........................................................


THE SAULT STE MARIE MI CLIMATE NORMALS FOR TOMORROW
                         NORMAL    RECORD    YEAR
 MAXIMUM TEMPERATURE (F)   29        44      1998
                                             1993
                                             1894
 MINIMUM TEMPERATURE (F)   16       -14      1926


SUNRISE AND SUNSET
DECEMBER 14 2017......SUNRISE   814 AM EST   SUNSET   451 PM EST
DECEMBER 15 2017......SUNRISE   815 AM EST   SUNSET   451 PM EST


-  INDICATES NEGATIVE NUMBERS.
R  INDICATES RECORD WAS SET OR TIED.
MM INDICATES DATA IS MISSING.
T  INDICATES TRACE AMOUNT.




$$
