000
CDAK47 PANT 260902
CLIANN

CLIMATE REPORT
NATIONAL WEATHER SERVICE ANNETTE, AK
102 AM AKDT THU MAY 26 2016

...................................
...THE ANNETTE WSO AP CLIMATE SUMMARY FOR MAY 25 2016...

CLIMATE NORMAL PERIOD  1981 TO  2010
CLIMATE RECORD PERIOD  1948 TO  2016

WEATHER ITEM   OBSERVED TIME    RECORD YEAR NORMAL DEPARTURE LAST
               VALUE    (LST)   VALUE       VALUE  FROM      YEAR
                                                   NORMAL
...................................................................
TEMPERATURE
YESTERDAY
 MAXIMUM            60  0313 PM    77  2008     58       2     73
 MINIMUM            45  1159 PM    37  2000     46      -1     51
 AVERAGE            53                          52       1     62

PRECIPITATION
(INCHES)
 YESTERDAY        0.00           2.90  1979   0.17   -0.17   0.00
 MONTH TO DATE    6.16                        4.56    1.60   0.50
 SINCE MAR 1     24.57                       19.38    5.19  22.42
 SINCE JAN 1     49.61                       37.42   12.19  43.48

SNOWFALL
(INCHES)
 YESTERDAY         0.0            0.0  2016    0.0     0.0    0.0
 MONTH TO DATE     0.0                         0.1    -0.1    0.0
 SINCE MAR 1       0.0                         8.4    -8.4    0.0
 SINCE JUL 1       5.0                        34.9   -29.9   10.2
 SNOW DEPTH (IN)     0                                          0

DEGREE DAYS
 HEATING
  YESTERDAY         12                          13      -1      3
  MONTH TO DATE    240                         387    -147    261
  SINCE MAR 1     1502                        1794    -292   1497
  SINCE JUL 1     5580                        6332    -752     MM

 COOLING
  YESTERDAY          0                           0       0      0
  MONTH TO DATE      2                           0       2      0
  SINCE MAR 1        2                           0       2      0
  SINCE JAN 1        2                           0       2      0
...................................................................

WIND (MPH)
 HIGHEST WIND SPEED    12     HIGHEST WIND DIRECTION    260
 HIGHEST GUST SPEED    17     HIGHEST GUST DIRECTION    260
 AVERAGE WIND SPEED   5.2

SKY COVER
  POSSIBLE SUNSHINE    MM          AVERAGE SKY COVER     MM

WEATHER CONDITIONS
 THE FOLLOWING WEATHER WAS RECORDED YESTERDAY.
  NO SIGNIFICANT WEATHER WAS OBSERVED.

RELATIVE HUMIDITY
 HIGHEST RH     MM PERCENT       MM
 LOWEST  RH     MM PERCENT       MM
 AVERAGE RH     MM PERCENT       MM
...................................................................

THE ANNETTE CLIMATE NORMALS FOR TODAY
                           NORMAL    RECORD   YEAR
 MAXIMUM TEMPERATURE (F)     58        78     1993
 MINIMUM TEMPERATURE (F)     46        36     1973

SUNRISE AND SUNSET
 MAY 26 2016..........SUNRISE  4:21 AM      SUNSET  9:08 PM
 MAY 27 2016..........SUNRISE  4:20 AM      SUNSET  9:09 PM

-  INDICATES NEGATIVE NUMBERS.
R  INDICATES RECORD HAS BEEN SET OR TIED.
MM INDICATES DATA IS MISSING.
T  INDICATES TRACE OF PRECIPITATION.

&&
-------------------------------------------------------------------

AMOUNT OF DAYLIGHT TODAY  (HOUR:MIN)........16 HOURS 47 MINUTES
GAIN/LOSS SINCE YESTERDAY (HOUR:MIN:SEC)....+0:02:46

$$
JZ MAY 16
