000
CDAK47 PANT 300930
CLIANN

CLIMATE REPORT
NATIONAL WEATHER SERVICE ANNETTE, AK
130 AM AKDT SUN AUG 30 2015

...................................
...THE ANNETTE WSO AP CLIMATE SUMMARY FOR AUGUST 29 2015...

CLIMATE NORMAL PERIOD  1981 TO  2010
CLIMATE RECORD PERIOD  1948 TO  2015

WEATHER ITEM   OBSERVED TIME    RECORD YEAR NORMAL DEPARTURE LAST
               VALUE    (LST)   VALUE       VALUE  FROM      YEAR
                                                   NORMAL
...................................................................
TEMPERATURE
YESTERDAY
 MAXIMUM            60  0257 PM    82  1974     63      -3     58
 MINIMUM            54  1134 PM    42  1960     52       2     53
 AVERAGE            57                          57       0     56

PRECIPITATION
(INCHES)
 YESTERDAY        0.43           1.09  1980   0.27    0.16   0.55
 MONTH TO DATE    8.66                        6.40    2.26   5.19
 SINCE JUN 1     20.29                       15.93    4.36  20.54
 SINCE JAN 1     63.77                       54.35    9.42  61.34

SNOWFALL
(INCHES)
 YESTERDAY         0.0            0.0  2015    0.0     0.0    0.0
 MONTH TO DATE     0.0                         0.0     0.0    0.0
 SINCE JUN 1       0.0                         0.0     0.0    0.0
 SINCE JUL 1       0.0                         0.0     0.0    0.0
 SNOW DEPTH (IN)     0                                          0

DEGREE DAYS
 HEATING
  YESTERDAY          8                           8       0      9
  MONTH TO DATE    150                         179     -29     MM
  SINCE JUN 1      457                         683    -226    879
  SINCE JUL 1      269                         385    -116     MM

 COOLING
  YESTERDAY          0                           0       0      0
  MONTH TO DATE      0                           0       0     MM
  SINCE JUN 1       37                           0      37     14
  SINCE JAN 1       37                           0      37     MM
...................................................................

WIND (MPH)
 HIGHEST WIND SPEED    21     HIGHEST WIND DIRECTION    140
 HIGHEST GUST SPEED    30     HIGHEST GUST DIRECTION    120
 AVERAGE WIND SPEED   9.0

SKY COVER
  POSSIBLE SUNSHINE    MM          AVERAGE SKY COVER     MM

WEATHER CONDITIONS
 THE FOLLOWING WEATHER WAS RECORDED YESTERDAY.
  FOG
RAIN


RELATIVE HUMIDITY
 HIGHEST RH     MM PERCENT       MM
 LOWEST  RH     MM PERCENT       MM
 AVERAGE RH     MM PERCENT       MM
...................................................................

THE ANNETTE CLIMATE NORMALS FOR TODAY
                           NORMAL    RECORD   YEAR
 MAXIMUM TEMPERATURE (F)     63        83     1974
 MINIMUM TEMPERATURE (F)     51        41     1960

SUNRISE AND SUNSET
 AUG 30 2015..........SUNRISE  5:49 AM      SUNSET  7:44 PM
 AUG 31 2015..........SUNRISE  5:51 AM      SUNSET  7:42 PM

-  INDICATES NEGATIVE NUMBERS.
R  INDICATES RECORD HAS BEEN SET OR TIED.
MM INDICATES DATA IS MISSING.
T  INDICATES TRACE OF PRECIPITATION.

&&
-------------------------------------------------------------------

AMOUNT OF DAYLIGHT TODAY  (HOUR:MIN)........13 HOURS 55 MINUTES
GAIN/LOSS SINCE YESTERDAY (HOUR:MIN:SEC)....-0:04:20

$$
JH AUG 15
