000
CDAK47 PANT 291400
CLIANN

CLIMATE REPORT
NATIONAL WEATHER SERVICE ANNETTE, AK
600 AM AKDT FRI AUG 29 2014

...................................
...THE ANNETTE WSO AP CLIMATE SUMMARY FOR AUGUST 28 2014...

CLIMATE NORMAL PERIOD  1981 TO  2010
CLIMATE RECORD PERIOD  1948 TO  2014

WEATHER ITEM   OBSERVED TIME    RECORD YEAR NORMAL DEPARTURE LAST
               VALUE    (LST)   VALUE       VALUE  FROM      YEAR
                                                   NORMAL
...................................................................
TEMPERATURE
YESTERDAY
 MAXIMUM            61  0124 PM    83  1967     63      -2     71
 MINIMUM            48  0445 AM    44  1971     52      -4     49
 AVERAGE            55                          57      -2     60

PRECIPITATION
(INCHES)
 YESTERDAY        0.16           2.77  1998   0.28   -0.12   0.00
 MONTH TO DATE    4.64                        6.13   -1.49   3.77
 SINCE JUN 1     19.99                       15.66    4.33  11.35
 SINCE JAN 1     60.79                       54.08    6.71  50.66

SNOWFALL
(INCHES)
 YESTERDAY         0.0            0.0  2014    0.0     0.0    0.0
 MONTH TO DATE     0.0                         0.0     0.0    0.0
 SINCE JUN 1       0.0                         0.0     0.0    0.0
 SINCE JUL 1       0.0                         0.0     0.0    0.0
 SNOW DEPTH (IN)     0                                          0

DEGREE DAYS
 HEATING
  YESTERDAY         10                           8       2      5
  MONTH TO DATE     MM                         171      MM    140
  SINCE JUN 1      870                         675     195    511
  SINCE JUL 1      543                         377     166    291

 COOLING
  YESTERDAY          0                           0       0      0
  MONTH TO DATE     MM                           0      MM      2
  SINCE JUN 1       14                           0      14     22
  SINCE JAN 1       MM                           0      MM     22
...................................................................

WIND (MPH)
 HIGHEST WIND SPEED    20     HIGHEST WIND DIRECTION    140
 HIGHEST GUST SPEED    27     HIGHEST GUST DIRECTION    130
 AVERAGE WIND SPEED   6.9

SKY COVER
  POSSIBLE SUNSHINE    MM          AVERAGE SKY COVER     MM

WEATHER CONDITIONS
 THE FOLLOWING WEATHER WAS RECORDED YESTERDAY.
  FOG
RAIN


RELATIVE HUMIDITY
 HIGHEST RH     MM PERCENT       MM
 LOWEST  RH     MM PERCENT       MM
 AVERAGE RH     MM PERCENT       MM
...................................................................

THE ANNETTE CLIMATE NORMALS FOR TODAY
                           NORMAL    RECORD   YEAR
 MAXIMUM TEMPERATURE (F)     63        82     1974
 MINIMUM TEMPERATURE (F)     52        42     1960

SUNRISE AND SUNSET
 AUG 29 2014..........SUNRISE  5:48 AM      SUNSET  7:46 PM
 AUG 30 2014..........SUNRISE  5:50 AM      SUNSET  7:44 PM

-  INDICATES NEGATIVE NUMBERS.
R  INDICATES RECORD HAS BEEN SET OR TIED.
MM INDICATES DATA IS MISSING.
T  INDICATES TRACE OF PRECIPITATION.

&&
-------------------------------------------------------------------

AMOUNT OF DAYLIGHT TODAY  (HOUR:MIN)........13 HOURS 58 MINUTES
GAIN/LOSS SINCE YESTERDAY (HOUR:MIN:SEC)....-0:04:20

$$
JH AUG 14
