000
CDAK47 PANT 110908
CLIANN

CLIMATE REPORT
NATIONAL WEATHER SERVICE ANNETTE, AK
1208 AM AKST THU FEB 11 2016

...................................
...THE ANNETTE WSO AP CLIMATE SUMMARY FOR FEBRUARY 10 2016...

CLIMATE NORMAL PERIOD  1981 TO  2010
CLIMATE RECORD PERIOD  1948 TO  2016

WEATHER ITEM   OBSERVED TIME    RECORD YEAR NORMAL DEPARTURE LAST
               VALUE    (LST)   VALUE       VALUE  FROM      YEAR
                                                   NORMAL
...................................................................
TEMPERATURE
YESTERDAY
 MAXIMUM            51  1136 AM    56  1993     43       8     48
 MINIMUM            47  0417 AM     9  1975     33      14     27
 AVERAGE            49                          38      11     38

PRECIPITATION
(INCHES)
 YESTERDAY        0.50           1.83  2005   0.27    0.23   0.19
 MONTH TO DATE    7.45                        2.83    4.62   3.43
 SINCE DEC 1     23.88                       24.28   -0.40  31.10
 SINCE JAN 1     16.95                       13.56    3.39  18.14

SNOWFALL
(INCHES)
 YESTERDAY         0.0            3.1  2014    0.2    -0.2    0.0
 MONTH TO DATE       T                         2.5    -2.5    2.3
 SINCE DEC 1       4.1                        18.2   -14.1    6.0
 SINCE JUL 1       5.0                        21.8   -16.8   10.2
 SNOW DEPTH (IN)     0                                          0

DEGREE DAYS
 HEATING
  YESTERDAY         16                          27     -11     27
  MONTH TO DATE    230                         273     -43    274
  SINCE DEC 1     1863                        2002    -139   1693
  SINCE JUL 1     3636                        4052    -416     MM

 COOLING
  YESTERDAY          0                           0       0      0
  MONTH TO DATE      0                           0       0      0
  SINCE DEC 1        0                           0       0      0
  SINCE JAN 1        0                           0       0      0
...................................................................

WIND (MPH)
 HIGHEST WIND SPEED    22     HIGHEST WIND DIRECTION    120
 HIGHEST GUST SPEED    33     HIGHEST GUST DIRECTION    150
 AVERAGE WIND SPEED  14.7

SKY COVER
  POSSIBLE SUNSHINE    MM          AVERAGE SKY COVER     MM

WEATHER CONDITIONS
 THE FOLLOWING WEATHER WAS RECORDED YESTERDAY.
  FOG
RAIN


RELATIVE HUMIDITY
 HIGHEST RH     MM PERCENT       MM
 LOWEST  RH     MM PERCENT       MM
 AVERAGE RH     MM PERCENT       MM
...................................................................

THE ANNETTE CLIMATE NORMALS FOR TODAY
                           NORMAL    RECORD   YEAR
 MAXIMUM TEMPERATURE (F)     43        60     1993
 MINIMUM TEMPERATURE (F)     33         7     1975

SUNRISE AND SUNSET
 FEB 11 2016..........SUNRISE  7:19 AM      SUNSET  4:44 PM
 FEB 12 2016..........SUNRISE  7:16 AM      SUNSET  4:46 PM

-  INDICATES NEGATIVE NUMBERS.
R  INDICATES RECORD HAS BEEN SET OR TIED.
MM INDICATES DATA IS MISSING.
T  INDICATES TRACE OF PRECIPITATION.

&&
-------------------------------------------------------------------

AMOUNT OF DAYLIGHT TODAY  (HOUR:MIN)........9 HOURS 25 MINUTES
GAIN/LOSS SINCE YESTERDAY (HOUR:MIN:SEC)....+0:04:12

$$
*** FEB 16
