000
CDAK47 PANT 190930
CLIANN

CLIMATE REPORT
NATIONAL WEATHER SERVICE ANNETTE, AK
130 AM AKDT FRI SEP 19 2014

...................................
...THE ANNETTE WSO AP CLIMATE SUMMARY FOR SEPTEMBER 18 2014...

CLIMATE NORMAL PERIOD  1981 TO  2010
CLIMATE RECORD PERIOD  1948 TO  2014

WEATHER ITEM   OBSERVED TIME    RECORD YEAR NORMAL DEPARTURE LAST
               VALUE    (LST)   VALUE       VALUE  FROM      YEAR
                                                   NORMAL
...................................................................
TEMPERATURE
YESTERDAY
 MAXIMUM            57  0431 PM    72  1969     59      -2     60
 MINIMUM            54  0632 PM    38  1978     48       6     49
 AVERAGE            56                          53       3     55

PRECIPITATION
(INCHES)
 YESTERDAY        0.66           2.14  1958   0.32    0.34   0.27
 MONTH TO DATE    0.87                        5.56   -4.69   1.00
 SINCE SEP 1      0.87                        5.56   -4.69   1.00
 SINCE JAN 1     62.95                       60.47    2.48  52.60

SNOWFALL
(INCHES)
 YESTERDAY         0.0            0.0  2014    0.0     0.0    0.0
 MONTH TO DATE     0.0                         0.0     0.0    0.0
 SINCE SEP 1       0.0                         0.0     0.0    0.0
 SINCE JUL 1       0.0                         0.0     0.0    0.0
 SNOW DEPTH (IN)     0                                          0

DEGREE DAYS
 HEATING
  YESTERDAY          9                          12      -3     10
  MONTH TO DATE    127                         179     -52     91
  SINCE SEP 1      127                         179     -52     91
  SINCE JUL 1      696                         580     116    393

 COOLING
  YESTERDAY          0                           0       0      0
  MONTH TO DATE      0                           0       0      0
  SINCE SEP 1        0                           0       0      0
  SINCE JAN 1       MM                           0      MM     22
...................................................................

WIND (MPH)
 HIGHEST WIND SPEED    26     HIGHEST WIND DIRECTION    150
 HIGHEST GUST SPEED    40     HIGHEST GUST DIRECTION    140
 AVERAGE WIND SPEED  11.7

SKY COVER
  POSSIBLE SUNSHINE    MM          AVERAGE SKY COVER     MM

WEATHER CONDITIONS
 THE FOLLOWING WEATHER WAS RECORDED YESTERDAY.
  FOG
RAIN


RELATIVE HUMIDITY
 HIGHEST RH     MM PERCENT       MM
 LOWEST  RH     MM PERCENT       MM
 AVERAGE RH     MM PERCENT       MM
...................................................................

THE ANNETTE CLIMATE NORMALS FOR TODAY
                           NORMAL    RECORD   YEAR
 MAXIMUM TEMPERATURE (F)     59        72     1976
 MINIMUM TEMPERATURE (F)     48        39     1986

SUNRISE AND SUNSET
 SEP 19 2014..........SUNRISE  6:27 AM      SUNSET  6:53 PM
 SEP 20 2014..........SUNRISE  6:29 AM      SUNSET  6:50 PM

-  INDICATES NEGATIVE NUMBERS.
R  INDICATES RECORD HAS BEEN SET OR TIED.
MM INDICATES DATA IS MISSING.
T  INDICATES TRACE OF PRECIPITATION.

&&
-------------------------------------------------------------------

AMOUNT OF DAYLIGHT TODAY  (HOUR:MIN)........12 HOURS 26 MINUTES
GAIN/LOSS SINCE YESTERDAY (HOUR:MIN:SEC)....-0:04:26

$$
JH SEP 14
