000
CDUS41 KCTP 310628
CLIAOO


CLIMATE REPORT
NATIONAL WEATHER SERVICE STATE COLLEGE PA
227 AM EDT MON AUG 31 2015


...................................

...THE ALTOONA CLIMATE SUMMARY FOR AUGUST 30 2015...

CLIMATE NORMAL PERIOD 1981 TO 2010
CLIMATE RECORD PERIOD 1948 TO 2015


WEATHER ITEM   OBSERVED TIME   RECORD YEAR NORMAL DEPARTURE LAST
                VALUE   (LST)  VALUE       VALUE  FROM      YEAR
                                                  NORMAL
..................................................................
TEMPERATURE (F)
 YESTERDAY
  MAXIMUM         87    324 PM  95    1953  78      9       83
  MINIMUM         57    516 AM  38    1986  56      1       59
  AVERAGE         72                        67      5       71

PRECIPITATION (IN)
  YESTERDAY        0.00          1.08 1981   0.11  -0.11     0.00
  MONTH TO DATE    1.00                      2.91  -1.91     4.82
  SINCE JUN 1     14.27                      9.65   4.62    14.99
  SINCE JAN 1     23.77                     23.83  -0.06    28.49

DEGREE DAYS
 HEATING
  YESTERDAY        0                         1     -1        0
  MONTH TO DATE   11                        22    -11       20
  SINCE JUN 1     53                        90    -37       49
  SINCE JUL 1     14                        32    -18       34

 COOLING
  YESTERDAY        7                         3      4        6
  MONTH TO DATE  137                       151    -14       93
  SINCE JUN 1    471                       445     26      397
  SINCE JAN 1    575                       478     97      444
..................................................................


WIND (MPH)
  HIGHEST WIND SPEED    10   HIGHEST WIND DIRECTION     W (280)
  HIGHEST GUST SPEED    17   HIGHEST GUST DIRECTION    SW (240)
  AVERAGE WIND SPEED     4.1


SKY COVER
  POSSIBLE SUNSHINE  MM
  AVERAGE SKY COVER 0.2


WEATHER CONDITIONS
 THE FOLLOWING WEATHER WAS RECORDED YESTERDAY.
  FOG
  HAZE


RELATIVE HUMIDITY (PERCENT)
 HIGHEST    93           300 AM
 LOWEST     37           200 PM
 AVERAGE    65

..........................................................


THE ALTOONA CLIMATE NORMALS FOR TODAY
                         NORMAL    RECORD    YEAR
 MAXIMUM TEMPERATURE (F)   78        94      1962
 MINIMUM TEMPERATURE (F)   56        40      1986


SUNRISE AND SUNSET
AUGUST 31 2015........SUNRISE   640 AM EDT   SUNSET   747 PM EDT
SEPTEMBER  1 2015.....SUNRISE   640 AM EDT   SUNSET   745 PM EDT


-  INDICATES NEGATIVE NUMBERS.
R  INDICATES RECORD WAS SET OR TIED.
MM INDICATES DATA IS MISSING.
T  INDICATES TRACE AMOUNT.




$$
