000
CDUS41 KCTP 250636
CLIAOO


CLIMATE REPORT
NATIONAL WEATHER SERVICE STATE COLLEGE PA
136 AM EST SUN JAN 25 2015


...................................

...THE ALTOONA CLIMATE SUMMARY FOR JANUARY 24 2015...

CLIMATE NORMAL PERIOD 1981 TO 2010
CLIMATE RECORD PERIOD 1948 TO 2015


WEATHER ITEM   OBSERVED TIME   RECORD YEAR NORMAL DEPARTURE LAST
                VALUE   (LST)  VALUE       VALUE  FROM      YEAR
                                                  NORMAL
..................................................................
TEMPERATURE (F)
 YESTERDAY
  MAXIMUM         34   1212 PM  66    1967  34      0       16
  MINIMUM         29    848 PM -12    1963  20      9        0
  AVERAGE         32                        27      5        8

PRECIPITATION (IN)
  YESTERDAY        0.17          0.70 1997   0.07   0.10      T
  MONTH TO DATE    1.14                      1.66  -0.52     0.79
  SINCE DEC 1      3.00                      4.08  -1.08     3.38
  SINCE JAN 1      1.14                      1.66  -0.52     0.79

DEGREE DAYS
 HEATING
  YESTERDAY       33                        38     -5       57
  MONTH TO DATE  941                       912     29     1008
  SINCE DEC 1   1895                      1977    -82     1953
  SINCE JUL 1   3197                      3287    -90     3263

 COOLING
  YESTERDAY        0                         0      0        0
  MONTH TO DATE    0                         0      0        0
  SINCE DEC 1      0                         0      0        0
  SINCE JAN 1      0                         0      0        0
..................................................................


WIND (MPH)
  HIGHEST WIND SPEED    24   HIGHEST WIND DIRECTION     W (270)
  HIGHEST GUST SPEED    30   HIGHEST GUST DIRECTION     W (270)
  AVERAGE WIND SPEED    10.1


SKY COVER
  POSSIBLE SUNSHINE  MM
  AVERAGE SKY COVER 0.8


WEATHER CONDITIONS
 THE FOLLOWING WEATHER WAS RECORDED YESTERDAY.
  SNOW
  LIGHT SNOW
  FOG


RELATIVE HUMIDITY (PERCENT)
 HIGHEST   100          1200 AM
 LOWEST     63           200 PM
 AVERAGE    82

..........................................................


THE ALTOONA CLIMATE NORMALS FOR TODAY
                         NORMAL    RECORD    YEAR
 MAXIMUM TEMPERATURE (F)   34        74      1950
 MINIMUM TEMPERATURE (F)   20        -4      1961


SUNRISE AND SUNSET
JANUARY 25 2015.......SUNRISE   728 AM EST   SUNSET   523 PM EST
JANUARY 26 2015.......SUNRISE   728 AM EST   SUNSET   524 PM EST


-  INDICATES NEGATIVE NUMBERS.
R  INDICATES RECORD WAS SET OR TIED.
MM INDICATES DATA IS MISSING.
T  INDICATES TRACE AMOUNT.




$$
