000
CDUS41 KCTP 122116
CLIAOO


CLIMATE REPORT
NATIONAL WEATHER SERVICE STATE COLLEGE PA
516 PM EDT SAT JUL 12 2014


...................................

...THE ALTOONA CLIMATE SUMMARY FOR JULY 12 2014...
VALID TODAY AS OF 0500 PM LOCAL TIME.

CLIMATE NORMAL PERIOD 1981 TO 2010
CLIMATE RECORD PERIOD 1948 TO 2014


WEATHER ITEM   OBSERVED TIME   RECORD YEAR NORMAL DEPARTURE LAST
                VALUE   (LST)  VALUE       VALUE  FROM      YEAR
                                                  NORMAL
..................................................................
TEMPERATURE (F)
 TODAY
  MAXIMUM         84    346 PM  90    1952  82      2       75
  MINIMUM         63    500 AM  46    1978  60      3       62
  AVERAGE         74                        71      3       69

PRECIPITATION (IN)
  TODAY            0.00          2.30 1949   0.11  -0.11      T
  MONTH TO DATE    1.38                      1.28   0.10     1.17
  SINCE JUN 1      8.15                      4.76   3.39     4.46
  SINCE JAN 1     21.65                     18.94   2.71    15.31

DEGREE DAYS
 HEATING
  TODAY            0                         0      0        0
  MONTH TO DATE    0                         1     -1        0
  SINCE JUN 1     15                        59    -44       20
  SINCE JUL 1      0                         1     -1        0

 COOLING
  TODAY            9                         6      3        4
  MONTH TO DATE   89                        71     18      115
  SINCE JUN 1    226                       180     46      243
  SINCE JAN 1    273                       213     60      317
..................................................................


WIND (MPH)
  HIGHEST WIND SPEED    14   HIGHEST WIND DIRECTION    SW (230)
  HIGHEST GUST SPEED    17   HIGHEST GUST DIRECTION    SW (230)
  AVERAGE WIND SPEED     3.5


SKY COVER
  POSSIBLE SUNSHINE  MM
  AVERAGE SKY COVER 0.1


WEATHER CONDITIONS
 THE FOLLOWING WEATHER WAS RECORDED TODAY.
  FOG
  HAZE


RELATIVE HUMIDITY (PERCENT)
 HIGHEST   100           500 AM
 LOWEST     46           300 PM
 AVERAGE    73

..........................................................


THE ALTOONA CLIMATE NORMALS FOR TOMORROW
                         NORMAL    RECORD    YEAR
 MAXIMUM TEMPERATURE (F)   82        93      1952
 MINIMUM TEMPERATURE (F)   60        49      2001


SUNRISE AND SUNSET
JULY 12 2014..........SUNRISE   554 AM EDT   SUNSET   844 PM EDT
JULY 13 2014..........SUNRISE   555 AM EDT   SUNSET   843 PM EDT


-  INDICATES NEGATIVE NUMBERS.
R  INDICATES RECORD WAS SET OR TIED.
MM INDICATES DATA IS MISSING.
T  INDICATES TRACE AMOUNT.




$$
