000
CDUS41 KCTP 240647
CLIAOO


CLIMATE REPORT
NATIONAL WEATHER SERVICE STATE COLLEGE PA
246 AM EDT THU AUG 24 2017


...................................

...THE ALTOONA CLIMATE SUMMARY FOR AUGUST 23 2017...

CLIMATE NORMAL PERIOD 1981 TO 2010
CLIMATE RECORD PERIOD 1948 TO 2017


WEATHER ITEM   OBSERVED TIME   RECORD YEAR NORMAL DEPARTURE LAST
                VALUE   (LST)  VALUE       VALUE  FROM      YEAR
                                                  NORMAL
..................................................................
TEMPERATURE (F)
 YESTERDAY
  MAXIMUM         76    302 PM  94    1968  79     -3       80
  MINIMUM         59   1159 PM  42    1952  58      1       51
  AVERAGE         68                        69     -1       66

PRECIPITATION (IN)
  YESTERDAY        0.00          1.08 1970   0.10  -0.10     0.00
  MONTH TO DATE    3.39                      2.19   1.20     2.87
  SINCE JUN 1     13.07                      8.93   4.14     7.16
  SINCE JAN 1     30.36                     23.11   7.25    17.14

DEGREE DAYS
 HEATING
  YESTERDAY        0                         1     -1        0
  MONTH TO DATE    9                        15     -6        0
  SINCE JUN 1     46                        83    -37       27
  SINCE JUL 1     15                        25    -10        4

 COOLING
  YESTERDAY        3                         4     -1        1
  MONTH TO DATE   91                       124    -33      207
  SINCE JUN 1    468                       418     50      627
  SINCE JAN 1    541                       451     90      678
..................................................................


WIND (MPH)
  HIGHEST WIND SPEED    14   HIGHEST WIND DIRECTION    NW (320)
  HIGHEST GUST SPEED    19   HIGHEST GUST DIRECTION    NW (330)
  AVERAGE WIND SPEED     5.8


SKY COVER
  POSSIBLE SUNSHINE  MM
  AVERAGE SKY COVER 0.4


WEATHER CONDITIONS
 THE FOLLOWING WEATHER WAS RECORDED YESTERDAY.
  NO SIGNIFICANT WEATHER WAS OBSERVED.


RELATIVE HUMIDITY (PERCENT)
 HIGHEST   100           900 PM
 LOWEST     43           300 PM
 AVERAGE    72

..........................................................


THE ALTOONA CLIMATE NORMALS FOR TODAY
                         NORMAL    RECORD    YEAR
 MAXIMUM TEMPERATURE (F)   79        91      1968
 MINIMUM TEMPERATURE (F)   58        42      1952


SUNRISE AND SUNSET
AUGUST 24 2017........SUNRISE   633 AM EDT   SUNSET   757 PM EDT
AUGUST 25 2017........SUNRISE   634 AM EDT   SUNSET   756 PM EDT


-  INDICATES NEGATIVE NUMBERS.
R  INDICATES RECORD WAS SET OR TIED.
MM INDICATES DATA IS MISSING.
T  INDICATES TRACE AMOUNT.




$$
