000
CDUS41 KCTP 220625
CLIAOO


CLIMATE REPORT
NATIONAL WEATHER SERVICE STATE COLLEGE PA
125 AM EST MON DEC 22 2014


...................................

...THE ALTOONA CLIMATE SUMMARY FOR DECEMBER 21 2014...

CLIMATE NORMAL PERIOD 1981 TO 2010
CLIMATE RECORD PERIOD 1948 TO 2014


WEATHER ITEM   OBSERVED TIME   RECORD YEAR NORMAL DEPARTURE LAST
                VALUE   (LST)  VALUE       VALUE  FROM      YEAR
                                                  NORMAL
..................................................................
TEMPERATURE (F)
 YESTERDAY
  MAXIMUM         34    227 PM  61    2013  36     -2       61
  MINIMUM         21   1145 PM  -2    1989  22     -1       49
  AVERAGE         28                        29     -1       55

PRECIPITATION (IN)
  YESTERDAY        0.00          1.02 1984   0.08  -0.08     0.32
  MONTH TO DATE    1.46                      1.74  -0.28     1.72
  SINCE DEC 1      1.46                      1.74  -0.28     1.72
  SINCE JAN 1     35.45                     31.95   3.50    29.01

DEGREE DAYS
 HEATING
  YESTERDAY       37                        36      1       10
  MONTH TO DATE  661                       695    -34      646
  SINCE DEC 1    661                       695    -34      646
  SINCE JUL 1   1963                      2005    -42     1956

 COOLING
  YESTERDAY        0                         0      0        0
  MONTH TO DATE    0                         0      0        0
  SINCE DEC 1      0                         0      0        0
  SINCE JAN 1    521                       522     -1      695
..................................................................


WIND (MPH)
  HIGHEST WIND SPEED    12   HIGHEST WIND DIRECTION    NW (320)
  HIGHEST GUST SPEED    15   HIGHEST GUST DIRECTION    NW (320)
  AVERAGE WIND SPEED     2.0


SKY COVER
  POSSIBLE SUNSHINE  MM
  AVERAGE SKY COVER 0.6


WEATHER CONDITIONS
 THE FOLLOWING WEATHER WAS RECORDED YESTERDAY.
  FOG
  HAZE


RELATIVE HUMIDITY (PERCENT)
 HIGHEST    92           500 AM
 LOWEST     61           300 PM
 AVERAGE    77

..........................................................


THE ALTOONA CLIMATE NORMALS FOR TODAY
                         NORMAL    RECORD    YEAR
 MAXIMUM TEMPERATURE (F)   36        65      2013
                                             1949
 MINIMUM TEMPERATURE (F)   22        -6      1989


SUNRISE AND SUNSET
DECEMBER 22 2014......SUNRISE   733 AM EST   SUNSET   451 PM EST
DECEMBER 23 2014......SUNRISE   733 AM EST   SUNSET   451 PM EST


-  INDICATES NEGATIVE NUMBERS.
R  INDICATES RECORD WAS SET OR TIED.
MM INDICATES DATA IS MISSING.
T  INDICATES TRACE AMOUNT.




$$
