000
CDUS41 KCTP 212219
CLIAOO


CLIMATE REPORT
NATIONAL WEATHER SERVICE STATE COLLEGE PA
519 PM EST WED FEB 21 2018


...................................

...THE ALTOONA CLIMATE SUMMARY FOR FEBRUARY 21 2018...
VALID TODAY AS OF 0500 PM LOCAL TIME.

CLIMATE NORMAL PERIOD 1981 TO 2010
CLIMATE RECORD PERIOD 1948 TO 2018


WEATHER ITEM   OBSERVED TIME   RECORD YEAR NORMAL DEPARTURE LAST
                VALUE   (LST)  VALUE       VALUE  FROM      YEAR
                                                  NORMAL
..................................................................
TEMPERATURE (F)
 TODAY
  MAXIMUM         76R   200 PM  71    1997  39     37       51
  MINIMUM         52    604 AM   1    1968  22     30       36
  AVERAGE         64                        30     34       44

PRECIPITATION (IN)
  TODAY            0.00          0.82 1951   0.08  -0.08      T
  MONTH TO DATE    3.47                      1.51   1.96     1.15
  SINCE DEC 1      5.72                      6.10  -0.38     6.66
  SINCE JAN 1      4.77                      3.68   1.09     4.34

DEGREE DAYS
 HEATING
  TODAY            1                        35    -34       21
  MONTH TO DATE  628                       765   -137      592
  SINCE DEC 1   2874                      3012   -138     2560
  SINCE JUL 1   3939                      4331   -392     3551

 COOLING
  TODAY            0                         0      0        0
  MONTH TO DATE    0                         0      0        0
  SINCE DEC 1      0                         0      0        0
  SINCE JAN 1      0                         0      0        0
..................................................................


WIND (MPH)
  HIGHEST WIND SPEED    25   HIGHEST WIND DIRECTION     W (250)
  HIGHEST GUST SPEED    36   HIGHEST GUST DIRECTION     W (260)
  AVERAGE WIND SPEED    10.4


SKY COVER
  POSSIBLE SUNSHINE  MM
  AVERAGE SKY COVER 0.4


WEATHER CONDITIONS
 THE FOLLOWING WEATHER WAS RECORDED TODAY.
  NO SIGNIFICANT WEATHER WAS OBSERVED.


RELATIVE HUMIDITY (PERCENT)
 HIGHEST    83           300 AM
 LOWEST     50           100 PM
 AVERAGE    67

..........................................................


THE ALTOONA CLIMATE NORMALS FOR TOMORROW
                         NORMAL    RECORD    YEAR
 MAXIMUM TEMPERATURE (F)   39        67      2017
 MINIMUM TEMPERATURE (F)   22        -3      1963


SUNRISE AND SUNSET
FEBRUARY 21 2018......SUNRISE   658 AM EST   SUNSET   556 PM EST
FEBRUARY 22 2018......SUNRISE   657 AM EST   SUNSET   557 PM EST


-  INDICATES NEGATIVE NUMBERS.
R  INDICATES RECORD WAS SET OR TIED.
MM INDICATES DATA IS MISSING.
T  INDICATES TRACE AMOUNT.




$$
