000
CDUS41 KCTP 050618
CLIAOO


CLIMATE REPORT
NATIONAL WEATHER SERVICE STATE COLLEGE PA
218 AM EDT WED AUG 5 2015


...................................

...THE ALTOONA CLIMATE SUMMARY FOR AUGUST 4 2015...

CLIMATE NORMAL PERIOD 1981 TO 2010
CLIMATE RECORD PERIOD 1948 TO 2015


WEATHER ITEM   OBSERVED TIME   RECORD YEAR NORMAL DEPARTURE LAST
                VALUE   (LST)  VALUE       VALUE  FROM      YEAR
                                                  NORMAL
..................................................................
TEMPERATURE (F)
 YESTERDAY
  MAXIMUM         82    157 PM  96    2002  81      1       81
  MINIMUM         60   1159 PM  45    1966  60      0       56
  AVERAGE         71                        70      1       69

PRECIPITATION (IN)
  YESTERDAY        0.19          1.22 1984   0.09   0.10     0.00
  MONTH TO DATE    0.41                      0.38   0.03     1.90
  SINCE JUN 1     13.68                      7.12   6.56    12.07
  SINCE JAN 1     23.18                     21.30   1.88    25.57

DEGREE DAYS
 HEATING
  YESTERDAY        0                         0      0        0
  MONTH TO DATE    0                         0      0        0
  SINCE JUN 1     42                        68    -26       29
  SINCE JUL 1      3                        10     -7       14

 COOLING
  YESTERDAY        6                         6      0        4
  MONTH TO DATE   27                        24      3       17
  SINCE JUN 1    361                       318     43      321
  SINCE JAN 1    465                       351    114      368
..................................................................


WIND (MPH)
  HIGHEST WIND SPEED    16   HIGHEST WIND DIRECTION     W (270)
  HIGHEST GUST SPEED    22   HIGHEST GUST DIRECTION     W (260)
  AVERAGE WIND SPEED     6.6


SKY COVER
  POSSIBLE SUNSHINE  MM
  AVERAGE SKY COVER 0.0


WEATHER CONDITIONS
 THE FOLLOWING WEATHER WAS RECORDED YESTERDAY.
  THUNDERSTORM
  HEAVY RAIN
  RAIN
  LIGHT RAIN
  FOG


RELATIVE HUMIDITY (PERCENT)
 HIGHEST    93           300 AM
 LOWEST     36           100 PM
 AVERAGE    65

..........................................................


THE ALTOONA CLIMATE NORMALS FOR TODAY
                         NORMAL    RECORD    YEAR
 MAXIMUM TEMPERATURE (F)   81        92      1955
 MINIMUM TEMPERATURE (F)   60        45      1951


SUNRISE AND SUNSET
AUGUST  5 2015........SUNRISE   614 AM EDT   SUNSET   823 PM EDT
AUGUST  6 2015........SUNRISE   615 AM EDT   SUNSET   822 PM EDT


-  INDICATES NEGATIVE NUMBERS.
R  INDICATES RECORD WAS SET OR TIED.
MM INDICATES DATA IS MISSING.
T  INDICATES TRACE AMOUNT.




$$
