682
CDUS41 KCTP 140620
CLIAOO


CLIMATE REPORT
NATIONAL WEATHER SERVICE STATE COLLEGE PA
119 AM EST SUN FEB 14 2016


...................................

...THE ALTOONA CLIMATE SUMMARY FOR FEBRUARY 13 2016...

CLIMATE NORMAL PERIOD 1981 TO 2010
CLIMATE RECORD PERIOD 1948 TO 2016


WEATHER ITEM   OBSERVED TIME   RECORD YEAR NORMAL DEPARTURE LAST
                VALUE   (LST)  VALUE       VALUE  FROM      YEAR
                                                  NORMAL
..................................................................
TEMPERATURE (F)
 YESTERDAY
  MAXIMUM         19   1206 AM  62    1949  37    -18       18
  MINIMUM          5   1159 PM  -2    1979  21    -16        3
  AVERAGE         12                        29    -17       11

PRECIPITATION (IN)
  YESTERDAY        T             1.94 1966   0.07  -0.07     0.00
  MONTH TO DATE    0.68                      0.93  -0.25     0.71
  SINCE DEC 1      6.06                      5.52   0.54     4.17
  SINCE JAN 1      2.32                      3.10  -0.78     2.31

DEGREE DAYS
 HEATING
  YESTERDAY       53                        36     17       54
  MONTH TO DATE  472                       481     -9      508
  SINCE DEC 1   2327                      2728   -401     2704
  SINCE JUL 1   3320                      4034   -714     4006

 COOLING
  YESTERDAY        0                         0      0        0
  MONTH TO DATE    0                         0      0        0
  SINCE DEC 1      0                         0      0        0
  SINCE JAN 1      0                         0      0        0
..................................................................


WIND (MPH)
  HIGHEST WIND SPEED    30   HIGHEST WIND DIRECTION    NW (310)
  HIGHEST GUST SPEED    40   HIGHEST GUST DIRECTION    NW (320)
  AVERAGE WIND SPEED    18.2


SKY COVER
  POSSIBLE SUNSHINE  MM
  AVERAGE SKY COVER 0.7


WEATHER CONDITIONS
 THE FOLLOWING WEATHER WAS RECORDED YESTERDAY.
  SNOW
  LIGHT SNOW
  HAZE
  BLOWING SNOW


RELATIVE HUMIDITY (PERCENT)
 HIGHEST    69           700 AM
 LOWEST     50           300 PM
 AVERAGE    60

..........................................................


THE ALTOONA CLIMATE NORMALS FOR TODAY
                         NORMAL    RECORD    YEAR
 MAXIMUM TEMPERATURE (F)   37        62      1954
 MINIMUM TEMPERATURE (F)   21        -5      1979


SUNRISE AND SUNSET
FEBRUARY 14 2016......SUNRISE   708 AM EST   SUNSET   547 PM EST
FEBRUARY 15 2016......SUNRISE   707 AM EST   SUNSET   548 PM EST


-  INDICATES NEGATIVE NUMBERS.
R  INDICATES RECORD WAS SET OR TIED.
MM INDICATES DATA IS MISSING.
T  INDICATES TRACE AMOUNT.




$$
