000
CDUS41 KCTP 180646
CLIAOO


CLIMATE REPORT
NATIONAL WEATHER SERVICE STATE COLLEGE PA
146 AM EST WED JAN 18 2017


...................................

...THE ALTOONA CLIMATE SUMMARY FOR JANUARY 17 2017...

CLIMATE NORMAL PERIOD 1981 TO 2010
CLIMATE RECORD PERIOD 1948 TO 2017


WEATHER ITEM   OBSERVED TIME   RECORD YEAR NORMAL DEPARTURE LAST
                VALUE   (LST)  VALUE       VALUE  FROM      YEAR
                                                  NORMAL
..................................................................
TEMPERATURE (F)
 YESTERDAY
  MAXIMUM         41    514 PM  64    1990  34      7       32
  MINIMUM         33    744 AM -20    1982  20     13       18
  AVERAGE         37                        27     10       25

PRECIPITATION (IN)
  YESTERDAY        0.18          0.99 1978   0.07   0.11     0.04
  MONTH TO DATE    1.68                      1.17   0.51     1.43
  SINCE DEC 1      4.00                      3.59   0.41     5.17
  SINCE JAN 1      1.68                      1.17   0.51     1.43

DEGREE DAYS
 HEATING
  YESTERDAY       28                        38    -10       40
  MONTH TO DATE  578                       646    -68      617
  SINCE DEC 1   1577                      1711   -134     1264
  SINCE JUL 1   2568                      3021   -453     2257

 COOLING
  YESTERDAY        0                         0      0        0
  MONTH TO DATE    0                         0      0        0
  SINCE DEC 1      0                         0      0        0
  SINCE JAN 1      0                         0      0        0
..................................................................


WIND (MPH)
  HIGHEST WIND SPEED    10   HIGHEST WIND DIRECTION     N (350)
  HIGHEST GUST SPEED    12   HIGHEST GUST DIRECTION     N (350)
  AVERAGE WIND SPEED     1.7


SKY COVER
  POSSIBLE SUNSHINE  MM
  AVERAGE SKY COVER 1.0


WEATHER CONDITIONS
 THE FOLLOWING WEATHER WAS RECORDED YESTERDAY.
  HEAVY RAIN
  RAIN
  LIGHT RAIN
  FOG
  FOG W/VISIBILITY <= 1/4 MILE


RELATIVE HUMIDITY (PERCENT)
 HIGHEST   100           300 AM
 LOWEST     92          1200 AM
 AVERAGE    96

..........................................................


THE ALTOONA CLIMATE NORMALS FOR TODAY
                         NORMAL    RECORD    YEAR
 MAXIMUM TEMPERATURE (F)   34        61      1973
 MINIMUM TEMPERATURE (F)   20       -14      1994


SUNRISE AND SUNSET
JANUARY 18 2017.......SUNRISE   733 AM EST   SUNSET   515 PM EST
JANUARY 19 2017.......SUNRISE   732 AM EST   SUNSET   517 PM EST


-  INDICATES NEGATIVE NUMBERS.
R  INDICATES RECORD WAS SET OR TIED.
MM INDICATES DATA IS MISSING.
T  INDICATES TRACE AMOUNT.




$$
