000
CDUS41 KCTP 210607
CLIAOO


CLIMATE REPORT
NATIONAL WEATHER SERVICE STATE COLLEGE PA
207 AM EDT SAT OCT 21 2017


...................................

...THE ALTOONA CLIMATE SUMMARY FOR OCTOBER 20 2017...

CLIMATE NORMAL PERIOD 1981 TO 2010
CLIMATE RECORD PERIOD 1948 TO 2017


WEATHER ITEM   OBSERVED TIME   RECORD YEAR NORMAL DEPARTURE LAST
                VALUE   (LST)  VALUE       VALUE  FROM      YEAR
                                                  NORMAL
..................................................................
TEMPERATURE (F)
 YESTERDAY
  MAXIMUM         73    403 PM  80    1963  60     13       76
  MINIMUM         49   1159 PM  21    1972  40      9       58
  AVERAGE         61                        50     11       67

PRECIPITATION (IN)
  YESTERDAY        0.00          2.03 1995   0.08  -0.08      T
  MONTH TO DATE    1.96                      1.64   0.32     1.25
  SINCE SEP 1      3.46                      5.10  -1.64     4.43
  SINCE JAN 1     33.88                     26.02   7.86    22.09

DEGREE DAYS
 HEATING
  YESTERDAY        4                        15    -11        0
  MONTH TO DATE   92                       251   -159      168
  SINCE SEP 1    202                       399   -197      223
  SINCE JUL 1    236                       422   -186      227

 COOLING
  YESTERDAY        0                         0      0        2
  MONTH TO DATE   47                         0     47       11
  SINCE SEP 1    113                        47     66      129
  SINCE JAN 1    655                       522    133      873
..................................................................


WIND (MPH)
  HIGHEST WIND SPEED    14   HIGHEST WIND DIRECTION     N (360)
  HIGHEST GUST SPEED    19   HIGHEST GUST DIRECTION    NW (330)
  AVERAGE WIND SPEED     4.2


SKY COVER
  POSSIBLE SUNSHINE  MM
  AVERAGE SKY COVER 0.0


WEATHER CONDITIONS
 THE FOLLOWING WEATHER WAS RECORDED YESTERDAY.
  HAZE


RELATIVE HUMIDITY (PERCENT)
 HIGHEST    77           600 AM
 LOWEST     20           200 PM
 AVERAGE    49

..........................................................


THE ALTOONA CLIMATE NORMALS FOR TODAY
                         NORMAL    RECORD    YEAR
 MAXIMUM TEMPERATURE (F)   60        79      1984
 MINIMUM TEMPERATURE (F)   40        22      1952


SUNRISE AND SUNSET
OCTOBER 21 2017.......SUNRISE   731 AM EDT   SUNSET   624 PM EDT
OCTOBER 22 2017.......SUNRISE   732 AM EDT   SUNSET   623 PM EDT


-  INDICATES NEGATIVE NUMBERS.
R  INDICATES RECORD WAS SET OR TIED.
MM INDICATES DATA IS MISSING.
T  INDICATES TRACE AMOUNT.




$$
