000
CDUS41 KCTP 290638
CLIAOO


CLIMATE REPORT
NATIONAL WEATHER SERVICE STATE COLLEGE PA
238 AM EDT TUE JUL 29 2014


...................................

...THE ALTOONA CLIMATE SUMMARY FOR JULY 28 2014...

CLIMATE NORMAL PERIOD 1981 TO 2010
CLIMATE RECORD PERIOD 1948 TO 2014


WEATHER ITEM   OBSERVED TIME   RECORD YEAR NORMAL DEPARTURE LAST
                VALUE   (LST)  VALUE       VALUE  FROM      YEAR
                                                  NORMAL
..................................................................
TEMPERATURE (F)
 YESTERDAY
  MAXIMUM         73    207 PM  97    1952  82     -9       79
  MINIMUM         58   1159 PM  48    1962  60     -2       59
  AVERAGE         66                        71     -5       69

PRECIPITATION (IN)
  YESTERDAY        0.12          2.02 1951   0.10   0.02     0.16
  MONTH TO DATE    3.33                      2.96   0.37     2.02
  SINCE JUN 1     10.10                      6.44   3.66     5.31
  SINCE JAN 1     23.60                     20.62   2.98    16.16

DEGREE DAYS
 HEATING
  YESTERDAY        0                         0      0        0
  MONTH TO DATE    4                         1      3        2
  SINCE JUN 1     19                        59    -40       22
  SINCE JUL 1      4                         1      3        2

 COOLING
  YESTERDAY        1                         6     -5        4
  MONTH TO DATE  167                       167      0      257
  SINCE JUN 1    304                       276     28      385
  SINCE JAN 1    351                       309     42      459
..................................................................


WIND (MPH)
  HIGHEST WIND SPEED    22   HIGHEST WIND DIRECTION     N (350)
  HIGHEST GUST SPEED    29   HIGHEST GUST DIRECTION     N (350)
  AVERAGE WIND SPEED     9.9


SKY COVER
  POSSIBLE SUNSHINE  MM
  AVERAGE SKY COVER 0.8


WEATHER CONDITIONS
 THE FOLLOWING WEATHER WAS RECORDED YESTERDAY.
  HEAVY RAIN
  RAIN
  LIGHT RAIN
  FOG


RELATIVE HUMIDITY (PERCENT)
 HIGHEST   100           300 AM
 LOWEST     68           200 PM
 AVERAGE    84

..........................................................


THE ALTOONA CLIMATE NORMALS FOR TODAY
                         NORMAL    RECORD    YEAR
 MAXIMUM TEMPERATURE (F)   81        94      2002
 MINIMUM TEMPERATURE (F)   60        50      1965


SUNRISE AND SUNSET
JULY 29 2014..........SUNRISE   608 AM EDT   SUNSET   831 PM EDT
JULY 30 2014..........SUNRISE   609 AM EDT   SUNSET   830 PM EDT


-  INDICATES NEGATIVE NUMBERS.
R  INDICATES RECORD WAS SET OR TIED.
MM INDICATES DATA IS MISSING.
T  INDICATES TRACE AMOUNT.




$$
