000
CDUS45 KBOU 131226
CLIAPA


CLIMATE REPORT
NATIONAL WEATHER SERVICE BOULDER, CO
626 AM MDT SUN JUL 13 2014


...................................

...THE CENTENNIAL CO CLIMATE SUMMARY FOR JULY 12 2014...

CLIMATE NORMAL PERIOD 1981 TO 2010
CLIMATE RECORD PERIOD 9999 TO 9999


WEATHER ITEM   OBSERVED RECORD YEAR NORMAL DEPARTURE LAST
                VALUE   VALUE       VALUE  FROM      YEAR
                                           NORMAL
...........................................................
TEMPERATURE (F)
 YESTERDAY
  MAXIMUM         80     MM      MM  87     -7       91
  MINIMUM         60     MM      MM  59      1       63
  AVERAGE         70                 73     -3       77

PRECIPITATION (IN)
  YESTERDAY        0.01  MM      MM   0.06  -0.05     0.01
  MONTH TO DATE    0.46               0.72  -0.26     0.11
  SINCE JUN 1      1.58               2.84  -1.26     1.32
  SINCE JAN 1      6.06               9.42  -3.36     6.08

DEGREE DAYS
 HEATING
  YESTERDAY        0
  MONTH TO DATE    0

 COOLING
  YESTERDAY        5
  MONTH TO DATE  106
...........................................................


WIND (MPH)
  RESULTANT WIND SPEED   3   RESULTANT WIND DIRECTION  NW (310)
  HIGHEST WIND SPEED    28   HIGHEST WIND DIRECTION     N (360)
  HIGHEST GUST SPEED    36   HIGHEST GUST DIRECTION     N (360)


SKY COVER
  POSSIBLE SUNSHINE  MM
  AVERAGE SKY COVER 0.6


WEATHER CONDITIONS
 THE FOLLOWING WEATHER WAS RECORDED YESTERDAY.
  THUNDERSTORM
  LIGHT RAIN


RELATIVE HUMIDITY (PERCENT)
 HIGHEST    97
 LOWEST     48
 AVERAGE    73

..........................................................


THE CENTENNIAL CO CLIMATE NORMALS FOR TODAY
                         NORMAL    RECORD    YEAR
 MAXIMUM TEMPERATURE (F)   87        MM        MM
 MINIMUM TEMPERATURE (F)   59        MM        MM


SUNRISE AND SUNSET
JULY 13 2014..........SUNRISE   543 AM MDT   SUNSET   827 PM MDT
JULY 14 2014..........SUNRISE   544 AM MDT   SUNSET   826 PM MDT


-  INDICATES NEGATIVE NUMBERS.
R  INDICATES RECORD WAS SET OR TIED.
MM INDICATES DATA IS MISSING.
T  INDICATES TRACE AMOUNT.




$$
