000
CDUS45 KBOU 260725
CLIAPA


CLIMATE REPORT
NATIONAL WEATHER SERVICE BOULDER, CO
1225 AM MST WED NOV 26 2014


...................................

...THE CENTENNIAL CO CLIMATE SUMMARY FOR NOVEMBER 25 2014...

CLIMATE NORMAL PERIOD 1981 TO 2010
CLIMATE RECORD PERIOD 9999 TO 9999


WEATHER ITEM   OBSERVED RECORD YEAR NORMAL DEPARTURE LAST
                VALUE   VALUE       VALUE  FROM      YEAR
                                           NORMAL
...........................................................
TEMPERATURE (F)
 YESTERDAY
  MAXIMUM         46     MM      MM  47     -1       37
  MINIMUM         19     MM      MM  21     -2       26
  AVERAGE         33                 34     -1       32

PRECIPITATION (IN)
  YESTERDAY        T     MM      MM   0.02  -0.02     0.01
  MONTH TO DATE    0.46               0.86  -0.40     0.09
  SINCE SEP 1      4.25               3.29   0.96     7.48
  SINCE JAN 1     15.55              16.62  -1.07    17.29

DEGREE DAYS
 HEATING
  YESTERDAY       32
  MONTH TO DATE  765

 COOLING
  YESTERDAY        0
  MONTH TO DATE    0
...........................................................


WIND (MPH)
  RESULTANT WIND SPEED   7   RESULTANT WIND DIRECTION  NW (300)
  HIGHEST WIND SPEED    29   HIGHEST WIND DIRECTION    NW (300)
  HIGHEST GUST SPEED    37   HIGHEST GUST DIRECTION    NW (300)


SKY COVER
  POSSIBLE SUNSHINE  MM
  AVERAGE SKY COVER 0.6


WEATHER CONDITIONS
 THE FOLLOWING WEATHER WAS RECORDED YESTERDAY.
  LIGHT SNOW
  FOG


RELATIVE HUMIDITY (PERCENT)
 HIGHEST    85
 LOWEST     27
 AVERAGE    56

..........................................................


THE CENTENNIAL CO CLIMATE NORMALS FOR TODAY
                         NORMAL    RECORD    YEAR
 MAXIMUM TEMPERATURE (F)   47        MM        MM
 MINIMUM TEMPERATURE (F)   20        MM        MM


SUNRISE AND SUNSET
NOVEMBER 26 2014......SUNRISE   656 AM MST   SUNSET   438 PM MST
NOVEMBER 27 2014......SUNRISE   657 AM MST   SUNSET   437 PM MST


-  INDICATES NEGATIVE NUMBERS.
R  INDICATES RECORD WAS SET OR TIED.
MM INDICATES DATA IS MISSING.
T  INDICATES TRACE AMOUNT.




$$
