000
CDUS45 KBOU 310725
CLIAPA


CLIMATE REPORT
NATIONAL WEATHER SERVICE BOULDER, CO
1225 AM MST SAT JAN 31 2015


...................................

...THE CENTENNIAL CO CLIMATE SUMMARY FOR JANUARY 30 2015...

CLIMATE NORMAL PERIOD 1981 TO 2010
CLIMATE RECORD PERIOD 9999 TO 9999


WEATHER ITEM   OBSERVED RECORD YEAR NORMAL DEPARTURE LAST
                VALUE   VALUE       VALUE  FROM      YEAR
                                           NORMAL
...........................................................
TEMPERATURE (F)
 YESTERDAY
  MAXIMUM         48     MM      MM  44      4       48
  MINIMUM         33     MM      MM  19     14       28
  AVERAGE         41                 32      9       38

PRECIPITATION (IN)
  YESTERDAY        0.00  MM      MM   0.02  -0.02     0.26
  MONTH TO DATE    0.33               0.43  -0.10     0.48
  SINCE DEC 1      0.81               1.04  -0.23     0.68
  SINCE JAN 1      0.33               0.43  -0.10     0.48

DEGREE DAYS
 HEATING
  YESTERDAY       24
  MONTH TO DATE  931

 COOLING
  YESTERDAY        0
  MONTH TO DATE    0
...........................................................


WIND (MPH)
  RESULTANT WIND SPEED   2   RESULTANT WIND DIRECTION  NW (320)
  HIGHEST WIND SPEED    16   HIGHEST WIND DIRECTION     S (170)
  HIGHEST GUST SPEED    20   HIGHEST GUST DIRECTION     S (170)


SKY COVER
  POSSIBLE SUNSHINE  MM
  AVERAGE SKY COVER 0.9


WEATHER CONDITIONS
 THE FOLLOWING WEATHER WAS RECORDED YESTERDAY.
  NO SIGNIFICANT WEATHER WAS OBSERVED.


RELATIVE HUMIDITY (PERCENT)
 HIGHEST    75
 LOWEST     42
 AVERAGE    59

..........................................................


THE CENTENNIAL CO CLIMATE NORMALS FOR TODAY
                         NORMAL    RECORD    YEAR
 MAXIMUM TEMPERATURE (F)   44        MM        MM
 MINIMUM TEMPERATURE (F)   19        MM        MM


SUNRISE AND SUNSET
JANUARY 31 2015.......SUNRISE   708 AM MST   SUNSET   518 PM MST
FEBRUARY  1 2015......SUNRISE   707 AM MST   SUNSET   519 PM MST


-  INDICATES NEGATIVE NUMBERS.
R  INDICATES RECORD WAS SET OR TIED.
MM INDICATES DATA IS MISSING.
T  INDICATES TRACE AMOUNT.




$$
