000
CDUS45 KBOU 271252
CLIAPA


CLIMATE REPORT
NATIONAL WEATHER SERVICE DENVER/BOULDER CO
650 AM MDT TUE SEP 27 2016


...................................

...THE CENTENNIAL CO CLIMATE SUMMARY FOR SEPTEMBER 26 2016...

CLIMATE NORMAL PERIOD 1981 TO 2010
CLIMATE RECORD PERIOD 9999 TO 9999


WEATHER ITEM   OBSERVED RECORD YEAR NORMAL DEPARTURE LAST
                VALUE   VALUE       VALUE  FROM      YEAR
                                           NORMAL
...........................................................
TEMPERATURE (F)
 YESTERDAY
  MAXIMUM         76     MM      MM  72      4       87
  MINIMUM         41     MM      MM  44     -3       48
  AVERAGE         59                 58      1       68

PRECIPITATION (IN)
  YESTERDAY        0.00  MM      MM   0.04  -0.04     0.00
  MONTH TO DATE    0.23               1.03  -0.80     0.27
  SINCE SEP 1      0.23               1.03  -0.80     0.27
  SINCE JAN 1     10.88              14.36  -3.48    18.92

DEGREE DAYS
 HEATING
  YESTERDAY        6
  MONTH TO DATE   59

 COOLING
  YESTERDAY        0
  MONTH TO DATE   74
...........................................................


WIND (MPH)
  RESULTANT WIND SPEED   4   RESULTANT WIND DIRECTION  SE (130)
  HIGHEST WIND SPEED    13   HIGHEST WIND DIRECTION     S (170)
  HIGHEST GUST SPEED    19   HIGHEST GUST DIRECTION     E (90)


SKY COVER
  POSSIBLE SUNSHINE  MM
  AVERAGE SKY COVER 0.1


WEATHER CONDITIONS
 THE FOLLOWING WEATHER WAS RECORDED YESTERDAY.
  NO SIGNIFICANT WEATHER WAS OBSERVED.


RELATIVE HUMIDITY (PERCENT)
 HIGHEST    62
 LOWEST     18
 AVERAGE    40

..........................................................


THE CENTENNIAL CO CLIMATE NORMALS FOR TODAY
                         NORMAL    RECORD    YEAR
 MAXIMUM TEMPERATURE (F)   71        MM        MM
 MINIMUM TEMPERATURE (F)   43        MM        MM


SUNRISE AND SUNSET
SEPTEMBER 27 2016.....SUNRISE   652 AM MDT   SUNSET   647 PM MDT
SEPTEMBER 28 2016.....SUNRISE   653 AM MDT   SUNSET   646 PM MDT


-  INDICATES NEGATIVE NUMBERS.
R  INDICATES RECORD WAS SET OR TIED.
MM INDICATES DATA IS MISSING.
T  INDICATES TRACE AMOUNT.




$$
