000
CDUS42 KMFL 012040
CLIAPF


CLIMATE REPORT
NATIONAL WEATHER SERVICE MIAMI, FL
437 PM EDT WED OCT 1 2014


...................................

...THE NAPLES CLIMATE SUMMARY FOR OCTOBER 1 2014...
VALID TODAY AS OF 0400 PM LOCAL TIME.

CLIMATE NORMAL PERIOD 1981 TO 2010
CLIMATE RECORD PERIOD 1942 TO 2014


WEATHER ITEM   OBSERVED TIME   RECORD YEAR NORMAL DEPARTURE LAST
                VALUE   (LST)  VALUE       VALUE  FROM      YEAR
                                                  NORMAL
..................................................................
TEMPERATURE (F)
 TODAY
  MAXIMUM         89    155 PM  95    1988  89      0       90
  MINIMUM         79    845 AM  68    2008  73      6       73
                                      1983
  AVERAGE         84                        81      3       82

PRECIPITATION (IN)
  TODAY            0.04          4.04 1979   0.22  -0.18     0.05
  MONTH TO DATE    0.04                      0.22  -0.18     0.05
  SINCE JUN 1     39.14                     32.58   6.56    36.69
  SINCE JAN 1     47.97                     44.43   3.54    47.03

SNOWFALL (IN)
  TODAY            0.0
  MONTH TO DATE    0.0
  SINCE SEP 1      0.0
  SINCE JUL 1      0.0
  SNOW DEPTH       0

DEGREE DAYS
 HEATING
  TODAY            0                         0      0
  MONTH TO DATE    0                         0      0
  SINCE SEP 1      0                         0      0
  SINCE JUL 1      0                         0      0

 COOLING
  TODAY           19                        16      3
  MONTH TO DATE   19                        16      3
  SINCE SEP 1    538                       536      2
  SINCE JAN 1   3408                      3193    215
..................................................................


WIND (MPH)
  HIGHEST WIND SPEED    17   HIGHEST WIND DIRECTION     W (290)
  HIGHEST GUST SPEED    22   HIGHEST GUST DIRECTION    SW (230)
  AVERAGE WIND SPEED     8.0


SKY COVER
  AVERAGE SKY COVER 0.2


WEATHER CONDITIONS
 THE FOLLOWING WEATHER WAS RECORDED TODAY.
  LIGHT RAIN


RELATIVE HUMIDITY (PERCENT)
 HIGHEST    85
 LOWEST     68
 AVERAGE    77

..........................................................


THE NAPLES CLIMATE NORMALS FOR TOMORROW
                         NORMAL    RECORD    YEAR
 MAXIMUM TEMPERATURE (F)   89        93      2002
                                             1990
                                             1977
 MINIMUM TEMPERATURE (F)   73        58      1976


SUNRISE AND SUNSET
OCTOBER  1 2014.......SUNRISE   719 AM EDT   SUNSET   714 PM EDT
OCTOBER  2 2014.......SUNRISE   720 AM EDT   SUNSET   712 PM EDT


-  INDICATES NEGATIVE NUMBERS.
R  INDICATES RECORD WAS SET OR TIED.
MM INDICATES DATA IS MISSING.
T  INDICATES TRACE AMOUNT.




$$
