000
CDUS42 KMFL 220822
CLIAPF


CLIMATE REPORT
NATIONAL WEATHER SERVICE MIAMI, FL
421 AM EDT FRI AUG 22 2014


...................................

...THE NAPLES CLIMATE SUMMARY FOR AUGUST 21 2014...

CLIMATE NORMAL PERIOD 1981 TO 2010
CLIMATE RECORD PERIOD 1942 TO 2014


WEATHER ITEM   OBSERVED TIME   RECORD YEAR NORMAL DEPARTURE LAST
                VALUE   (LST)  VALUE       VALUE  FROM      YEAR
                                                  NORMAL
..................................................................
TEMPERATURE (F)
 YESTERDAY
  MAXIMUM         94        MM  97    2007  91      3       92
                                      1974
  MINIMUM         75        MM  63    1973  76     -1       77
  AVERAGE         85                        83      2       85

PRECIPITATION (IN)
  YESTERDAY        0.91          2.37 1973   0.26   0.65     0.75
  MONTH TO DATE   11.09                      5.77   5.32     5.15
  SINCE JUN 1     26.22                     21.86   4.36    22.97
  SINCE JAN 1     35.05                     33.71   1.34    33.31

SNOWFALL (IN)
  YESTERDAY        0.0
  MONTH TO DATE    0.0
  SINCE JUN 1      0.0
  SINCE JUL 1      0.0
  SNOW DEPTH       0

DEGREE DAYS
 HEATING
  YESTERDAY        0                         0      0
  MONTH TO DATE    0                         0      0
  SINCE JUN 1      0                         0      0
  SINCE JUL 1      0                         0      0

 COOLING
  YESTERDAY       20                        18      2
  MONTH TO DATE  404                       378     26
  SINCE JUN 1   1480                      1444     36
  SINCE JAN 1   2669                      2472    197
..................................................................


WIND (MPH)
  HIGHEST WIND SPEED     7   HIGHEST WIND DIRECTION     W (250)
  HIGHEST GUST SPEED    MM   HIGHEST GUST DIRECTION    MM
  AVERAGE WIND SPEED     1.8


SKY COVER
  AVERAGE SKY COVER 0.1


WEATHER CONDITIONS
 THE FOLLOWING WEATHER WAS RECORDED YESTERDAY.
  THUNDERSTORM
  HEAVY RAIN
  RAIN
  LIGHT RAIN
  FOG


RELATIVE HUMIDITY (PERCENT)
 HIGHEST    91
 LOWEST     60
 AVERAGE    76

..........................................................


THE NAPLES CLIMATE NORMALS FOR TODAY
                         NORMAL    RECORD    YEAR
 MAXIMUM TEMPERATURE (F)   91        96      2007
 MINIMUM TEMPERATURE (F)   76        70      1976
                                             1972


SUNRISE AND SUNSET
AUGUST 22 2014........SUNRISE   703 AM EDT   SUNSET   757 PM EDT
AUGUST 23 2014........SUNRISE   703 AM EDT   SUNSET   756 PM EDT


-  INDICATES NEGATIVE NUMBERS.
R  INDICATES RECORD WAS SET OR TIED.
MM INDICATES DATA IS MISSING.
T  INDICATES TRACE AMOUNT.




$$
