000
CDUS42 KMFL 040925
CLIAPF


CLIMATE REPORT
NATIONAL WEATHER SERVICE MIAMI, FL
422 AM EST SUN DEC 4 2016


...................................

...THE NAPLES CLIMATE SUMMARY FOR DECEMBER 3 2016...

CLIMATE NORMAL PERIOD 1981 TO 2010
CLIMATE RECORD PERIOD 1942 TO 2016


WEATHER ITEM   OBSERVED TIME   RECORD YEAR NORMAL DEPARTURE LAST
                VALUE   (LST)  VALUE       VALUE  FROM      YEAR
                                                  NORMAL
..................................................................
TEMPERATURE (F)
 YESTERDAY
  MAXIMUM         84    335 PM  86    2001  78      6       80
                                      1978
  MINIMUM         62    723 AM  44    2008  59      3       67
                                      1969
  AVERAGE         73                        69      4       74

PRECIPITATION (IN)
  YESTERDAY        0.00          0.22 2015   0.04  -0.04     0.22
  MONTH TO DATE    0.00                      0.12  -0.12     0.22
  SINCE NOV 1      T                         2.16  -2.16     3.20
  SINCE JAN 1     44.20                     50.56  -6.36    38.28

SNOWFALL (IN)
  YESTERDAY        0.0
  MONTH TO DATE    0.0
  SINCE DEC 1      0.0
  SINCE JUL 1      0.0
  SNOW DEPTH       0

DEGREE DAYS
 HEATING
  YESTERDAY        0                         1     -1        0
  MONTH TO DATE    0                         3     -3        0
  SINCE DEC 1      0                         3     -3        0
  SINCE JUL 1      4                        17    -13        0

 COOLING
  YESTERDAY        8                         5      3        9
  MONTH TO DATE   29                        15     14       37
  SINCE DEC 1     29                        15     14       37
  SINCE JAN 1   4181                      3834    347     4519
..................................................................


WIND (MPH)
  HIGHEST WIND SPEED    18   HIGHEST WIND DIRECTION    NE (60)
  HIGHEST GUST SPEED    24   HIGHEST GUST DIRECTION    NE (60)
  AVERAGE WIND SPEED    11.6


SKY COVER
  AVERAGE SKY COVER 0.1


WEATHER CONDITIONS
 THE FOLLOWING WEATHER WAS RECORDED YESTERDAY.
  NO SIGNIFICANT WEATHER WAS OBSERVED.


RELATIVE HUMIDITY (PERCENT)
 HIGHEST    78
 LOWEST     48
 AVERAGE    63

..........................................................


THE NAPLES CLIMATE NORMALS FOR TODAY
                         NORMAL    RECORD    YEAR
 MAXIMUM TEMPERATURE (F)   78        87      1994
 MINIMUM TEMPERATURE (F)   59        37      1989


SUNRISE AND SUNSET
DECEMBER  4 2016......SUNRISE   700 AM EST   SUNSET   535 PM EST
DECEMBER  5 2016......SUNRISE   701 AM EST   SUNSET   535 PM EST


-  INDICATES NEGATIVE NUMBERS.
R  INDICATES RECORD WAS SET OR TIED.
MM INDICATES DATA IS MISSING.
T  INDICATES TRACE AMOUNT.




$$
