000
CDUS42 KMFL 261119
CLIAPF


CLIMATE REPORT
NATIONAL WEATHER SERVICE MIAMI, FL
719 AM EDT WED JUL 26 2017


...................................

...THE NAPLES CLIMATE SUMMARY FOR JULY 25 2017...

CLIMATE NORMAL PERIOD 1981 TO 2010
CLIMATE RECORD PERIOD 1942 TO 2017


WEATHER ITEM   OBSERVED TIME   RECORD YEAR NORMAL DEPARTURE LAST
                VALUE   (LST)  VALUE       VALUE  FROM      YEAR
                                                  NORMAL
..................................................................
TEMPERATURE (F)
 YESTERDAY
  MAXIMUM         93        MM  99    2017  91      2       91
  MINIMUM         79        MM  69    1978  75      4       74
                                      1977
  AVERAGE         86                        83      3       83

PRECIPITATION (IN)
  YESTERDAY        0.00         99.00 2017   0.21  -0.21     0.35
  MONTH TO DATE    8.39                      6.04   2.35     5.37
  SINCE JUN 1     23.02                     14.86   8.16    10.28
  SINCE JAN 1     28.65                     26.71   1.94    22.38

SNOWFALL (IN)
  YESTERDAY        0.0
  MONTH TO DATE    0.0
  SINCE JUN 1      0.0
  SINCE JUL 1      0.0
  SNOW DEPTH       0

DEGREE DAYS
 HEATING
  YESTERDAY        0                         0      0        0
  MONTH TO DATE    0                         0      0        0
  SINCE JUN 1      0                         0      0        0
  SINCE JUL 1      0                         0      0        0

 COOLING
  YESTERDAY       21                        18      3       18
  MONTH TO DATE  463                       450     13      486
  SINCE JUN 1   1004                       957     47     1025
  SINCE JAN 1   2348                      1985    363     2209
..................................................................


WIND (MPH)
  HIGHEST WIND SPEED    12   HIGHEST WIND DIRECTION     W (250)
  HIGHEST GUST SPEED    MM   HIGHEST GUST DIRECTION    MM
  AVERAGE WIND SPEED     4.5


SKY COVER
  AVERAGE SKY COVER 0.3


WEATHER CONDITIONS
 THE FOLLOWING WEATHER WAS RECORDED YESTERDAY.
  THUNDERSTORM


RELATIVE HUMIDITY (PERCENT)
 HIGHEST    75
 LOWEST     63
 AVERAGE    69

..........................................................


THE NAPLES CLIMATE NORMALS FOR TODAY
                         NORMAL    RECORD    YEAR
 MAXIMUM TEMPERATURE (F)   91        97      1996
 MINIMUM TEMPERATURE (F)   75        68      1973


SUNRISE AND SUNSET
JULY 26 2017..........SUNRISE   650 AM EDT   SUNSET   817 PM EDT
JULY 27 2017..........SUNRISE   650 AM EDT   SUNSET   816 PM EDT


-  INDICATES NEGATIVE NUMBERS.
R  INDICATES RECORD WAS SET OR TIED.
MM INDICATES DATA IS MISSING.
T  INDICATES TRACE AMOUNT.




$$
