000
CDUS42 KMFL 222122
CLIAPF


CLIMATE REPORT
NATIONAL WEATHER SERVICE MIAMI, FL
421 PM EST WED NOV 22 2017


...................................

...THE NAPLES CLIMATE SUMMARY FOR NOVEMBER 22 2017...
VALID TODAY AS OF 0400 PM LOCAL TIME.

CLIMATE NORMAL PERIOD 1981 TO 2010
CLIMATE RECORD PERIOD 1942 TO 2017


WEATHER ITEM   OBSERVED TIME   RECORD YEAR NORMAL DEPARTURE LAST
                VALUE   (LST)  VALUE       VALUE  FROM      YEAR
                                                  NORMAL
..................................................................
TEMPERATURE (F)
 TODAY
  MAXIMUM         81   1150 AM  89    1993  80      1       80
                                      1942
  MINIMUM         66    656 AM  37    1981  61      5       50
  AVERAGE         74                        71      3       65

PRECIPITATION (IN)
  TODAY            0.00          1.32 2015   0.05  -0.05     0.00
  MONTH TO DATE    T                         1.61  -1.61      T
  SINCE NOV 1      T                         1.61  -1.61      T
  SINCE JAN 1     68.37                     50.01  18.36    44.20

SNOWFALL (IN)
  TODAY            0.0
  MONTH TO DATE    0.0
  SINCE SEP 1      0.0
  SINCE JUL 1      0.0
  SNOW DEPTH       0

DEGREE DAYS
 HEATING
  TODAY            0                         1     -1        0
  MONTH TO DATE    0                         3     -3        4
  SINCE SEP 1      4                         4      0        4
  SINCE JUL 1      4                         4      0        4

 COOLING
  TODAY            9                         6      3        0
  MONTH TO DATE  211                       178     33      165
  SINCE SEP 1   1095                      1116    -21     1167
  SINCE JAN 1   4135                      3773    362     4083
..................................................................


WIND (MPH)
  HIGHEST WIND SPEED    12   HIGHEST WIND DIRECTION     W (270)
  HIGHEST GUST SPEED    19   HIGHEST GUST DIRECTION     N (350)
  AVERAGE WIND SPEED     3.9


SKY COVER
  AVERAGE SKY COVER 0.1


WEATHER CONDITIONS
 THE FOLLOWING WEATHER WAS RECORDED TODAY.
  NO SIGNIFICANT WEATHER WAS OBSERVED.


RELATIVE HUMIDITY (PERCENT)
 HIGHEST   100
 LOWEST     67
 AVERAGE    84

..........................................................


THE NAPLES CLIMATE NORMALS FOR TOMORROW
                         NORMAL    RECORD    YEAR
 MAXIMUM TEMPERATURE (F)   80        88      1992
                                             1973
                                             1947
 MINIMUM TEMPERATURE (F)   61        42      1981
                                             1976
                                             1956


SUNRISE AND SUNSET
NOVEMBER 22 2017......SUNRISE   651 AM EST   SUNSET   535 PM EST
NOVEMBER 23 2017......SUNRISE   652 AM EST   SUNSET   535 PM EST


-  INDICATES NEGATIVE NUMBERS.
R  INDICATES RECORD WAS SET OR TIED.
MM INDICATES DATA IS MISSING.
T  INDICATES TRACE AMOUNT.




$$
