000
CDUS42 KMFL 250935
CLIAPF


CLIMATE REPORT
NATIONAL WEATHER SERVICE MIAMI, FL
435 AM EST THU DEC 25 2014


...................................

...THE NAPLES CLIMATE SUMMARY FOR DECEMBER 24 2014...

CLIMATE NORMAL PERIOD 1981 TO 2010
CLIMATE RECORD PERIOD 1942 TO 2014


WEATHER ITEM   OBSERVED TIME   RECORD YEAR NORMAL DEPARTURE LAST
                VALUE   (LST)  VALUE       VALUE  FROM      YEAR
                                                  NORMAL
..................................................................
TEMPERATURE (F)
 YESTERDAY
  MAXIMUM         84   1250 PM  85    2006  76      8       77
                                      1987
                                      1981
  MINIMUM         69   1159 PM  31    1989  56     13       59
  AVERAGE         77                        66     11       68

PRECIPITATION (IN)
  YESTERDAY        0.21          0.83 1986   0.05   0.16     0.00
  MONTH TO DATE    0.25                      1.17  -0.92     0.09
  SINCE NOV 1      1.30                      3.21  -1.91     0.87
  SINCE JAN 1     50.66                     51.61  -0.95    49.09

SNOWFALL (IN)
  YESTERDAY        0.0
  MONTH TO DATE    0.0
  SINCE DEC 1      0.0
  SINCE JUL 1      0.0
  SNOW DEPTH       0

DEGREE DAYS
 HEATING
  YESTERDAY        0                         2     -2
  MONTH TO DATE   51                        43      8
  SINCE DEC 1     51                        43      8
  SINCE JUL 1     80                        57     23

 COOLING
  YESTERDAY       12                         3      9
  MONTH TO DATE   99                       101     -2
  SINCE DEC 1     99                       101     -2
  SINCE JAN 1   4047                      3920    127
..................................................................


WIND (MPH)
  HIGHEST WIND SPEED    23   HIGHEST WIND DIRECTION     S (160)
  HIGHEST GUST SPEED    29   HIGHEST GUST DIRECTION     S (190)
  AVERAGE WIND SPEED    13.5


SKY COVER
  AVERAGE SKY COVER 0.6


WEATHER CONDITIONS
 THE FOLLOWING WEATHER WAS RECORDED YESTERDAY.
  THUNDERSTORM
  HEAVY RAIN
  LIGHT RAIN
  FOG


RELATIVE HUMIDITY (PERCENT)
 HIGHEST    94
 LOWEST     69
 AVERAGE    82

..........................................................


THE NAPLES CLIMATE NORMALS FOR TODAY
                         NORMAL    RECORD    YEAR
 MAXIMUM TEMPERATURE (F)   76        87      1987
 MINIMUM TEMPERATURE (F)   56        28      1989


SUNRISE AND SUNSET
DECEMBER 25 2014......SUNRISE   712 AM EST   SUNSET   542 PM EST
DECEMBER 26 2014......SUNRISE   712 AM EST   SUNSET   543 PM EST


-  INDICATES NEGATIVE NUMBERS.
R  INDICATES RECORD WAS SET OR TIED.
MM INDICATES DATA IS MISSING.
T  INDICATES TRACE AMOUNT.




$$
