000
CDUS42 KMFL 230929
CLIAPF


CLIMATE REPORT
NATIONAL WEATHER SERVICE MIAMI, FL
429 AM EST THU FEB 23 2017


...................................

...THE NAPLES CLIMATE SUMMARY FOR FEBRUARY 22 2017...

CLIMATE NORMAL PERIOD 1981 TO 2010
CLIMATE RECORD PERIOD 1942 TO 2017


WEATHER ITEM   OBSERVED TIME   RECORD YEAR NORMAL DEPARTURE LAST
                VALUE   (LST)  VALUE       VALUE  FROM      YEAR
                                                  NORMAL
..................................................................
TEMPERATURE (F)
 YESTERDAY
  MAXIMUM         76    219 PM  86    1979  78     -2       82
                                      1961
  MINIMUM         65   1011 AM  34    1977  58      7       59
  AVERAGE         71                        68      3       71

PRECIPITATION (IN)
  YESTERDAY        1.03          2.23 1967   0.07   0.96     0.00
  MONTH TO DATE    1.13                      1.65  -0.52     0.68
  SINCE NOV 1      2.27                      6.99  -4.72    12.84
  SINCE JAN 1      1.92                      3.50  -1.58     8.22

SNOWFALL (IN)
  YESTERDAY        0.0
  MONTH TO DATE    0.0
  SINCE DEC 1      0.0
  SINCE JUL 1      0.0
  SNOW DEPTH       0

DEGREE DAYS
 HEATING
  YESTERDAY        0                         1     -1        0
  MONTH TO DATE    3                        43    -40       51
  SINCE DEC 1     52                       209   -157      118
  SINCE JUL 1     56                       223   -167      118

 COOLING
  YESTERDAY        6                         4      2        6
  MONTH TO DATE  115                        78     37       63
  SINCE DEC 1    536                       284    252      499
  SINCE JAN 1    269                       164    105      143
..................................................................


WIND (MPH)
  HIGHEST WIND SPEED    24   HIGHEST WIND DIRECTION    SE (150)
  HIGHEST GUST SPEED    34   HIGHEST GUST DIRECTION     S (160)
  AVERAGE WIND SPEED     8.7


SKY COVER
  AVERAGE SKY COVER 0.5


WEATHER CONDITIONS
 THE FOLLOWING WEATHER WAS RECORDED YESTERDAY.
  HEAVY RAIN
  RAIN
  LIGHT RAIN
  FOG


RELATIVE HUMIDITY (PERCENT)
 HIGHEST   100
 LOWEST     68
 AVERAGE    84

..........................................................


THE NAPLES CLIMATE NORMALS FOR TODAY
                         NORMAL    RECORD    YEAR
 MAXIMUM TEMPERATURE (F)   78        87      1962
 MINIMUM TEMPERATURE (F)   58        34      1978


SUNRISE AND SUNSET
FEBRUARY 23 2017......SUNRISE   656 AM EST   SUNSET   625 PM EST
FEBRUARY 24 2017......SUNRISE   655 AM EST   SUNSET   626 PM EST


-  INDICATES NEGATIVE NUMBERS.
R  INDICATES RECORD WAS SET OR TIED.
MM INDICATES DATA IS MISSING.
T  INDICATES TRACE AMOUNT.




$$
