000
CDUS42 KMFL 210824
CLIAPF


CLIMATE REPORT
NATIONAL WEATHER SERVICE MIAMI, FL
423 AM EDT TUE OCT 21 2014


...................................

...THE NAPLES CLIMATE SUMMARY FOR OCTOBER 20 2014...

CLIMATE NORMAL PERIOD 1981 TO 2010
CLIMATE RECORD PERIOD 1942 TO 2014


WEATHER ITEM   OBSERVED TIME   RECORD YEAR NORMAL DEPARTURE LAST
                VALUE   (LST)  VALUE       VALUE  FROM      YEAR
                                                  NORMAL
..................................................................
TEMPERATURE (F)
 YESTERDAY
  MAXIMUM         88   1241 PM  92    1969  86      2       87
  MINIMUM         67    634 AM  54    1955  69     -2       76
  AVERAGE         78                        78      0       82

PRECIPITATION (IN)
  YESTERDAY        0.00          2.43 2007   0.10  -0.10     0.00
  MONTH TO DATE    1.43                      3.21  -1.78     1.24
  SINCE JUN 1     40.53                     35.57   4.96    37.88
  SINCE JAN 1     49.36                     47.42   1.94    48.22

SNOWFALL (IN)
  YESTERDAY        0.0
  MONTH TO DATE    0.0
  SINCE SEP 1      0.0
  SINCE JUL 1      0.0
  SNOW DEPTH       0

DEGREE DAYS
 HEATING
  YESTERDAY        0                         0      0
  MONTH TO DATE    0                         0      0
  SINCE SEP 1      0                         0      0
  SINCE JUL 1      0                         0      0

 COOLING
  YESTERDAY       13                        13      0
  MONTH TO DATE  296                       290      6
  SINCE SEP 1    815                       810      5
  SINCE JAN 1   3685                      3467    218
..................................................................


WIND (MPH)
  HIGHEST WIND SPEED    12   HIGHEST WIND DIRECTION     E (110)
  HIGHEST GUST SPEED    15   HIGHEST GUST DIRECTION     E (80)
  AVERAGE WIND SPEED     5.9


SKY COVER
  AVERAGE SKY COVER 0.3


WEATHER CONDITIONS
 THE FOLLOWING WEATHER WAS RECORDED YESTERDAY.
  NO SIGNIFICANT WEATHER WAS OBSERVED.


RELATIVE HUMIDITY (PERCENT)
 HIGHEST    93
 LOWEST     48
 AVERAGE    71

..........................................................


THE NAPLES CLIMATE NORMALS FOR TODAY
                         NORMAL    RECORD    YEAR
 MAXIMUM TEMPERATURE (F)   86        93      1993
 MINIMUM TEMPERATURE (F)   69        48      1989


SUNRISE AND SUNSET
OCTOBER 21 2014.......SUNRISE   729 AM EDT   SUNSET   654 PM EDT
OCTOBER 22 2014.......SUNRISE   730 AM EDT   SUNSET   653 PM EDT


-  INDICATES NEGATIVE NUMBERS.
R  INDICATES RECORD WAS SET OR TIED.
MM INDICATES DATA IS MISSING.
T  INDICATES TRACE AMOUNT.




$$
