000
CDUS42 KMFL 242035
CLIAPF


CLIMATE REPORT
NATIONAL WEATHER SERVICE MIAMI, FL
435 PM EDT FRI MAR 24 2017


...................................

...THE NAPLES CLIMATE SUMMARY FOR MARCH 24 2017...
VALID TODAY AS OF 0400 PM LOCAL TIME.

CLIMATE NORMAL PERIOD 1981 TO 2010
CLIMATE RECORD PERIOD 1942 TO 2017


WEATHER ITEM   OBSERVED TIME   RECORD YEAR NORMAL DEPARTURE LAST
                VALUE   (LST)  VALUE       VALUE  FROM      YEAR
                                                  NORMAL
..................................................................
TEMPERATURE (F)
 TODAY
  MAXIMUM         86    232 PM  89    2007  81      5       86
  MINIMUM         64    643 AM  41    1963  61      3       65
  AVERAGE         75                        71      4       76

PRECIPITATION (IN)
  TODAY            0.00          1.75 1987   0.09  -0.09     0.00
  MONTH TO DATE    0.11                      1.74  -1.63     0.07
  SINCE NOV 1      2.38                      9.18  -6.80    13.39
  SINCE JAN 1      2.03                      5.69  -3.66     8.77

SNOWFALL (IN)
  TODAY            0.0
  MONTH TO DATE    0.0
  SINCE MAR 1      0.0
  SINCE JUL 1      0.0
  SNOW DEPTH       0

DEGREE DAYS
 HEATING
  TODAY            0                         0      0        0
  MONTH TO DATE   11                        19     -8        4
  SINCE MAR 1     11                        19     -8        4
  SINCE JUL 1     67                       252   -185      142

 COOLING
  TODAY           10                         6      4       11
  MONTH TO DATE  133                       129      4      174
  SINCE MAR 1    133                       129      4      174
  SINCE JAN 1    456                       320    136      336
..................................................................


WIND (MPH)
  HIGHEST WIND SPEED    25   HIGHEST WIND DIRECTION     E (80)
  HIGHEST GUST SPEED    31   HIGHEST GUST DIRECTION     E (90)
  AVERAGE WIND SPEED    14.1


SKY COVER
  AVERAGE SKY COVER 0.2


WEATHER CONDITIONS
 THE FOLLOWING WEATHER WAS RECORDED TODAY.
  NO SIGNIFICANT WEATHER WAS OBSERVED.


RELATIVE HUMIDITY (PERCENT)
 HIGHEST    93
 LOWEST     40
 AVERAGE    67

..........................................................


THE NAPLES CLIMATE NORMALS FOR TOMORROW
                         NORMAL    RECORD    YEAR
 MAXIMUM TEMPERATURE (F)   81        90      1974
 MINIMUM TEMPERATURE (F)   61        43      1968


SUNRISE AND SUNSET
MARCH 24 2017.........SUNRISE   726 AM EDT   SUNSET   740 PM EDT
MARCH 25 2017.........SUNRISE   725 AM EDT   SUNSET   741 PM EDT


-  INDICATES NEGATIVE NUMBERS.
R  INDICATES RECORD WAS SET OR TIED.
MM INDICATES DATA IS MISSING.
T  INDICATES TRACE AMOUNT.




$$
