000
CDUS43 KAPX 260602
CLIAPN


CLIMATE REPORT
NATIONAL WEATHER SERVICE GAYLORD MI
102 AM EST SUN FEB 26 2017


...................................

...THE ALPENA MI CLIMATE SUMMARY FOR FEBRUARY 25 2017...

CLIMATE NORMAL PERIOD 1981 TO 2010
CLIMATE RECORD PERIOD 1916 TO 2017


WEATHER ITEM   OBSERVED TIME   RECORD YEAR NORMAL DEPARTURE LAST
                VALUE   (LST)  VALUE       VALUE  FROM      YEAR
                                                  NORMAL
..................................................................
TEMPERATURE (F)
 YESTERDAY
  MAXIMUM         34    244 AM  58    1976  32      2       31
  MINIMUM         21   1002 PM -24    1934  13      8       18
  AVERAGE         28                        22      6       25

PRECIPITATION (IN)
  YESTERDAY        0.04          0.94 1926   0.05  -0.01     0.41
  MONTH TO DATE    2.70                      1.15   1.55     2.58
  SINCE DEC 1      7.38                      4.56   2.82     8.27
  SINCE JAN 1      5.34                      2.81   2.53     4.48

SNOWFALL (IN)
  YESTERDAY        0.5           8.3  1926   0.6   -0.1      4.5
  MONTH TO DATE    9.8                      15.8   -6.0     22.5
  SINCE OCT 1     53.5                      64.4  -10.9     47.1
  SINCE JUL 1     53.5                      64.4  -10.9     47.1
  SNOW DEPTH       1

DEGREE DAYS
 HEATING
  YESTERDAY       37                        43     -6       40
  MONTH TO DATE  927                      1122   -195     1070
  SINCE DEC 1   3318                      3781   -463     3258
  SINCE JUL 1   4527                      5604  -1077     4631
..................................................................


WIND (MPH)
  HIGHEST WIND SPEED    22   HIGHEST WIND DIRECTION     W (270)
  HIGHEST GUST SPEED    33   HIGHEST GUST DIRECTION     W (290)
  AVERAGE WIND SPEED     9.5




RELATIVE HUMIDITY (PERCENT)
 HIGHEST   100
 LOWEST     59
 AVERAGE    80

..........................................................


THE ALPENA MI CLIMATE NORMALS FOR TODAY
                         NORMAL    RECORD    YEAR
 MAXIMUM TEMPERATURE (F)   32        59      2000
 MINIMUM TEMPERATURE (F)   13       -18      1963


SUNRISE AND SUNSET
FEBRUARY 26 2017......SUNRISE   717 AM EST   SUNSET   618 PM EST
FEBRUARY 27 2017......SUNRISE   715 AM EST   SUNSET   619 PM EST


-  INDICATES NEGATIVE NUMBERS.
R  INDICATES RECORD WAS SET OR TIED.
MM INDICATES DATA IS MISSING.
T  INDICATES TRACE AMOUNT.




$$
