000
CDUS43 KAPX 220538
CLIAPN


CLIMATE REPORT
NATIONAL WEATHER SERVICE GAYLORD MI
138 AM EDT FRI MAY 22 2015


...................................

...THE ALPENA MI CLIMATE SUMMARY FOR MAY 21 2015...

CLIMATE NORMAL PERIOD 1981 TO 2010
CLIMATE RECORD PERIOD 1916 TO 2015


WEATHER ITEM   OBSERVED TIME   RECORD YEAR NORMAL DEPARTURE LAST
                VALUE   (LST)  VALUE       VALUE  FROM      YEAR
                                                  NORMAL
..................................................................
TEMPERATURE (F)
 YESTERDAY
  MAXIMUM         71    204 PM  91    1921  66      5       70
  MINIMUM         42    543 AM  27    1967  42      0       44
                                      1949
  AVERAGE         57                        54      3       57

PRECIPITATION (IN)
  YESTERDAY        0.00          1.04 2001   0.09  -0.09     0.00
  MONTH TO DATE    1.78                      1.75   0.03     2.31
  SINCE MAR 1      4.88                      6.00  -1.12     8.97
  SINCE JAN 1      6.67                      8.98  -2.31    11.50

DEGREE DAYS
 HEATING
  YESTERDAY        8                        11     -3        8
  MONTH TO DATE  227                       300    -73      342
  SINCE MAR 1   2105                      2127    -22     2522
  SINCE JUL 1   8368                      7859    509     9011

 COOLING
  YESTERDAY        0                         0      0        0
  MONTH TO DATE    8                         0      8        0
  SINCE MAR 1      8                         2      6        0
  SINCE JAN 1      8                         2      6        0
..................................................................


WIND (MPH)
  HIGHEST WIND SPEED    21   HIGHEST WIND DIRECTION    NW (330)
  HIGHEST GUST SPEED    27   HIGHEST GUST DIRECTION    NW (310)
  AVERAGE WIND SPEED     9.0




RELATIVE HUMIDITY (PERCENT)
 HIGHEST    67
 LOWEST     22
 AVERAGE    45

..........................................................


THE ALPENA MI CLIMATE NORMALS FOR TODAY
                         NORMAL    RECORD    YEAR
 MAXIMUM TEMPERATURE (F)   67        91      1964
 MINIMUM TEMPERATURE (F)   42        26      1967
                                             1935


SUNRISE AND SUNSET
MAY 22 2015...........SUNRISE   558 AM EDT   SUNSET   904 PM EDT
MAY 23 2015...........SUNRISE   557 AM EDT   SUNSET   905 PM EDT


-  INDICATES NEGATIVE NUMBERS.
R  INDICATES RECORD WAS SET OR TIED.
MM INDICATES DATA IS MISSING.
T  INDICATES TRACE AMOUNT.




$$
