000
CDUS43 KAPX 270704
CLIAPN


CLIMATE REPORT
NATIONAL WEATHER SERVICE GAYLORD MI
152 AM EST FRI FEB 27 2015


...................................

...THE ALPENA MI CLIMATE SUMMARY FOR FEBRUARY 26 2015...

CLIMATE NORMAL PERIOD 1981 TO 2010
CLIMATE RECORD PERIOD 1916 TO 2015


WEATHER ITEM   OBSERVED TIME   RECORD YEAR NORMAL DEPARTURE LAST
                VALUE   (LST)  VALUE       VALUE  FROM      YEAR
                                                  NORMAL
..................................................................
TEMPERATURE (F)
 YESTERDAY
  MAXIMUM          8   1010 AM  59    2000  32    -24       14
  MINIMUM         -9    745 AM -18    1963  13    -22       -7
  AVERAGE          0                        22    -22        4

PRECIPITATION (IN)
  YESTERDAY        0.00          0.55 1962   0.06  -0.06      T
  MONTH TO DATE    0.60                      1.21  -0.61     0.98
  SINCE DEC 1      3.48                      4.62  -1.14     4.57
  SINCE JAN 1      1.79                      2.87  -1.08     2.43

SNOWFALL (IN)
  YESTERDAY        0.0           6.4  1960   0.6   -0.6      0.1
  MONTH TO DATE   10.7                      16.4   -5.7     11.1
  SINCE OCT 1     42.1                      65.0  -22.9     53.6
  SINCE JUL 1     42.1                      65.0  -22.9     53.6
  SNOW DEPTH      11

DEGREE DAYS
 HEATING
  YESTERDAY       65                        42     23       61
  MONTH TO DATE 1512                      1164    348     1374
  SINCE DEC 1   4215                      3823    392     4484
  SINCE JUL 1   6148                      5646    502     6352
..................................................................


WIND (MPH)
  HIGHEST WIND SPEED    16   HIGHEST WIND DIRECTION     N (10)
  HIGHEST GUST SPEED    20   HIGHEST GUST DIRECTION     N (360)
  AVERAGE WIND SPEED     7.1




RELATIVE HUMIDITY (PERCENT)
 HIGHEST    83
 LOWEST     50
 AVERAGE    67

..........................................................


THE ALPENA MI CLIMATE NORMALS FOR TODAY
                         NORMAL    RECORD    YEAR
 MAXIMUM TEMPERATURE (F)   32        54      2000
 MINIMUM TEMPERATURE (F)   13       -14      2014
                                             1935
                                             1934


SUNRISE AND SUNSET
FEBRUARY 27 2015......SUNRISE   716 AM EST   SUNSET   619 PM EST
FEBRUARY 28 2015......SUNRISE   714 AM EST   SUNSET   620 PM EST


-  INDICATES NEGATIVE NUMBERS.
R  INDICATES RECORD WAS SET OR TIED.
MM INDICATES DATA IS MISSING.
T  INDICATES TRACE AMOUNT.




$$
