000
CDUS43 KAPX 192245
CLIAPN


CLIMATE REPORT
NATIONAL WEATHER SERVICE GAYLORD MI
545 PM EST FRI JAN 19 2018


...................................

...THE ALPENA MI CLIMATE SUMMARY FOR JANUARY 19 2018...
VALID TODAY AS OF 0500 PM LOCAL TIME.

CLIMATE NORMAL PERIOD 1981 TO 2010
CLIMATE RECORD PERIOD 1916 TO 2018


WEATHER ITEM   OBSERVED TIME   RECORD YEAR NORMAL DEPARTURE LAST
                VALUE   (LST)  VALUE       VALUE  FROM      YEAR
                                                  NORMAL
..................................................................
TEMPERATURE (F)
 TODAY
  MAXIMUM         40    459 PM  51    1947  26     14       37
  MINIMUM         25    852 AM -20    1962  11     14       33
  AVERAGE         33                        19     14       35

PRECIPITATION (IN)
  TODAY            0.00          0.97 1949   0.06  -0.06     0.00
  MONTH TO DATE    0.97                      1.09  -0.12     1.62
  SINCE DEC 1      2.21                      2.84  -0.63     3.66
  SINCE JAN 1      0.97                      1.09  -0.12     1.62

SNOWFALL (IN)
  TODAY            0.0           4.8  1931   0.7             0.0
  MONTH TO DATE   11.9                      13.3            10.0
  SINCE OCT 1     26.1                      40.6            37.7
  SINCE JUL 1     26.1                      40.6            37.7

DEGREE DAYS
 HEATING
  TODAY           32                        46    -14       30
  MONTH TO DATE  936                       863     73      813
  SINCE DEC 1   2311                      2101    210     1979
  SINCE JUL 1   3815                      3924   -109     3188
..................................................................


WIND (MPH)
  RESULTANT WIND SPEED   7   RESULTANT WIND DIRECTION  SW (220)
  HIGHEST WIND SPEED    13   HIGHEST WIND DIRECTION    SW (220)
  HIGHEST GUST SPEED    18   HIGHEST GUST DIRECTION     S (200)
  AVERAGE WIND SPEED     7.5


SKY COVER
  POSSIBLE SUNSHINE  MM
  AVERAGE SKY COVER 0.3


WEATHER CONDITIONS
 THE FOLLOWING WEATHER WAS RECORDED TODAY.
  FOG


RELATIVE HUMIDITY (PERCENT)
 HIGHEST    85
 LOWEST     64
 AVERAGE    75

..........................................................


THE ALPENA MI CLIMATE NORMALS FOR TOMORROW
                         NORMAL    RECORD    YEAR
 MAXIMUM TEMPERATURE (F)   26        45      1921
 MINIMUM TEMPERATURE (F)   11       -18      1961


SUNRISE AND SUNSET
JANUARY 19 2018.......SUNRISE   806 AM EST   SUNSET   524 PM EST
JANUARY 20 2018.......SUNRISE   806 AM EST   SUNSET   525 PM EST


-  INDICATES NEGATIVE NUMBERS.
R  INDICATES RECORD WAS SET OR TIED.
MM INDICATES DATA IS MISSING.
T  INDICATES TRACE AMOUNT.




$$
