000
CDUS43 KAPX 310542
CLIAPN


CLIMATE REPORT
NATIONAL WEATHER SERVICE GAYLORD MI
139 AM EDT FRI OCT 31 2014


...................................

...THE ALPENA MI CLIMATE SUMMARY FOR OCTOBER 30 2014...

CLIMATE NORMAL PERIOD 1981 TO 2010
CLIMATE RECORD PERIOD 1916 TO 2014


WEATHER ITEM   OBSERVED TIME   RECORD YEAR NORMAL DEPARTURE LAST
                VALUE   (LST)  VALUE       VALUE  FROM      YEAR
                                                  NORMAL
..................................................................
TEMPERATURE (F)
 YESTERDAY
  MAXIMUM         43        MM  76    1950  50     -7       51
  MINIMUM         31        MM  12    1925  33     -2       34
  AVERAGE         37                        41     -4       43

PRECIPITATION (IN)
  YESTERDAY        0.04          1.76 1991   0.08  -0.04      T
  MONTH TO DATE    3.41                      2.54   0.87     3.28
  SINCE SEP 1      7.56                      5.46   2.10     4.87
  SINCE JAN 1     29.46                     24.24   5.22    26.94

SNOWFALL (IN)
  YESTERDAY        0.0           3.0  1917   0.1   -0.1      0.0
  MONTH TO DATE    0.0                       0.4   -0.4       T
  SINCE OCT 1      0.0                       0.4   -0.4       T
  SINCE JUL 1      0.0                       0.4   -0.4       T
  SNOW DEPTH       0

DEGREE DAYS
 HEATING
  YESTERDAY       28                        24      4       22
  MONTH TO DATE  543                       562    -19      534
  SINCE SEP 1    766                       804    -38      807
  SINCE JUL 1    890                       919    -29      918

 COOLING
  YESTERDAY        0                         0      0        0
  MONTH TO DATE    0                         0      0        0
  SINCE SEP 1     18                        23     -5       36
  SINCE JAN 1    168                       289   -121      343
..................................................................


WIND (MPH)
  HIGHEST WIND SPEED     7   HIGHEST WIND DIRECTION     S (170)
  HIGHEST GUST SPEED    MM   HIGHEST GUST DIRECTION    MM
  AVERAGE WIND SPEED     4.8




RELATIVE HUMIDITY (PERCENT)
 HIGHEST    96
 LOWEST     73
 AVERAGE    85

..........................................................


THE ALPENA MI CLIMATE NORMALS FOR TODAY
                         NORMAL    RECORD    YEAR
 MAXIMUM TEMPERATURE (F)   50        77      1950
 MINIMUM TEMPERATURE (F)   32        17      1925


SUNRISE AND SUNSET
OCTOBER 31 2014.......SUNRISE   811 AM EDT   SUNSET   624 PM EDT
NOVEMBER  1 2014......SUNRISE   813 AM EDT   SUNSET   622 PM EDT


-  INDICATES NEGATIVE NUMBERS.
R  INDICATES RECORD WAS SET OR TIED.
MM INDICATES DATA IS MISSING.
T  INDICATES TRACE AMOUNT.




$$
