449
CDUS43 KAPX 250526
CLIAPN


CLIMATE REPORT
NATIONAL WEATHER SERVICE GAYLORD MI
126 AM EDT MON JUL 25 2016


...................................

...THE ALPENA MI CLIMATE SUMMARY FOR JULY 24 2016...

CLIMATE NORMAL PERIOD 1981 TO 2010
CLIMATE RECORD PERIOD 1916 TO 2016


WEATHER ITEM   OBSERVED TIME   RECORD YEAR NORMAL DEPARTURE LAST
                VALUE   (LST)  VALUE       VALUE  FROM      YEAR
                                                  NORMAL
..................................................................
TEMPERATURE (F)
 YESTERDAY
  MAXIMUM         87    405 PM  96    1941  80      7       88
  MINIMUM         64    107 AM  40    1932  56      8       55
                                      1925
  AVERAGE         76                        68      8       72

PRECIPITATION (IN)
  YESTERDAY        T             1.43 1979   0.09  -0.09      T
  MONTH TO DATE    1.99                      2.37  -0.38     1.62
  SINCE JUN 1      3.43                      4.99  -1.56     3.78
  SINCE JAN 1     18.16                     14.89   3.27    12.33

DEGREE DAYS
 HEATING
  YESTERDAY        0                         1     -1        0
  MONTH TO DATE   17                        34    -17       35
  SINCE JUN 1    125                       177    -52      178
  SINCE JUL 1     17                        34    -17       35

 COOLING
  YESTERDAY       11                         4      7        7
  MONTH TO DATE  147                        93     54       77
  SINCE JUN 1    212                       149     63       88
  SINCE JAN 1    244                       162     82      112
..................................................................


WIND (MPH)
  HIGHEST WIND SPEED    22   HIGHEST WIND DIRECTION     S (180)
  HIGHEST GUST SPEED    28   HIGHEST GUST DIRECTION     S (180)
  AVERAGE WIND SPEED     7.3




RELATIVE HUMIDITY (PERCENT)
 HIGHEST    82
 LOWEST     55
 AVERAGE    69

..........................................................


THE ALPENA MI CLIMATE NORMALS FOR TODAY
                         NORMAL    RECORD    YEAR
 MAXIMUM TEMPERATURE (F)   79        95      1966
                                             1941
 MINIMUM TEMPERATURE (F)   56        40      2004


SUNRISE AND SUNSET
JULY 25 2016..........SUNRISE   612 AM EDT   SUNSET   909 PM EDT
JULY 26 2016..........SUNRISE   613 AM EDT   SUNSET   908 PM EDT


-  INDICATES NEGATIVE NUMBERS.
R  INDICATES RECORD WAS SET OR TIED.
MM INDICATES DATA IS MISSING.
T  INDICATES TRACE AMOUNT.




$$
