000
CDUS43 KAPX 100910
CLIAPN


CLIMATE REPORT
NATIONAL WEATHER SERVICE GAYLORD MI
409 AM EST SAT DEC 10 2016


...................................

...THE ALPENA MI CLIMATE SUMMARY FOR DECEMBER 9 2016...

CLIMATE NORMAL PERIOD 1981 TO 2010
CLIMATE RECORD PERIOD 1916 TO 2016


WEATHER ITEM   OBSERVED TIME   RECORD YEAR NORMAL DEPARTURE LAST
                VALUE   (LST)  VALUE       VALUE  FROM      YEAR
                                                  NORMAL
..................................................................
TEMPERATURE (F)
 YESTERDAY
  MAXIMUM         27    211 PM  59    1946  34     -7       45
  MINIMUM         18    833 PM  -4    1976  21     -3       37
  AVERAGE         23                        27     -4       41

PRECIPITATION (IN)
  YESTERDAY        0.01          0.69 2009   0.07  -0.06      T
  MONTH TO DATE    0.44                      0.57  -0.13     0.08
  SINCE DEC 1      0.44                      0.57  -0.13     0.08
  SINCE JAN 1     28.28                     26.98   1.30    20.37

SNOWFALL (IN)
  YESTERDAY        0.1           8.0  2008   0.7   -0.6      0.0
  MONTH TO DATE    5.7                       5.2    0.5      0.0
  SINCE OCT 1      7.5                      13.3   -5.8      1.7
  SINCE JUL 1      7.5                      13.3   -5.8      1.7
  SNOW DEPTH       2

DEGREE DAYS
 HEATING
  YESTERDAY       42                        38      4       24
  MONTH TO DATE  280                       328    -48      249
  SINCE DEC 1    280                       328    -48      249
  SINCE JUL 1   1489                      2151   -662     1622
..................................................................


WIND (MPH)
  HIGHEST WIND SPEED    12   HIGHEST WIND DIRECTION    NW (330)
  HIGHEST GUST SPEED    MM   HIGHEST GUST DIRECTION    MM
  AVERAGE WIND SPEED     4.5




RELATIVE HUMIDITY (PERCENT)
 HIGHEST    88
 LOWEST     57
 AVERAGE    73

..........................................................


THE ALPENA MI CLIMATE NORMALS FOR TODAY
                         NORMAL    RECORD    YEAR
 MAXIMUM TEMPERATURE (F)   33        56      1971
 MINIMUM TEMPERATURE (F)   20        -9      1977


SUNRISE AND SUNSET
DECEMBER 10 2016......SUNRISE   802 AM EST   SUNSET   452 PM EST
DECEMBER 11 2016......SUNRISE   803 AM EST   SUNSET   452 PM EST


-  INDICATES NEGATIVE NUMBERS.
R  INDICATES RECORD WAS SET OR TIED.
MM INDICATES DATA IS MISSING.
T  INDICATES TRACE AMOUNT.




$$
