000
CDUS44 KLCH 220843
CLIARA


CLIMATE REPORT
NATIONAL WEATHER SERVICE LAKE CHARLES, LA
341 AM CDT MON SEP 22 2014


...................................

...THE NEW IBERIA CLIMATE SUMMARY FOR SEPTEMBER 21 2014...

CLIMATE NORMAL PERIOD 1981 TO 2010
CLIMATE RECORD PERIOD 1948 TO 2014


WEATHER ITEM   OBSERVED TIME   RECORD YEAR NORMAL DEPARTURE LAST
                VALUE   (LST)  VALUE       VALUE  FROM      YEAR
                                                  NORMAL
..................................................................
TEMPERATURE (F)
 YESTERDAY
  MAXIMUM         91    302 PM  95    2005  87      4       82
                                      1954
  MINIMUM         70    533 AM  53    1981  68      2       73
  AVERAGE         81                        78      3       78

PRECIPITATION (IN)
  YESTERDAY        0.00          1.61 1979   0.13  -0.13     1.36
  MONTH TO DATE    1.23                      3.16  -1.93     3.64
  SINCE SEP 1      1.23                      3.16  -1.93     3.64
  SINCE JAN 1     40.30                     44.01  -3.71    56.71

SNOWFALL (IN)
  YESTERDAY        0.0           0.0    MM  MM               0.0
  MONTH TO DATE    0.0                      MM               0.0
  SINCE SEP 1      0.0                      MM               0.0
  SINCE JUL 1      0.0                      MM               0.0

DEGREE DAYS
 HEATING
  YESTERDAY        0                         0      0        0
  MONTH TO DATE    0                         0      0        0
  SINCE SEP 1      0                         0      0        0
  SINCE JUL 1      0                         0      0        0

 COOLING
  YESTERDAY       16                        13      3       13
  MONTH TO DATE  344                       314     30      421
  SINCE SEP 1    344                       314     30      421
  SINCE JAN 1   2447                      2457    -10     2741
..................................................................


WIND (MPH)
  RESULTANT WIND SPEED   5   RESULTANT WIND DIRECTION  NE (50)
  HIGHEST WIND SPEED    15   HIGHEST WIND DIRECTION    NE (30)
  HIGHEST GUST SPEED    20   HIGHEST GUST DIRECTION     E (70)
  AVERAGE WIND SPEED     5.4


SKY COVER
  POSSIBLE SUNSHINE  MM
  AVERAGE SKY COVER 0.0


WEATHER CONDITIONS
 THE FOLLOWING WEATHER WAS RECORDED YESTERDAY.
  FOG


RELATIVE HUMIDITY (PERCENT)
 HIGHEST    93           200 AM
 LOWEST     47           200 PM
 AVERAGE    70

..........................................................


THE NEW IBERIA CLIMATE NORMALS FOR TODAY
                         NORMAL    RECORD    YEAR
 MAXIMUM TEMPERATURE (F)   87        94      1980
                                             1960
 MINIMUM TEMPERATURE (F)   68        48      1983


SUNRISE AND SUNSET
SEPTEMBER 22 2014.....SUNRISE   656 AM CDT   SUNSET   704 PM CDT
SEPTEMBER 23 2014.....SUNRISE   656 AM CDT   SUNSET   703 PM CDT


-  INDICATES NEGATIVE NUMBERS.
R  INDICATES RECORD WAS SET OR TIED.
MM INDICATES DATA IS MISSING.
T  INDICATES TRACE AMOUNT.




$$
