000
CDUS44 KLCH 221245
CLIARA


CLIMATE REPORT
NATIONAL WEATHER SERVICE LAKE CHARLES, LA
645 AM CST WED FEB 22 2017


...................................

...THE NEW IBERIA CLIMATE SUMMARY FOR FEBRUARY 21 2017...

CLIMATE NORMAL PERIOD 1981 TO 2010
CLIMATE RECORD PERIOD 1948 TO 2017


WEATHER ITEM   OBSERVED TIME   RECORD YEAR NORMAL DEPARTURE LAST
                VALUE   (LST)  VALUE       VALUE  FROM      YEAR
                                                  NORMAL
..................................................................
TEMPERATURE (F)
 YESTERDAY
  MAXIMUM         71   1156 AM  80    2005  67      4       76
                                      1985
  MINIMUM         56   1137 PM  29    1978  47      9       58
  AVERAGE         64                        57      7       67

PRECIPITATION (IN)
  YESTERDAY        0.08          1.55 2008   0.15  -0.07      T
  MONTH TO DATE    0.28                      3.12  -2.84     1.89
  SINCE DEC 1     11.42                     13.34  -1.92    11.18
  SINCE JAN 1      2.72                      8.34  -5.62     8.16

SNOWFALL (IN)
  YESTERDAY        0.0           0.0    MM  MM               0.0
  MONTH TO DATE    0.0                      MM               0.0
  SINCE DEC 1      0.0                      MM               0.0
  SINCE JUL 1      0.0                      MM               0.0

DEGREE DAYS
 HEATING
  YESTERDAY        1                         9     -8        0
  MONTH TO DATE   73                       223   -150      192
  SINCE DEC 1    521                       965   -444      778
  SINCE JUL 1    616                      1160   -544      849

 COOLING
  YESTERDAY        0                         1     -1        2
  MONTH TO DATE   51                        17     34        9
  SINCE DEC 1    182                        51    131       93
  SINCE JAN 1    115                        29     86       10
..................................................................


WIND (MPH)
  RESULTANT WIND SPEED   4   RESULTANT WIND DIRECTION  SW (220)
  HIGHEST WIND SPEED    24   HIGHEST WIND DIRECTION    NW (300)
  HIGHEST GUST SPEED    32   HIGHEST GUST DIRECTION     W (290)
  AVERAGE WIND SPEED     4.5


SKY COVER
  POSSIBLE SUNSHINE  MM
  AVERAGE SKY COVER 0.6


WEATHER CONDITIONS
 THE FOLLOWING WEATHER WAS RECORDED YESTERDAY.
  THUNDERSTORM
  HEAVY RAIN
  RAIN
  LIGHT RAIN
  FOG


RELATIVE HUMIDITY (PERCENT)
 HIGHEST    93           600 AM
 LOWEST     53           500 PM
 AVERAGE    73

..........................................................


THE NEW IBERIA CLIMATE NORMALS FOR TODAY
                         NORMAL    RECORD    YEAR
 MAXIMUM TEMPERATURE (F)   67        82      2005
 MINIMUM TEMPERATURE (F)   47        23      1978


SUNRISE AND SUNSET
FEBRUARY 22 2017......SUNRISE   640 AM CST   SUNSET   602 PM CST
FEBRUARY 23 2017......SUNRISE   639 AM CST   SUNSET   603 PM CST


-  INDICATES NEGATIVE NUMBERS.
R  INDICATES RECORD WAS SET OR TIED.
MM INDICATES DATA IS MISSING.
T  INDICATES TRACE AMOUNT.




$$
