685
CDUS44 KLCH 242209
CLIARA


CLIMATE REPORT
NATIONAL WEATHER SERVICE LAKE CHARLES, LA
408 PM CST FRI NOV 24 2017


...................................

...THE NEW IBERIA CLIMATE SUMMARY FOR NOVEMBER 24 2017...
VALID TODAY AS OF 0400 PM LOCAL TIME.

CLIMATE NORMAL PERIOD 1981 TO 2010
CLIMATE RECORD PERIOD 1948 TO 2017


WEATHER ITEM   OBSERVED TIME   RECORD YEAR NORMAL DEPARTURE LAST
                VALUE   (LST)  VALUE       VALUE  FROM      YEAR
                                                  NORMAL
..................................................................
TEMPERATURE (F)
 TODAY
  MAXIMUM         66    303 PM  82    1999  69     -3       77
                                      1978
                                      1951
  MINIMUM         32    537 AM  28    1970  48    -16       51
  AVERAGE         49                        59    -10       64

PRECIPITATION (IN)
  TODAY            0.00          1.62 1964   0.19  -0.19     0.00
  MONTH TO DATE    0.31                      3.08  -2.77     0.70
  SINCE SEP 1      7.15                     12.67  -5.52     8.81
  SINCE JAN 1     59.53                     53.52   6.01    76.16

SNOWFALL (IN)
  TODAY            0.0           0.0    MM  MM               0.0
  MONTH TO DATE    0.0                      MM               0.0
  SINCE SEP 1      0.0                      MM               0.0
  SINCE JUL 1      0.0                      MM               0.0

DEGREE DAYS
 HEATING
  TODAY           16                         7      9        1
  MONTH TO DATE   97                       111    -14       65
  SINCE SEP 1    148                       145      3       72
  SINCE JUL 1    148                       145      3       72

 COOLING
  TODAY            0                         1     -1        0
  MONTH TO DATE   83                        37     46       65
  SINCE SEP 1    779                       639    140      845
  SINCE JAN 1   3082                      2782    300     3130
..................................................................


WIND (MPH)
  RESULTANT WIND SPEED   1   RESULTANT WIND DIRECTION  SE (150)
  HIGHEST WIND SPEED    10   HIGHEST WIND DIRECTION    SW (230)
  HIGHEST GUST SPEED    13   HIGHEST GUST DIRECTION    SW (220)
  AVERAGE WIND SPEED     1.7


SKY COVER
  POSSIBLE SUNSHINE  MM
  AVERAGE SKY COVER 0.0


WEATHER CONDITIONS
 THE FOLLOWING WEATHER WAS RECORDED TODAY.
  NO SIGNIFICANT WEATHER WAS OBSERVED.


RELATIVE HUMIDITY (PERCENT)
 HIGHEST    89           300 AM
 LOWEST     19           300 PM
 AVERAGE    54

..........................................................


THE NEW IBERIA CLIMATE NORMALS FOR TOMORROW
                         NORMAL    RECORD    YEAR
 MAXIMUM TEMPERATURE (F)   69        83      1973
 MINIMUM TEMPERATURE (F)   48        25      1950


SUNRISE AND SUNSET
NOVEMBER 24 2017......SUNRISE   640 AM CST   SUNSET   508 PM CST
NOVEMBER 25 2017......SUNRISE   641 AM CST   SUNSET   508 PM CST


-  INDICATES NEGATIVE NUMBERS.
R  INDICATES RECORD WAS SET OR TIED.
MM INDICATES DATA IS MISSING.
T  INDICATES TRACE AMOUNT.




$$
