000
CDUS44 KLCH 060858
CLIARA


CLIMATE REPORT
NATIONAL WEATHER SERVICE LAKE CHARLES, LA
358 AM CDT MON JUL 6 2015


...................................

...THE NEW IBERIA CLIMATE SUMMARY FOR JULY 5 2015...

CLIMATE NORMAL PERIOD 1981 TO 2010
CLIMATE RECORD PERIOD 1948 TO 2015


WEATHER ITEM   OBSERVED TIME   RECORD YEAR NORMAL DEPARTURE LAST
                VALUE   (LST)  VALUE       VALUE  FROM      YEAR
                                                  NORMAL
..................................................................
TEMPERATURE (F)
 YESTERDAY
  MAXIMUM         MM        MM  97    1979  91     MM       91
  MINIMUM         MM        MM  67    1968  73     MM       70
                                      1963
  AVERAGE         MM                        82     MM       81

PRECIPITATION (IN)
  YESTERDAY       MM             3.50 1991   0.21  MM        0.00
  MONTH TO DATE    0.64                      1.08  -0.44     0.00
  SINCE JUN 1      8.40                      7.98   0.42     7.69
  SINCE JAN 1     36.01                     30.21   5.80    24.03

SNOWFALL (IN)
  YESTERDAY       MM             0.0    MM  MM               0.0
  MONTH TO DATE    0.0                      MM               0.0
  SINCE JUN 1      0.0                      MM               0.0
  SINCE JUL 1      0.0                      MM               0.0

DEGREE DAYS
 HEATING
  YESTERDAY       MM                         0     MM        0
  MONTH TO DATE    0                         0      0        0
  SINCE JUN 1      0                         0      0        0
  SINCE JUL 1      0                         0      0        0

 COOLING
  YESTERDAY       MM                        17     MM       16
  MONTH TO DATE   68                        85    -17       89
  SINCE JUN 1    584                       556     28      596
  SINCE JAN 1   1204                      1126     78     1082
..................................................................


WIND (MPH)
  RESULTANT WIND SPEED  MM   RESULTANT WIND DIRECTION  MM
  HIGHEST WIND SPEED    MM   HIGHEST WIND DIRECTION    MM
  HIGHEST GUST SPEED    MM   HIGHEST GUST DIRECTION    MM
  AVERAGE WIND SPEED    MM


SKY COVER
  POSSIBLE SUNSHINE  MM
  AVERAGE SKY COVER  MM


WEATHER CONDITIONS
 THE FOLLOWING WEATHER WAS RECORDED YESTERDAY.
  NO SIGNIFICANT WEATHER WAS OBSERVED.


RELATIVE HUMIDITY (PERCENT)
 HIGHEST    MM
 LOWEST     MM
 AVERAGE    MM

..........................................................


THE NEW IBERIA CLIMATE NORMALS FOR TODAY
                         NORMAL    RECORD    YEAR
 MAXIMUM TEMPERATURE (F)   91        97      1997
                                             1953
                                             1951
 MINIMUM TEMPERATURE (F)   73        66      1968


SUNRISE AND SUNSET
JULY  6 2015..........SUNRISE   612 AM CDT   SUNSET   812 PM CDT
JULY  7 2015..........SUNRISE   612 AM CDT   SUNSET   812 PM CDT


-  INDICATES NEGATIVE NUMBERS.
R  INDICATES RECORD WAS SET OR TIED.
MM INDICATES DATA IS MISSING.
T  INDICATES TRACE AMOUNT.




$$
