000
CDUS44 KLCH 072245
CLIARA


CLIMATE REPORT
NATIONAL WEATHER SERVICE LAKE CHARLES, LA
445 PM CST SUN FEB 7 2016


...................................

...THE NEW IBERIA CLIMATE SUMMARY FOR FEBRUARY 7 2016...
VALID TODAY AS OF 0400 PM LOCAL TIME.

CLIMATE NORMAL PERIOD 1981 TO 2010
CLIMATE RECORD PERIOD 1948 TO 2016


WEATHER ITEM   OBSERVED TIME   RECORD YEAR NORMAL DEPARTURE LAST
                VALUE   (LST)  VALUE       VALUE  FROM      YEAR
                                                  NORMAL
..................................................................
TEMPERATURE (F)
 TODAY
  MAXIMUM         61    300 PM  84    1957  64     -3       68
  MINIMUM         31    719 AM  26    1988  44    -13       38
  AVERAGE         46                        54     -8       53

PRECIPITATION (IN)
  TODAY            0.00          1.52 1972   0.14  -0.14     0.00
  MONTH TO DATE    1.41                      0.89   0.52     1.12
  SINCE DEC 1     10.70                     11.11  -0.41     7.20
  SINCE JAN 1      7.68                      6.11   1.57     5.49

SNOWFALL (IN)
  TODAY            0.0           T    1988  MM               0.0
  MONTH TO DATE    0.0                      MM               0.0
  SINCE DEC 1      0.0                      MM               0.0
  SINCE JUL 1      0.0                      MM               0.0

DEGREE DAYS
 HEATING
  TODAY           19                        11      8       12
  MONTH TO DATE   88                        82      6      103
  SINCE DEC 1    674                       824   -150      788
  SINCE JUL 1    745                      1019   -274     1075

 COOLING
  TODAY            0                         1     -1        0
  MONTH TO DATE    5                         3      2        0
  SINCE DEC 1     89                        37     52       24
  SINCE JAN 1      6                        15     -9        2
..................................................................


WIND (MPH)
  RESULTANT WIND SPEED   2   RESULTANT WIND DIRECTION  NW (310)
  HIGHEST WIND SPEED    15   HIGHEST WIND DIRECTION    SW (210)
  HIGHEST GUST SPEED    20   HIGHEST GUST DIRECTION    SW (210)
  AVERAGE WIND SPEED     4.2


SKY COVER
  POSSIBLE SUNSHINE  MM
  AVERAGE SKY COVER 0.0


WEATHER CONDITIONS
 THE FOLLOWING WEATHER WAS RECORDED TODAY.
  FOG
  FOG W/VISIBILITY <= 1/4 MILE


RELATIVE HUMIDITY (PERCENT)
 HIGHEST   100           600 AM
 LOWEST     25           200 PM
 AVERAGE    63

..........................................................


THE NEW IBERIA CLIMATE NORMALS FOR TOMORROW
                         NORMAL    RECORD    YEAR
 MAXIMUM TEMPERATURE (F)   64        83      1957
 MINIMUM TEMPERATURE (F)   44        26      1967
                                             1954


SUNRISE AND SUNSET
FEBRUARY  7 2016......SUNRISE   654 AM CST   SUNSET   549 PM CST
FEBRUARY  8 2016......SUNRISE   653 AM CST   SUNSET   550 PM CST


-  INDICATES NEGATIVE NUMBERS.
R  INDICATES RECORD WAS SET OR TIED.
MM INDICATES DATA IS MISSING.
T  INDICATES TRACE AMOUNT.




$$
