827
CDUS44 KLCH 190823
CLIARA


CLIMATE REPORT
NATIONAL WEATHER SERVICE LAKE CHARLES, LA
322 AM CDT TUE SEP 19 2017


...................................

...THE NEW IBERIA CLIMATE SUMMARY FOR SEPTEMBER 18 2017...

CLIMATE NORMAL PERIOD 1981 TO 2010
CLIMATE RECORD PERIOD 1948 TO 2017


WEATHER ITEM   OBSERVED TIME   RECORD YEAR NORMAL DEPARTURE LAST
                VALUE   (LST)  VALUE       VALUE  FROM      YEAR
                                                  NORMAL
..................................................................
TEMPERATURE (F)
 YESTERDAY
  MAXIMUM         92    255 PM  96    1953  88      4       92
  MINIMUM         70    552 AM  54    1981  69      1       74
                                      1961
  AVERAGE         81                        78      3       83

PRECIPITATION (IN)
  YESTERDAY        0.00          1.19 1963   0.13  -0.13     0.00
  MONTH TO DATE    0.04                      2.78  -2.74     7.75
  SINCE SEP 1      0.04                      2.78  -2.74     7.75
  SINCE JAN 1     52.42                     43.63   8.79    75.10

SNOWFALL (IN)
  YESTERDAY        0.0           0.0    MM  MM               0.0
  MONTH TO DATE    0.0                      MM               0.0
  SINCE SEP 1      0.0                      MM               0.0
  SINCE JUL 1      0.0                      MM               0.0

DEGREE DAYS
 HEATING
  YESTERDAY        0                         0      0        0
  MONTH TO DATE    0                         0      0        0
  SINCE SEP 1      0                         0      0        0
  SINCE JUL 1      0                         0      0        0

 COOLING
  YESTERDAY       16                        13      3       18
  MONTH TO DATE  229                       275    -46      328
  SINCE SEP 1    229                       275    -46      328
  SINCE JAN 1   2532                      2418    114     2613
..................................................................


WIND (MPH)
  RESULTANT WIND SPEED   2   RESULTANT WIND DIRECTION   S (180)
  HIGHEST WIND SPEED    13   HIGHEST WIND DIRECTION    SW (220)
  HIGHEST GUST SPEED    17   HIGHEST GUST DIRECTION    SW (220)
  AVERAGE WIND SPEED     2.6


SKY COVER
  POSSIBLE SUNSHINE  MM
  AVERAGE SKY COVER 0.3


WEATHER CONDITIONS
 THE FOLLOWING WEATHER WAS RECORDED YESTERDAY.
  FOG
  FOG W/VISIBILITY <= 1/4 MILE


RELATIVE HUMIDITY (PERCENT)
 HIGHEST    94           700 AM
 LOWEST     47           100 PM
 AVERAGE    71

..........................................................


THE NEW IBERIA CLIMATE NORMALS FOR TODAY
                         NORMAL    RECORD    YEAR
 MAXIMUM TEMPERATURE (F)   88        97      2005
                                             1972
 MINIMUM TEMPERATURE (F)   69        54      1981
                                             1961


SUNRISE AND SUNSET
SEPTEMBER 19 2017.....SUNRISE   654 AM CDT   SUNSET   707 PM CDT
SEPTEMBER 20 2017.....SUNRISE   655 AM CDT   SUNSET   706 PM CDT


-  INDICATES NEGATIVE NUMBERS.
R  INDICATES RECORD WAS SET OR TIED.
MM INDICATES DATA IS MISSING.
T  INDICATES TRACE AMOUNT.




$$
