000
CDUS44 KLCH 182255
CLIARA


CLIMATE REPORT
NATIONAL WEATHER SERVICE LAKE CHARLES, LA
454 PM CST WED JAN 18 2017


...................................

...THE NEW IBERIA CLIMATE SUMMARY FOR JANUARY 18 2017...
VALID TODAY AS OF 0400 PM LOCAL TIME.

CLIMATE NORMAL PERIOD 1981 TO 2010
CLIMATE RECORD PERIOD 1948 TO 2017


WEATHER ITEM   OBSERVED TIME   RECORD YEAR NORMAL DEPARTURE LAST
                VALUE   (LST)  VALUE       VALUE  FROM      YEAR
                                                  NORMAL
..................................................................
TEMPERATURE (F)
 TODAY
  MAXIMUM         79   1201 PM  80    1950  63     16       58
  MINIMUM         69    730 AM  19    1948  43     26       34
  AVERAGE         74                        53     21       46

PRECIPITATION (IN)
  TODAY            0.01          2.60 1992   0.17  -0.16     0.00
  MONTH TO DATE    0.81                      2.99  -2.18     5.18
  SINCE DEC 1      9.51                      7.99   1.52     8.20
  SINCE JAN 1      0.81                      2.99  -2.18     5.18

SNOWFALL (IN)
  TODAY            0.0           0.0    MM  MM               0.0
  MONTH TO DATE    0.0                      MM               0.0
  SINCE DEC 1      0.0                      MM               0.0
  SINCE JUL 1      0.0                      MM               0.0

DEGREE DAYS
 HEATING
  TODAY            0                        13    -13       19
  MONTH TO DATE  123                       234   -111      262
  SINCE DEC 1    359                       586   -227      431
  SINCE JUL 1    454                       781   -327      502

 COOLING
  TODAY            9                         0      9        0
  MONTH TO DATE   50                         9     41        0
  SINCE DEC 1    117                        31     86       83
  SINCE JAN 1     50                         9     41        0
..................................................................


WIND (MPH)
  RESULTANT WIND SPEED   9   RESULTANT WIND DIRECTION  SE (150)
  HIGHEST WIND SPEED    21   HIGHEST WIND DIRECTION     S (180)
  HIGHEST GUST SPEED    26   HIGHEST GUST DIRECTION     S (180)
  AVERAGE WIND SPEED     9.6


SKY COVER
  POSSIBLE SUNSHINE  MM
  AVERAGE SKY COVER 0.9


WEATHER CONDITIONS
 THE FOLLOWING WEATHER WAS RECORDED TODAY.
  LIGHT RAIN
  FOG


RELATIVE HUMIDITY (PERCENT)
 HIGHEST    93          1200 AM
 LOWEST     69           200 PM
 AVERAGE    81

..........................................................


THE NEW IBERIA CLIMATE NORMALS FOR TOMORROW
                         NORMAL    RECORD    YEAR
 MAXIMUM TEMPERATURE (F)   63        80      1950
 MINIMUM TEMPERATURE (F)   43        19      1977


SUNRISE AND SUNSET
JANUARY 18 2017.......SUNRISE   704 AM CST   SUNSET   533 PM CST
JANUARY 19 2017.......SUNRISE   703 AM CST   SUNSET   534 PM CST


-  INDICATES NEGATIVE NUMBERS.
R  INDICATES RECORD WAS SET OR TIED.
MM INDICATES DATA IS MISSING.
T  INDICATES TRACE AMOUNT.




$$
