000
CDUS43 KLOT 280641
CLIARR


CLIMATE REPORT
NATIONAL WEATHER SERVICE CHICAGO IL
138 AM CDT FRI APR 28 2017


...................................

...THE AURORA MUNICIPAL AIRPORT CLIMATE SUMMARY FOR APRIL 27 2017...

CLIMATE NORMAL PERIOD 1981 TO 2010
CLIMATE RECORD PERIOD 1998 TO 2017


WEATHER ITEM   OBSERVED TIME   RECORD YEAR NORMAL DEPARTURE LAST
                VALUE   (LST)  VALUE       VALUE  FROM      YEAR
                                                  NORMAL
..................................................................
TEMPERATURE (F)
 YESTERDAY
  MAXIMUM         60    249 AM  75    2003  64     -4       51
  MINIMUM         38   1111 PM  25    2012  41     -3       43
  AVERAGE         49                        53     -4       47

PRECIPITATION (IN)
  YESTERDAY        0.40          1.13 1999   0.14   0.26     0.46
  MONTH TO DATE    3.57                      2.84   0.73     1.53
  SINCE MAR 1      6.67                      5.07   1.60     4.53
  SINCE JAN 1     10.56                      8.16   2.40     6.02

DEGREE DAYS
 HEATING
  YESTERDAY       16                        13      3       18
  MONTH TO DATE  294                       461   -167      431
  SINCE MAR 1   1084                      1331   -247     1076
  SINCE JUL 1   5145                      6469  -1324     5197

 COOLING
  YESTERDAY        0                         0      0        0
  MONTH TO DATE    6                         0      6        5
  SINCE MAR 1      6                         0      6        5
  SINCE JAN 1      6                         0      6        5
..................................................................


WIND (MPH)
  RESULTANT WIND SPEED  11   RESULTANT WIND DIRECTION  SW (240)
  HIGHEST WIND SPEED    28   HIGHEST WIND DIRECTION     W (260)
  HIGHEST GUST SPEED    33   HIGHEST GUST DIRECTION     W (270)
  AVERAGE WIND SPEED    14.9


SKY COVER
  POSSIBLE SUNSHINE  MM
  AVERAGE SKY COVER 0.9


WEATHER CONDITIONS
 THE FOLLOWING WEATHER WAS RECORDED YESTERDAY.
  HEAVY RAIN
  RAIN
  LIGHT RAIN
  FOG


RELATIVE HUMIDITY (PERCENT)
 HIGHEST   100          1200 AM
 LOWEST     71           300 PM
 AVERAGE    86

..........................................................


THE AURORA MUNICIPAL AIRPORT CLIMATE NORMALS FOR TODAY
                         NORMAL    RECORD    YEAR
 MAXIMUM TEMPERATURE (F)   65        81      2004
 MINIMUM TEMPERATURE (F)   41        28      2010


SUNRISE AND SUNSET
APRIL 28 2017.........SUNRISE   554 AM CDT   SUNSET   749 PM CDT
APRIL 29 2017.........SUNRISE   553 AM CDT   SUNSET   750 PM CDT


-  INDICATES NEGATIVE NUMBERS.
R  INDICATES RECORD WAS SET OR TIED.
MM INDICATES DATA IS MISSING.
T  INDICATES TRACE AMOUNT.




$$
