000
CDUS43 KLOT 240633
CLIARR


CLIMATE REPORT
NATIONAL WEATHER SERVICE CHICAGO IL
132 AM CDT THU APR 24 2014


...................................

...THE AURORA MUNICIPAL AIRPORT CLIMATE SUMMARY FOR APRIL 23 2014...

CLIMATE NORMAL PERIOD 1981 TO 2010
CLIMATE RECORD PERIOD 1998 TO 2014


WEATHER ITEM   OBSERVED TIME   RECORD YEAR NORMAL DEPARTURE LAST
                VALUE   (LST)  VALUE       VALUE  FROM      YEAR
                                                  NORMAL
..................................................................
TEMPERATURE (F)
 YESTERDAY
  MAXIMUM         56    304 PM  76    2008  63     -7       54
  MINIMUM         28    538 AM  23    2003  39    -11       37
  AVERAGE         42                        51     -9       46

PRECIPITATION (IN)
  YESTERDAY        0.05          0.62 2013   0.10  -0.05     0.62
  MONTH TO DATE    1.46                      2.37  -0.91     7.41
  SINCE MAR 1      2.18                      4.60  -2.42     8.76
  SINCE JAN 1      4.03                      7.69  -3.66    13.63

DEGREE DAYS
 HEATING
  YESTERDAY       23                        14      9       19
  MONTH TO DATE  411                       408      3      480
  SINCE MAR 1   1492                      1278    214     1565
  SINCE JUL 1   7068                      6416    652     6394

 COOLING
  YESTERDAY        0                         0      0        0
  MONTH TO DATE    0                         0      0        0
  SINCE MAR 1      0                         0      0        0
  SINCE JAN 1      0                         0      0        0
..................................................................


WIND (MPH)
  RESULTANT WIND SPEED   7   RESULTANT WIND DIRECTION  NE (60)
  HIGHEST WIND SPEED    17   HIGHEST WIND DIRECTION     E (90)
  HIGHEST GUST SPEED    21   HIGHEST GUST DIRECTION     E (90)
  AVERAGE WIND SPEED     8.0


SKY COVER
  POSSIBLE SUNSHINE  MM
  AVERAGE SKY COVER 0.3


WEATHER CONDITIONS
 THE FOLLOWING WEATHER WAS RECORDED YESTERDAY.
  LIGHT RAIN


RELATIVE HUMIDITY (PERCENT)
 HIGHEST    85           400 AM
 LOWEST     32           200 PM
 AVERAGE    59

..........................................................


THE AURORA MUNICIPAL AIRPORT CLIMATE NORMALS FOR TODAY
                         NORMAL    RECORD    YEAR
 MAXIMUM TEMPERATURE (F)   63        82      2009
 MINIMUM TEMPERATURE (F)   40        31      2012
                                             2005


SUNRISE AND SUNSET
APRIL 24 2014.........SUNRISE   600 AM CDT   SUNSET   745 PM CDT
APRIL 25 2014.........SUNRISE   559 AM CDT   SUNSET   746 PM CDT


-  INDICATES NEGATIVE NUMBERS.
R  INDICATES RECORD WAS SET OR TIED.
MM INDICATES DATA IS MISSING.
T  INDICATES TRACE AMOUNT.




$$
