000
CDUS41 KBUF 211034
CLIART


CLIMATE REPORT
NATIONAL WEATHER SERVICE BUFFALO NY
632 AM EDT TUE OCT 21 2014


...................................

...THE WATERTOWN NY CLIMATE SUMMARY FOR OCTOBER 20 2014...

CLIMATE NORMAL PERIOD 1981 TO 2010
CLIMATE RECORD PERIOD 1949 TO 2014


WEATHER ITEM   OBSERVED TIME   RECORD YEAR NORMAL DEPARTURE LAST
                VALUE   (LST)  VALUE       VALUE  FROM      YEAR
                                                  NORMAL
..................................................................
TEMPERATURE (F)
 YESTERDAY
  MAXIMUM         55    333 PM  75    1995  57     -2       56
  MINIMUM         31    134 AM  12    1972  37     -6       47
  AVERAGE         43                        47     -4       52

PRECIPITATION (IN)
  YESTERDAY        0.01          0.97 1989   0.11  -0.10     0.00
  MONTH TO DATE    2.66                      2.42   0.24     2.52
  SINCE SEP 1      4.24                      6.14  -1.90     5.34
  SINCE JAN 1     36.50                     27.94   8.56    27.14

DEGREE DAYS
 HEATING
  YESTERDAY       22                        18      4       13
  MONTH TO DATE  194                       303   -109      168
  SINCE SEP 1    370                       505   -135      399
  SINCE JUL 1    420                       577   -157      442

 COOLING
  YESTERDAY        0                         0      0        0
  MONTH TO DATE   17                         0     17        0
  SINCE SEP 1     73                        35     38       48
  SINCE JAN 1    433                       359     74      481
..................................................................


WIND (MPH)
  HIGHEST WIND SPEED    10   HIGHEST WIND DIRECTION     S (200)
  HIGHEST GUST SPEED    16   HIGHEST GUST DIRECTION     S (190)
  AVERAGE WIND SPEED     3.7


SKY COVER
  AVERAGE SKY COVER 0.9


WEATHER CONDITIONS
 THE FOLLOWING WEATHER WAS RECORDED YESTERDAY.
  LIGHT RAIN


RELATIVE HUMIDITY (PERCENT)
 HIGHEST    85          1200 AM
 LOWEST     47           300 PM
 AVERAGE    66

..........................................................


THE WATERTOWN NY CLIMATE NORMALS FOR TODAY
                         NORMAL    RECORD    YEAR
 MAXIMUM TEMPERATURE (F)   56        78      1979
 MINIMUM TEMPERATURE (F)   37        14      1974


SUNRISE AND SUNSET
OCTOBER 21 2014.......SUNRISE   726 AM EDT   SUNSET   611 PM EDT
OCTOBER 22 2014.......SUNRISE   727 AM EDT   SUNSET   609 PM EDT


-  INDICATES NEGATIVE NUMBERS.
R  INDICATES RECORD WAS SET OR TIED.
MM INDICATES DATA IS MISSING.
T  INDICATES TRACE AMOUNT.




$$
