000
CDUS41 KBUF 181022
CLIART


CLIMATE REPORT
NATIONAL WEATHER SERVICE BUFFALO NY
521 AM EST MON DEC 18 2017


...................................

...THE WATERTOWN NY CLIMATE SUMMARY FOR DECEMBER 17 2017...

CLIMATE NORMAL PERIOD 1981 TO 2010
CLIMATE RECORD PERIOD 1949 TO 2017


WEATHER ITEM   OBSERVED TIME   RECORD YEAR NORMAL DEPARTURE LAST
                VALUE   (LST)  VALUE       VALUE  FROM      YEAR
                                                  NORMAL
..................................................................
TEMPERATURE (F)
 YESTERDAY
  MAXIMUM         14    230 PM  58    2000  34    -20       33
  MINIMUM         -7    201 AM -22    2013  17    -24       18
  AVERAGE          4                        26    -22       26

PRECIPITATION (IN)
  YESTERDAY        0.00          1.34 1970   0.09  -0.09     0.06
  MONTH TO DATE    1.00                      1.81  -0.81     1.12
  SINCE DEC 1      1.00                      1.81  -0.81     1.12
  SINCE JAN 1     47.89                     34.74  13.15    29.45

DEGREE DAYS
 HEATING
  YESTERDAY       61                        39     22       39
  MONTH TO DATE  664                       613     51      623
  SINCE DEC 1    664                       613     51      623
  SINCE JUL 1   2023                      2212   -189     1965

 COOLING
  YESTERDAY        0                         0      0        0
  MONTH TO DATE    0                         0      0        0
  SINCE DEC 1      0                         0      0        0
  SINCE JAN 1    389                       362     27      566
..................................................................


WIND (MPH)
  HIGHEST WIND SPEED    10   HIGHEST WIND DIRECTION    NE (50)
  HIGHEST GUST SPEED    13   HIGHEST GUST DIRECTION    NE (30)
  AVERAGE WIND SPEED     5.9


SKY COVER
  AVERAGE SKY COVER 0.1


WEATHER CONDITIONS
 THE FOLLOWING WEATHER WAS RECORDED YESTERDAY.
  NO SIGNIFICANT WEATHER WAS OBSERVED.


RELATIVE HUMIDITY (PERCENT)
 HIGHEST    95          1200 AM
 LOWEST     66           500 PM
 AVERAGE    81

..........................................................


THE WATERTOWN NY CLIMATE NORMALS FOR TODAY
                         NORMAL    RECORD    YEAR
 MAXIMUM TEMPERATURE (F)   34        51      1990
 MINIMUM TEMPERATURE (F)   17       -16      1973


SUNRISE AND SUNSET
DECEMBER 18 2017......SUNRISE   734 AM EST   SUNSET   428 PM EST
DECEMBER 19 2017......SUNRISE   735 AM EST   SUNSET   428 PM EST


-  INDICATES NEGATIVE NUMBERS.
R  INDICATES RECORD WAS SET OR TIED.
MM INDICATES DATA IS MISSING.
T  INDICATES TRACE AMOUNT.




$$
