000
CDUS45 KGJT 012332
CLIASE


CLIMATE REPORT
NATIONAL WEATHER SERVICE GRAND JUNCTION CO
527 PM MDT SAT AUG 1 2015


...................................

...THE ASPEN CO CLIMATE SUMMARY FOR AUGUST 1 2015...
VALID TODAY AS OF 0500 PM LOCAL TIME.

CLIMATE NORMAL PERIOD 1981 TO 2010
CLIMATE RECORD PERIOD 9999 TO 9999


WEATHER ITEM   OBSERVED TIME   RECORD YEAR NORMAL DEPARTURE LAST
                VALUE   (LST)  VALUE       VALUE  FROM      YEAR
                                                  NORMAL
..................................................................
TEMPERATURE (F)
 TODAY
  MAXIMUM         83    138 PM  MM      MM  80      3       70
  MINIMUM         50    600 AM  MM      MM  48      2       50
  AVERAGE         67                        64      3       60

PRECIPITATION (IN)
  TODAY            0.00         MM      MM   0.07  -0.07     0.18
  MONTH TO DATE    0.00                      0.07  -0.07     0.18
  SINCE JUN 1      4.96                      2.91   2.05     2.12
  SINCE JAN 1     12.27                      9.85   2.42     7.65

SNOWFALL (IN)
  TODAY           MM            MM      MM  MM     MM       MM
  MONTH TO DATE   MM                        MM     MM       MM
  SINCE JUN 1     MM                        MM     MM       MM
  SINCE JUL 1     MM                        MM     MM       MM
  SNOW DEPTH      MM

DEGREE DAYS
 HEATING
  TODAY            0                         2     -2        5
  MONTH TO DATE    0                         2     -2        5
  SINCE JUN 1    211                       302    -91      235
  SINCE JUL 1    104                        73     31       30

 COOLING
  TODAY            2                         1      1        0
  MONTH TO DATE    2                         1      1        0
  SINCE JUN 1     54                        30     24       55
  SINCE JAN 1     54                        30     24       55
..................................................................


WIND (MPH)
  HIGHEST WIND SPEED    14   HIGHEST WIND DIRECTION    NW (320)
  HIGHEST GUST SPEED    18   HIGHEST GUST DIRECTION    NW (310)
  AVERAGE WIND SPEED     6.0


SKY COVER
  POSSIBLE SUNSHINE  MM
  AVERAGE SKY COVER 0.1


WEATHER CONDITIONS
 THE FOLLOWING WEATHER WAS RECORDED TODAY.
  NO SIGNIFICANT WEATHER WAS OBSERVED.


RELATIVE HUMIDITY (PERCENT)
 HIGHEST    74           600 AM
 LOWEST     18           400 PM
 AVERAGE    46

..........................................................


THE ASPEN CO CLIMATE NORMALS FOR TOMORROW
                         NORMAL    RECORD    YEAR
 MAXIMUM TEMPERATURE (F)   79        MM        MM
 MINIMUM TEMPERATURE (F)   47        MM        MM


SUNRISE AND SUNSET
AUGUST  1 2015........SUNRISE   608 AM MDT   SUNSET   819 PM MDT
AUGUST  2 2015........SUNRISE   608 AM MDT   SUNSET   818 PM MDT


-  INDICATES NEGATIVE NUMBERS.
R  INDICATES RECORD WAS SET OR TIED.
MM INDICATES DATA IS MISSING.
T  INDICATES TRACE AMOUNT.




$$
