000
CDUS45 KGJT 130746
CLIASE


CLIMATE REPORT
NATIONAL WEATHER SERVICE GRAND JUNCTION CO
144 AM MDT SUN JUL 13 2014


...................................

...THE ASPEN CO CLIMATE SUMMARY FOR JULY 12 2014...

CLIMATE NORMAL PERIOD 1981 TO 2010
CLIMATE RECORD PERIOD 9999 TO 9999


WEATHER ITEM   OBSERVED TIME   RECORD YEAR NORMAL DEPARTURE LAST
                VALUE   (LST)  VALUE       VALUE  FROM      YEAR
                                                  NORMAL
..................................................................
TEMPERATURE (F)
 YESTERDAY
  MAXIMUM         82    246 PM  MM      MM  80      2       81
  MINIMUM         50    515 AM  MM      MM  47      3       51
  AVERAGE         66                        64      2       66

PRECIPITATION (IN)
  YESTERDAY        T            MM      MM   0.06  -0.06      T
  MONTH TO DATE    0.68                      0.54   0.14     0.17
  SINCE JUN 1      0.72                      1.67  -0.95     0.26
  SINCE JAN 1      6.25                      8.61  -2.36     6.94

SNOWFALL (IN)
  YESTERDAY       MM            MM      MM  MM     MM       MM
  MONTH TO DATE   MM                        MM     MM       MM
  SINCE JUN 1     MM                        MM     MM       MM
  SINCE JUL 1     MM                        MM     MM       MM
  SNOW DEPTH      MM

DEGREE DAYS
 HEATING
  YESTERDAY        0                         2     -2        0
  MONTH TO DATE    8                        33    -25        6
  SINCE JUN 1    213                       262    -49      152
  SINCE JUL 1      8                        33    -25        6

 COOLING
  YESTERDAY        1                         1      0        1
  MONTH TO DATE   16                        10      6       20
  SINCE JUN 1     17                        14      3       36
  SINCE JAN 1     17                        14      3       36
..................................................................


WIND (MPH)
  HIGHEST WIND SPEED    15   HIGHEST WIND DIRECTION    SE (140)
  HIGHEST GUST SPEED    22   HIGHEST GUST DIRECTION    NW (320)
  AVERAGE WIND SPEED     8.2


SKY COVER
  POSSIBLE SUNSHINE  MM
  AVERAGE SKY COVER 0.1


WEATHER CONDITIONS
 THE FOLLOWING WEATHER WAS RECORDED YESTERDAY.
  THUNDERSTORM
  LIGHT RAIN


RELATIVE HUMIDITY (PERCENT)
 HIGHEST    89           500 AM
 LOWEST     28           100 PM
 AVERAGE    59

..........................................................


THE ASPEN CO CLIMATE NORMALS FOR TODAY
                         NORMAL    RECORD    YEAR
 MAXIMUM TEMPERATURE (F)   81        MM        MM
 MINIMUM TEMPERATURE (F)   47        MM        MM


SUNRISE AND SUNSET
JULY 13 2014..........SUNRISE   552 AM MDT   SUNSET   834 PM MDT
JULY 14 2014..........SUNRISE   553 AM MDT   SUNSET   833 PM MDT


-  INDICATES NEGATIVE NUMBERS.
R  INDICATES RECORD WAS SET OR TIED.
MM INDICATES DATA IS MISSING.
T  INDICATES TRACE AMOUNT.




$$
