508
CDUS46 KPQR 110228
CLIAST


CLIMATE REPORT
NATIONAL WEATHER SERVICE PORTLAND OREGON
628 PM PST SAT DEC 10 2016


...................................

...THE ASTORIA OR CLIMATE SUMMARY FOR DECEMBER 10 2016...
VALID TODAY AS OF 0600 PM LOCAL TIME.

CLIMATE NORMAL PERIOD 1981 TO 2010
CLIMATE RECORD PERIOD 1892 TO 2016


WEATHER ITEM   OBSERVED TIME   RECORD YEAR NORMAL DEPARTURE LAST
                VALUE   (LST)  VALUE       VALUE  FROM      YEAR
                                                  NORMAL
..................................................................
TEMPERATURE (F)
 TODAY
  MAXIMUM         52    203 PM  63    2014  49      3       56
                                      1995
  MINIMUM         36    841 AM  15    1972  37     -1       45
  AVERAGE         44                        43      1       51

PRECIPITATION (IN)
  TODAY            0.35          2.13 1896   0.32   0.03     0.51
  MONTH TO DATE    4.43                      3.41   1.02     9.75
  SINCE OCT 1     37.95                     20.54  17.41    31.75
  SINCE JAN 1     80.93                     60.78  20.15    63.00

DEGREE DAYS
 HEATING
  TODAY           21                        22     -1       14
  MONTH TO DATE  222                       217      5      124
  SINCE DEC 1    222                       217      5      124
  SINCE JUL 1   1085                      1630   -545     1124

 COOLING
  TODAY            0                         0      0        0
  MONTH TO DATE    0                         0      0        0
  SINCE DEC 1      0                         0      0        0
  SINCE JAN 1     62                        12     50       49
..................................................................


WIND (MPH)
  HIGHEST WIND SPEED    21   HIGHEST WIND DIRECTION     W (270)
  HIGHEST GUST SPEED    27   HIGHEST GUST DIRECTION     W (270)
  AVERAGE WIND SPEED     7.1


SKY COVER
  POSSIBLE SUNSHINE  MM
  AVERAGE SKY COVER 0.6


WEATHER CONDITIONS
 THE FOLLOWING WEATHER WAS RECORDED TODAY.
  HEAVY RAIN
  RAIN
  LIGHT RAIN
  FOG


RELATIVE HUMIDITY (PERCENT)
 HIGHEST    86           100 AM
 LOWEST     63           400 PM
 AVERAGE    75

..........................................................


THE ASTORIA OR CLIMATE NORMALS FOR TOMORROW
                         NORMAL    RECORD    YEAR
 MAXIMUM TEMPERATURE (F)   49        63      2014
 MINIMUM TEMPERATURE (F)   36        18      1919


SUNRISE AND SUNSET
DECEMBER 10 2016......SUNRISE   748 AM PST   SUNSET   430 PM PST
DECEMBER 11 2016......SUNRISE   748 AM PST   SUNSET   430 PM PST


-  INDICATES NEGATIVE NUMBERS.
R  INDICATES RECORD WAS SET OR TIED.
MM INDICATES DATA IS MISSING.
T  INDICATES TRACE AMOUNT.




$$
