000
CDUS46 KPQR 281154
CLIAST


CLIMATE REPORT
NATIONAL WEATHER SERVICE PORTLAND OREGON
454 AM PDT WED SEP 28 2016


...................................

...THE ASTORIA OR CLIMATE SUMMARY FOR SEPTEMBER 27 2016...

CLIMATE NORMAL PERIOD 1981 TO 2010
CLIMATE RECORD PERIOD 1892 TO 2016


WEATHER ITEM   OBSERVED TIME   RECORD YEAR NORMAL DEPARTURE LAST
                VALUE   (LST)  VALUE       VALUE  FROM      YEAR
                                                  NORMAL
..................................................................
TEMPERATURE (F)
 YESTERDAY
  MAXIMUM         68    234 PM  84    2003  66      2       68
  MINIMUM         53   1131 PM  33    1972  47      6       39
  AVERAGE         61                        56      5       54

PRECIPITATION (IN)
  YESTERDAY        0.01          1.47 1927   0.10  -0.09     0.00
  MONTH TO DATE    2.13                      1.85   0.28     2.13
  SINCE OCT 1     85.51                     66.97  18.54    56.87
  SINCE JAN 1     42.98                     39.95   3.03    31.25

DEGREE DAYS
 HEATING
  YESTERDAY        4                         9     -5       11
  MONTH TO DATE  105                       173    -68      151
  SINCE SEP 1    105                       173    -68      151
  SINCE JUL 1    226                       454   -228      239

 COOLING
  YESTERDAY        0                         0      0        0
  MONTH TO DATE    7                         0      7        4
  SINCE SEP 1      7                         0      7        4
  SINCE JAN 1     62                         7     55       47
..................................................................


WIND (MPH)
  HIGHEST WIND SPEED    17   HIGHEST WIND DIRECTION    NW (320)
  HIGHEST GUST SPEED    22   HIGHEST GUST DIRECTION    NW (320)
  AVERAGE WIND SPEED     9.4


SKY COVER
  POSSIBLE SUNSHINE  MM
  AVERAGE SKY COVER 0.4


WEATHER CONDITIONS
 THE FOLLOWING WEATHER WAS RECORDED YESTERDAY.
  FOG


RELATIVE HUMIDITY (PERCENT)
 HIGHEST    93           100 AM
 LOWEST     63          1200 PM
 AVERAGE    78

..........................................................


THE ASTORIA OR CLIMATE NORMALS FOR TODAY
                         NORMAL    RECORD    YEAR
 MAXIMUM TEMPERATURE (F)   66        83      1989
                                             1935
 MINIMUM TEMPERATURE (F)   47        33      1983


SUNRISE AND SUNSET
SEPTEMBER 28 2016.....SUNRISE   711 AM PDT   SUNSET   700 PM PDT
SEPTEMBER 29 2016.....SUNRISE   712 AM PDT   SUNSET   658 PM PDT


-  INDICATES NEGATIVE NUMBERS.
R  INDICATES RECORD WAS SET OR TIED.
MM INDICATES DATA IS MISSING.
T  INDICATES TRACE AMOUNT.




$$
