000
CDUS46 KPQR 291146
CLIAST


CLIMATE REPORT
NATIONAL WEATHER SERVICE PORTLAND OREGON
446 AM PDT WED MAR 29 2017


...................................

...THE ASTORIA OR CLIMATE SUMMARY FOR MARCH 28 2017...

CLIMATE NORMAL PERIOD 1981 TO 2010
CLIMATE RECORD PERIOD 1892 TO 2017


WEATHER ITEM   OBSERVED TIME   RECORD YEAR NORMAL DEPARTURE LAST
                VALUE   (LST)  VALUE       VALUE  FROM      YEAR
                                                  NORMAL
..................................................................
TEMPERATURE (F)
 YESTERDAY
  MAXIMUM         52    405 PM  75    1941  55     -3       56
                                      1930
  MINIMUM         46   1159 PM  28    1987  40      6       36
                                      1962
  AVERAGE         49                        47      2       46

PRECIPITATION (IN)
  YESTERDAY        0.27          2.00 1943   0.22   0.05     0.03
  MONTH TO DATE   14.10                      6.80   7.30    12.10
  SINCE OCT 1     75.85                     51.21  24.64    76.91
  SINCE JAN 1     31.98                     24.19   7.79    34.38

DEGREE DAYS
 HEATING
  YESTERDAY       16                        18     -2       19
  MONTH TO DATE  515                       526    -11      416
  SINCE MAR 1    515                       526    -11      416
  SINCE JUL 1   3498                      3868   -370     3035

 COOLING
  YESTERDAY        0                         0      0        0
  MONTH TO DATE    0                         0      0        0
  SINCE MAR 1      0                         0      0        0
  SINCE JAN 1      0                         0      0        0
..................................................................


WIND (MPH)
  HIGHEST WIND SPEED    26   HIGHEST WIND DIRECTION     S (190)
  HIGHEST GUST SPEED    37   HIGHEST GUST DIRECTION    SW (210)
  AVERAGE WIND SPEED    14.1


SKY COVER
  POSSIBLE SUNSHINE  MM
  AVERAGE SKY COVER 0.9


WEATHER CONDITIONS
 THE FOLLOWING WEATHER WAS RECORDED YESTERDAY.
  LIGHT RAIN
  FOG
  HAZE


RELATIVE HUMIDITY (PERCENT)
 HIGHEST    93           600 AM
 LOWEST     74           800 PM
 AVERAGE    84

..........................................................


THE ASTORIA OR CLIMATE NORMALS FOR TODAY
                         NORMAL    RECORD    YEAR
 MAXIMUM TEMPERATURE (F)   55        73      1964
 MINIMUM TEMPERATURE (F)   40        28      1938


SUNRISE AND SUNSET
MARCH 29 2017.........SUNRISE   700 AM PDT   SUNSET   741 PM PDT
MARCH 30 2017.........SUNRISE   658 AM PDT   SUNSET   742 PM PDT


-  INDICATES NEGATIVE NUMBERS.
R  INDICATES RECORD WAS SET OR TIED.
MM INDICATES DATA IS MISSING.
T  INDICATES TRACE AMOUNT.




$$
