000
CDUS46 KPQR 060020
CLIAST


CLIMATE REPORT
NATIONAL WEATHER SERVICE PORTLAND OREGON
420 PM PST FRI FEB 5 2016


...................................

...THE ASTORIA OR CLIMATE SUMMARY FOR FEBRUARY 5 2016...
VALID TODAY AS OF 0400 PM LOCAL TIME.

CLIMATE NORMAL PERIOD 1981 TO 2010
CLIMATE RECORD PERIOD 1892 TO 2016


WEATHER ITEM   OBSERVED TIME   RECORD YEAR NORMAL DEPARTURE LAST
                VALUE   (LST)  VALUE       VALUE  FROM      YEAR
                                                  NORMAL
..................................................................
TEMPERATURE (F)
 TODAY
  MAXIMUM         59   1247 PM  65    1941  51      8       60
  MINIMUM         42    648 AM   9    1989  37      5       50
  AVERAGE         51                        44      7       55

PRECIPITATION (IN)
  TODAY            0.09          2.63 1898   0.27  -0.18     0.97
  MONTH TO DATE    1.44                      1.34   0.10     1.80
  SINCE OCT 1     57.72                     38.56  19.16    36.61
  SINCE JAN 1     15.19                     11.54   3.65    10.99

DEGREE DAYS
 HEATING
  TODAY           14                        21     -7       10
  MONTH TO DATE   96                       105     -9       75
  SINCE DEC 1   1260                      1457   -197     1197
  SINCE JUL 1   2260                      2870   -610     2184

 COOLING
  TODAY            0                         0      0        0
  MONTH TO DATE    0                         0      0        0
  SINCE DEC 1      0                         0      0        0
  SINCE JAN 1      0                         0      0        0
..................................................................


WIND (MPH)
  HIGHEST WIND SPEED    33   HIGHEST WIND DIRECTION     S (190)
  HIGHEST GUST SPEED    49   HIGHEST GUST DIRECTION     S (190)
  AVERAGE WIND SPEED     8.7


SKY COVER
  POSSIBLE SUNSHINE  MM
  AVERAGE SKY COVER 0.4


WEATHER CONDITIONS
 THE FOLLOWING WEATHER WAS RECORDED TODAY.
  LIGHT RAIN
  FOG


RELATIVE HUMIDITY (PERCENT)
 HIGHEST    96           700 AM
 LOWEST     47          1100 AM
 AVERAGE    72

..........................................................


THE ASTORIA OR CLIMATE NORMALS FOR TOMORROW
                         NORMAL    RECORD    YEAR
 MAXIMUM TEMPERATURE (F)   51        65      1954
 MINIMUM TEMPERATURE (F)   37        20      2014


SUNRISE AND SUNSET
FEBRUARY  5 2016......SUNRISE   734 AM PST   SUNSET   526 PM PST
FEBRUARY  6 2016......SUNRISE   732 AM PST   SUNSET   528 PM PST


-  INDICATES NEGATIVE NUMBERS.
R  INDICATES RECORD WAS SET OR TIED.
MM INDICATES DATA IS MISSING.
T  INDICATES TRACE AMOUNT.




$$
