000
CDUS46 KPQR 160030
CLIAST


CLIMATE REPORT
NATIONAL WEATHER SERVICE PORTLAND OREGON
430 PM PST FRI DEC 15 2017


...................................

...THE ASTORIA OR CLIMATE SUMMARY FOR DECEMBER 15 2017...
VALID TODAY AS OF 0400 PM LOCAL TIME.

CLIMATE NORMAL PERIOD 1981 TO 2010
CLIMATE RECORD PERIOD 1892 TO 2017


WEATHER ITEM   OBSERVED TIME   RECORD YEAR NORMAL DEPARTURE LAST
                VALUE   (LST)  VALUE       VALUE  FROM      YEAR
                                                  NORMAL
..................................................................
TEMPERATURE (F)
 TODAY
  MAXIMUM         50    308 PM  62    1980  48      2       40
  MINIMUM         32    232 AM  24    1965  36     -4       29
                                      1932
                                      1919
  AVERAGE         41                        42     -1       35

PRECIPITATION (IN)
  TODAY            0.06          2.10 1906   0.31  -0.25     0.00
  MONTH TO DATE    0.99                      4.96  -3.97     5.57
  SINCE OCT 1     24.09                     22.09   2.00    39.09
  SINCE JAN 1     77.30                     62.33  14.97    82.07

DEGREE DAYS
 HEATING
  TODAY           24                        23      1       30
  MONTH TO DATE  325                       331     -6      343
  SINCE DEC 1    325                       331     -6      343
  SINCE JUL 1   1617                      1744   -127     1206

 COOLING
  TODAY            0                         0      0        0
  MONTH TO DATE    0                         0      0        0
  SINCE DEC 1      0                         0      0        0
  SINCE JAN 1     55                        12     43       62
..................................................................


WIND (MPH)
  HIGHEST WIND SPEED    16   HIGHEST WIND DIRECTION    NW (300)
  HIGHEST GUST SPEED    21   HIGHEST GUST DIRECTION     W (290)
  AVERAGE WIND SPEED     1.7


SKY COVER
  POSSIBLE SUNSHINE  MM
  AVERAGE SKY COVER 0.8


WEATHER CONDITIONS
 THE FOLLOWING WEATHER WAS RECORDED TODAY.
  RAIN
  LIGHT RAIN
  LIGHT SNOW
  FOG


RELATIVE HUMIDITY (PERCENT)
 HIGHEST    93           100 PM
 LOWEST     74           300 PM
 AVERAGE    84

..........................................................


THE ASTORIA OR CLIMATE NORMALS FOR TOMORROW
                         NORMAL    RECORD    YEAR
 MAXIMUM TEMPERATURE (F)   48        61      1980
 MINIMUM TEMPERATURE (F)   36        15      1964


SUNRISE AND SUNSET
DECEMBER 15 2017......SUNRISE   751 AM PST   SUNSET   430 PM PST
DECEMBER 16 2017......SUNRISE   752 AM PST   SUNSET   431 PM PST


-  INDICATES NEGATIVE NUMBERS.
R  INDICATES RECORD WAS SET OR TIED.
MM INDICATES DATA IS MISSING.
T  INDICATES TRACE AMOUNT.




$$
