000
CDUS46 KPQR 281141
CLIAST


CLIMATE REPORT
NATIONAL WEATHER SERVICE PORTLAND OREGON
440 AM PDT THU MAY 28 2015


...................................

...THE ASTORIA OR CLIMATE SUMMARY FOR MAY 27 2015...

CLIMATE NORMAL PERIOD 1981 TO 2010
CLIMATE RECORD PERIOD 1892 TO 2015


WEATHER ITEM   OBSERVED TIME   RECORD YEAR NORMAL DEPARTURE LAST
                VALUE   (LST)  VALUE       VALUE  FROM      YEAR
                                                  NORMAL
..................................................................
TEMPERATURE (F)
 YESTERDAY
  MAXIMUM         64   1258 PM  80    2003  62      2       63
  MINIMUM         52    553 AM  37    1940  48      4       44
  AVERAGE         58                        55      3       54

PRECIPITATION (IN)
  YESTERDAY        0.00          1.11 2013   0.10  -0.10      T
  MONTH TO DATE    1.29                      2.92  -1.63     5.36
  SINCE OCT 1     52.28                     59.98  -7.70    50.22
  SINCE JAN 1     26.66                     32.96  -6.30    38.06

DEGREE DAYS
 HEATING
  YESTERDAY        7                        10     -3       11
  MONTH TO DATE  279                       332    -53      227
  SINCE MAR 1   1209                      1399   -190     1180
  SINCE JUL 1   3749                      4741   -992     4609

 COOLING
  YESTERDAY        0                         0      0        0
  MONTH TO DATE    0                         0      0        8
  SINCE MAR 1      2                         0      2       11
  SINCE JAN 1      2                         0      2       11
..................................................................


WIND (MPH)
  HIGHEST WIND SPEED    13   HIGHEST WIND DIRECTION     W (270)
  HIGHEST GUST SPEED    17   HIGHEST GUST DIRECTION     W (270)
  AVERAGE WIND SPEED     5.3


SKY COVER
  POSSIBLE SUNSHINE  MM
  AVERAGE SKY COVER 1.0


WEATHER CONDITIONS
 THE FOLLOWING WEATHER WAS RECORDED YESTERDAY.
  FOG


RELATIVE HUMIDITY (PERCENT)
 HIGHEST   100           500 AM
 LOWEST     72          1200 PM
 AVERAGE    86

..........................................................


THE ASTORIA OR CLIMATE NORMALS FOR TODAY
                         NORMAL    RECORD    YEAR
 MAXIMUM TEMPERATURE (F)   62        81      1922
 MINIMUM TEMPERATURE (F)   48        38      1973
                                             1966
                                             1943


SUNRISE AND SUNSET
MAY 28 2015...........SUNRISE   530 AM PDT   SUNSET   856 PM PDT
MAY 29 2015...........SUNRISE   530 AM PDT   SUNSET   857 PM PDT


-  INDICATES NEGATIVE NUMBERS.
R  INDICATES RECORD WAS SET OR TIED.
MM INDICATES DATA IS MISSING.
T  INDICATES TRACE AMOUNT.




$$
