000
CDUS46 KPQR 281141
CLIAST


CLIMATE REPORT
NATIONAL WEATHER SERVICE PORTLAND OREGON
440 AM PDT SUN MAY 28 2017


...................................

...THE ASTORIA OR CLIMATE SUMMARY FOR MAY 27 2017...

CLIMATE NORMAL PERIOD 1981 TO 2010
CLIMATE RECORD PERIOD 1892 TO 2017


WEATHER ITEM   OBSERVED TIME   RECORD YEAR NORMAL DEPARTURE LAST
                VALUE   (LST)  VALUE       VALUE  FROM      YEAR
                                                  NORMAL
..................................................................
TEMPERATURE (F)
 YESTERDAY
  MAXIMUM         60    137 PM  80    2003  62     -2       60
  MINIMUM         50    446 AM  37    1940  48      2       49
  AVERAGE         55                        55      0       55

PRECIPITATION (IN)
  YESTERDAY        0.00          1.11 2013   0.10  -0.10     0.01
  MONTH TO DATE    5.79                      2.92   2.87     0.77
  SINCE OCT 1     90.90                     59.98  30.92    79.67
  SINCE JAN 1     47.03                     32.96  14.07    37.14

DEGREE DAYS
 HEATING
  YESTERDAY       10                        10      0       10
  MONTH TO DATE  305                       332    -27      247
  SINCE MAR 1   1344                      1399    -55     1053
  SINCE JUL 1   4327                      4741   -414     3672

 COOLING
  YESTERDAY        0                         0      0        0
  MONTH TO DATE    2                         0      2        0
  SINCE MAR 1      2                         0      2        3
  SINCE JAN 1      2                         0      2        3
..................................................................


WIND (MPH)
  HIGHEST WIND SPEED    15   HIGHEST WIND DIRECTION     W (260)
  HIGHEST GUST SPEED    17   HIGHEST GUST DIRECTION     W (260)
  AVERAGE WIND SPEED     6.1


SKY COVER
  POSSIBLE SUNSHINE  MM
  AVERAGE SKY COVER 0.9


WEATHER CONDITIONS
 THE FOLLOWING WEATHER WAS RECORDED YESTERDAY.
  FOG
  FOG W/VISIBILITY <= 1/4 MILE


RELATIVE HUMIDITY (PERCENT)
 HIGHEST   100           800 AM
 LOWEST     75          1200 PM
 AVERAGE    88

..........................................................


THE ASTORIA OR CLIMATE NORMALS FOR TODAY
                         NORMAL    RECORD    YEAR
 MAXIMUM TEMPERATURE (F)   62        81      1922
 MINIMUM TEMPERATURE (F)   48        38      1973
                                             1966
                                             1943


SUNRISE AND SUNSET
MAY 28 2017...........SUNRISE   530 AM PDT   SUNSET   856 PM PDT
MAY 29 2017...........SUNRISE   529 AM PDT   SUNSET   857 PM PDT


-  INDICATES NEGATIVE NUMBERS.
R  INDICATES RECORD WAS SET OR TIED.
MM INDICATES DATA IS MISSING.
T  INDICATES TRACE AMOUNT.




$$
