000
CDUS46 KPQR 241153
CLIAST


CLIMATE REPORT
NATIONAL WEATHER SERVICE PORTLAND OREGON
353 AM PST TUE JAN 24 2017


...................................

...THE ASTORIA OR CLIMATE SUMMARY FOR JANUARY 23 2017...

CLIMATE NORMAL PERIOD 1981 TO 2010
CLIMATE RECORD PERIOD 1892 TO 2017


WEATHER ITEM   OBSERVED TIME   RECORD YEAR NORMAL DEPARTURE LAST
                VALUE   (LST)  VALUE       VALUE  FROM      YEAR
                                                  NORMAL
..................................................................
TEMPERATURE (F)
 YESTERDAY
  MAXIMUM         53    320 PM  60    1968  50      3       52
  MINIMUM         33   1157 PM  18    1943  38     -5       43
  AVERAGE         43                        44     -1       48

PRECIPITATION (IN)
  YESTERDAY        0.00          3.84 1982   0.31  -0.31     0.15
  MONTH TO DATE    5.68                      7.83  -2.15    10.61
  SINCE OCT 1     49.55                     34.85  14.70    53.14
  SINCE JAN 1      5.68                      7.83  -2.15    10.61

DEGREE DAYS
 HEATING
  YESTERDAY       22                        21      1       17
  MONTH TO DATE  578                       492     86      457
  SINCE DEC 1   1313                      1185    128     1030
  SINCE JUL 1   2176                      2598   -422     2030

 COOLING
  YESTERDAY        0                         0      0        0
  MONTH TO DATE    0                         0      0        0
  SINCE DEC 1      0                         0      0        0
  SINCE JAN 1      0                         0      0        0
..................................................................


WIND (MPH)
  HIGHEST WIND SPEED    10   HIGHEST WIND DIRECTION    NW (320)
  HIGHEST GUST SPEED    13   HIGHEST GUST DIRECTION    NW (320)
  AVERAGE WIND SPEED     4.1


SKY COVER
  POSSIBLE SUNSHINE  MM
  AVERAGE SKY COVER 0.0


WEATHER CONDITIONS
 THE FOLLOWING WEATHER WAS RECORDED YESTERDAY.
  NO SIGNIFICANT WEATHER WAS OBSERVED.


RELATIVE HUMIDITY (PERCENT)
 HIGHEST    82           900 PM
 LOWEST     50           300 PM
 AVERAGE    66

..........................................................


THE ASTORIA OR CLIMATE NORMALS FOR TODAY
                         NORMAL    RECORD    YEAR
 MAXIMUM TEMPERATURE (F)   50        64      2006
 MINIMUM TEMPERATURE (F)   38        17      1949


SUNRISE AND SUNSET
JANUARY 24 2017.......SUNRISE   747 AM PST   SUNSET   509 PM PST
JANUARY 25 2017.......SUNRISE   746 AM PST   SUNSET   511 PM PST


-  INDICATES NEGATIVE NUMBERS.
R  INDICATES RECORD WAS SET OR TIED.
MM INDICATES DATA IS MISSING.
T  INDICATES TRACE AMOUNT.




$$
