000
CDUS46 KPQR 301144
CLIAST


CLIMATE REPORT
NATIONAL WEATHER SERVICE PORTLAND OREGON
443 AM PDT SUN AUG 30 2015


...................................

...THE ASTORIA OR CLIMATE SUMMARY FOR AUGUST 29 2015...

CLIMATE NORMAL PERIOD 1981 TO 2010
CLIMATE RECORD PERIOD 1892 TO 2015


WEATHER ITEM   OBSERVED TIME   RECORD YEAR NORMAL DEPARTURE LAST
                VALUE   (LST)  VALUE       VALUE  FROM      YEAR
                                                  NORMAL
..................................................................
TEMPERATURE (F)
 YESTERDAY
  MAXIMUM         68    130 PM  90    1936  69     -1       69
  MINIMUM         57    736 PM  42    1985  52      5       58
                                      1980
                                      1969
  AVERAGE         63                        60      3       64

PRECIPITATION (IN)
  YESTERDAY        0.77          1.02 1977   0.06   0.71     0.00
                                      1937
  MONTH TO DATE    1.19                      1.05   0.14     0.57
  SINCE OCT 1     54.59                     65.01 -10.42    54.34
  SINCE JAN 1     28.97                     37.99  -9.02    42.18

DEGREE DAYS
 HEATING
  YESTERDAY        2                         5     -3        1
  MONTH TO DATE   45                       118    -73       48
  SINCE JUN 1    233                       510   -277      338
  SINCE JUL 1     84                       268   -184      158

 COOLING
  YESTERDAY        0                         0      0        0
  MONTH TO DATE   16                         0     16        6
  SINCE JUN 1     41                         3     38       14
  SINCE JAN 1     43                         3     40       25
..................................................................


WIND (MPH)
  HIGHEST WIND SPEED    40   HIGHEST WIND DIRECTION     S (190)
  HIGHEST GUST SPEED    62   HIGHEST GUST DIRECTION     S (190)
  AVERAGE WIND SPEED    19.4


SKY COVER
  POSSIBLE SUNSHINE  MM
  AVERAGE SKY COVER 0.9


WEATHER CONDITIONS
 THE FOLLOWING WEATHER WAS RECORDED YESTERDAY.
  RAIN
  LIGHT RAIN
  FOG


RELATIVE HUMIDITY (PERCENT)
 HIGHEST    93          1200 AM
 LOWEST     63           700 AM
 AVERAGE    78

..........................................................


THE ASTORIA OR CLIMATE NORMALS FOR TODAY
                         NORMAL    RECORD    YEAR
 MAXIMUM TEMPERATURE (F)   69        85      1936
 MINIMUM TEMPERATURE (F)   52        42      1920


SUNRISE AND SUNSET
AUGUST 30 2015........SUNRISE   633 AM PDT   SUNSET   758 PM PDT
AUGUST 31 2015........SUNRISE   635 AM PDT   SUNSET   756 PM PDT


-  INDICATES NEGATIVE NUMBERS.
R  INDICATES RECORD WAS SET OR TIED.
MM INDICATES DATA IS MISSING.
T  INDICATES TRACE AMOUNT.




$$
