938
CDUS46 KPQR 301217
CLIAST


CLIMATE REPORT
NATIONAL WEATHER SERVICE PORTLAND OREGON
516 AM PDT SAT JUL 30 2016


...................................

...THE ASTORIA OR CLIMATE SUMMARY FOR JULY 29 2016...

CLIMATE NORMAL PERIOD 1981 TO 2010
CLIMATE RECORD PERIOD 1892 TO 2016


WEATHER ITEM   OBSERVED TIME   RECORD YEAR NORMAL DEPARTURE LAST
                VALUE   (LST)  VALUE       VALUE  FROM      YEAR
                                                  NORMAL
..................................................................
TEMPERATURE (F)
 YESTERDAY
  MAXIMUM         70   1234 PM  88    1908  68      2       83
  MINIMUM         57   1101 PM  44    1959  54      3       53
  AVERAGE         64                        61      3       68

PRECIPITATION (IN)
  YESTERDAY        0.00          0.65 1932   0.02  -0.02     0.00
  MONTH TO DATE    1.12                      0.98   0.14     0.39
  SINCE OCT 1     82.88                     63.91  18.97    53.40
  SINCE JAN 1     40.35                     36.89   3.46    27.78

DEGREE DAYS
 HEATING
  YESTERDAY        1                         4     -3        0
  MONTH TO DATE   56                       140    -84       39
  SINCE JUN 1    232                       382   -150      188
  SINCE JUL 1     56                       140    -84       39

 COOLING
  YESTERDAY        0                         0      0        3
  MONTH TO DATE    2                         0      2       17
  SINCE JUN 1      8                         0      8       21
  SINCE JAN 1     11                         0     11       23
..................................................................


WIND (MPH)
  HIGHEST WIND SPEED    20   HIGHEST WIND DIRECTION    NW (310)
  HIGHEST GUST SPEED    24   HIGHEST GUST DIRECTION    NW (320)
  AVERAGE WIND SPEED     9.2


SKY COVER
  POSSIBLE SUNSHINE  MM
  AVERAGE SKY COVER 0.8


WEATHER CONDITIONS
 THE FOLLOWING WEATHER WAS RECORDED YESTERDAY.
  NO SIGNIFICANT WEATHER WAS OBSERVED.


RELATIVE HUMIDITY (PERCENT)
 HIGHEST    90          1200 AM
 LOWEST     66           100 PM
 AVERAGE    78

..........................................................


THE ASTORIA OR CLIMATE NORMALS FOR TODAY
                         NORMAL    RECORD    YEAR
 MAXIMUM TEMPERATURE (F)   68        87      1908
 MINIMUM TEMPERATURE (F)   54        45      1949


SUNRISE AND SUNSET
JULY 30 2016..........SUNRISE   556 AM PDT   SUNSET   847 PM PDT
JULY 31 2016..........SUNRISE   557 AM PDT   SUNSET   846 PM PDT


-  INDICATES NEGATIVE NUMBERS.
R  INDICATES RECORD WAS SET OR TIED.
MM INDICATES DATA IS MISSING.
T  INDICATES TRACE AMOUNT.




$$
