000
CDUS46 KPQR 031147
CLIAST


CLIMATE REPORT
NATIONAL WEATHER SERVICE PORTLAND OREGON
446 AM PDT TUE MAY 3 2016


...................................

...THE ASTORIA OR CLIMATE SUMMARY FOR MAY 2 2016...

CLIMATE NORMAL PERIOD 1981 TO 2010
CLIMATE RECORD PERIOD 1892 TO 2016


WEATHER ITEM   OBSERVED TIME   RECORD YEAR NORMAL DEPARTURE LAST
                VALUE   (LST)  VALUE       VALUE  FROM      YEAR
                                                  NORMAL
..................................................................
TEMPERATURE (F)
 YESTERDAY
  MAXIMUM         72   1133 AM  78    1909  59     13       60
  MINIMUM         53    244 AM  34    1948  43     10       43
  AVERAGE         63                        51     12       52

PRECIPITATION (IN)
  YESTERDAY        T             1.10 1893   0.12  -0.12     0.00
  MONTH TO DATE    T                         0.25  -0.25     0.00
  SINCE OCT 1     78.90                     57.31  21.59    50.99
  SINCE JAN 1     36.37                     30.29   6.08    25.37

DEGREE DAYS
 HEATING
  YESTERDAY        2                        14    -12       13
  MONTH TO DATE    5                        28    -23       25
  SINCE MAR 1    811                      1095   -284      955
  SINCE JUL 1   3430                      4437  -1007     3495

 COOLING
  YESTERDAY        0                         0      0        0
  MONTH TO DATE    0                         0      0        0
  SINCE MAR 1      3                         0      3        2
  SINCE JAN 1      3                         0      3        2
..................................................................


WIND (MPH)
  HIGHEST WIND SPEED    24   HIGHEST WIND DIRECTION    SW (240)
  HIGHEST GUST SPEED    30   HIGHEST GUST DIRECTION    SW (240)
  AVERAGE WIND SPEED     8.5


SKY COVER
  POSSIBLE SUNSHINE  MM
  AVERAGE SKY COVER 0.1


WEATHER CONDITIONS
 THE FOLLOWING WEATHER WAS RECORDED YESTERDAY.
  LIGHT RAIN
  FOG
  HAZE


RELATIVE HUMIDITY (PERCENT)
 HIGHEST    93           600 PM
 LOWEST     41          1200 PM
 AVERAGE    67

..........................................................


THE ASTORIA OR CLIMATE NORMALS FOR TODAY
                         NORMAL    RECORD    YEAR
 MAXIMUM TEMPERATURE (F)   59        81      1992
                                             1944
 MINIMUM TEMPERATURE (F)   43        35      1980
                                             1949


SUNRISE AND SUNSET
MAY  3 2016...........SUNRISE   558 AM PDT   SUNSET   827 PM PDT
MAY  4 2016...........SUNRISE   557 AM PDT   SUNSET   829 PM PDT


-  INDICATES NEGATIVE NUMBERS.
R  INDICATES RECORD WAS SET OR TIED.
MM INDICATES DATA IS MISSING.
T  INDICATES TRACE AMOUNT.




$$
