000
CDUS46 KPQR 011142
CLIAST


CLIMATE REPORT
NATIONAL WEATHER SERVICE PORTLAND OREGON
441 AM PDT MON SEP 1 2014


...................................

...THE ASTORIA OR CLIMATE SUMMARY FOR AUGUST 31 2014...

CLIMATE NORMAL PERIOD 1981 TO 2010
CLIMATE RECORD PERIOD 1892 TO 2014


WEATHER ITEM   OBSERVED TIME   RECORD YEAR NORMAL DEPARTURE LAST
                VALUE   (LST)  VALUE       VALUE  FROM      YEAR
                                                  NORMAL
..................................................................
TEMPERATURE (F)
 YESTERDAY
  MAXIMUM         69    300 PM  88    1942  69      0       77
  MINIMUM         57   1130 PM  43    1973  52      5       55
                                      1964
  AVERAGE         63                        60      3       66

PRECIPITATION (IN)
  YESTERDAY        0.00          1.89 1927   0.06  -0.06     0.00
  MONTH TO DATE    0.70                      1.16  -0.46     1.35
  SINCE OCT 1     54.47                     65.12 -10.65    77.97
  SINCE JAN 1     42.31                     38.10   4.21    36.35

DEGREE DAYS
 HEATING
  YESTERDAY        2                         5     -3        0
  MONTH TO DATE   53                       128    -75      105
  SINCE JUN 1    338                       523   -185      428
  SINCE JUL 1    158                       281   -123      247

 COOLING
  YESTERDAY        0                         0      0        1
  MONTH TO DATE    6                         4      2        2
  SINCE JUN 1     14                         7      7        5
  SINCE JAN 1     25                         7     18        6
..................................................................


WIND (MPH)
  HIGHEST WIND SPEED    14   HIGHEST WIND DIRECTION    SW (230)
  HIGHEST GUST SPEED    18   HIGHEST GUST DIRECTION    SW (240)
  AVERAGE WIND SPEED     5.6


SKY COVER
  POSSIBLE SUNSHINE  MM
  AVERAGE SKY COVER 0.5


WEATHER CONDITIONS
 THE FOLLOWING WEATHER WAS RECORDED YESTERDAY.
  NO SIGNIFICANT WEATHER WAS OBSERVED.


RELATIVE HUMIDITY (PERCENT)
 HIGHEST    93          1200 AM
 LOWEST     68          1200 PM
 AVERAGE    81

..........................................................


THE ASTORIA OR CLIMATE NORMALS FOR TODAY
                         NORMAL    RECORD    YEAR
 MAXIMUM TEMPERATURE (F)   69        90      1972
 MINIMUM TEMPERATURE (F)   52        38      1973


SUNRISE AND SUNSET
SEPTEMBER  1 2014.....SUNRISE   636 AM PDT   SUNSET   754 PM PDT
SEPTEMBER  2 2014.....SUNRISE   637 AM PDT   SUNSET   752 PM PDT


-  INDICATES NEGATIVE NUMBERS.
R  INDICATES RECORD WAS SET OR TIED.
MM INDICATES DATA IS MISSING.
T  INDICATES TRACE AMOUNT.




$$
