000
CDUS46 KPQR 021142
CLIAST


CLIMATE REPORT
NATIONAL WEATHER SERVICE PORTLAND OREGON
442 AM PDT THU JUL 2 2015


...................................

...THE ASTORIA OR CLIMATE SUMMARY FOR JULY 1 2015...

CLIMATE NORMAL PERIOD 1981 TO 2010
CLIMATE RECORD PERIOD 1892 TO 2015


WEATHER ITEM   OBSERVED TIME   RECORD YEAR NORMAL DEPARTURE LAST
                VALUE   (LST)  VALUE       VALUE  FROM      YEAR
                                                  NORMAL
..................................................................
TEMPERATURE (F)
 YESTERDAY
  MAXIMUM         79    315 PM  87    1908  66     13       89
  MINIMUM         54    437 AM  43    1985  52      2       55
  AVERAGE         67                        59      8       72

PRECIPITATION (IN)
  YESTERDAY        0.00          0.56 1983   0.05  -0.05     0.00
  MONTH TO DATE    0.00                      0.05  -0.05     0.00
  SINCE OCT 1     53.01                     62.98  -9.97    52.69
  SINCE JAN 1     27.39                     35.96  -8.57    40.53

DEGREE DAYS
 HEATING
  YESTERDAY        0                         6     -6        0
  MONTH TO DATE    0                         6     -6        0
  SINCE JUN 1    149                       248    -99      180
  SINCE JUL 1      0                         6     -6        0

 COOLING
  YESTERDAY        2                         0      2        7
  MONTH TO DATE    2                         0      2        7
  SINCE JUN 1      6                         0      6        7
  SINCE JAN 1      8                         0      8       18
..................................................................


WIND (MPH)
  HIGHEST WIND SPEED    22   HIGHEST WIND DIRECTION    NW (310)
  HIGHEST GUST SPEED    29   HIGHEST GUST DIRECTION    NW (320)
  AVERAGE WIND SPEED     7.1


SKY COVER
  POSSIBLE SUNSHINE  MM
  AVERAGE SKY COVER 0.3


WEATHER CONDITIONS
 THE FOLLOWING WEATHER WAS RECORDED YESTERDAY.
  FOG


RELATIVE HUMIDITY (PERCENT)
 HIGHEST    93          1200 AM
 LOWEST     45           400 PM
 AVERAGE    69

..........................................................


THE ASTORIA OR CLIMATE NORMALS FOR TODAY
                         NORMAL    RECORD    YEAR
 MAXIMUM TEMPERATURE (F)   66        93      1906
 MINIMUM TEMPERATURE (F)   52        40      1949


SUNRISE AND SUNSET
JULY  2 2015..........SUNRISE   529 AM PDT   SUNSET   910 PM PDT
JULY  3 2015..........SUNRISE   529 AM PDT   SUNSET   910 PM PDT


-  INDICATES NEGATIVE NUMBERS.
R  INDICATES RECORD WAS SET OR TIED.
MM INDICATES DATA IS MISSING.
T  INDICATES TRACE AMOUNT.




$$
