000
CDUS42 KFFC 220830
CLIATL


CLIMATE REPORT
NATIONAL WEATHER SERVICE PEACHTREE CITY GA
429 AM EDT TUE AUG 22 2017


...................................

...THE ATLANTA CLIMATE SUMMARY FOR AUGUST 21 2017...

CLIMATE NORMAL PERIOD 1981 TO 2010
CLIMATE RECORD PERIOD 1878 TO 2017


WEATHER ITEM   OBSERVED TIME   RECORD YEAR NORMAL DEPARTURE LAST
                VALUE   (LST)  VALUE       VALUE  FROM      YEAR
                                                  NORMAL
..................................................................
TEMPERATURE (F)
 YESTERDAY
  MAXIMUM         92   1227 PM 101    1983  88      4       89
  MINIMUM         75    438 AM  57    1927  71      4       72
  AVERAGE         84                        79      5       81

PRECIPITATION (IN)
  YESTERDAY        0.00          1.80 1952   0.14  -0.14     0.35
  MONTH TO DATE    4.24                      2.60   1.64     2.26
  SINCE JUN 1     14.63                     11.82   2.81     9.18
  SINCE JAN 1     37.71                     32.53   5.18    28.32

DEGREE DAYS
 HEATING
  YESTERDAY        0                         0      0        0
  MONTH TO DATE    0                         0      0        0
  SINCE JUN 1      0                         2     -2        0
  SINCE JUL 1      0                         0      0        0

 COOLING
  YESTERDAY       19                        14      5       16
  MONTH TO DATE  317                       311      6      382
  SINCE JUN 1   1183                      1153     30     1448
  SINCE JAN 1   1591                      1403    188     1777
..................................................................


WIND (MPH)
  RESULTANT WIND SPEED   5   RESULTANT WIND DIRECTION   E (110)
  HIGHEST WIND SPEED    12   HIGHEST WIND DIRECTION     S (170)
  HIGHEST GUST SPEED    17   HIGHEST GUST DIRECTION     E (90)
  AVERAGE WIND SPEED     5.7


SKY COVER
  AVERAGE SKY COVER 0.3


WEATHER CONDITIONS
 THE FOLLOWING WEATHER WAS RECORDED YESTERDAY.
  HAZE


RELATIVE HUMIDITY (PERCENT)
 HIGHEST    82           500 AM
 LOWEST     47           600 PM
 AVERAGE    65

..........................................................


THE ATLANTA CLIMATE NORMALS FOR TODAY
                         NORMAL    RECORD    YEAR
 MAXIMUM TEMPERATURE (F)   88       104      2007
 MINIMUM TEMPERATURE (F)   71        57      1930


SUNRISE AND SUNSET
AUGUST 22 2017........SUNRISE   705 AM EDT   SUNSET   816 PM EDT
AUGUST 23 2017........SUNRISE   706 AM EDT   SUNSET   814 PM EDT


-  INDICATES NEGATIVE NUMBERS.
R  INDICATES RECORD WAS SET OR TIED.
MM INDICATES DATA IS MISSING.
T  INDICATES TRACE AMOUNT.




$$
