000
CDUS42 KFFC 260823
CLIATL


CLIMATE REPORT
NATIONAL WEATHER SERVICE PEACHTREE CITY GA
422 AM EDT SUN MAR 26 2017


...................................

...THE ATLANTA CLIMATE SUMMARY FOR MARCH 25 2017...

CLIMATE NORMAL PERIOD 1981 TO 2010
CLIMATE RECORD PERIOD 1878 TO 2017


WEATHER ITEM   OBSERVED TIME   RECORD YEAR NORMAL DEPARTURE LAST
                VALUE   (LST)  VALUE       VALUE  FROM      YEAR
                                                  NORMAL
..................................................................
TEMPERATURE (F)
 YESTERDAY
  MAXIMUM         76    344 PM  87    2007  67      9       74
  MINIMUM         56    701 AM  26    1940  46     10       58
  AVERAGE         66                        57      9       66

PRECIPITATION (IN)
  YESTERDAY        0.07          2.53 1964   0.15  -0.08      T
  MONTH TO DATE    1.94                      3.94  -2.00     1.87
  SINCE MAR 1      1.94                      3.94  -2.00     1.87
  SINCE JAN 1     11.99                     12.81  -0.82    14.40

SNOWFALL (IN)
  YESTERDAY        0.0           T    2013   0.0    0.0      0.0
  MONTH TO DATE    T                         0.7   -0.7       T
  SINCE MAR 1      T                         0.7   -0.7       T
  SINCE JUL 1      T                         2.8   -2.8      0.3
  SNOW DEPTH       0

DEGREE DAYS
 HEATING
  YESTERDAY        0                         9     -9        0
  MONTH TO DATE  263                       293    -30      153
  SINCE MAR 1    263                       293    -30      153
  SINCE JUL 1   1619                      2548   -929     1868

 COOLING
  YESTERDAY        1                         1      0        1
  MONTH TO DATE   14                         1     13       35
  SINCE MAR 1     14                         1     13       35
  SINCE JAN 1     19                         2     17       35
..................................................................


WIND (MPH)
  RESULTANT WIND SPEED   9   RESULTANT WIND DIRECTION  SE (150)
  HIGHEST WIND SPEED    20   HIGHEST WIND DIRECTION     S (170)
  HIGHEST GUST SPEED    24   HIGHEST GUST DIRECTION    SE (150)
  AVERAGE WIND SPEED     9.7


SKY COVER
  AVERAGE SKY COVER 0.7


WEATHER CONDITIONS
 THE FOLLOWING WEATHER WAS RECORDED YESTERDAY.
  LIGHT RAIN
  FOG


RELATIVE HUMIDITY (PERCENT)
 HIGHEST    86           700 AM
 LOWEST     41           400 PM
 AVERAGE    64

..........................................................


THE ATLANTA CLIMATE NORMALS FOR TODAY
                         NORMAL    RECORD    YEAR
 MAXIMUM TEMPERATURE (F)   67        85      1991
 MINIMUM TEMPERATURE (F)   46        20      1894


SUNRISE AND SUNSET
MARCH 26 2017.........SUNRISE   733 AM EDT   SUNSET   754 PM EDT
MARCH 27 2017.........SUNRISE   732 AM EDT   SUNSET   755 PM EDT


-  INDICATES NEGATIVE NUMBERS.
R  INDICATES RECORD WAS SET OR TIED.
MM INDICATES DATA IS MISSING.
T  INDICATES TRACE AMOUNT.




$$
