000
CDUS42 KFFC 260023
CLIATL


CLIMATE REPORT
NATIONAL WEATHER SERVICE PEACHTREE CITY GA
823 PM EDT FRI JUL 25 2014


...................................

...THE ATLANTA CLIMATE SUMMARY FOR JULY 25 2014...
VALID AS OF 0800 PM LOCAL TIME.

CLIMATE NORMAL PERIOD 1981 TO 2010
CLIMATE RECORD PERIOD 1878 TO 2014


WEATHER ITEM   OBSERVED TIME   RECORD YEAR NORMAL DEPARTURE LAST
                VALUE   (LST)  VALUE       VALUE  FROM      YEAR
                                                  NORMAL
..................................................................
TEMPERATURE (F)
 TODAY
  MAXIMUM         88    540 PM 102    1995  89     -1       89
  MINIMUM         69    541 AM  60    1882  71     -2       71
  AVERAGE         79                        80     -1       80

PRECIPITATION (IN)
  TODAY            0.00          3.34 1945   0.15  -0.15     0.00
  MONTH TO DATE    4.47                      4.37   0.10     6.85
  SINCE JUN 1      9.57                      8.32   1.25    16.42
  SINCE JAN 1     28.04                     29.03  -0.99    44.17

SNOWFALL (IN)
  TODAY            0.0           0.0  2002   0.0    0.0      0.0
                                      2001
  MONTH TO DATE    0.0                       0.0    0.0      0.0
  SINCE JUN 1      0.0                       0.0    0.0      0.0
  SINCE JUL 1      0.0                       0.0    0.0      0.0
  SNOW DEPTH       0

DEGREE DAYS
 HEATING
  TODAY            0                         0      0        0
  MONTH TO DATE    0                         0      0        0
  SINCE JUN 1      0                         2     -2        0
  SINCE JUL 1      0                         0      0        0

 COOLING
  TODAY           14                        15     -1       15
  MONTH TO DATE  334                       375    -41      320
  SINCE JUN 1    739                       746     -7      703
  SINCE JAN 1   1022                       996     26      911
..................................................................


WIND (MPH)
  RESULTANT WIND SPEED   3   RESULTANT WIND DIRECTION  NW (300)
  HIGHEST WIND SPEED    13   HIGHEST WIND DIRECTION    NW (320)
  HIGHEST GUST SPEED    18   HIGHEST GUST DIRECTION    NW (320)
  AVERAGE WIND SPEED     4.5


SKY COVER
  AVERAGE SKY COVER 0.5


WEATHER CONDITIONS
 THE FOLLOWING WEATHER WAS RECORDED TODAY.
  FOG
  HAZE


RELATIVE HUMIDITY (PERCENT)
 HIGHEST    97           500 AM
 LOWEST     46           300 PM

..........................................................


THE ATLANTA CLIMATE NORMALS FOR TOMORROW
                         NORMAL    RECORD    YEAR
 MAXIMUM TEMPERATURE (F)   89        98      2012
                                             1901
 MINIMUM TEMPERATURE (F)   71        59      1911


SUNRISE AND SUNSET
JULY 25 2014..........SUNRISE   645 AM EDT   SUNSET   843 PM EDT
JULY 26 2014..........SUNRISE   646 AM EDT   SUNSET   842 PM EDT


-  INDICATES NEGATIVE NUMBERS.
R  INDICATES RECORD WAS SET OR TIED.
MM INDICATES DATA IS MISSING.
T  INDICATES TRACE AMOUNT.




$$
