000
CDUS42 KFFC 190917
CLIATL


CLIMATE REPORT
NATIONAL WEATHER SERVICE PEACHTREE CITY GA
417 AM EST MON FEB 19 2018


...................................

...THE ATLANTA CLIMATE SUMMARY FOR FEBRUARY 18 2018...

CLIMATE NORMAL PERIOD 1981 TO 2010
CLIMATE RECORD PERIOD 1878 TO 2018


WEATHER ITEM   OBSERVED TIME   RECORD YEAR NORMAL DEPARTURE LAST
                VALUE   (LST)  VALUE       VALUE  FROM      YEAR
                                                  NORMAL
..................................................................
TEMPERATURE (F)
 YESTERDAY
  MAXIMUM         66    246 PM  75    1951  57      9       62
                                      1891
  MINIMUM         48    731 AM   8    1900  38     10       49
  AVERAGE         57                        48      9       56

PRECIPITATION (IN)
  YESTERDAY        0.03          2.16 1926   0.16  -0.13     0.06
  MONTH TO DATE    4.92                      3.01   1.91     1.37
  SINCE DEC 1     12.56                     11.11   1.45    12.55
  SINCE JAN 1      8.18                      7.21   0.97     9.55

SNOWFALL (IN)
  YESTERDAY        0.0           T    2015   0.1   -0.1      0.0
                                      2009
                                      2006
  MONTH TO DATE    0.0                       0.3   -0.3      0.0
  SINCE DEC 1      4.7                       2.0    2.7       T
  SINCE JUL 1      4.7                       2.0    2.7       T
  SNOW DEPTH       0

DEGREE DAYS
 HEATING
  YESTERDAY        8                        17     -9        9
  MONTH TO DATE  212                       340   -128      192
  SINCE DEC 1   1522                      1626   -104     1081
  SINCE JUL 1   1919                      2094   -175     1303

 COOLING
  YESTERDAY        0                         0      0        0
  MONTH TO DATE    0                         0      0        0
  SINCE DEC 1      0                         1     -1        2
  SINCE JAN 1      0                         0      0        2
..................................................................


WIND (MPH)
  RESULTANT WIND SPEED   2   RESULTANT WIND DIRECTION   N (350)
  HIGHEST WIND SPEED    17   HIGHEST WIND DIRECTION    NW (330)
  HIGHEST GUST SPEED    25   HIGHEST GUST DIRECTION     N (340)
  AVERAGE WIND SPEED     7.7


SKY COVER
  AVERAGE SKY COVER 0.7


WEATHER CONDITIONS
 THE FOLLOWING WEATHER WAS RECORDED YESTERDAY.
  RAIN
  LIGHT RAIN
  FOG


RELATIVE HUMIDITY (PERCENT)
 HIGHEST    97           100 AM
 LOWEST     56           100 PM
 AVERAGE    77

..........................................................


THE ATLANTA CLIMATE NORMALS FOR TODAY
                         NORMAL    RECORD    YEAR
 MAXIMUM TEMPERATURE (F)   58        78      1891
 MINIMUM TEMPERATURE (F)   39        13      1958


SUNRISE AND SUNSET
FEBRUARY 19 2018......SUNRISE   718 AM EST   SUNSET   626 PM EST
FEBRUARY 20 2018......SUNRISE   717 AM EST   SUNSET   627 PM EST


-  INDICATES NEGATIVE NUMBERS.
R  INDICATES RECORD WAS SET OR TIED.
MM INDICATES DATA IS MISSING.
T  INDICATES TRACE AMOUNT.




$$
