000
CDUS42 KFFC 030024
CLIATL


CLIMATE REPORT
NATIONAL WEATHER SERVICE PEACHTREE CITY GA
824 PM EDT SUN AUG 2 2015


...................................

...THE ATLANTA CLIMATE SUMMARY FOR AUGUST 2 2015...
VALID AS OF 0800 PM LOCAL TIME.

CLIMATE NORMAL PERIOD 1981 TO 2010
CLIMATE RECORD PERIOD 1878 TO 2015


WEATHER ITEM   OBSERVED TIME   RECORD YEAR NORMAL DEPARTURE LAST
                VALUE   (LST)  VALUE       VALUE  FROM      YEAR
                                                  NORMAL
..................................................................
TEMPERATURE (F)
 TODAY
  MAXIMUM         94    511 PM  99    2012  89      5       84
                                      1957
  MINIMUM         70    555 AM  60    1895  71     -1       67
  AVERAGE         82                        80      2       76

PRECIPITATION (IN)
  TODAY            0.00          1.80 1909   0.12  -0.12     0.00
  MONTH TO DATE    0.00                      0.25  -0.25      T
  SINCE JUN 1     11.92                      9.47   2.45     9.70
  SINCE JAN 1     35.64                     30.18   5.46    28.17

SNOWFALL (IN)
  TODAY            0.0           0.0  2002   0.0    0.0      0.0
                                      2001
  MONTH TO DATE    0.0                       0.0    0.0      0.0
  SINCE JUN 1      0.0                       0.0    0.0      0.0
  SINCE JUL 1      0.0                       0.0    0.0      0.0
  SNOW DEPTH       0

DEGREE DAYS
 HEATING
  TODAY            0                         0      0        0
  MONTH TO DATE    0                         0      0        0
  SINCE JUN 1      0                         2     -2        0
  SINCE JUL 1      0                         0      0        0

 COOLING
  TODAY           17                        15      2       11
  MONTH TO DATE   33                        30      3       20
  SINCE JUN 1    996                       872    124      834
  SINCE JAN 1   1355                      1122    233     1117
..................................................................


WIND (MPH)
  RESULTANT WIND SPEED   4   RESULTANT WIND DIRECTION  NE (50)
  HIGHEST WIND SPEED    15   HIGHEST WIND DIRECTION     E (70)
  HIGHEST GUST SPEED    21   HIGHEST GUST DIRECTION     N (20)
  AVERAGE WIND SPEED     5.9


SKY COVER
  AVERAGE SKY COVER 0.3


WEATHER CONDITIONS
 THE FOLLOWING WEATHER WAS RECORDED TODAY.
  NO SIGNIFICANT WEATHER WAS OBSERVED.


RELATIVE HUMIDITY (PERCENT)
 HIGHEST    73           600 AM
 LOWEST     32           600 PM

..........................................................


THE ATLANTA CLIMATE NORMALS FOR TOMORROW
                         NORMAL    RECORD    YEAR
 MAXIMUM TEMPERATURE (F)   89        99      1957
 MINIMUM TEMPERATURE (F)   71        63      1998


SUNRISE AND SUNSET
AUGUST  2 2015........SUNRISE   650 AM EDT   SUNSET   837 PM EDT
AUGUST  3 2015........SUNRISE   651 AM EDT   SUNSET   836 PM EDT


-  INDICATES NEGATIVE NUMBERS.
R  INDICATES RECORD WAS SET OR TIED.
MM INDICATES DATA IS MISSING.
T  INDICATES TRACE AMOUNT.




$$
