000
CDUS44 KEWX 022251
CLIATT


CLIMATE REPORT
NATIONAL WEATHER SERVICE AUSTIN/SAN ANTONIO, TX
550 PM CDT TUE JUN 2 2015


...................................

...THE AUSTIN CAMP MABRY CLIMATE SUMMARY FOR JUNE 2 2015...
VALID TODAY AS OF 550 PM LOCAL TIME.

CLIMATE NORMAL PERIOD 1981 TO 2010
CLIMATE RECORD PERIOD 1897 TO 2015


WEATHER ITEM   OBSERVED TIME   RECORD YEAR NORMAL DEPARTURE LAST
                VALUE   (LST)  VALUE       VALUE  FROM      YEAR
                                                  NORMAL
..................................................................
TEMPERATURE (F)
 TODAY
  MAXIMUM         90    319 PM 101    2008  90      0       91
  MINIMUM         67    549 AM  55    1919  70     -3       74
                                      1907
  AVERAGE         79                        80     -1       83

PRECIPITATION (IN)
  TODAY            0.00          2.60 1924   0.17  -0.17     0.00
  MONTH TO DATE    0.00                      0.33  -0.33     0.00
  SINCE JUN 1      0.00                      0.33  -0.33     0.00
  SINCE JAN 1     30.25                     13.86  16.39    11.08

SNOWFALL (IN)
  TODAY            0.0
  MONTH TO DATE    0.0
  SINCE JUN 1      0.0
  SINCE JUL 1      T
  SNOW DEPTH       0

DEGREE DAYS
 HEATING
  TODAY            0                         0      0        0
  MONTH TO DATE    0                         0      0        0
  SINCE JUN 1      0                         0      0        0
  SINCE JUL 1   1698                      1539    159     1776

 COOLING
  TODAY           14                        15     -1       18
  MONTH TO DATE   25                        30     -5       33
  SINCE JUN 1     25                        30     -5       33
  SINCE JAN 1    626                       643    -17      607
..................................................................


WIND (MPH)
  HIGHEST WIND SPEED     9   HIGHEST WIND DIRECTION     S (170)
  HIGHEST GUST SPEED    16   HIGHEST GUST DIRECTION     S (160)
  AVERAGE WIND SPEED     2.1


SKY COVER
  AVERAGE SKY COVER 0.1


WEATHER CONDITIONS
 THE FOLLOWING WEATHER WAS RECORDED TODAY.
  NO SIGNIFICANT WEATHER WAS OBSERVED.


RELATIVE HUMIDITY (PERCENT)
 HIGHEST    93           600 AM
 LOWEST     46           400 PM
 AVERAGE    70

..........................................................


THE AUSTIN CAMP MABRY CLIMATE NORMALS FOR TOMORROW
                         NORMAL    RECORD    YEAR
 MAXIMUM TEMPERATURE (F)   90       100      2008
 MINIMUM TEMPERATURE (F)   71        52      1919


SUNRISE AND SUNSET
JUNE  2 2015..........SUNRISE   629 AM CDT   SUNSET   828 PM CDT
JUNE  3 2015..........SUNRISE   629 AM CDT   SUNSET   829 PM CDT


-  INDICATES NEGATIVE NUMBERS.
R  INDICATES RECORD WAS SET OR TIED.
MM INDICATES DATA IS MISSING.
T  INDICATES TRACE AMOUNT.




$$
