000
CDUS44 KEWX 272248
CLIATT


CLIMATE REPORT
NATIONAL WEATHER SERVICE AUSTIN/SAN ANTONIO, TX
547 PM CDT THU JUL 27 2017


...................................

...THE AUSTIN CAMP MABRY CLIMATE SUMMARY FOR JULY 27 2017...
VALID TODAY AS OF 540 PM LOCAL TIME.

CLIMATE NORMAL PERIOD 1981 TO 2010
CLIMATE RECORD PERIOD 1897 TO 2017


WEATHER ITEM   OBSERVED TIME   RECORD YEAR NORMAL DEPARTURE LAST
                VALUE   (LST)  VALUE       VALUE  FROM      YEAR
                                                  NORMAL
..................................................................
TEMPERATURE (F)
 TODAY
  MAXIMUM        103    303 PM 105    2009  97      6       92
                                      1954
                                      1923
  MINIMUM         75    604 AM  68    1903  75      0       74
                                      1900
  AVERAGE         89                        86      3       83

PRECIPITATION (IN)
  TODAY            0.00          3.28 1979   0.05  -0.05     1.06
  MONTH TO DATE    0.23                      1.65  -1.42     1.94
  SINCE JUN 1      3.28                      5.98  -2.70     4.55
  SINCE JAN 1     16.06                     19.51  -3.45    24.01

SNOWFALL (IN)
  TODAY            0.0
  MONTH TO DATE    0.0
  SINCE JUN 1      0.0
  SINCE JUL 1      0.0
  SNOW DEPTH       0

DEGREE DAYS
 HEATING
  TODAY            0                         0      0        0
  MONTH TO DATE    0                         0      0        0
  SINCE JUN 1      0                         0      0        0
  SINCE JUL 1      0                         0      0        0

 COOLING
  TODAY           24                        21      3       18
  MONTH TO DATE  645                       536    109      635
  SINCE JUN 1   1222                      1052    170     1184
  SINCE JAN 1   2084                      1665    419     1799
..................................................................


WIND (MPH)
  HIGHEST WIND SPEED    12   HIGHEST WIND DIRECTION    SE (150)
  HIGHEST GUST SPEED    17   HIGHEST GUST DIRECTION     S (190)
  AVERAGE WIND SPEED     3.9


SKY COVER
  AVERAGE SKY COVER 0.0


WEATHER CONDITIONS
 THE FOLLOWING WEATHER WAS RECORDED TODAY.
  NO SIGNIFICANT WEATHER WAS OBSERVED.


RELATIVE HUMIDITY (PERCENT)
 HIGHEST    82           500 AM
 LOWEST     25           400 PM
 AVERAGE    54

..........................................................


THE AUSTIN CAMP MABRY CLIMATE NORMALS FOR TOMORROW
                         NORMAL    RECORD    YEAR
 MAXIMUM TEMPERATURE (F)   97       105      1923
 MINIMUM TEMPERATURE (F)   75        68      1916
                                             1903


SUNRISE AND SUNSET
JULY 27 2017..........SUNRISE   646 AM CDT   SUNSET   828 PM CDT
JULY 28 2017..........SUNRISE   647 AM CDT   SUNSET   827 PM CDT


-  INDICATES NEGATIVE NUMBERS.
R  INDICATES RECORD WAS SET OR TIED.
MM INDICATES DATA IS MISSING.
T  INDICATES TRACE AMOUNT.




$$
