000
CDUS44 KEWX 202226
CLIATT


CLIMATE REPORT
NATIONAL WEATHER SERVICE AUSTIN/SAN ANTONIO, TX
526 PM CDT SUN APR 20 2014


...................................

...THE AUSTIN CAMP MABRY CLIMATE SUMMARY FOR APRIL 20 2014...
VALID TODAY AS OF 525 PM LOCAL TIME.

CLIMATE NORMAL PERIOD 1981 TO 2010
CLIMATE RECORD PERIOD 1898 TO 2014


WEATHER ITEM   OBSERVED TIME   RECORD YEAR NORMAL DEPARTURE LAST
                VALUE   (LST)  VALUE       VALUE  FROM      YEAR
                                                  NORMAL
..................................................................
TEMPERATURE (F)
 TODAY
  MAXIMUM         75   1250 PM  97    1925  81     -6       73
  MINIMUM         61    618 AM  39    1924  60      1       41
  AVERAGE         68                        70     -2       57

PRECIPITATION (IN)
  TODAY            0.00          1.85 1927   0.07  -0.07     0.00
  MONTH TO DATE    1.88                      1.27   0.61     3.19
  SINCE MAR 1      3.15                      4.03  -0.88     4.36
  SINCE JAN 1      3.98                      8.27  -4.29     7.62

SNOWFALL (IN)
  TODAY            0.0
  MONTH TO DATE    T
  SINCE MAR 1      T
  SINCE JUL 1      0.2
  SNOW DEPTH       0

DEGREE DAYS
 HEATING
  TODAY            0                         1     -1        8
  MONTH TO DATE   49                        34     15       65
  SINCE MAR 1    275                       196     79      204
  SINCE JUL 1   1771                      1533    238     1225

 COOLING
  TODAY            3                         6     -3        0
  MONTH TO DATE   75                        94    -19       91
  SINCE MAR 1    118                       155    -37      169
  SINCE JAN 1    159                       182    -23      218
..................................................................


WIND (MPH)
  HIGHEST WIND SPEED    12   HIGHEST WIND DIRECTION    SE (150)
  HIGHEST GUST SPEED    19   HIGHEST GUST DIRECTION    SE (130)
  AVERAGE WIND SPEED     6.0


SKY COVER
  AVERAGE SKY COVER 0.9


WEATHER CONDITIONS
 THE FOLLOWING WEATHER WAS RECORDED TODAY.
  FOG


RELATIVE HUMIDITY (PERCENT)
 HIGHEST    97           600 AM
 LOWEST     64           200 PM
 AVERAGE    81

..........................................................


THE AUSTIN CAMP MABRY CLIMATE NORMALS FOR TOMORROW
                         NORMAL    RECORD    YEAR
 MAXIMUM TEMPERATURE (F)   81        95      1925
 MINIMUM TEMPERATURE (F)   60        43      1953
                                             1907


SUNRISE AND SUNSET
APRIL 20 2014.........SUNRISE   658 AM CDT   SUNSET   802 PM CDT
APRIL 21 2014.........SUNRISE   657 AM CDT   SUNSET   802 PM CDT


-  INDICATES NEGATIVE NUMBERS.
R  INDICATES RECORD WAS SET OR TIED.
MM INDICATES DATA IS MISSING.
T  INDICATES TRACE AMOUNT.




$$
