000
CDUS44 KEWX 212225
CLIATT


CLIMATE REPORT
NATIONAL WEATHER SERVICE AUSTIN/SAN ANTONIO, TX
524 PM CDT TUE OCT 21 2014

...................................

...THE AUSTIN CAMP MABRY CLIMATE SUMMARY FOR OCTOBER 21 2014...
VALID TODAY AS OF 0500 PM LOCAL TIME.

CLIMATE NORMAL PERIOD 1981 TO 2010
CLIMATE RECORD PERIOD 1897 TO 2014


WEATHER ITEM   OBSERVED TIME   RECORD YEAR NORMAL DEPARTURE LAST
                VALUE   (LST)  VALUE       VALUE  FROM      YEAR
                                                  NORMAL
..................................................................
TEMPERATURE (F)
 TODAY
  MAXIMUM         83    250 PM  92    1979  81      2       81
                                      1934
  MINIMUM         58    625 AM  39    1976  59     -1       59
  AVERAGE         71                        70      1       70

PRECIPITATION (IN)
  TODAY            0.00          1.73 1984   0.15  -0.15     0.53
  MONTH TO DATE    1.55                      2.67  -1.12     8.51
  SINCE SEP 1      8.53                      5.66   2.87    14.33
  SINCE JAN 1     28.39                     27.75   0.64    32.11

SNOWFALL (IN)
  TODAY            0.0
  MONTH TO DATE    0.0
  SINCE SEP 1      0.0
  SINCE JUL 1      0.0
  SNOW DEPTH       0

DEGREE DAYS
 HEATING
  TODAY            0                         1     -1        0
  MONTH TO DATE    0                        10    -10       20
  SINCE SEP 1      2                        12    -10       20
  SINCE JUL 1      2                        12    -10       20

 COOLING
  TODAY            6                         6      0        5
  MONTH TO DATE  222                       172     50      170
  SINCE SEP 1    698                       622     76      732
  SINCE JAN 1   3091                      3016     75     3342
..................................................................


WIND (MPH)
  HIGHEST WIND SPEED    10   HIGHEST WIND DIRECTION     E (100)
  HIGHEST GUST SPEED    16   HIGHEST GUST DIRECTION     E (110)
  AVERAGE WIND SPEED     2.5


SKY COVER
  AVERAGE SKY COVER 0.0


WEATHER CONDITIONS
 THE FOLLOWING WEATHER WAS RECORDED TODAY.
  FOG


RELATIVE HUMIDITY (PERCENT)
 HIGHEST    93           700 AM
 LOWEST     28           300 PM
 AVERAGE    61

..........................................................


THE AUSTIN CAMP MABRY CLIMATE NORMALS FOR TOMORROW
                         NORMAL    RECORD    YEAR
 MAXIMUM TEMPERATURE (F)   80        92      2003
                                             1939
                                             1933
 MINIMUM TEMPERATURE (F)   59        37      1923


SUNRISE AND SUNSET
OCTOBER 21 2014.......SUNRISE   737 AM CDT   SUNSET   653 PM CDT
OCTOBER 22 2014.......SUNRISE   738 AM CDT   SUNSET   652 PM CDT


-  INDICATES NEGATIVE NUMBERS.
R  INDICATES RECORD WAS SET OR TIED.
MM INDICATES DATA IS MISSING.
T  INDICATES TRACE AMOUNT.


$$
