000
CDUS44 KEWX 042256
CLIATT


CLIMATE REPORT
NATIONAL WEATHER SERVICE AUSTIN/SAN ANTONIO, TX
555 PM CDT WED MAY 4 2016


...................................

...THE AUSTIN CAMP MABRY CLIMATE SUMMARY FOR MAY 4 2016...
VALID TODAY AS OF 555 PM LOCAL TIME.

CLIMATE NORMAL PERIOD 1981 TO 2010
CLIMATE RECORD PERIOD 1897 TO 2016


WEATHER ITEM   OBSERVED TIME   RECORD YEAR NORMAL DEPARTURE LAST
                VALUE   (LST)  VALUE       VALUE  FROM      YEAR
                                                  NORMAL
..................................................................
TEMPERATURE (F)
 TODAY
  MAXIMUM         87    337 PM 100    1984  84      3       84
  MINIMUM         54    253 AM  42    1907  64    -10       66
  AVERAGE         71                        74     -3       75

PRECIPITATION (IN)
  TODAY            0.00          2.70 1895   0.12  -0.12     0.00
  MONTH TO DATE    T                         0.49  -0.49     0.00
  SINCE MAR 1     10.63                      5.34   5.29     7.14
  SINCE JAN 1     12.31                      9.58   2.73    12.66

SNOWFALL (IN)
  TODAY            0.0
  MONTH TO DATE    0.0
  SINCE MAR 1      T
  SINCE JUL 1      T
  SNOW DEPTH       0

DEGREE DAYS
 HEATING
  TODAY            0                         0      0        0
  MONTH TO DATE    1                         0      1        0
  SINCE MAR 1     84                       200   -116      215
  SINCE JUL 1   1081                      1537   -456     1698

 COOLING
  TODAY            6                         9     -3       10
  MONTH TO DATE   15                        34    -19       27
  SINCE MAR 1    298                       259     39      294
  SINCE JAN 1    337                       286     51      305
..................................................................


WIND (MPH)
  HIGHEST WIND SPEED    13   HIGHEST WIND DIRECTION     W (280)
  HIGHEST GUST SPEED    19   HIGHEST GUST DIRECTION     W (290)
  AVERAGE WIND SPEED     5.2


SKY COVER
  AVERAGE SKY COVER 0.0


WEATHER CONDITIONS
 THE FOLLOWING WEATHER WAS RECORDED TODAY.
  NO SIGNIFICANT WEATHER WAS OBSERVED.


RELATIVE HUMIDITY (PERCENT)
 HIGHEST    89           300 AM
 LOWEST     27           400 PM
 AVERAGE    58

..........................................................


THE AUSTIN CAMP MABRY CLIMATE NORMALS FOR TOMORROW
                         NORMAL    RECORD    YEAR
 MAXIMUM TEMPERATURE (F)   84       100      1984
 MINIMUM TEMPERATURE (F)   64        47      1944
                                             1935


SUNRISE AND SUNSET
MAY  4 2016...........SUNRISE   644 AM CDT   SUNSET   811 PM CDT
MAY  5 2016...........SUNRISE   644 AM CDT   SUNSET   812 PM CDT


-  INDICATES NEGATIVE NUMBERS.
R  INDICATES RECORD WAS SET OR TIED.
MM INDICATES DATA IS MISSING.
T  INDICATES TRACE AMOUNT.




$$
