971
CDUS44 KEWX 230809
CLIATT


CLIMATE REPORT
NATIONAL WEATHER SERVICE AUSTIN/SAN ANTONIO, TX
209 AM CST THU FEB 23 2017


...................................

...THE AUSTIN CAMP MABRY CLIMATE SUMMARY FOR FEBRUARY 22 2017...

CLIMATE NORMAL PERIOD 1981 TO 2010
CLIMATE RECORD PERIOD 1897 TO 2017


WEATHER ITEM   OBSERVED TIME   RECORD YEAR NORMAL DEPARTURE LAST
                VALUE   (LST)  VALUE       VALUE  FROM      YEAR
                                                  NORMAL
..................................................................
TEMPERATURE (F)
 YESTERDAY
  MAXIMUM         87    356 PM  95    1996  67     20       72
  MINIMUM         51    706 AM  27    1978  46      5       57
                                      1963
                                      1911
  AVERAGE         69                        56     13

PRECIPITATION (IN)
  YESTERDAY        0.00          3.00 1958   0.07  -0.07     0.00
  MONTH TO DATE    2.09                      1.58   0.51     0.01
  SINCE DEC 1      8.76                      6.20   2.56     3.35
  SINCE JAN 1      6.22                      3.80   2.42     0.35

SNOWFALL (IN)
  YESTERDAY        0.0
  MONTH TO DATE    0.0
  SINCE DEC 1      0.0
  SINCE JUL 1      0.0
  SNOW DEPTH       0

DEGREE DAYS
 HEATING
  YESTERDAY        0                         9     -9        0
  MONTH TO DATE   85                       246   -161      120
  SINCE DEC 1    699                      1074   -375      785
  SINCE JUL 1    759                      1286   -527      945

 COOLING
  YESTERDAY        4                         1      3        0
  MONTH TO DATE   66                        17     49       24
  SINCE DEC 1    128                        39     89       52
  SINCE JAN 1     88                        26     62       32
..................................................................


WIND (MPH)
  HIGHEST WIND SPEED    10   HIGHEST WIND DIRECTION    SE (150)
  HIGHEST GUST SPEED    15   HIGHEST GUST DIRECTION    SE (150)
  AVERAGE WIND SPEED     2.7


SKY COVER
  AVERAGE SKY COVER 0.0


WEATHER CONDITIONS
 THE FOLLOWING WEATHER WAS RECORDED YESTERDAY.
  NO SIGNIFICANT WEATHER WAS OBSERVED.


RELATIVE HUMIDITY (PERCENT)
 HIGHEST    71           100 AM
 LOWEST     24           100 PM
 AVERAGE    48

..........................................................


THE AUSTIN CAMP MABRY CLIMATE NORMALS FOR TODAY
                         NORMAL    RECORD    YEAR
 MAXIMUM TEMPERATURE (F)   67        95      1996
 MINIMUM TEMPERATURE (F)   47        20      1901


SUNRISE AND SUNSET
FEBRUARY 23 2017......SUNRISE   703 AM CST   SUNSET   626 PM CST
FEBRUARY 24 2017......SUNRISE   702 AM CST   SUNSET   626 PM CST


-  INDICATES NEGATIVE NUMBERS.
R  INDICATES RECORD WAS SET OR TIED.
MM INDICATES DATA IS MISSING.
T  INDICATES TRACE AMOUNT.




$$
