891
CDUS43 KABR 241035
CLIATY


CLIMATE REPORT
NATIONAL WEATHER SERVICE ABERDEEN SD
534 AM CDT TUE MAY 24 2016


...................................

...THE WATERTOWN SD CLIMATE SUMMARY FOR MAY 23 2016...

CLIMATE NORMAL PERIOD 1981 TO 2010
CLIMATE RECORD PERIOD 1898 TO 2016


WEATHER ITEM   OBSERVED TIME   RECORD YEAR NORMAL DEPARTURE LAST
                VALUE   (LST)  VALUE       VALUE  FROM      YEAR
                                                  NORMAL
..................................................................
TEMPERATURE (F)
 YESTERDAY
  MAXIMUM         74    642 PM  92    1950  69      5       67
  MINIMUM         60   1159 PM  30    1917  47     13       46
  AVERAGE         67                        58      9       57

PRECIPITATION (IN)
  YESTERDAY        0.27          1.75 1965   0.09   0.18      T
  MONTH TO DATE    1.01                      1.89  -0.88     2.67
  SINCE MAR 1      3.53                      5.02  -1.49     3.41
  SINCE JAN 1      4.56                      6.10  -1.54     4.06

DEGREE DAYS
 HEATING
  YESTERDAY        0                         7     -7        8
  MONTH TO DATE  209                       244    -35      255
  SINCE MAR 1   1560                      1984   -424     1737
  SINCE JUL 1   6879                      8395  -1516     8129

 COOLING
  YESTERDAY        2                         1      1        0
  MONTH TO DATE   13                        12      1        0
  SINCE MAR 1     13                        14     -1        0
  SINCE JAN 1     13                        14     -1        0
..................................................................


WIND (MPH)
  HIGHEST WIND SPEED    32   HIGHEST WIND DIRECTION    SW (210)
  HIGHEST GUST SPEED    41   HIGHEST GUST DIRECTION     S (170)
  AVERAGE WIND SPEED    11.6


SKY COVER
  POSSIBLE SUNSHINE  MM
  AVERAGE SKY COVER 0.4


WEATHER CONDITIONS
 THE FOLLOWING WEATHER WAS RECORDED YESTERDAY.
  RAIN
  LIGHT RAIN
  FOG


RELATIVE HUMIDITY (PERCENT)
 HIGHEST    90           300 AM
 LOWEST     53           600 PM
 AVERAGE    72

..........................................................


THE WATERTOWN SD CLIMATE NORMALS FOR TODAY
                         NORMAL    RECORD    YEAR
 MAXIMUM TEMPERATURE (F)   70        95      1926
 MINIMUM TEMPERATURE (F)   48        25      2002


SUNRISE AND SUNSET
MAY 24 2016...........SUNRISE   551 AM CDT   SUNSET   901 PM CDT
MAY 25 2016...........SUNRISE   550 AM CDT   SUNSET   902 PM CDT


-  INDICATES NEGATIVE NUMBERS.
R  INDICATES RECORD WAS SET OR TIED.
MM INDICATES DATA IS MISSING.
T  INDICATES TRACE AMOUNT.




$$
