000
CDUS43 KABR 072228
CLIATY


CLIMATE REPORT
NATIONAL WEATHER SERVICE ABERDEEN SD
526 PM CDT TUE JUL 7 2015


...................................

...THE WATERTOWN SD CLIMATE SUMMARY FOR JULY 7 2015...
VALID TODAY AS OF 0500 PM LOCAL TIME.

CLIMATE NORMAL PERIOD 1981 TO 2010
CLIMATE RECORD PERIOD 1898 TO 2015


WEATHER ITEM   OBSERVED TIME   RECORD YEAR NORMAL DEPARTURE LAST
                VALUE   (LST)  VALUE       VALUE  FROM      YEAR
                                                  NORMAL
..................................................................
TEMPERATURE (F)
 TODAY
  MAXIMUM         69    346 PM 100    2007  82    -13       82
  MINIMUM         44    518 AM  41    1908  59    -15       63
  AVERAGE         57                        71    -14       73

PRECIPITATION (IN)
  TODAY            0.00          2.80 1950   0.10  -0.10     0.05
  MONTH TO DATE    0.90                      0.71   0.19     0.17
  SINCE JUN 1      3.83                      4.29  -0.46     4.77
  SINCE JAN 1      9.83                     11.14  -1.31     9.64

SNOWFALL (IN)
  TODAY            0.0
  MONTH TO DATE    0.0
  SINCE OCT 1     25.3
  SINCE JUL 1      0.0
  SNOW DEPTH       0

DEGREE DAYS
 HEATING
  TODAY            8                         1      7        0
  MONTH TO DATE   11                         7      4       11
  SINCE JUN 1     38                        85    -47       74
  SINCE JUL 1     11                         7      4       11

 COOLING
  TODAY            0                         6     -6        8
  MONTH TO DATE   27                        42    -15       39
  SINCE JUN 1    124                       138    -14      100
  SINCE JAN 1    132                       160    -28      141
..................................................................


WIND (MPH)
  HIGHEST WIND SPEED    14   HIGHEST WIND DIRECTION    NE (50)
  HIGHEST GUST SPEED    17   HIGHEST GUST DIRECTION    NE (50)
  AVERAGE WIND SPEED     6.1


SKY COVER
  POSSIBLE SUNSHINE  MM
  AVERAGE SKY COVER 0.0


WEATHER CONDITIONS
 THE FOLLOWING WEATHER WAS RECORDED TODAY.
  NO SIGNIFICANT WEATHER WAS OBSERVED.


RELATIVE HUMIDITY (PERCENT)
 HIGHEST    96          1200 AM
 LOWEST     42           300 PM
 AVERAGE    69

..........................................................


THE WATERTOWN SD CLIMATE NORMALS FOR TOMORROW
                         NORMAL    RECORD    YEAR
 MAXIMUM TEMPERATURE (F)   83        98      1936
 MINIMUM TEMPERATURE (F)   60        40      1899


SUNRISE AND SUNSET
JULY  7 2015..........SUNRISE   550 AM CDT   SUNSET   917 PM CDT
JULY  8 2015..........SUNRISE   551 AM CDT   SUNSET   916 PM CDT


-  INDICATES NEGATIVE NUMBERS.
R  INDICATES RECORD WAS SET OR TIED.
MM INDICATES DATA IS MISSING.
T  INDICATES TRACE AMOUNT.




$$
