000
CDUS43 KABR 291046
CLIATY


CLIMATE REPORT
NATIONAL WEATHER SERVICE ABERDEEN SD
445 AM CST MON DEC 29 2014


...................................

...THE WATERTOWN SD CLIMATE SUMMARY FOR DECEMBER 28 2014...

CLIMATE NORMAL PERIOD 1981 TO 2010
CLIMATE RECORD PERIOD 1898 TO 2014


WEATHER ITEM   OBSERVED TIME   RECORD YEAR NORMAL DEPARTURE LAST
                VALUE   (LST)  VALUE       VALUE  FROM      YEAR
                                                  NORMAL
..................................................................
TEMPERATURE (F)
 YESTERDAY
  MAXIMUM         17   1046 AM  47    1898  22     -5       37
  MINIMUM          1    624 AM -24    1993   4     -3       -7
                                      1924
  AVERAGE          9                        13     -4       15

PRECIPITATION (IN)
  YESTERDAY        0.00          0.27 1927   0.02  -0.02      T
  MONTH TO DATE    0.64                      0.48   0.16     0.53
  SINCE DEC 1      0.64                      0.48   0.16     0.53
  SINCE JAN 1     16.43                     22.03  -5.60    24.68

SNOWFALL (IN)
  YESTERDAY        0.0
  MONTH TO DATE    3.8
  SINCE OCT 1     14.2
  SINCE JUL 1     14.2
  SNOW DEPTH       3

DEGREE DAYS
 HEATING
  YESTERDAY       56                        52      4       50
  MONTH TO DATE 1131                      1362   -231     1550
  SINCE DEC 1   1131                      1362   -231     1550
  SINCE JUL 1   3212                      3302    -90     3388

 COOLING
  YESTERDAY        0                         0      0        0
  MONTH TO DATE    0                         0      0        0
  SINCE DEC 1      0                         0      0        0
  SINCE JAN 1    369                       515   -146      618
..................................................................


WIND (MPH)
  HIGHEST WIND SPEED    17   HIGHEST WIND DIRECTION    NE (30)
  HIGHEST GUST SPEED    21   HIGHEST GUST DIRECTION    NE (30)
  AVERAGE WIND SPEED     6.3


SKY COVER
  POSSIBLE SUNSHINE  MM
  AVERAGE SKY COVER 0.7


WEATHER CONDITIONS
 THE FOLLOWING WEATHER WAS RECORDED YESTERDAY.
  FOG


RELATIVE HUMIDITY (PERCENT)
 HIGHEST    96           100 AM
 LOWEST     73           300 PM
 AVERAGE    85

..........................................................


THE WATERTOWN SD CLIMATE NORMALS FOR TODAY
                         NORMAL    RECORD    YEAR
 MAXIMUM TEMPERATURE (F)   22        53      1999
 MINIMUM TEMPERATURE (F)    4       -32      1917


SUNRISE AND SUNSET
DECEMBER 29 2014......SUNRISE   806 AM CST   SUNSET   455 PM CST
DECEMBER 30 2014......SUNRISE   806 AM CST   SUNSET   456 PM CST


-  INDICATES NEGATIVE NUMBERS.
R  INDICATES RECORD WAS SET OR TIED.
MM INDICATES DATA IS MISSING.
T  INDICATES TRACE AMOUNT.




$$
