000
CDUS43 KABR 231029
CLIATY


CLIMATE REPORT
NATIONAL WEATHER SERVICE ABERDEEN SD
429 AM CST SUN NOV 23 2014


...................................

...THE WATERTOWN SD CLIMATE SUMMARY FOR NOVEMBER 22 2014...

CLIMATE NORMAL PERIOD 1981 TO 2010
CLIMATE RECORD PERIOD 1898 TO 2014


WEATHER ITEM   OBSERVED TIME   RECORD YEAR NORMAL DEPARTURE LAST
                VALUE   (LST)  VALUE       VALUE  FROM      YEAR
                                                  NORMAL
..................................................................
TEMPERATURE (F)
 YESTERDAY
  MAXIMUM         35   1159 PM  61    2006  35      0       31
                                      1974
  MINIMUM         22    816 AM -10    1898  17      5        2
  AVERAGE         29                        26      3       17

PRECIPITATION (IN)
  YESTERDAY        0.00          0.51 1963   0.02  -0.02      T
  MONTH TO DATE    0.69                      0.59   0.10      T
  SINCE SEP 1      2.14                      5.15  -3.01     7.33
  SINCE JAN 1     15.76                     21.38  -5.62    24.15

SNOWFALL (IN)
  YESTERDAY        0.0
  MONTH TO DATE    9.9
  SINCE OCT 1      9.9
  SINCE JUL 1      9.9
  SNOW DEPTH       6

DEGREE DAYS
 HEATING
  YESTERDAY       36                        39     -3       48
  MONTH TO DATE  847                       723    124      710
  SINCE SEP 1   1575                      1550     25     1425
  SINCE JUL 1   1629                      1607     22     1476

 COOLING
  YESTERDAY        0                         0      0        0
  MONTH TO DATE    0                         0      0        0
  SINCE SEP 1     36                        41     -5      104
  SINCE JAN 1    369                       515   -146      618
..................................................................


WIND (MPH)
  HIGHEST WIND SPEED    23   HIGHEST WIND DIRECTION     S (170)
  HIGHEST GUST SPEED    30   HIGHEST GUST DIRECTION     S (170)
  AVERAGE WIND SPEED    11.8


SKY COVER
  POSSIBLE SUNSHINE  MM
  AVERAGE SKY COVER 0.1


WEATHER CONDITIONS
 THE FOLLOWING WEATHER WAS RECORDED YESTERDAY.
  FOG


RELATIVE HUMIDITY (PERCENT)
 HIGHEST    96           700 AM
 LOWEST     82           400 PM
 AVERAGE    89

..........................................................


THE WATERTOWN SD CLIMATE NORMALS FOR TODAY
                         NORMAL    RECORD    YEAR
 MAXIMUM TEMPERATURE (F)   34        54      1912
 MINIMUM TEMPERATURE (F)   16       -15      1898


SUNRISE AND SUNSET
NOVEMBER 23 2014......SUNRISE   737 AM CST   SUNSET   453 PM CST
NOVEMBER 24 2014......SUNRISE   738 AM CST   SUNSET   452 PM CST


-  INDICATES NEGATIVE NUMBERS.
R  INDICATES RECORD WAS SET OR TIED.
MM INDICATES DATA IS MISSING.
T  INDICATES TRACE AMOUNT.




$$
