000
CDUS43 KABR 221038
CLIATY


CLIMATE REPORT
NATIONAL WEATHER SERVICE ABERDEEN SD
537 AM CDT WED OCT 22 2014


...................................

...THE WATERTOWN SD CLIMATE SUMMARY FOR OCTOBER 21 2014...

CLIMATE NORMAL PERIOD 1981 TO 2010
CLIMATE RECORD PERIOD 1898 TO 2014


WEATHER ITEM   OBSERVED TIME   RECORD YEAR NORMAL DEPARTURE LAST
                VALUE   (LST)  VALUE       VALUE  FROM      YEAR
                                                  NORMAL
..................................................................
TEMPERATURE (F)
 YESTERDAY
  MAXIMUM         74    320 PM  83    1947  54     20       42
  MINIMUM         39    139 AM   7    1930  33      6       31
  AVERAGE         57                        43     14       37

PRECIPITATION (IN)
  YESTERDAY        0.00          0.52 1959   0.06  -0.06     0.00
  MONTH TO DATE    0.12                      1.43  -1.31     4.20
  SINCE SEP 1      0.96                      4.07  -3.11     7.32
  SINCE JAN 1     14.58                     20.30  -5.72    24.14

SNOWFALL (IN)
  YESTERDAY        0.0
  MONTH TO DATE    0.0
  SINCE OCT 1      0.0
  SINCE JUL 1      0.0
  SNOW DEPTH       0

DEGREE DAYS
 HEATING
  YESTERDAY        8                        22    -14       28
  MONTH TO DATE  339                       367    -28      336
  SINCE SEP 1    530                       586    -56      421
  SINCE JUL 1    584                       643    -59      472

 COOLING
  YESTERDAY        0                         0      0        0
  MONTH TO DATE    0                         0      0        0
  SINCE SEP 1     36                        39     -3      104
  SINCE JAN 1    369                       513   -144      618
..................................................................


WIND (MPH)
  HIGHEST WIND SPEED    24   HIGHEST WIND DIRECTION     S (170)
  HIGHEST GUST SPEED    32   HIGHEST GUST DIRECTION     S (170)
  AVERAGE WIND SPEED    14.7


SKY COVER
  POSSIBLE SUNSHINE  MM
  AVERAGE SKY COVER 0.0


WEATHER CONDITIONS
 THE FOLLOWING WEATHER WAS RECORDED YESTERDAY.
  NO SIGNIFICANT WEATHER WAS OBSERVED.


RELATIVE HUMIDITY (PERCENT)
 HIGHEST    76          1200 AM
 LOWEST     33          1200 PM
 AVERAGE    55

..........................................................


THE WATERTOWN SD CLIMATE NORMALS FOR TODAY
                         NORMAL    RECORD    YEAR
 MAXIMUM TEMPERATURE (F)   54        78      1915
 MINIMUM TEMPERATURE (F)   32        13      1936


SUNRISE AND SUNSET
OCTOBER 22 2014.......SUNRISE   753 AM CDT   SUNSET   632 PM CDT
OCTOBER 23 2014.......SUNRISE   755 AM CDT   SUNSET   630 PM CDT


-  INDICATES NEGATIVE NUMBERS.
R  INDICATES RECORD WAS SET OR TIED.
MM INDICATES DATA IS MISSING.
T  INDICATES TRACE AMOUNT.




$$
