000
CDUS43 KABR 221035
CLIATY


CLIMATE REPORT
NATIONAL WEATHER SERVICE ABERDEEN SD
434 AM CST THU FEB 22 2018


...................................

...THE WATERTOWN SD CLIMATE SUMMARY FOR FEBRUARY 21 2018...

CLIMATE NORMAL PERIOD 1981 TO 2010
CLIMATE RECORD PERIOD 1898 TO 2018


WEATHER ITEM   OBSERVED TIME   RECORD YEAR NORMAL DEPARTURE LAST
                VALUE   (LST)  VALUE       VALUE  FROM      YEAR
                                                  NORMAL
..................................................................
TEMPERATURE (F)
 YESTERDAY
  MAXIMUM         16    331 PM  58    2017  29    -13       58
                                      2000
  MINIMUM        -12    806 AM -25    1936  10    -22       29
  AVERAGE          2                        20    -18       44

PRECIPITATION (IN)
  YESTERDAY        0.00          0.50 1957   0.02  -0.02      T
  MONTH TO DATE    0.31                      0.38  -0.07     0.09
  SINCE DEC 1      0.67                      1.43  -0.76     2.00
  SINCE JAN 1      0.42                      0.90  -0.48     0.75

SNOWFALL (IN)
  YESTERDAY        0.0
  MONTH TO DATE    5.1
  SINCE OCT 1     13.2
  SINCE JUL 1     13.2
  SNOW DEPTH       3

DEGREE DAYS
 HEATING
  YESTERDAY       63                        45     18       21
  MONTH TO DATE 1217                      1022    195      803
  SINCE DEC 1   4250                      4164     86     3977
  SINCE JUL 1   6015                      6104    -89     5348

 COOLING
  YESTERDAY        0                         0      0        0
  MONTH TO DATE    0                         0      0        0
  SINCE DEC 1      0                         0      0        0
  SINCE JAN 1      0                         0      0        0
..................................................................


WIND (MPH)
  HIGHEST WIND SPEED    14   HIGHEST WIND DIRECTION     S (160)
  HIGHEST GUST SPEED    17   HIGHEST GUST DIRECTION     S (160)
  AVERAGE WIND SPEED     7.4


SKY COVER
  POSSIBLE SUNSHINE  MM
  AVERAGE SKY COVER 0.1


WEATHER CONDITIONS
 THE FOLLOWING WEATHER WAS RECORDED YESTERDAY.
  NO SIGNIFICANT WEATHER WAS OBSERVED.


RELATIVE HUMIDITY (PERCENT)
 HIGHEST    86          1200 AM
 LOWEST     53           300 PM
 AVERAGE    70

..........................................................


THE WATERTOWN SD CLIMATE NORMALS FOR TODAY
                         NORMAL    RECORD    YEAR
 MAXIMUM TEMPERATURE (F)   30        65      2000
 MINIMUM TEMPERATURE (F)   11       -22      1957


SUNRISE AND SUNSET
FEBRUARY 22 2018......SUNRISE   718 AM CST   SUNSET   607 PM CST
FEBRUARY 23 2018......SUNRISE   716 AM CST   SUNSET   608 PM CST


-  INDICATES NEGATIVE NUMBERS.
R  INDICATES RECORD WAS SET OR TIED.
MM INDICATES DATA IS MISSING.
T  INDICATES TRACE AMOUNT.




$$
