000
CDUS43 KABR 271033
CLIATY


CLIMATE REPORT
NATIONAL WEATHER SERVICE ABERDEEN SD
433 AM CST FRI FEB 27 2015


...................................

...THE WATERTOWN SD CLIMATE SUMMARY FOR FEBRUARY 26 2015...

CLIMATE NORMAL PERIOD 1981 TO 2010
CLIMATE RECORD PERIOD 1898 TO 2015


WEATHER ITEM   OBSERVED TIME   RECORD YEAR NORMAL DEPARTURE LAST
                VALUE   (LST)  VALUE       VALUE  FROM      YEAR
                                                  NORMAL
..................................................................
TEMPERATURE (F)
 YESTERDAY
  MAXIMUM          3    350 PM  56    1902  31    -28       21
  MINIMUM        -14    656 AM -18    1962  12    -26      -13
  AVERAGE         -5                        22    -27        4

PRECIPITATION (IN)
  YESTERDAY        0.00          0.48 2009   0.03  -0.03     0.00
  MONTH TO DATE    0.25                      0.51  -0.26     0.13
  SINCE DEC 1      1.29                      1.56  -0.27     1.04
  SINCE JAN 1      0.65                      1.03  -0.38     0.43

SNOWFALL (IN)
  YESTERDAY        0.0
  MONTH TO DATE    2.7
  SINCE OCT 1     20.9
  SINCE JUL 1     20.9
  SNOW DEPTH       1

DEGREE DAYS
 HEATING
  YESTERDAY       70                        43     27       61
  MONTH TO DATE 1388                      1243    145     1495
  SINCE DEC 1   4191                      4385   -194     4999
  SINCE JUL 1   6272                      6325    -53     6837

 COOLING
  YESTERDAY        0                         0      0        0
  MONTH TO DATE    0                         0      0        0
  SINCE DEC 1      0                         0      0        0
  SINCE JAN 1      0                         0      0        0
..................................................................


WIND (MPH)
  HIGHEST WIND SPEED    21   HIGHEST WIND DIRECTION     N (340)
  HIGHEST GUST SPEED    24   HIGHEST GUST DIRECTION     N (340)
  AVERAGE WIND SPEED    10.4


SKY COVER
  POSSIBLE SUNSHINE  MM
  AVERAGE SKY COVER 0.2


WEATHER CONDITIONS
 THE FOLLOWING WEATHER WAS RECORDED YESTERDAY.
  HAZE


RELATIVE HUMIDITY (PERCENT)
 HIGHEST    83           100 AM
 LOWEST     65          1200 PM
 AVERAGE    74

..........................................................


THE WATERTOWN SD CLIMATE NORMALS FOR TODAY
                         NORMAL    RECORD    YEAR
 MAXIMUM TEMPERATURE (F)   31        60      1921
 MINIMUM TEMPERATURE (F)   13       -23      1962


SUNRISE AND SUNSET
FEBRUARY 27 2015......SUNRISE   710 AM CST   SUNSET   613 PM CST
FEBRUARY 28 2015......SUNRISE   708 AM CST   SUNSET   614 PM CST


-  INDICATES NEGATIVE NUMBERS.
R  INDICATES RECORD WAS SET OR TIED.
MM INDICATES DATA IS MISSING.
T  INDICATES TRACE AMOUNT.




$$
