000
CDUS43 KABR 122343
CLIATY


CLIMATE REPORT
NATIONAL WEATHER SERVICE ABERDEEN SD
534 PM CST TUE DEC 12 2017


...................................

...THE WATERTOWN SD CLIMATE SUMMARY FOR DECEMBER 12 2017...
VALID TODAY AS OF 0500 PM LOCAL TIME.

CLIMATE NORMAL PERIOD 1981 TO 2010
CLIMATE RECORD PERIOD 1898 TO 2017


WEATHER ITEM   OBSERVED TIME   RECORD YEAR NORMAL DEPARTURE LAST
                VALUE   (LST)  VALUE       VALUE  FROM      YEAR
                                                  NORMAL
..................................................................
TEMPERATURE (F)
 TODAY
  MAXIMUM         41    324 PM  57    1913  25     16        6
  MINIMUM          7    219 AM -24    1932   8     -1      -17
  AVERAGE         24                        17      7       -5

PRECIPITATION (IN)
  TODAY            0.00          0.46 1968   0.01  -0.01     0.00
  MONTH TO DATE    0.05                      0.22  -0.17     0.39
  SINCE DEC 1      0.05                      0.22  -0.17     0.39
  SINCE JAN 1     22.92                     21.77   1.15    22.55

SNOWFALL (IN)
  TODAY            0.0
  MONTH TO DATE    0.6
  SINCE OCT 1      2.5
  SINCE JUL 1      2.5
  SNOW DEPTH       0

DEGREE DAYS
 HEATING
  TODAY           41                        48     -7       70
  MONTH TO DATE  467                       555    -88      613
  SINCE DEC 1    467                       555    -88      613
  SINCE JUL 1   2232                      2495   -263     1984

 COOLING
  TODAY            0                         0      0        0
  MONTH TO DATE    0                         0      0        0
  SINCE DEC 1      0                         0      0        0
  SINCE JAN 1    440                       515    -75      721
..................................................................


WIND (MPH)
  HIGHEST WIND SPEED    20   HIGHEST WIND DIRECTION    SW (230)
  HIGHEST GUST SPEED    24   HIGHEST GUST DIRECTION    SW (230)
  AVERAGE WIND SPEED     9.3


SKY COVER
  POSSIBLE SUNSHINE  MM
  AVERAGE SKY COVER 0.4


WEATHER CONDITIONS
 THE FOLLOWING WEATHER WAS RECORDED TODAY.
  NO SIGNIFICANT WEATHER WAS OBSERVED.


RELATIVE HUMIDITY (PERCENT)
 HIGHEST   100           100 AM
 LOWEST     70           300 PM
 AVERAGE    85

..........................................................


THE WATERTOWN SD CLIMATE NORMALS FOR TOMORROW
                         NORMAL    RECORD    YEAR
 MAXIMUM TEMPERATURE (F)   25        57      1913
 MINIMUM TEMPERATURE (F)    8       -32      1917


SUNRISE AND SUNSET
DECEMBER 12 2017......SUNRISE   758 AM CST   SUNSET   447 PM CST
DECEMBER 13 2017......SUNRISE   758 AM CST   SUNSET   448 PM CST


-  INDICATES NEGATIVE NUMBERS.
R  INDICATES RECORD WAS SET OR TIED.
MM INDICATES DATA IS MISSING.
T  INDICATES TRACE AMOUNT.




$$
