000
CDUS43 KABR 162241
CLIATY


CLIMATE REPORT
NATIONAL WEATHER SERVICE ABERDEEN SD
540 PM CDT MON OCT 16 2017


...................................

...THE WATERTOWN SD CLIMATE SUMMARY FOR OCTOBER 16 2017...
VALID TODAY AS OF 0500 PM LOCAL TIME.

CLIMATE NORMAL PERIOD 1981 TO 2010
CLIMATE RECORD PERIOD 1898 TO 2017


WEATHER ITEM   OBSERVED TIME   RECORD YEAR NORMAL DEPARTURE LAST
                VALUE   (LST)  VALUE       VALUE  FROM      YEAR
                                                  NORMAL
..................................................................
TEMPERATURE (F)
 TODAY
  MAXIMUM         67    259 PM  88    1910  57     10       68
  MINIMUM         29    314 AM  19    1976  35     -6       43
  AVERAGE         48                        46      2       56

PRECIPITATION (IN)
  TODAY            0.00          3.72 1971   0.07  -0.07     0.00
  MONTH TO DATE    2.16                      1.13   1.03     1.48
  SINCE SEP 1      7.56                      3.77   3.79     3.54
  SINCE JAN 1     22.77                     20.00   2.77    20.18

SNOWFALL (IN)
  TODAY            0.0
  MONTH TO DATE    0.0
  SINCE OCT 1      0.0
  SINCE JUL 1      0.0
  SNOW DEPTH       0

DEGREE DAYS
 HEATING
  TODAY           17                        20     -3        9
  MONTH TO DATE  249                       263    -14      213
  SINCE SEP 1    400                       482    -82      331
  SINCE JUL 1    428                       539   -111      357

 COOLING
  TODAY            0                         0      0        0
  MONTH TO DATE    0                         0      0        0
  SINCE SEP 1     65                        39     26       36
  SINCE JAN 1    440                       513    -73      721
..................................................................


WIND (MPH)
  HIGHEST WIND SPEED    22   HIGHEST WIND DIRECTION    SW (210)
  HIGHEST GUST SPEED    27   HIGHEST GUST DIRECTION     S (200)
  AVERAGE WIND SPEED     9.1


SKY COVER
  POSSIBLE SUNSHINE  MM
  AVERAGE SKY COVER 0.0


WEATHER CONDITIONS
 THE FOLLOWING WEATHER WAS RECORDED TODAY.
  NO SIGNIFICANT WEATHER WAS OBSERVED.


RELATIVE HUMIDITY (PERCENT)
 HIGHEST   100           300 AM
 LOWEST     37           100 PM
 AVERAGE    69

..........................................................


THE WATERTOWN SD CLIMATE NORMALS FOR TOMORROW
                         NORMAL    RECORD    YEAR
 MAXIMUM TEMPERATURE (F)   56        85      1910
 MINIMUM TEMPERATURE (F)   34        14      1976


SUNRISE AND SUNSET
OCTOBER 16 2017.......SUNRISE   746 AM CDT   SUNSET   642 PM CDT
OCTOBER 17 2017.......SUNRISE   747 AM CDT   SUNSET   640 PM CDT


-  INDICATES NEGATIVE NUMBERS.
R  INDICATES RECORD WAS SET OR TIED.
MM INDICATES DATA IS MISSING.
T  INDICATES TRACE AMOUNT.




$$
