000
CDUS43 KABR 220911
CLIATY


CLIMATE REPORT
NATIONAL WEATHER SERVICE ABERDEEN SD
410 AM CDT TUE AUG 22 2017


...................................

...THE WATERTOWN SD CLIMATE SUMMARY FOR AUGUST 21 2017...

CLIMATE NORMAL PERIOD 1981 TO 2010
CLIMATE RECORD PERIOD 1898 TO 2017


WEATHER ITEM   OBSERVED TIME   RECORD YEAR NORMAL DEPARTURE LAST
                VALUE   (LST)  VALUE       VALUE  FROM      YEAR
                                                  NORMAL
..................................................................
TEMPERATURE (F)
 YESTERDAY
  MAXIMUM         74    517 PM  99    1976  79     -5       77
  MINIMUM         54    138 AM  38    2004  57     -3       48
  AVERAGE         64                        68     -4       63

PRECIPITATION (IN)
  YESTERDAY        1.00          2.73 1916   0.09   0.91     0.00
  MONTH TO DATE    2.95                      1.91   1.04     6.97
  SINCE JUN 1      9.90                      8.51   1.39    10.98
  SINCE JAN 1     14.85                     15.36  -0.51    16.63

DEGREE DAYS
 HEATING
  YESTERDAY        1                         1      0        2
  MONTH TO DATE   19                        21     -2        5
  SINCE JUN 1     68                       116    -48       42
  SINCE JUL 1     20                        38    -18       17

 COOLING
  YESTERDAY        0                         4     -4        0
  MONTH TO DATE   20                       113    -93      161
  SINCE JUN 1    350                       415    -65      605
  SINCE JAN 1    361                       437    -76      629
..................................................................


WIND (MPH)
  HIGHEST WIND SPEED    29   HIGHEST WIND DIRECTION    SE (130)
  HIGHEST GUST SPEED    44   HIGHEST GUST DIRECTION     S (160)
  AVERAGE WIND SPEED     8.3


SKY COVER
  POSSIBLE SUNSHINE  MM
  AVERAGE SKY COVER 0.3


WEATHER CONDITIONS
 THE FOLLOWING WEATHER WAS RECORDED YESTERDAY.
  THUNDERSTORM
  HEAVY RAIN
  RAIN
  LIGHT RAIN
  FOG


RELATIVE HUMIDITY (PERCENT)
 HIGHEST   100          1000 AM
 LOWEST     68           400 PM
 AVERAGE    84

..........................................................


THE WATERTOWN SD CLIMATE NORMALS FOR TODAY
                         NORMAL    RECORD    YEAR
 MAXIMUM TEMPERATURE (F)   79        98      1971
 MINIMUM TEMPERATURE (F)   56        35      1923


SUNRISE AND SUNSET
AUGUST 22 2017........SUNRISE   639 AM CDT   SUNSET   823 PM CDT
AUGUST 23 2017........SUNRISE   640 AM CDT   SUNSET   821 PM CDT


-  INDICATES NEGATIVE NUMBERS.
R  INDICATES RECORD WAS SET OR TIED.
MM INDICATES DATA IS MISSING.
T  INDICATES TRACE AMOUNT.




$$
