000
CDUS43 KABR 050918
CLIATY


CLIMATE REPORT
NATIONAL WEATHER SERVICE ABERDEEN SD
417 AM CDT WED AUG 5 2015


...................................

...THE WATERTOWN SD CLIMATE SUMMARY FOR AUGUST 4 2015...

CLIMATE NORMAL PERIOD 1981 TO 2010
CLIMATE RECORD PERIOD 1898 TO 2015


WEATHER ITEM   OBSERVED TIME   RECORD YEAR NORMAL DEPARTURE LAST
                VALUE   (LST)  VALUE       VALUE  FROM      YEAR
                                                  NORMAL
..................................................................
TEMPERATURE (F)
 YESTERDAY
  MAXIMUM         81    342 PM 105    1934  82     -1       77
  MINIMUM         53    545 AM  40    1974  59     -6       59
  AVERAGE         67                        70     -3       68

PRECIPITATION (IN)
  YESTERDAY        0.00          1.30 1911   0.09  -0.09     0.00
                                      1979
  MONTH TO DATE    T                         0.36  -0.36     0.00
  SINCE JUN 1      6.50                      6.96  -0.46     5.85
  SINCE JAN 1     12.50                     13.81  -1.31    10.72

DEGREE DAYS
 HEATING
  YESTERDAY        0                         1     -1        0
  MONTH TO DATE    0                         4     -4        0
  SINCE JUN 1     40                        99    -59       98
  SINCE JUL 1     13                        21     -8       35

 COOLING
  YESTERDAY        2                         6     -4        3
  MONTH TO DATE   16                        24     -8       17
  SINCE JUN 1    336                       326     10      199
  SINCE JAN 1    344                       348     -4      240
..................................................................


WIND (MPH)
  HIGHEST WIND SPEED    13   HIGHEST WIND DIRECTION     S (170)
  HIGHEST GUST SPEED    16   HIGHEST GUST DIRECTION     S (170)
  AVERAGE WIND SPEED     4.8


SKY COVER
  POSSIBLE SUNSHINE  MM
  AVERAGE SKY COVER 0.1


WEATHER CONDITIONS
 THE FOLLOWING WEATHER WAS RECORDED YESTERDAY.
  NO SIGNIFICANT WEATHER WAS OBSERVED.


RELATIVE HUMIDITY (PERCENT)
 HIGHEST    83           200 AM
 LOWEST     39           300 PM
 AVERAGE    61

..........................................................


THE WATERTOWN SD CLIMATE NORMALS FOR TODAY
                         NORMAL    RECORD    YEAR
 MAXIMUM TEMPERATURE (F)   82        97      1937
 MINIMUM TEMPERATURE (F)   59        41      1915


SUNRISE AND SUNSET
AUGUST  5 2015........SUNRISE   619 AM CDT   SUNSET   850 PM CDT
AUGUST  6 2015........SUNRISE   620 AM CDT   SUNSET   849 PM CDT


-  INDICATES NEGATIVE NUMBERS.
R  INDICATES RECORD WAS SET OR TIED.
MM INDICATES DATA IS MISSING.
T  INDICATES TRACE AMOUNT.




$$
