000
CDUS43 KABR 211039
CLIATY


CLIMATE REPORT
NATIONAL WEATHER SERVICE ABERDEEN SD
439 AM CST TUE FEB 21 2017


...................................

...THE WATERTOWN SD CLIMATE SUMMARY FOR FEBRUARY 20 2017...

CLIMATE NORMAL PERIOD 1981 TO 2010
CLIMATE RECORD PERIOD 1898 TO 2017


WEATHER ITEM   OBSERVED TIME   RECORD YEAR NORMAL DEPARTURE LAST
                VALUE   (LST)  VALUE       VALUE  FROM      YEAR
                                                  NORMAL
..................................................................
TEMPERATURE (F)
 YESTERDAY
  MAXIMUM         51   1256 PM  65    1930  29     22       39
  MINIMUM         29   1150 PM -28    2008  10     19       29
  AVERAGE         40                        19     21       34

PRECIPITATION (IN)
  YESTERDAY        0.01          0.90 2011   0.03  -0.02     0.00
  MONTH TO DATE    0.09                      0.36  -0.27     0.38
  SINCE DEC 1      2.00                      1.41   0.59     1.18
  SINCE JAN 1      0.75                      0.88  -0.13     0.86

SNOWFALL (IN)
  YESTERDAY        0.0
  MONTH TO DATE    T
  SINCE OCT 1     27.5
  SINCE JUL 1     27.5
  SNOW DEPTH       0

DEGREE DAYS
 HEATING
  YESTERDAY       25                        46    -21       31
  MONTH TO DATE  782                       977   -195      873
  SINCE DEC 1   3956                      4119   -163     3648
  SINCE JUL 1   5327                      6059   -732     5007

 COOLING
  YESTERDAY        0                         0      0        0
  MONTH TO DATE    0                         0      0        0
  SINCE DEC 1      0                         0      0        0
  SINCE JAN 1      0                         0      0        0
..................................................................


WIND (MPH)
  HIGHEST WIND SPEED    23   HIGHEST WIND DIRECTION     W (260)
  HIGHEST GUST SPEED    31   HIGHEST GUST DIRECTION     W (260)
  AVERAGE WIND SPEED    11.8


SKY COVER
  POSSIBLE SUNSHINE  MM
  AVERAGE SKY COVER 0.5


WEATHER CONDITIONS
 THE FOLLOWING WEATHER WAS RECORDED YESTERDAY.
  LIGHT RAIN
  FOG
  FOG W/VISIBILITY <= 1/4 MILE


RELATIVE HUMIDITY (PERCENT)
 HIGHEST   100           300 AM
 LOWEST     82           400 PM
 AVERAGE    91

..........................................................


THE WATERTOWN SD CLIMATE NORMALS FOR TODAY
                         NORMAL    RECORD    YEAR
 MAXIMUM TEMPERATURE (F)   29        58      2000
 MINIMUM TEMPERATURE (F)   10       -25      1936


SUNRISE AND SUNSET
FEBRUARY 21 2017......SUNRISE   719 AM CST   SUNSET   606 PM CST
FEBRUARY 22 2017......SUNRISE   718 AM CST   SUNSET   607 PM CST


-  INDICATES NEGATIVE NUMBERS.
R  INDICATES RECORD WAS SET OR TIED.
MM INDICATES DATA IS MISSING.
T  INDICATES TRACE AMOUNT.




$$
