000
CDUS41 KGYX 250114
CLIAUG


CLIMATE REPORT
NATIONAL WEATHER SERVICE GRAY ME
814 PM EST FRI FEB 24 2017


...................................

...THE AUGUSTA CLIMATE SUMMARY FOR FEBRUARY 24 2017...
VALID TODAY AS OF 0500 PM LOCAL TIME.

CLIMATE NORMAL PERIOD 1981 TO 2010
CLIMATE RECORD PERIOD 1948 TO 2017


WEATHER ITEM   OBSERVED TIME   RECORD YEAR NORMAL DEPARTURE LAST
                VALUE   (LST)  VALUE       VALUE  FROM      YEAR
                                                  NORMAL
..................................................................
TEMPERATURE (F)
 TODAY
  MAXIMUM         53        MM  56    2000  34     19       33
  MINIMUM         37        MM  -9    2015  17     20       25
  AVERAGE         45                        26     19       29

PRECIPITATION (IN)
  TODAY            T             0.87 1979   0.10  -0.10     0.68
  MONTH TO DATE    3.25                      2.05   1.20     2.73
  SINCE DEC 1      9.96                      7.90   2.06     9.10
  SINCE JAN 1      5.99                      4.66   1.33     5.13

DEGREE DAYS
 HEATING
  TODAY           20                        39    -19       36
  MONTH TO DATE  963                      1017    -54      964
  SINCE DEC 1   3386                      3640   -254     3146
  SINCE JUL 1   4704                      5188   -484     4524

 COOLING
  TODAY            0                         0      0        0
  MONTH TO DATE    0                         0      0        0
  SINCE DEC 1      0                         0      0        0
  SINCE JAN 1      0                         0      0        0
..................................................................


WIND (MPH)
  HIGHEST WIND SPEED     7   HIGHEST WIND DIRECTION     S (180)
  HIGHEST GUST SPEED    MM   HIGHEST GUST DIRECTION    MM
  AVERAGE WIND SPEED     3.7


SKY COVER
  AVERAGE SKY COVER 0.4


WEATHER CONDITIONS
 THE FOLLOWING WEATHER WAS RECORDED TODAY.
  LIGHT RAIN
  FOG


RELATIVE HUMIDITY (PERCENT)
 HIGHEST    92           700 AM
 LOWEST     63          1200 PM
 AVERAGE    78

..........................................................


THE AUGUSTA CLIMATE NORMALS FOR TOMORROW
                         NORMAL    RECORD    YEAR
 MAXIMUM TEMPERATURE (F)   35        57      1984
 MINIMUM TEMPERATURE (F)   17        -1      1993


SUNRISE AND SUNSET
FEBRUARY 24 2017......SUNRISE   624 AM EST   SUNSET   521 PM EST
FEBRUARY 25 2017......SUNRISE   623 AM EST   SUNSET   522 PM EST


-  INDICATES NEGATIVE NUMBERS.
R  INDICATES RECORD WAS SET OR TIED.
MM INDICATES DATA IS MISSING.
T  INDICATES TRACE AMOUNT.




$$
