000
CDUS41 KGYX 180912
CLIAUG


CLIMATE REPORT
NATIONAL WEATHER SERVICE GRAY ME
411 AM EST SUN FEB 18 2018


...................................

...THE AUGUSTA CLIMATE SUMMARY FOR FEBRUARY 17 2018...

CLIMATE NORMAL PERIOD 1981 TO 2010
CLIMATE RECORD PERIOD 1948 TO 2018


WEATHER ITEM   OBSERVED TIME   RECORD YEAR NORMAL DEPARTURE LAST
                VALUE   (LST)  VALUE       VALUE  FROM      YEAR
                                                  NORMAL
..................................................................
TEMPERATURE (F)
 YESTERDAY
  MAXIMUM         30    314 PM  57    1981  32     -2       33
  MINIMUM         16    737 AM -12    1979  15      1       22
  AVERAGE         23                        24     -1       28

PRECIPITATION (IN)
  YESTERDAY        0.04          1.21 1954   0.09  -0.05     0.00
  MONTH TO DATE    1.95                      1.44   0.51     3.25
  SINCE DEC 1      9.27                      7.29   1.98     9.96
  SINCE JAN 1      6.35                      4.05   2.30     5.99

DEGREE DAYS
 HEATING
  YESTERDAY       42                        41      1       37
  MONTH TO DATE  696                       736    -40      766
  SINCE DEC 1   3430                      3359     71     3189
  SINCE JUL 1   4666                      4907   -241     4507

 COOLING
  YESTERDAY        0                         0      0        0
  MONTH TO DATE    0                         0      0        0
  SINCE DEC 1      0                         0      0        0
  SINCE JAN 1      0                         0      0        0
..................................................................


WIND (MPH)
  HIGHEST WIND SPEED    22   HIGHEST WIND DIRECTION    NW (320)
  HIGHEST GUST SPEED    29   HIGHEST GUST DIRECTION    NW (310)
  AVERAGE WIND SPEED     6.0


SKY COVER
  AVERAGE SKY COVER 0.1


WEATHER CONDITIONS
 THE FOLLOWING WEATHER WAS RECORDED YESTERDAY.
  SNOW
  LIGHT SNOW
  FOG


RELATIVE HUMIDITY (PERCENT)
 HIGHEST    75          1100 PM
 LOWEST     31           100 PM
 AVERAGE    53

..........................................................


THE AUGUSTA CLIMATE NORMALS FOR TODAY
                         NORMAL    RECORD    YEAR
 MAXIMUM TEMPERATURE (F)   33        60      1981
 MINIMUM TEMPERATURE (F)   15       -10      1979


SUNRISE AND SUNSET
FEBRUARY 18 2018......SUNRISE   634 AM EST   SUNSET   512 PM EST
FEBRUARY 19 2018......SUNRISE   633 AM EST   SUNSET   514 PM EST


-  INDICATES NEGATIVE NUMBERS.
R  INDICATES RECORD WAS SET OR TIED.
MM INDICATES DATA IS MISSING.
T  INDICATES TRACE AMOUNT.




$$
