000
CDUS41 KGYX 250816
CLIAUG


CLIMATE REPORT
NATIONAL WEATHER SERVICE GRAY ME
416 AM EDT THU AUG 25 2016


...................................

...THE AUGUSTA CLIMATE SUMMARY FOR AUGUST 24 2016...

CLIMATE NORMAL PERIOD 1981 TO 2010
CLIMATE RECORD PERIOD 1948 TO 2016


WEATHER ITEM   OBSERVED TIME   RECORD YEAR NORMAL DEPARTURE LAST
                VALUE   (LST)  VALUE       VALUE  FROM      YEAR
                                                  NORMAL
..................................................................
TEMPERATURE (F)
 YESTERDAY
  MAXIMUM         84    255 PM  90    1948  77      7       79
  MINIMUM         59    510 AM  46    1975  57      2       66
  AVERAGE         72                        67      5       73

PRECIPITATION (IN)
  YESTERDAY        0.00          0.96 1974   0.11  -0.11     0.00
  MONTH TO DATE    2.31                      2.61  -0.30     4.19
  SINCE JUN 1      8.01                      9.59  -1.58    12.42
  SINCE JAN 1     21.58                     25.48  -3.90    22.10

DEGREE DAYS
 HEATING
  YESTERDAY        0                         1     -1        0
  MONTH TO DATE    4                        13     -9        0
  SINCE JUN 1    103                       123    -20      169
  SINCE JUL 1     25                        29     -4       18

 COOLING
  YESTERDAY        7                         3      4        8
  MONTH TO DATE  158                       106     52      134
  SINCE JUN 1    399                       327     72      294
  SINCE JAN 1    414                       336     78      328
..................................................................


WIND (MPH)
  HIGHEST WIND SPEED    12   HIGHEST WIND DIRECTION     S (170)
  HIGHEST GUST SPEED    18   HIGHEST GUST DIRECTION     S (170)
  AVERAGE WIND SPEED     5.3


SKY COVER
  AVERAGE SKY COVER 0.0


WEATHER CONDITIONS
 THE FOLLOWING WEATHER WAS RECORDED YESTERDAY.
  NO SIGNIFICANT WEATHER WAS OBSERVED.


RELATIVE HUMIDITY (PERCENT)
 HIGHEST    87           100 AM
 LOWEST     43          1200 PM
 AVERAGE    65

..........................................................


THE AUGUSTA CLIMATE NORMALS FOR TODAY
                         NORMAL    RECORD    YEAR
 MAXIMUM TEMPERATURE (F)   77        94      1948
 MINIMUM TEMPERATURE (F)   57        44      1989


SUNRISE AND SUNSET
AUGUST 25 2016........SUNRISE   554 AM EDT   SUNSET   727 PM EDT
AUGUST 26 2016........SUNRISE   556 AM EDT   SUNSET   725 PM EDT


-  INDICATES NEGATIVE NUMBERS.
R  INDICATES RECORD WAS SET OR TIED.
MM INDICATES DATA IS MISSING.
T  INDICATES TRACE AMOUNT.




$$
