000
CDUS41 KGYX 260803
CLIAUG


CLIMATE REPORT
NATIONAL WEATHER SERVICE GRAY ME
403 AM EDT MON JUN 26 2017


...................................

...THE AUGUSTA CLIMATE SUMMARY FOR JUNE 25 2017...

CLIMATE NORMAL PERIOD 1981 TO 2010
CLIMATE RECORD PERIOD 1948 TO 2017


WEATHER ITEM   OBSERVED TIME   RECORD YEAR NORMAL DEPARTURE LAST
                VALUE   (LST)  VALUE       VALUE  FROM      YEAR
                                                  NORMAL
..................................................................
TEMPERATURE (F)
 YESTERDAY
  MAXIMUM         79    246 PM  94    2005  76      3       80
  MINIMUM         59   1138 PM  46    1986  57      2       51
  AVERAGE         69                        67      2       66

PRECIPITATION (IN)
  YESTERDAY        0.11          2.09 1984   0.11   0.00      T
  MONTH TO DATE    1.05                      3.03  -1.98     2.20
  SINCE JUN 1      1.05                      3.03  -1.98     2.20
  SINCE JAN 1     20.00                     18.92   1.08    15.77

DEGREE DAYS
 HEATING
  YESTERDAY        0                         1     -1        0
  MONTH TO DATE   75                        87    -12       78
  SINCE JUN 1     75                        87    -12       78
  SINCE JUL 1   7001                      7413   -412     6666

 COOLING
  YESTERDAY        4                         3      1        1
  MONTH TO DATE   79                        47     32       17
  SINCE JUN 1     79                        47     32       17
  SINCE JAN 1     90                        56     34       32
..................................................................


WIND (MPH)
  HIGHEST WIND SPEED    16   HIGHEST WIND DIRECTION     W (290)
  HIGHEST GUST SPEED    29   HIGHEST GUST DIRECTION    SW (230)
  AVERAGE WIND SPEED     5.3


SKY COVER
  AVERAGE SKY COVER 0.2


WEATHER CONDITIONS
 THE FOLLOWING WEATHER WAS RECORDED YESTERDAY.
  THUNDERSTORM
  LIGHT RAIN


RELATIVE HUMIDITY (PERCENT)
 HIGHEST    90          1000 PM
 LOWEST     39           200 PM
 AVERAGE    65

..........................................................


THE AUGUSTA CLIMATE NORMALS FOR TODAY
                         NORMAL    RECORD    YEAR
 MAXIMUM TEMPERATURE (F)   77        93      2003
 MINIMUM TEMPERATURE (F)   57        45      1979


SUNRISE AND SUNSET
JUNE 26 2017..........SUNRISE   457 AM EDT   SUNSET   827 PM EDT
JUNE 27 2017..........SUNRISE   457 AM EDT   SUNSET   827 PM EDT


-  INDICATES NEGATIVE NUMBERS.
R  INDICATES RECORD WAS SET OR TIED.
MM INDICATES DATA IS MISSING.
T  INDICATES TRACE AMOUNT.




$$
