000
CDUS41 KGYX 242040
CLIAUG


CLIMATE REPORT
NATIONAL WEATHER SERVICE GRAY ME
440 PM EDT SAT SEP 24 2016


...................................

...THE AUGUSTA CLIMATE SUMMARY FOR SEPTEMBER 24 2016...
VALID TODAY AS OF 0400 PM LOCAL TIME.

CLIMATE NORMAL PERIOD 1981 TO 2010
CLIMATE RECORD PERIOD 1948 TO 2016


WEATHER ITEM   OBSERVED TIME   RECORD YEAR NORMAL DEPARTURE LAST
                VALUE   (LST)  VALUE       VALUE  FROM      YEAR
                                                  NORMAL
..................................................................
TEMPERATURE (F)
 TODAY
  MAXIMUM         63    156 PM  85    1961  66     -3       72
  MINIMUM         44    528 AM  31    1974  47     -3       52
  AVERAGE         54                        57     -3       62

PRECIPITATION (IN)
  TODAY            0.00          1.60 1994   0.13  -0.13     0.00
  MONTH TO DATE    0.94                      2.91  -1.97     1.35
  SINCE SEP 1      0.94                      2.91  -1.97     1.35
  SINCE JAN 1     22.52                     29.09  -6.57    23.81

DEGREE DAYS
 HEATING
  TODAY           11                         9      2        3
  MONTH TO DATE   35                       119    -84       41
  SINCE SEP 1     35                       119    -84       41
  SINCE JUL 1     60                       161   -101       59

 COOLING
  TODAY            0                         0      0        0
  MONTH TO DATE   73                        27     46       96
  SINCE SEP 1     73                        27     46       96
  SINCE JAN 1    530                       384    146      453
..................................................................


WIND (MPH)
  HIGHEST WIND SPEED    20   HIGHEST WIND DIRECTION    NW (330)
  HIGHEST GUST SPEED    25   HIGHEST GUST DIRECTION    NW (330)
  AVERAGE WIND SPEED     8.1


SKY COVER
  AVERAGE SKY COVER 0.3


WEATHER CONDITIONS
 THE FOLLOWING WEATHER WAS RECORDED TODAY.
  NO SIGNIFICANT WEATHER WAS OBSERVED.


RELATIVE HUMIDITY (PERCENT)
 HIGHEST    93          1200 AM
 LOWEST     36           100 PM
 AVERAGE    65

..........................................................


THE AUGUSTA CLIMATE NORMALS FOR TOMORROW
                         NORMAL    RECORD    YEAR
 MAXIMUM TEMPERATURE (F)   66        85      2007
 MINIMUM TEMPERATURE (F)   47        30      1974


SUNRISE AND SUNSET
SEPTEMBER 24 2016.....SUNRISE   629 AM EDT   SUNSET   632 PM EDT
SEPTEMBER 25 2016.....SUNRISE   630 AM EDT   SUNSET   630 PM EDT


-  INDICATES NEGATIVE NUMBERS.
R  INDICATES RECORD WAS SET OR TIED.
MM INDICATES DATA IS MISSING.
T  INDICATES TRACE AMOUNT.




$$
