000
CDUS41 KGYX 020804
CLIAUG


CLIMATE REPORT
NATIONAL WEATHER SERVICE GRAY ME
403 AM EDT SUN AUG 2 2015


...................................

...THE AUGUSTA CLIMATE SUMMARY FOR AUGUST 1 2015...

CLIMATE NORMAL PERIOD 1981 TO 2010
CLIMATE RECORD PERIOD 1948 TO 2015


WEATHER ITEM   OBSERVED TIME   RECORD YEAR NORMAL DEPARTURE LAST
                VALUE   (LST)  VALUE       VALUE  FROM      YEAR
                                                  NORMAL
..................................................................
TEMPERATURE (F)
 YESTERDAY
  MAXIMUM         82    125 PM  MM      MM  80      2       80
  MINIMUM         59    248 PM  MM      MM  60     -1       57
  AVERAGE         71                        70      1       69

PRECIPITATION (IN)
  YESTERDAY        0.43         MM      MM   0.12   0.31     0.00
  MONTH TO DATE    0.43                      0.12   0.31     0.00
  SINCE JUN 1      8.66                      7.10   1.56    11.28
  SINCE JAN 1     18.34                     22.99  -4.65    25.40

DEGREE DAYS
 HEATING
  YESTERDAY        0                         0      0        0
  MONTH TO DATE    0                         0      0        0
  SINCE JUN 1    169                       110     59       78
  SINCE JUL 1     18                        16      2        2

 COOLING
  YESTERDAY        6                         5      1        4
  MONTH TO DATE    6                         5      1        4
  SINCE JUN 1    166                       226    -60      228
  SINCE JAN 1    200                       235    -35      228
..................................................................


WIND (MPH)
  HIGHEST WIND SPEED    35   HIGHEST WIND DIRECTION    NW (330)
  HIGHEST GUST SPEED    47   HIGHEST GUST DIRECTION     W (290)
  AVERAGE WIND SPEED     4.3


SKY COVER
  AVERAGE SKY COVER 0.3


WEATHER CONDITIONS
 THE FOLLOWING WEATHER WAS RECORDED YESTERDAY.
  THUNDERSTORM
  HEAVY RAIN
  RAIN
  LIGHT RAIN
  FOG


RELATIVE HUMIDITY (PERCENT)
 HIGHEST    90           300 AM
 LOWEST     45          1200 PM
 AVERAGE    68

..........................................................


THE AUGUSTA CLIMATE NORMALS FOR TODAY
                         NORMAL
 MAXIMUM TEMPERATURE (F)   80
 MINIMUM TEMPERATURE (F)   60


SUNRISE AND SUNSET
AUGUST  2 2015........SUNRISE   527 AM EDT   SUNSET   803 PM EDT
AUGUST  3 2015........SUNRISE   528 AM EDT   SUNSET   802 PM EDT


-  INDICATES NEGATIVE NUMBERS.
R  INDICATES RECORD WAS SET OR TIED.
MM INDICATES DATA IS MISSING.
T  INDICATES TRACE AMOUNT.




$$
