000
CDUS41 KGYX 280903
CLIAUG


CLIMATE REPORT
NATIONAL WEATHER SERVICE GRAY ME
503 AM EDT FRI APR 28 2017


...................................

...THE AUGUSTA CLIMATE SUMMARY FOR APRIL 27 2017...

CLIMATE NORMAL PERIOD 1981 TO 2010
CLIMATE RECORD PERIOD 1948 TO 2017


WEATHER ITEM   OBSERVED TIME   RECORD YEAR NORMAL DEPARTURE LAST
                VALUE   (LST)  VALUE       VALUE  FROM      YEAR
                                                  NORMAL
..................................................................
TEMPERATURE (F)
 YESTERDAY
  MAXIMUM         62        MM  90    1990  59      3       54
  MINIMUM         49        MM  24    1966  39     10       28
  AVERAGE         56                        49      7       41

PRECIPITATION (IN)
  YESTERDAY        0.00          3.26 1979   0.13  -0.13     0.00
  MONTH TO DATE    3.97                      3.39   0.58     2.72
  SINCE MAR 1      7.46                      6.76   0.70     6.22
  SINCE JAN 1     13.94                     11.80   2.14    12.09

DEGREE DAYS
 HEATING
  YESTERDAY        9                        16     -7       24
  MONTH TO DATE  530                       587    -57      619
  SINCE MAR 1   1722                      1613    109     1552
  SINCE JUL 1   6534                      6956   -422     6231

 COOLING
  YESTERDAY        0                         0      0        0
  MONTH TO DATE    0                         0      0        0
  SINCE MAR 1      0                         0      0        0
  SINCE JAN 1      0                         0      0        0
..................................................................


WIND (MPH)
  HIGHEST WIND SPEED     9   HIGHEST WIND DIRECTION    SE (150)
  HIGHEST GUST SPEED    MM   HIGHEST GUST DIRECTION    MM
  AVERAGE WIND SPEED     4.7


SKY COVER
  AVERAGE SKY COVER 1.0


WEATHER CONDITIONS
 THE FOLLOWING WEATHER WAS RECORDED YESTERDAY.
  FOG
  FOG W/VISIBILITY <= 1/4 MILE


RELATIVE HUMIDITY (PERCENT)
 HIGHEST   100           100 AM
 LOWEST     84           100 PM
 AVERAGE    92

..........................................................


THE AUGUSTA CLIMATE NORMALS FOR TODAY
                         NORMAL    RECORD    YEAR
 MAXIMUM TEMPERATURE (F)   59        90      2009
 MINIMUM TEMPERATURE (F)   39        26      1966


SUNRISE AND SUNSET
APRIL 28 2017.........SUNRISE   534 AM EDT   SUNSET   740 PM EDT
APRIL 29 2017.........SUNRISE   533 AM EDT   SUNSET   741 PM EDT


-  INDICATES NEGATIVE NUMBERS.
R  INDICATES RECORD WAS SET OR TIED.
MM INDICATES DATA IS MISSING.
T  INDICATES TRACE AMOUNT.




$$
