000
CDUS41 KGYX 060910
CLIAUG


CLIMATE REPORT
NATIONAL WEATHER SERVICE GRAY ME
410 AM EST TUE DEC 6 2016


...................................

...THE AUGUSTA CLIMATE SUMMARY FOR DECEMBER 5 2016...

CLIMATE NORMAL PERIOD 1981 TO 2010
CLIMATE RECORD PERIOD 1948 TO 2016


WEATHER ITEM   OBSERVED TIME   RECORD YEAR NORMAL DEPARTURE LAST
                VALUE   (LST)  VALUE       VALUE  FROM      YEAR
                                                  NORMAL
..................................................................
TEMPERATURE (F)
 YESTERDAY
  MAXIMUM         26    626 PM  57    2001  37    -11       50
  MINIMUM         18    425 AM   4    1991  23     -5       30
  AVERAGE         22                        30     -8       40

PRECIPITATION (IN)
  YESTERDAY        0.09          1.12 1990   0.12  -0.03     0.00
  MONTH TO DATE    1.33                      0.61   0.72     0.75
  SINCE DEC 1      1.33                      0.61   0.72     0.75
  SINCE JAN 1     32.61                     39.25  -6.64    35.23

DEGREE DAYS
 HEATING
  YESTERDAY       43                        35      8       25
  MONTH TO DATE  157                       170    -13      146
  SINCE DEC 1    157                       170    -13      146
  SINCE JUL 1   1475                      1718   -243     1524

 COOLING
  YESTERDAY        0                         0      0        0
  MONTH TO DATE    0                         0      0        0
  SINCE DEC 1      0                         0      0        0
  SINCE JAN 1    530                       388    142      457
..................................................................


WIND (MPH)
  HIGHEST WIND SPEED     9   HIGHEST WIND DIRECTION     N (350)
  HIGHEST GUST SPEED    11   HIGHEST GUST DIRECTION     N (350)
  AVERAGE WIND SPEED     4.5


SKY COVER
  AVERAGE SKY COVER 0.6


WEATHER CONDITIONS
 THE FOLLOWING WEATHER WAS RECORDED YESTERDAY.
  SNOW
  LIGHT SNOW
  FOG


RELATIVE HUMIDITY (PERCENT)
 HIGHEST   100           500 PM
 LOWEST     74          1200 AM
 AVERAGE    87

..........................................................


THE AUGUSTA CLIMATE NORMALS FOR TODAY
                         NORMAL    RECORD    YEAR
 MAXIMUM TEMPERATURE (F)   37        67      2001
 MINIMUM TEMPERATURE (F)   23         3      1991


SUNRISE AND SUNSET
DECEMBER  6 2016......SUNRISE   701 AM EST   SUNSET   400 PM EST
DECEMBER  7 2016......SUNRISE   702 AM EST   SUNSET   400 PM EST


-  INDICATES NEGATIVE NUMBERS.
R  INDICATES RECORD WAS SET OR TIED.
MM INDICATES DATA IS MISSING.
T  INDICATES TRACE AMOUNT.




$$
