000
CDUS41 KGYX 102150
CLIAUG


CLIMATE REPORT
NATIONAL WEATHER SERVICE GRAY ME
450 PM EST WED FEB 10 2016


...................................

...THE AUGUSTA CLIMATE SUMMARY FOR FEBRUARY 10 2016...
VALID TODAY AS OF 0400 PM LOCAL TIME.

CLIMATE NORMAL PERIOD 1981 TO 2010
CLIMATE RECORD PERIOD 1948 TO 2016


WEATHER ITEM   OBSERVED TIME   RECORD YEAR NORMAL DEPARTURE LAST
                VALUE   (LST)  VALUE       VALUE  FROM      YEAR
                                                  NORMAL
..................................................................
TEMPERATURE (F)
 TODAY
  MAXIMUM         32    257 PM  MM      MM  31      1       25
  MINIMUM          7    509 AM  MM      MM  13     -6        8
  AVERAGE         20                        22     -2       17

PRECIPITATION (IN)
  TODAY            0.00         MM      MM   0.08  -0.08      T
  MONTH TO DATE    0.81                      0.84  -0.03     0.28
  SINCE DEC 1      7.18                      6.69   0.49     6.38
  SINCE JAN 1      3.21                      3.45  -0.24     1.90

DEGREE DAYS
 HEATING
  TODAY           45                        43      2       48
  MONTH TO DATE  354                       441    -87      556
  SINCE DEC 1   2536                      3064   -528     3165
  SINCE JUL 1   3914                      4612   -698     4654

 COOLING
  TODAY            0                         0      0        0
  MONTH TO DATE    0                         0      0        0
  SINCE DEC 1      0                         0      0        0
  SINCE JAN 1      0                         0      0        0
..................................................................


WIND (MPH)
  HIGHEST WIND SPEED     8   HIGHEST WIND DIRECTION    SW (210)
  HIGHEST GUST SPEED    12   HIGHEST GUST DIRECTION    SW (210)
  AVERAGE WIND SPEED     2.3


SKY COVER
  AVERAGE SKY COVER 0.8


WEATHER CONDITIONS
 THE FOLLOWING WEATHER WAS RECORDED TODAY.
  FOG


RELATIVE HUMIDITY (PERCENT)
 HIGHEST    92          1200 AM
 LOWEST     63           300 PM
 AVERAGE    78

..........................................................


THE AUGUSTA CLIMATE NORMALS FOR TOMORROW
                         NORMAL
 MAXIMUM TEMPERATURE (F)   31
 MINIMUM TEMPERATURE (F)   14


SUNRISE AND SUNSET
FEBRUARY 10 2016......SUNRISE   647 AM EST   SUNSET   501 PM EST
FEBRUARY 11 2016......SUNRISE   645 AM EST   SUNSET   502 PM EST


-  INDICATES NEGATIVE NUMBERS.
R  INDICATES RECORD WAS SET OR TIED.
MM INDICATES DATA IS MISSING.
T  INDICATES TRACE AMOUNT.




$$
