000
CDUS41 KGYX 280802
CLIAUG


CLIMATE REPORT
NATIONAL WEATHER SERVICE GRAY ME
401 AM EDT THU JUL 28 2016


...................................

...THE AUGUSTA CLIMATE SUMMARY FOR JULY 27 2016...

CLIMATE NORMAL PERIOD 1981 TO 2010
CLIMATE RECORD PERIOD 1948 TO 2016


WEATHER ITEM   OBSERVED TIME   RECORD YEAR NORMAL DEPARTURE LAST
                VALUE   (LST)  VALUE       VALUE  FROM      YEAR
                                                  NORMAL
..................................................................
TEMPERATURE (F)
 YESTERDAY
  MAXIMUM         88    312 PM  97    1949  80      8       78
  MINIMUM         67    515 AM  50    2001  60      7       62
  AVERAGE         78                        70      8       70

PRECIPITATION (IN)
  YESTERDAY        0.00          0.68 1981   0.11  -0.11     0.00
  MONTH TO DATE    1.76                      2.95  -1.19     1.82
  SINCE JUN 1      5.50                      6.51  -1.01     7.28
  SINCE JAN 1     19.07                     22.40  -3.33    16.96

DEGREE DAYS
 HEATING
  YESTERDAY        0                         0      0        0
  MONTH TO DATE   21                        12      9       18
  SINCE JUN 1     99                       106     -7      169
  SINCE JUL 1     21                        12      9       18

 COOLING
  YESTERDAY       13                         5      8        5
  MONTH TO DATE  174                       130     44       92
  SINCE JUN 1    209                       194     15      125
  SINCE JAN 1    224                       203     21      159
..................................................................


WIND (MPH)
  HIGHEST WIND SPEED     9   HIGHEST WIND DIRECTION     S (190)
  HIGHEST GUST SPEED    15   HIGHEST GUST DIRECTION     S (190)
  AVERAGE WIND SPEED     5.6


SKY COVER
  AVERAGE SKY COVER 0.0


WEATHER CONDITIONS
 THE FOLLOWING WEATHER WAS RECORDED YESTERDAY.
  HAZE


RELATIVE HUMIDITY (PERCENT)
 HIGHEST    81           400 AM
 LOWEST     36           300 PM
 AVERAGE    59

..........................................................


THE AUGUSTA CLIMATE NORMALS FOR TODAY
                         NORMAL    RECORD    YEAR
 MAXIMUM TEMPERATURE (F)   80        97      1949
 MINIMUM TEMPERATURE (F)   60        51      1987


SUNRISE AND SUNSET
JULY 28 2016..........SUNRISE   523 AM EDT   SUNSET   808 PM EDT
JULY 29 2016..........SUNRISE   524 AM EDT   SUNSET   807 PM EDT


-  INDICATES NEGATIVE NUMBERS.
R  INDICATES RECORD WAS SET OR TIED.
MM INDICATES DATA IS MISSING.
T  INDICATES TRACE AMOUNT.




$$
