543
CDUS41 KGYX 220801
CLIAUG


CLIMATE REPORT
NATIONAL WEATHER SERVICE GRAY ME
401 AM EDT SUN OCT 22 2017


...................................

...THE AUGUSTA CLIMATE SUMMARY FOR OCTOBER 21 2017...

CLIMATE NORMAL PERIOD 1981 TO 2010
CLIMATE RECORD PERIOD 1948 TO 2017


WEATHER ITEM   OBSERVED TIME   RECORD YEAR NORMAL DEPARTURE LAST
                VALUE   (LST)  VALUE       VALUE  FROM      YEAR
                                                  NORMAL
..................................................................
TEMPERATURE (F)
 YESTERDAY
  MAXIMUM         72    324 PM  75    1979  55     17       65
  MINIMUM         45    629 AM  25    1974  38      7       53
  AVERAGE         59                        47     12       59

PRECIPITATION (IN)
  YESTERDAY        0.00          2.18 2016   0.15  -0.15     2.18
  MONTH TO DATE    0.66                      2.91  -2.25     3.00
  SINCE SEP 1      3.64                      6.65  -3.01     4.13
  SINCE JAN 1     28.83                     32.83  -4.00    25.71

DEGREE DAYS
 HEATING
  YESTERDAY        6                        18    -12        6
  MONTH TO DATE  172                       313   -141      231
  SINCE SEP 1    247                       491   -244      335
  SINCE JUL 1    288                       533   -245      360

 COOLING
  YESTERDAY        0                         0      0        0
  MONTH TO DATE    7                         0      7        0
  SINCE SEP 1     86                        30     56       73
  SINCE JAN 1    446                       387     59      530
..................................................................


WIND (MPH)
  HIGHEST WIND SPEED    10   HIGHEST WIND DIRECTION    SE (140)
  HIGHEST GUST SPEED    13   HIGHEST GUST DIRECTION    SE (150)
  AVERAGE WIND SPEED     3.8


SKY COVER
  AVERAGE SKY COVER 0.0


WEATHER CONDITIONS
 THE FOLLOWING WEATHER WAS RECORDED YESTERDAY.
  NO SIGNIFICANT WEATHER WAS OBSERVED.


RELATIVE HUMIDITY (PERCENT)
 HIGHEST    80          1100 PM
 LOWEST     29           100 PM
 AVERAGE    55

..........................................................


THE AUGUSTA CLIMATE NORMALS FOR TODAY
                         NORMAL    RECORD    YEAR
 MAXIMUM TEMPERATURE (F)   55        80      1979
 MINIMUM TEMPERATURE (F)   38        23      1959


SUNRISE AND SUNSET
OCTOBER 22 2017.......SUNRISE   703 AM EDT   SUNSET   543 PM EDT
OCTOBER 23 2017.......SUNRISE   705 AM EDT   SUNSET   542 PM EDT


-  INDICATES NEGATIVE NUMBERS.
R  INDICATES RECORD WAS SET OR TIED.
MM INDICATES DATA IS MISSING.
T  INDICATES TRACE AMOUNT.




$$
