000
CDUS41 KGYX 170802
CLIAUG


CLIMATE REPORT
NATIONAL WEATHER SERVICE GRAY ME
402 AM EDT WED SEP 17 2014


...................................

...THE AUGUSTA CLIMATE SUMMARY FOR SEPTEMBER 16 2014...

CLIMATE NORMAL PERIOD 1981 TO 2010
CLIMATE RECORD PERIOD 1948 TO 2014


WEATHER ITEM   OBSERVED TIME   NORMAL DEPARTURE LAST
                VALUE   (LST)  VALUE  FROM      YEAR
                                      NORMAL
......................................................
TEMPERATURE (F)
 YESTERDAY
  MAXIMUM         60    430 PM  70    -10       62
  MINIMUM         50    613 AM  51     -1       42
  AVERAGE         55            60     -5       52

PRECIPITATION (IN)
  YESTERDAY        0.01          0.13  -0.12     0.07
  MONTH TO DATE    0.45          1.87  -1.42     6.86
  SINCE SEP 1      0.45          1.87  -1.42     6.86
  SINCE JAN 1     31.08         28.05   3.03    34.00

DEGREE DAYS
 HEATING
  YESTERDAY       10             6      4       13
  MONTH TO DATE   78            61     17       74
  SINCE SEP 1     78            61     17       74
  SINCE JUL 1     97           103     -6       87

 COOLING
  YESTERDAY        0             1     -1        0
  MONTH TO DATE   45            24     21       37
  SINCE SEP 1     45            24     21       37
  SINCE JAN 1    359           381    -22      428
......................................................


WIND (MPH)
  HIGHEST WIND SPEED    10   HIGHEST WIND DIRECTION    SW (240)
  HIGHEST GUST SPEED    15   HIGHEST GUST DIRECTION    SW (240)
  AVERAGE WIND SPEED     4.1


SKY COVER
  AVERAGE SKY COVER 0.9


WEATHER CONDITIONS
 THE FOLLOWING WEATHER WAS RECORDED YESTERDAY.
  LIGHT RAIN
  FOG
  FOG W/VISIBILITY <= 1/4 MILE


RELATIVE HUMIDITY (PERCENT)
 HIGHEST   100          1100 PM
 LOWEST     72           300 PM
 AVERAGE    86

..........................................................


THE AUGUSTA CLIMATE NORMALS FOR TODAY
                         NORMAL
 MAXIMUM TEMPERATURE (F)   69
 MINIMUM TEMPERATURE (F)   50


SUNRISE AND SUNSET
SEPTEMBER 17 2014.....SUNRISE   620 AM EDT   SUNSET   646 PM EDT
SEPTEMBER 18 2014.....SUNRISE   622 AM EDT   SUNSET   644 PM EDT


-  INDICATES NEGATIVE NUMBERS.
R  INDICATES RECORD WAS SET OR TIED.
MM INDICATES DATA IS MISSING.
T  INDICATES TRACE AMOUNT.




$$
