000
CDUS41 KGYX 180803
CLIAUG


CLIMATE REPORT
NATIONAL WEATHER SERVICE GRAY ME
403 AM EDT FRI AUG 18 2017


...................................

...THE AUGUSTA CLIMATE SUMMARY FOR AUGUST 17 2017...

CLIMATE NORMAL PERIOD 1981 TO 2010
CLIMATE RECORD PERIOD 1948 TO 2017


WEATHER ITEM   OBSERVED TIME   RECORD YEAR NORMAL DEPARTURE LAST
                VALUE   (LST)  VALUE       VALUE  FROM      YEAR
                                                  NORMAL
..................................................................
TEMPERATURE (F)
 YESTERDAY
  MAXIMUM         79    348 PM  96    1987  78      1       79
  MINIMUM         55    458 AM  47    1961  59     -4       65
  AVERAGE         67                        68     -1       72

PRECIPITATION (IN)
  YESTERDAY        0.00          1.07 1962   0.10  -0.10      T
  MONTH TO DATE    1.34                      1.88  -0.54     1.18
  SINCE JUN 1      4.91                      8.86  -3.95     6.88
  SINCE JAN 1     23.86                     24.75  -0.89    20.45

DEGREE DAYS
 HEATING
  YESTERDAY        0                         1     -1        0
  MONTH TO DATE    1                         6     -5        3
  SINCE JUN 1     90                       116    -26      102
  SINCE JUL 1     12                        22    -10       24

 COOLING
  YESTERDAY        2                         4     -2        7
  MONTH TO DATE   86                        80      6      124
  SINCE JUN 1    320                       301     19      365
  SINCE JAN 1    331                       310     21      380
..................................................................


WIND (MPH)
  HIGHEST WIND SPEED    18   HIGHEST WIND DIRECTION     N (340)
  HIGHEST GUST SPEED    26   HIGHEST GUST DIRECTION     W (280)
  AVERAGE WIND SPEED     7.7


SKY COVER
  AVERAGE SKY COVER 0.0


WEATHER CONDITIONS
 THE FOLLOWING WEATHER WAS RECORDED YESTERDAY.
  NO SIGNIFICANT WEATHER WAS OBSERVED.


RELATIVE HUMIDITY (PERCENT)
 HIGHEST    72           400 AM
 LOWEST     32           400 PM
 AVERAGE    52

..........................................................


THE AUGUSTA CLIMATE NORMALS FOR TODAY
                         NORMAL    RECORD    YEAR
 MAXIMUM TEMPERATURE (F)   78        91      2002
 MINIMUM TEMPERATURE (F)   59        49      1985


SUNRISE AND SUNSET
AUGUST 18 2017........SUNRISE   546 AM EDT   SUNSET   739 PM EDT
AUGUST 19 2017........SUNRISE   547 AM EDT   SUNSET   737 PM EDT


-  INDICATES NEGATIVE NUMBERS.
R  INDICATES RECORD WAS SET OR TIED.
MM INDICATES DATA IS MISSING.
T  INDICATES TRACE AMOUNT.




$$
