000
CDUS41 KGYX 232150
CLIAUG


CLIMATE REPORT
NATIONAL WEATHER SERVICE GRAY ME
450 PM EST MON JAN 23 2017


...................................

...THE AUGUSTA CLIMATE SUMMARY FOR JANUARY 23 2017...
VALID TODAY AS OF 0400 PM LOCAL TIME.

CLIMATE NORMAL PERIOD 1981 TO 2010
CLIMATE RECORD PERIOD 1948 TO 2017


WEATHER ITEM   OBSERVED TIME   RECORD YEAR NORMAL DEPARTURE LAST
                VALUE   (LST)  VALUE       VALUE  FROM      YEAR
                                                  NORMAL
..................................................................
TEMPERATURE (F)
 TODAY
  MAXIMUM         30    157 AM  51    1992  27      3       17
  MINIMUM         26   1020 AM -14    1976  11     15        5
  AVERAGE         28                        19      9       11

PRECIPITATION (IN)
  TODAY            0.00          1.52 1992   0.09  -0.09     0.00
  MONTH TO DATE    1.49                      1.94  -0.45     2.37
  SINCE DEC 1      5.46                      5.18   0.28     6.34
  SINCE JAN 1      1.49                      1.94  -0.45     2.37

DEGREE DAYS
 HEATING
  TODAY           37                        46     -9       54
  MONTH TO DATE  896                      1049   -153      965
  SINCE DEC 1   2139                      2256   -117     1894
  SINCE JUL 1   3457                      3804   -347     3272

 COOLING
  TODAY            0                         0      0        0
  MONTH TO DATE    0                         0      0        0
  SINCE DEC 1      0                         0      0        0
  SINCE JAN 1      0                         0      0        0
..................................................................


WIND (MPH)
  HIGHEST WIND SPEED    14   HIGHEST WIND DIRECTION    NE (40)
  HIGHEST GUST SPEED    17   HIGHEST GUST DIRECTION    NE (30)
  AVERAGE WIND SPEED     8.9


SKY COVER
  AVERAGE SKY COVER 0.9


WEATHER CONDITIONS
 THE FOLLOWING WEATHER WAS RECORDED TODAY.
  NO SIGNIFICANT WEATHER WAS OBSERVED.


RELATIVE HUMIDITY (PERCENT)
 HIGHEST    69          1200 AM
 LOWEST     63           100 AM
 AVERAGE    66

..........................................................


THE AUGUSTA CLIMATE NORMALS FOR TOMORROW
                         NORMAL    RECORD    YEAR
 MAXIMUM TEMPERATURE (F)   27        52      1992
 MINIMUM TEMPERATURE (F)   11       -14      1961


SUNRISE AND SUNSET
JANUARY 23 2017.......SUNRISE   706 AM EST   SUNSET   437 PM EST
JANUARY 24 2017.......SUNRISE   705 AM EST   SUNSET   438 PM EST


-  INDICATES NEGATIVE NUMBERS.
R  INDICATES RECORD WAS SET OR TIED.
MM INDICATES DATA IS MISSING.
T  INDICATES TRACE AMOUNT.




$$
