000
CDUS41 KGYX 110917
CLIAUG


CLIMATE REPORT
NATIONAL WEATHER SERVICE GRAY ME
416 AM EST MON DEC 11 2017


...................................

...THE AUGUSTA CLIMATE SUMMARY FOR DECEMBER 10 2017...

CLIMATE NORMAL PERIOD 1981 TO 2010
CLIMATE RECORD PERIOD 1948 TO 2017


WEATHER ITEM   OBSERVED TIME   RECORD YEAR NORMAL DEPARTURE LAST
                VALUE   (LST)  VALUE       VALUE  FROM      YEAR
                                                  NORMAL
..................................................................
TEMPERATURE (F)
 YESTERDAY
  MAXIMUM         36    155 PM  55    1973  35      1       20
  MINIMUM         22   1159 PM  -2    1976  21      1       13
  AVERAGE         29                        28      1       17

PRECIPITATION (IN)
  YESTERDAY        0.01          0.73 1975   0.12  -0.11     0.00
  MONTH TO DATE    1.37                      1.21   0.16     1.37
  SINCE DEC 1      1.37                      1.21   0.16     1.37
  SINCE JAN 1     38.98                     39.85  -0.87    32.65

DEGREE DAYS
 HEATING
  YESTERDAY       36                        37     -1       48
  MONTH TO DATE  303                       350    -47      352
  SINCE DEC 1    303                       350    -47      352
  SINCE JUL 1   1539                      1898   -359     1670

 COOLING
  YESTERDAY        0                         0      0        0
  MONTH TO DATE    0                         0      0        0
  SINCE DEC 1      0                         0      0        0
  SINCE JAN 1    446                       388     58      530
..................................................................


WIND (MPH)
  HIGHEST WIND SPEED    15   HIGHEST WIND DIRECTION     N (350)
  HIGHEST GUST SPEED    18   HIGHEST GUST DIRECTION     W (280)
  AVERAGE WIND SPEED     6.5


SKY COVER
  AVERAGE SKY COVER 0.4


WEATHER CONDITIONS
 THE FOLLOWING WEATHER WAS RECORDED YESTERDAY.
  LIGHT SNOW
  FOG


RELATIVE HUMIDITY (PERCENT)
 HIGHEST    92          1200 AM
 LOWEST     64           200 PM
 AVERAGE    78

..........................................................


THE AUGUSTA CLIMATE NORMALS FOR TODAY
                         NORMAL    RECORD    YEAR
 MAXIMUM TEMPERATURE (F)   35        60      1966
 MINIMUM TEMPERATURE (F)   21        -4      1977


SUNRISE AND SUNSET
DECEMBER 11 2017......SUNRISE   705 AM EST   SUNSET   400 PM EST
DECEMBER 12 2017......SUNRISE   706 AM EST   SUNSET   400 PM EST


-  INDICATES NEGATIVE NUMBERS.
R  INDICATES RECORD WAS SET OR TIED.
MM INDICATES DATA IS MISSING.
T  INDICATES TRACE AMOUNT.




$$
