000
CDUS44 KEWX 260735
CLIAUS


CLIMATE REPORT
NATIONAL WEATHER SERVICE AUSTIN/SAN ANTONIO, TX
134 AM CST MON JAN 26 2015


...................................

...THE AUSTIN BERGSTROM CLIMATE SUMMARY FOR JANUARY 25 2015...

CLIMATE NORMAL PERIOD 1981 TO 2010
CLIMATE RECORD PERIOD 1943 TO 2015


WEATHER ITEM   OBSERVED TIME   RECORD YEAR NORMAL DEPARTURE LAST
                VALUE   (LST)  VALUE       VALUE  FROM      YEAR
                                                  NORMAL
..................................................................
TEMPERATURE (F)
 YESTERDAY
  MAXIMUM         72    300 PM  89    1971  62     10       68
  MINIMUM         32    655 AM  19    2014  37     -5       19
  AVERAGE         52                        50      2       44

PRECIPITATION (IN)
  YESTERDAY        0.00          5.66 2012   0.07  -0.07     0.00
  MONTH TO DATE    5.02                      1.84   3.18     0.52
  SINCE DEC 1      7.14                      4.05   3.09     1.38
  SINCE JAN 1      5.02                      1.84   3.18     0.52

SNOWFALL (IN)
  YESTERDAY        0.0
  MONTH TO DATE    T
  SINCE DEC 1      T
  SINCE JUL 1      T
  SNOW DEPTH       0

DEGREE DAYS
 HEATING
  YESTERDAY       13                        16     -3       21
  MONTH TO DATE  525                       400    125      457
  SINCE DEC 1    885                       862     23     1001
  SINCE JUL 1   1223                      1147     76     1326

 COOLING
  YESTERDAY        0                         0      0        0
  MONTH TO DATE    0                         0      0        0
  SINCE DEC 1      4                        10     -6        5
  SINCE JAN 1      0                         0      0        0
..................................................................


WIND (MPH)
  HIGHEST WIND SPEED    17   HIGHEST WIND DIRECTION     N (350)
  HIGHEST GUST SPEED    24   HIGHEST GUST DIRECTION     N (340)
  AVERAGE WIND SPEED     7.3


SKY COVER
  AVERAGE SKY COVER 0.3


WEATHER CONDITIONS
 THE FOLLOWING WEATHER WAS RECORDED YESTERDAY.
  NO SIGNIFICANT WEATHER WAS OBSERVED.


RELATIVE HUMIDITY (PERCENT)
 HIGHEST    92           500 AM
 LOWEST     24           500 PM
 AVERAGE    58

..........................................................


THE AUSTIN BERGSTROM CLIMATE NORMALS FOR TODAY
                         NORMAL    RECORD    YEAR
 MAXIMUM TEMPERATURE (F)   62        86      1975
 MINIMUM TEMPERATURE (F)   37        24      2011


SUNRISE AND SUNSET
JANUARY 26 2015.......SUNRISE   724 AM CST   SUNSET   602 PM CST
JANUARY 27 2015.......SUNRISE   724 AM CST   SUNSET   603 PM CST


-  INDICATES NEGATIVE NUMBERS.
R  INDICATES RECORD WAS SET OR TIED.
MM INDICATES DATA IS MISSING.
T  INDICATES TRACE AMOUNT.




$$
