000
CDUS44 KEWX 270725
CLIAUS


CLIMATE REPORT
NATIONAL WEATHER SERVICE AUSTIN/SAN ANTONIO, TX
224 AM CDT WED JUL 27 2016


...................................

...THE AUSTIN BERGSTROM CLIMATE SUMMARY FOR JULY 26 2016...

CLIMATE NORMAL PERIOD 1981 TO 2010
CLIMATE RECORD PERIOD 1943 TO 2016


WEATHER ITEM   OBSERVED TIME   RECORD YEAR NORMAL DEPARTURE LAST
                VALUE   (LST)  VALUE       VALUE  FROM      YEAR
                                                  NORMAL
..................................................................
TEMPERATURE (F)
 YESTERDAY
  MAXIMUM         91    213 PM 106    1954  96     -5       96
  MINIMUM         74   1159 PM  69    2004  72      2       70
  AVERAGE         83                        84     -1       83

PRECIPITATION (IN)
  YESTERDAY        1.13R         0.73 2007   0.05   1.08     0.00
  MONTH TO DATE    1.47                      2.17  -0.70     0.01
  SINCE JUN 1      4.10                      6.80  -2.70     3.22
  SINCE JAN 1     32.39                     20.41  11.98    28.79

SNOWFALL (IN)
  YESTERDAY        0.0
  MONTH TO DATE    0.0
  SINCE JUN 1      0.0
  SINCE JUL 1      0.0
  SNOW DEPTH       0

DEGREE DAYS
 HEATING
  YESTERDAY        0                         0      0        0
  MONTH TO DATE    0                         0      0        0
  SINCE JUN 1      0                         0      0        0
  SINCE JUL 1      0                         0      0        0

 COOLING
  YESTERDAY       18                        19     -1       18
  MONTH TO DATE  575                       478     97      463
  SINCE JUN 1   1093                       959    134      893
  SINCE JAN 1   1597                      1466    131     1386
..................................................................


WIND (MPH)
  HIGHEST WIND SPEED    24   HIGHEST WIND DIRECTION    SE (130)
  HIGHEST GUST SPEED    29   HIGHEST GUST DIRECTION    SE (130)
  AVERAGE WIND SPEED     4.8


SKY COVER
  AVERAGE SKY COVER 0.6


WEATHER CONDITIONS
 THE FOLLOWING WEATHER WAS RECORDED YESTERDAY.
  THUNDERSTORM
  RAIN
  LIGHT RAIN
  FOG


RELATIVE HUMIDITY (PERCENT)
 HIGHEST   100           100 AM
 LOWEST     59          1200 PM
 AVERAGE    80

..........................................................


THE AUSTIN BERGSTROM CLIMATE NORMALS FOR TODAY
                         NORMAL    RECORD    YEAR
 MAXIMUM TEMPERATURE (F)   96       104      1954
 MINIMUM TEMPERATURE (F)   72        67      2004


SUNRISE AND SUNSET
JULY 27 2016..........SUNRISE   647 AM CDT   SUNSET   827 PM CDT
JULY 28 2016..........SUNRISE   647 AM CDT   SUNSET   827 PM CDT


-  INDICATES NEGATIVE NUMBERS.
R  INDICATES RECORD WAS SET OR TIED.
MM INDICATES DATA IS MISSING.
T  INDICATES TRACE AMOUNT.




$$
