000
CDUS44 KEWX 280719
CLIAUS


CLIMATE REPORT
NATIONAL WEATHER SERVICE AUSTIN/SAN ANTONIO, TX
219 AM CDT THU AUG 28 2014


...................................

...THE AUSTIN BERGSTROM CLIMATE SUMMARY FOR AUGUST 27 2014...

CLIMATE NORMAL PERIOD 1981 TO 2010
CLIMATE RECORD PERIOD 1943 TO 2014


WEATHER ITEM   OBSERVED TIME   RECORD YEAR NORMAL DEPARTURE LAST
                VALUE   (LST)  VALUE       VALUE  FROM      YEAR
                                                  NORMAL
..................................................................
TEMPERATURE (F)
 YESTERDAY
  MAXIMUM         97    439 PM 108    2011  95      2       87
  MINIMUM         71    611 AM  64    2010  70      1       71
  AVERAGE         84                        83      1       79

PRECIPITATION (IN)
  YESTERDAY        0.00          1.82 1959   0.07  -0.07      T
  MONTH TO DATE    T                         1.32  -1.32     1.65
  SINCE JUN 1      3.73                      8.34  -4.61     3.84
  SINCE JAN 1     15.55                     22.39  -6.84    19.22

SNOWFALL (IN)
  YESTERDAY        0.0
  MONTH TO DATE    0.0
  SINCE JUN 1      0.0
  SINCE JUL 1      0.0
  SNOW DEPTH       0

DEGREE DAYS
 HEATING
  YESTERDAY        0                         0      0        0
  MONTH TO DATE    0                         0      0        0
  SINCE JUN 1      0                         0      0        0
  SINCE JUL 1      0                         0      0        0

 COOLING
  YESTERDAY       19                        18      1       14
  MONTH TO DATE  563                       507     56      567
  SINCE JUN 1   1628                      1560     68     1741
  SINCE JAN 1   2083                      2067     16     2255
..................................................................


WIND (MPH)
  HIGHEST WIND SPEED    16   HIGHEST WIND DIRECTION    NE (60)
  HIGHEST GUST SPEED    22   HIGHEST GUST DIRECTION     E (80)
  AVERAGE WIND SPEED     4.8


SKY COVER
  AVERAGE SKY COVER 0.3


WEATHER CONDITIONS
 THE FOLLOWING WEATHER WAS RECORDED YESTERDAY.
  FOG


RELATIVE HUMIDITY (PERCENT)
 HIGHEST    93           400 AM
 LOWEST     25           500 PM
 AVERAGE    59

..........................................................


THE AUSTIN BERGSTROM CLIMATE NORMALS FOR TODAY
                         NORMAL    RECORD    YEAR
 MAXIMUM TEMPERATURE (F)   95       110      2011
 MINIMUM TEMPERATURE (F)   70        61      2010


SUNRISE AND SUNSET
AUGUST 28 2014........SUNRISE   705 AM CDT   SUNSET   758 PM CDT
AUGUST 29 2014........SUNRISE   706 AM CDT   SUNSET   757 PM CDT


-  INDICATES NEGATIVE NUMBERS.
R  INDICATES RECORD WAS SET OR TIED.
MM INDICATES DATA IS MISSING.
T  INDICATES TRACE AMOUNT.




$$
