389
CDUS44 KEWX 080655
CLIAUS


CLIMATE REPORT
NATIONAL WEATHER SERVICE AUSTIN/SAN ANTONIO, TX
1250 AM CST MON FEB 8 2016


...................................

...THE AUSTIN BERGSTROM CLIMATE SUMMARY FOR FEBRUARY 7 2016...

CLIMATE NORMAL PERIOD 1981 TO 2010
CLIMATE RECORD PERIOD 1943 TO 2016


WEATHER ITEM   OBSERVED TIME   RECORD YEAR NORMAL DEPARTURE LAST
                VALUE   (LST)  VALUE       VALUE  FROM      YEAR
                                                  NORMAL
..................................................................
TEMPERATURE (F)
 YESTERDAY
  MAXIMUM         66    459 PM  84    1999  64      2       68
  MINIMUM         26    725 AM  19    1967  38    -12       38
  AVERAGE         46                        51     -5       53

PRECIPITATION (IN)
  YESTERDAY        0.00          0.79 1978   0.08  -0.08     0.00
  MONTH TO DATE    T                         0.52  -0.52     0.28
  SINCE DEC 1      3.33                      4.93  -1.60     7.68
  SINCE JAN 1      1.04                      2.72  -1.68     5.56

SNOWFALL (IN)
  YESTERDAY        0.0
  MONTH TO DATE    0.0
  SINCE DEC 1      T
  SINCE JUL 1      T
  SNOW DEPTH       0

DEGREE DAYS
 HEATING
  YESTERDAY       19                        15      4       12
  MONTH TO DATE  114                       105      9      118
  SINCE DEC 1    908                      1062   -154     1059
  SINCE JUL 1   1086                      1347   -261     1397

 COOLING
  YESTERDAY        0                         0      0        0
  MONTH TO DATE    0                         0      0        0
  SINCE DEC 1     19                        15      4        4
  SINCE JAN 1      0                         5     -5        0
..................................................................


WIND (MPH)
  HIGHEST WIND SPEED    22   HIGHEST WIND DIRECTION     S (200)
  HIGHEST GUST SPEED    28   HIGHEST GUST DIRECTION     S (200)
  AVERAGE WIND SPEED     7.2


SKY COVER
  AVERAGE SKY COVER 0.1


WEATHER CONDITIONS
 THE FOLLOWING WEATHER WAS RECORDED YESTERDAY.
  NO SIGNIFICANT WEATHER WAS OBSERVED.


RELATIVE HUMIDITY (PERCENT)
 HIGHEST    92           100 AM
 LOWEST     26           400 PM
 AVERAGE    59

..........................................................


THE AUSTIN BERGSTROM CLIMATE NORMALS FOR TODAY
                         NORMAL    RECORD    YEAR
 MAXIMUM TEMPERATURE (F)   64        85      1962
 MINIMUM TEMPERATURE (F)   38        21      2011


SUNRISE AND SUNSET
FEBRUARY  8 2016......SUNRISE   717 AM CST   SUNSET   613 PM CST
FEBRUARY  9 2016......SUNRISE   716 AM CST   SUNSET   614 PM CST


-  INDICATES NEGATIVE NUMBERS.
R  INDICATES RECORD WAS SET OR TIED.
MM INDICATES DATA IS MISSING.
T  INDICATES TRACE AMOUNT.




$$
