000
CDUS44 KEWX 262222
CLIAUS


CLIMATE REPORT
NATIONAL WEATHER SERVICE AUSTIN/SAN ANTONIO, TX
422 PM CST FRI DEC 26 2014


...................................

...THE AUSTIN BERGSTROM CLIMATE SUMMARY FOR DECEMBER 26 2014...
VALID TODAY AS OF 420 PM LOCAL TIME.

CLIMATE NORMAL PERIOD 1981 TO 2010
CLIMATE RECORD PERIOD 1943 TO 2014


WEATHER ITEM   OBSERVED TIME   RECORD YEAR NORMAL DEPARTURE LAST
                VALUE   (LST)  VALUE       VALUE  FROM      YEAR
                                                  NORMAL
..................................................................
TEMPERATURE (F)
 TODAY
  MAXIMUM         75    327 PM  81    2008  62     13       55
                                      2005
  MINIMUM         53    403 AM  18    1983  36     17       39
  AVERAGE         64                        49     15       47

PRECIPITATION (IN)
  TODAY            T             0.63 1997   0.07  -0.07     0.00
  MONTH TO DATE    1.85                      1.86  -0.01     0.86
  SINCE DEC 1      1.85                      1.86  -0.01     0.86
  SINCE JAN 1     29.20                     34.76  -5.56    37.04

SNOWFALL (IN)
  TODAY            0.0
  MONTH TO DATE    0.0
  SINCE DEC 1      0.0
  SINCE JUL 1      0.0
  SNOW DEPTH       0

DEGREE DAYS
 HEATING
  TODAY            1                        16    -15       18
  MONTH TO DATE  249                       382   -133      445
  SINCE DEC 1    249                       382   -133      445
  SINCE JUL 1    587                       667    -80      770

 COOLING
  TODAY            0                         0      0        0
  MONTH TO DATE    4                         5     -1        5
  SINCE DEC 1      4                         5     -1        5
  SINCE JAN 1   2832                      2746     86     3045
..................................................................


WIND (MPH)
  HIGHEST WIND SPEED    22   HIGHEST WIND DIRECTION     S (180)
  HIGHEST GUST SPEED    28   HIGHEST GUST DIRECTION     S (190)
  AVERAGE WIND SPEED    11.2


SKY COVER
  AVERAGE SKY COVER 0.9


WEATHER CONDITIONS
 THE FOLLOWING WEATHER WAS RECORDED TODAY.
  FOG


RELATIVE HUMIDITY (PERCENT)
 HIGHEST    93           700 AM
 LOWEST     61           400 PM
 AVERAGE    77

..........................................................


THE AUSTIN BERGSTROM CLIMATE NORMALS FOR TOMORROW
                         NORMAL    RECORD    YEAR
 MAXIMUM TEMPERATURE (F)   62        80      1946
 MINIMUM TEMPERATURE (F)   36        20      2010


SUNRISE AND SUNSET
DECEMBER 26 2014......SUNRISE   725 AM CST   SUNSET   538 PM CST
DECEMBER 27 2014......SUNRISE   725 AM CST   SUNSET   538 PM CST


-  INDICATES NEGATIVE NUMBERS.
R  INDICATES RECORD WAS SET OR TIED.
MM INDICATES DATA IS MISSING.
T  INDICATES TRACE AMOUNT.




$$
