046
CDUS43 KGRB 080752
CLIAUW


CLIMATE REPORT
NATIONAL WEATHER SERVICE GREEN BAY
149 AM CST MON FEB 8 2016


...................................

...THE WAUSAU WI CLIMATE SUMMARY FOR FEBRUARY 7 2016...

CLIMATE NORMAL PERIOD 1981 TO 2010
CLIMATE RECORD PERIOD 1896 TO 2016


WEATHER ITEM   OBSERVED TIME   RECORD YEAR NORMAL DEPARTURE LAST
                VALUE   (LST)  VALUE       VALUE  FROM      YEAR
                                                  NORMAL
..................................................................
TEMPERATURE (F)
 YESTERDAY
  MAXIMUM         39    534 PM  47    1987  26     13       28
  MINIMUM         30    218 AM -36    1899   8     22       18
  AVERAGE         35                        17     18

PRECIPITATION (IN)
  YESTERDAY        0.01          0.65 1931   0.03  -0.02      T
  MONTH TO DATE    0.43                      0.21   0.22     0.02
  SINCE DEC 1      6.22                      2.59   3.63     2.00
  SINCE JAN 1      1.27                      1.23   0.04     0.60

SNOWFALL (IN)
  YESTERDAY        0.1           6.4  1931   0.4   -0.3       T
  MONTH TO DATE    5.8                       2.6    3.2      0.6
  SINCE JUL 1     21.2                      38.3  -17.1     41.0
  SNOW DEPTH      10

DEGREE DAYS
 HEATING
  YESTERDAY       30                        48    -18       42
  MONTH TO DATE  279                       341    -62      388
  SINCE DEC 1   2787                      3332   -545     3262
  SINCE JUL 1   4193                      5191   -998     5345

 COOLING
  YESTERDAY        0                         0      0        0
  MONTH TO DATE    0                         0      0        0
  SINCE DEC 1      0                         0      0        0
  SINCE JAN 1      0                         0      0        0
..................................................................


WIND (MPH)
  HIGHEST WIND SPEED    21   HIGHEST WIND DIRECTION     W (290)
  HIGHEST GUST SPEED    23   HIGHEST GUST DIRECTION     W (290)
  AVERAGE WIND SPEED     9.2


SKY COVER
  POSSIBLE SUNSHINE  MM
  AVERAGE SKY COVER 0.8


WEATHER CONDITIONS
 THE FOLLOWING WEATHER WAS RECORDED YESTERDAY.
  LIGHT SNOW
  FOG


RELATIVE HUMIDITY (PERCENT)
 HIGHEST    85           400 AM
 LOWEST     59           400 PM
 AVERAGE    72

..........................................................


THE WAUSAU WI CLIMATE NORMALS FOR TODAY
                         NORMAL    RECORD    YEAR
 MAXIMUM TEMPERATURE (F)   26        50      2002
 MINIMUM TEMPERATURE (F)    8       -27      1971


SUNRISE AND SUNSET
FEBRUARY  8 2016......SUNRISE   710 AM CST   SUNSET   516 PM CST
FEBRUARY  9 2016......SUNRISE   709 AM CST   SUNSET   517 PM CST


-  INDICATES NEGATIVE NUMBERS.
R  INDICATES RECORD WAS SET OR TIED.
MM INDICATES DATA IS MISSING.
T  INDICATES TRACE AMOUNT.

$$
