000
CDUS43 KGRB 200727
CLIAUW


CLIMATE REPORT
NATIONAL WEATHER SERVICE GREEN BAY
127 AM CST MON FEB 20 2017


...................................

...THE WAUSAU WI CLIMATE SUMMARY FOR FEBRUARY 19 2017...

CLIMATE NORMAL PERIOD 1981 TO 2010
CLIMATE RECORD PERIOD 1896 TO 2017


WEATHER ITEM   OBSERVED TIME   RECORD YEAR NORMAL DEPARTURE LAST
                VALUE   (LST)  VALUE       VALUE  FROM      YEAR
                                                  NORMAL
..................................................................
TEMPERATURE (F)
 YESTERDAY
  MAXIMUM         57R   341 PM  55    1981  29     28       44
  MINIMUM         29    613 AM -25    1929  11     18       34
  AVERAGE         43                        20     23

PRECIPITATION (IN)
  YESTERDAY        0.00          1.20 1898   0.03  -0.03     0.01
  MONTH TO DATE    0.08                      0.57  -0.49     0.54
  SINCE DEC 1      5.08                      2.95   2.13     6.33
  SINCE JAN 1      2.42                      1.59   0.83     1.38

SNOWFALL (IN)
  YESTERDAY        0.0          12.0  1898   0.3   -0.3      0.0
  MONTH TO DATE    0.4                       6.4   -6.0      8.7
  SINCE JUL 1     46.5                      42.1    4.4     24.1
  SNOW DEPTH       3

DEGREE DAYS
 HEATING
  YESTERDAY       22                        45    -23       26
  MONTH TO DATE  802                       898    -96      880
  SINCE DEC 1   3672                      3889   -217     3388
  SINCE JUL 1   4950                      5748   -798     4794

 COOLING
  YESTERDAY        0                         0      0        0
  MONTH TO DATE    0                         0      0        0
  SINCE DEC 1      0                         0      0        0
  SINCE JAN 1      0                         0      0        0
..................................................................


WIND (MPH)
  HIGHEST WIND SPEED    15   HIGHEST WIND DIRECTION    SE (120)
  HIGHEST GUST SPEED    19   HIGHEST GUST DIRECTION    SE (120)
  AVERAGE WIND SPEED     3.6


SKY COVER
  POSSIBLE SUNSHINE  MM
  AVERAGE SKY COVER 0.0


WEATHER CONDITIONS
 THE FOLLOWING WEATHER WAS RECORDED YESTERDAY.
  FOG


RELATIVE HUMIDITY (PERCENT)
 HIGHEST   100           600 AM
 LOWEST     35           400 PM
 AVERAGE    68

..........................................................


THE WAUSAU WI CLIMATE NORMALS FOR TODAY
                         NORMAL    RECORD    YEAR
 MAXIMUM TEMPERATURE (F)   30        53      1930
 MINIMUM TEMPERATURE (F)   12       -27      1929


SUNRISE AND SUNSET
FEBRUARY 20 2017......SUNRISE   651 AM CST   SUNSET   534 PM CST
FEBRUARY 21 2017......SUNRISE   649 AM CST   SUNSET   535 PM CST


-  INDICATES NEGATIVE NUMBERS.
R  INDICATES RECORD WAS SET OR TIED.
MM INDICATES DATA IS MISSING.
T  INDICATES TRACE AMOUNT.




$$
