000
CDUS43 KGRB 250638
CLIAUW


CLIMATE REPORT
NATIONAL WEATHER SERVICE GREEN BAY
137 AM CDT MON MAY 25 2015


...................................

...THE WAUSAU WI CLIMATE SUMMARY FOR MAY 24 2015...

CLIMATE NORMAL PERIOD 1981 TO 2010
CLIMATE RECORD PERIOD 1896 TO 2015


WEATHER ITEM   OBSERVED TIME   RECORD YEAR NORMAL DEPARTURE LAST
                VALUE   (LST)  VALUE       VALUE  FROM      YEAR
                                                  NORMAL
..................................................................
TEMPERATURE (F)
 YESTERDAY
  MAXIMUM         70   1024 AM  92    2010  69      1       78
  MINIMUM         53    454 AM  32    1992  47      6       47
                                      1948
  AVERAGE         62                        58      4

PRECIPITATION (IN)
  YESTERDAY        0.83          1.68 1952   0.12   0.71     0.00
  MONTH TO DATE    2.70                      2.61   0.09     3.09
  SINCE MAR 1      6.67                      7.10  -0.43     8.11
  SINCE JAN 1      7.42                      9.04  -1.62    11.05

SNOWFALL (IN)
  YESTERDAY        0.0           T    1924   0.0    0.0      0.0
  MONTH TO DATE    T                         0.2   -0.2      0.0
  SINCE JUL 1     53.7                      59.6   -5.9     84.3
  SNOW DEPTH       0

DEGREE DAYS
 HEATING
  YESTERDAY        3                         8     -5        2
  MONTH TO DATE  213                       262    -49      276
  SINCE MAR 1   1814                      1978   -164     2371
  SINCE JUL 1   8394                      8114    280     9318

 COOLING
  YESTERDAY        0                         1     -1        0
  MONTH TO DATE    8                         7      1        0
  SINCE MAR 1      8                         9     -1        0
  SINCE JAN 1      8                         9     -1        0
..................................................................


WIND (MPH)
  HIGHEST WIND SPEED    17   HIGHEST WIND DIRECTION     S (190)
  HIGHEST GUST SPEED    23   HIGHEST GUST DIRECTION     S (190)
  AVERAGE WIND SPEED     6.6


SKY COVER
  POSSIBLE SUNSHINE  MM
  AVERAGE SKY COVER 0.5


WEATHER CONDITIONS
 THE FOLLOWING WEATHER WAS RECORDED YESTERDAY.
  HEAVY RAIN
  RAIN
  LIGHT RAIN
  FOG


RELATIVE HUMIDITY (PERCENT)
 HIGHEST   100           800 PM
 LOWEST     47          1000 AM
 AVERAGE    74

..........................................................


THE WAUSAU WI CLIMATE NORMALS FOR TODAY
                         NORMAL    RECORD    YEAR
 MAXIMUM TEMPERATURE (F)   70        88      1972
 MINIMUM TEMPERATURE (F)   47        30      1913
                                             1897


SUNRISE AND SUNSET
MAY 25 2015...........SUNRISE   520 AM CDT   SUNSET   831 PM CDT
MAY 26 2015...........SUNRISE   519 AM CDT   SUNSET   832 PM CDT


-  INDICATES NEGATIVE NUMBERS.
R  INDICATES RECORD WAS SET OR TIED.
MM INDICATES DATA IS MISSING.
T  INDICATES TRACE AMOUNT.




$$
