000
CDUS43 KGRB 280634
CLIAUW


CLIMATE REPORT
NATIONAL WEATHER SERVICE GREEN BAY
1233 AM CST SAT FEB 28 2015


...................................

...THE WAUSAU WI CLIMATE SUMMARY FOR FEBRUARY 27 2015...

CLIMATE NORMAL PERIOD 1981 TO 2010
CLIMATE RECORD PERIOD 1896 TO 2015


WEATHER ITEM   OBSERVED TIME   RECORD YEAR NORMAL DEPARTURE LAST
                VALUE   (LST)  VALUE       VALUE  FROM      YEAR
                                                  NORMAL
..................................................................
TEMPERATURE (F)
 YESTERDAY
  MAXIMUM         13    412 PM  47    2000  32    -19        1
  MINIMUM         -7    723 AM -17    2014  14    -21      -17
  AVERAGE          3                        23    -20

PRECIPITATION (IN)
  YESTERDAY        0.00          0.56 1948   0.05  -0.05      T
  MONTH TO DATE    0.17                      0.88  -0.71     1.27
  SINCE DEC 1      2.15                      3.26  -1.11     4.39
  SINCE JAN 1      0.75                      1.90  -1.15     2.82

SNOWFALL (IN)
  YESTERDAY        0.0           4.6  1948   0.3   -0.3       T
                                      1931
  MONTH TO DATE    3.6                       9.2   -5.6     16.2
  SINCE JUL 1     44.0                      44.9   -0.9     68.2
  SNOW DEPTH      10

DEGREE DAYS
 HEATING
  YESTERDAY       62                        42     20       73
  MONTH TO DATE 1563                      1243    320     1566
  SINCE DEC 1   4437                      4234    203     5066
  SINCE JUL 1   6520                      6093    427     6876

 COOLING
  YESTERDAY        0                         0      0        0
  MONTH TO DATE    0                         0      0        0
  SINCE DEC 1      0                         0      0        0
  SINCE JAN 1      0                         0      0        0
..................................................................


WIND (MPH)
  HIGHEST WIND SPEED    16   HIGHEST WIND DIRECTION     W (290)
  HIGHEST GUST SPEED    19   HIGHEST GUST DIRECTION     W (280)
  AVERAGE WIND SPEED     7.2


SKY COVER
  POSSIBLE SUNSHINE  MM
  AVERAGE SKY COVER 0.0


WEATHER CONDITIONS
 THE FOLLOWING WEATHER WAS RECORDED YESTERDAY.
  NO SIGNIFICANT WEATHER WAS OBSERVED.


RELATIVE HUMIDITY (PERCENT)
 HIGHEST    72           900 PM
 LOWEST     48           300 PM
 AVERAGE    60

..........................................................


THE WAUSAU WI CLIMATE NORMALS FOR TODAY
                         NORMAL    RECORD    YEAR
 MAXIMUM TEMPERATURE (F)   33        49      2000
                                             1985
 MINIMUM TEMPERATURE (F)   14       -23      2014


SUNRISE AND SUNSET
FEBRUARY 28 2015......SUNRISE   638 AM CST   SUNSET   544 PM CST
MARCH  1 2015.........SUNRISE   637 AM CST   SUNSET   546 PM CST


-  INDICATES NEGATIVE NUMBERS.
R  INDICATES RECORD WAS SET OR TIED.
MM INDICATES DATA IS MISSING.
T  INDICATES TRACE AMOUNT.




$$
