000
CDUS43 KGRB 292147
CLIAUW


CLIMATE REPORT
NATIONAL WEATHER SERVICE GREEN BAY
447 PM CDT THU SEP 29 2016


...................................

...THE WAUSAU WI CLIMATE SUMMARY FOR SEPTEMBER 29 2016...
VALID TODAY AS OF 0400 PM LOCAL TIME.

CLIMATE NORMAL PERIOD 1981 TO 2010
CLIMATE RECORD PERIOD 1896 TO 2016


WEATHER ITEM   OBSERVED TIME   RECORD YEAR NORMAL DEPARTURE LAST
                VALUE   (LST)  VALUE       VALUE  FROM      YEAR
                                                  NORMAL
..................................................................
TEMPERATURE (F)
 TODAY
  MAXIMUM         71    259 PM  85    1898  63      8       60
  MINIMUM         47    623 AM  21    1899  42      5       41
  AVERAGE         59                        53      6       51

PRECIPITATION (IN)
  TODAY            0.00          2.02 1901   0.12  -0.12     0.00
  MONTH TO DATE    4.77                      3.78   0.99     5.21
  SINCE SEP 1      4.77                      3.78   0.99     5.21
  SINCE JAN 1     30.12                     25.99   4.13    27.20

SNOWFALL (IN)
  TODAY            0.0           0.0    MM   0.1             0.0
  MONTH TO DATE    0.0                       0.1             0.0
  SINCE SEP 1      0.0                       0.1             0.0
  SINCE JUL 1      0.0                       0.1             0.0
  SNOW DEPTH       0

DEGREE DAYS
 HEATING
  TODAY            6                        13     -7       14
  MONTH TO DATE   92                       214   -122       76
  SINCE SEP 1     92                       214   -122       76
  SINCE JUL 1    114                       280   -166      138

 COOLING
  TODAY            0                         0      0        0
  MONTH TO DATE   24                        29     -5       97
  SINCE JAN 1    511                       404    107      435
..................................................................


WIND (MPH)
  HIGHEST WIND SPEED    14   HIGHEST WIND DIRECTION    NE (40)
  HIGHEST GUST SPEED    19   HIGHEST GUST DIRECTION    NE (30)
  AVERAGE WIND SPEED     7.4


SKY COVER
  POSSIBLE SUNSHINE  MM
  AVERAGE SKY COVER 0.0


WEATHER CONDITIONS
 THE FOLLOWING WEATHER WAS RECORDED TODAY.
  NO SIGNIFICANT WEATHER WAS OBSERVED.


RELATIVE HUMIDITY (PERCENT)
 HIGHEST   100           600 AM
 LOWEST     44           200 PM
 AVERAGE    72

..........................................................


THE WAUSAU WI CLIMATE NORMALS FOR TOMORROW
                         NORMAL    RECORD    YEAR
 MAXIMUM TEMPERATURE (F)   62        85      1897
 MINIMUM TEMPERATURE (F)   42        18      1899


SUNRISE AND SUNSET
SEPTEMBER 29 2016.....SUNRISE   655 AM CDT   SUNSET   642 PM CDT
SEPTEMBER 30 2016.....SUNRISE   656 AM CDT   SUNSET   640 PM CDT


-  INDICATES NEGATIVE NUMBERS.
R  INDICATES RECORD WAS SET OR TIED.
MM INDICATES DATA IS MISSING.
T  INDICATES TRACE AMOUNT.




$$
