497
CDUS43 KGRB 230731
CLIAUW


CLIMATE REPORT
NATIONAL WEATHER SERVICE GREEN BAY
131 AM CST MON JAN 23 2017


...................................

...THE WAUSAU WI CLIMATE SUMMARY FOR JANUARY 22 2017...

CLIMATE NORMAL PERIOD 1981 TO 2010
CLIMATE RECORD PERIOD 1896 TO 2017


WEATHER ITEM   OBSERVED TIME   RECORD YEAR NORMAL DEPARTURE LAST
                VALUE   (LST)  VALUE       VALUE  FROM      YEAR
                                                  NORMAL
..................................................................
TEMPERATURE (F)
 YESTERDAY
  MAXIMUM         37    318 PM  48    1964  23     14       30
  MINIMUM         33    224 AM -28    1963   6     27       13
  AVERAGE         35                        14     21

PRECIPITATION (IN)
  YESTERDAY        0.00          1.21 1933   0.03  -0.03     0.00
  MONTH TO DATE    1.83                      0.74   1.09     0.61
  SINCE DEC 1      4.49                      2.10   2.39     5.56
  SINCE JAN 1      1.83                      0.74   1.09     0.61

SNOWFALL (IN)
  YESTERDAY        0.0           5.0  1929   0.4   -0.4      0.0
  MONTH TO DATE   11.8                       9.6    2.2      3.7
  SINCE JUL 1     39.0                      31.8    7.2     13.3
  SNOW DEPTH       9

DEGREE DAYS
 HEATING
  YESTERDAY       30                        51    -21       43
  MONTH TO DATE 1098                      1116    -18     1122
  SINCE DEC 1   2515                      2543    -28     2156
  SINCE JUL 1   3793                      4402   -609     3562

 COOLING
  YESTERDAY        0                         0      0        0
  MONTH TO DATE    0                         0      0        0
  SINCE DEC 1      0                         0      0        0
  SINCE JAN 1      0                         0      0        0
..................................................................


WIND (MPH)
  HIGHEST WIND SPEED     8   HIGHEST WIND DIRECTION     W (270)
  HIGHEST GUST SPEED    11   HIGHEST GUST DIRECTION    NW (320)
  AVERAGE WIND SPEED     3.1


SKY COVER
  POSSIBLE SUNSHINE  MM
  AVERAGE SKY COVER 1.0


WEATHER CONDITIONS
 THE FOLLOWING WEATHER WAS RECORDED YESTERDAY.
  FOG
  FOG W/VISIBILITY <= 1/4 MILE


RELATIVE HUMIDITY (PERCENT)
 HIGHEST   100          1200 AM
 LOWEST     92           200 PM
 AVERAGE    96

..........................................................


THE WAUSAU WI CLIMATE NORMALS FOR TODAY
                         NORMAL    RECORD    YEAR
 MAXIMUM TEMPERATURE (F)   23        49      1942
 MINIMUM TEMPERATURE (F)    6       -34      1963


SUNRISE AND SUNSET
JANUARY 23 2017.......SUNRISE   727 AM CST   SUNSET   454 PM CST
JANUARY 24 2017.......SUNRISE   726 AM CST   SUNSET   456 PM CST


-  INDICATES NEGATIVE NUMBERS.
R  INDICATES RECORD WAS SET OR TIED.
MM INDICATES DATA IS MISSING.
T  INDICATES TRACE AMOUNT.




$$
