389
CDUS43 KGRB 250721
CLIAUW


CLIMATE REPORT
NATIONAL WEATHER SERVICE GREEN BAY
220 AM CDT TUE JUL 25 2017


...................................

...THE WAUSAU WI CLIMATE SUMMARY FOR JULY 24 2017...

CLIMATE NORMAL PERIOD 1981 TO 2010
CLIMATE RECORD PERIOD 1896 TO 2017


WEATHER ITEM   OBSERVED TIME   RECORD YEAR NORMAL DEPARTURE LAST
                VALUE   (LST)  VALUE       VALUE  FROM      YEAR
                                                  NORMAL
..................................................................
TEMPERATURE (F)
 YESTERDAY
  MAXIMUM         76    456 PM  99    1934  80     -4       85
  MINIMUM         55    215 AM  44    1992  59     -4       67
                                      1911
  AVERAGE         66                        69     -3

PRECIPITATION (IN)
  YESTERDAY        0.00          2.50 1912   0.12  -0.12     0.01
  MONTH TO DATE    3.16                      2.93   0.23     2.93
  SINCE JUN 1      8.50                      7.24   1.26     8.15
  SINCE JAN 1     24.29                     17.15   7.14    19.81

SNOWFALL (IN)
  YESTERDAY        0.0           0.0    MM   0.0    0.0      0.0
  MONTH TO DATE    0.0                       0.0    0.0      0.0
  SINCE JUL 1      0.0                       0.0    0.0      0.0
  SNOW DEPTH       0

DEGREE DAYS
 HEATING
  YESTERDAY        0                         1     -1        0
  MONTH TO DATE    3                        24    -21        8
  SINCE JUN 1     57                       113    -56       38
  SINCE JUL 1      3                        24    -21        8

 COOLING
  YESTERDAY        1                         5     -4       11
  MONTH TO DATE  115                       120     -5      139
  SINCE JUN 1    194                       205    -11      243
  SINCE JAN 1    195                       224    -29      290
..................................................................


WIND (MPH)
  HIGHEST WIND SPEED    13   HIGHEST WIND DIRECTION     E (80)
  HIGHEST GUST SPEED    17   HIGHEST GUST DIRECTION     E (70)
  AVERAGE WIND SPEED     6.4


SKY COVER
  POSSIBLE SUNSHINE  MM
  AVERAGE SKY COVER 0.2


WEATHER CONDITIONS
 THE FOLLOWING WEATHER WAS RECORDED YESTERDAY.
  NO SIGNIFICANT WEATHER WAS OBSERVED.


RELATIVE HUMIDITY (PERCENT)
 HIGHEST    93           200 AM
 LOWEST     43           300 PM
 AVERAGE    68

..........................................................


THE WAUSAU WI CLIMATE NORMALS FOR TODAY
                         NORMAL    RECORD    YEAR
 MAXIMUM TEMPERATURE (F)   80        94      1941
                                             1931
 MINIMUM TEMPERATURE (F)   59        44      1913


SUNRISE AND SUNSET
JULY 25 2017..........SUNRISE   537 AM CDT   SUNSET   833 PM CDT
JULY 26 2017..........SUNRISE   538 AM CDT   SUNSET   832 PM CDT


-  INDICATES NEGATIVE NUMBERS.
R  INDICATES RECORD WAS SET OR TIED.
MM INDICATES DATA IS MISSING.
T  INDICATES TRACE AMOUNT.




$$
