000
CDUS42 KGSP 250633
CLIAVL

CLIMATE REPORT
NATIONAL WEATHER SERVICE GREENVILLE-SPARTANBURG SC
229 AM EDT SUN SEP 25 2016


...................................

...THE ASHEVILLE NC CLIMATE SUMMARY FOR SEPTEMBER 24 2016...

CLIMATE NORMAL PERIOD 1981 TO 2010
CLIMATE RECORD PERIOD 1869 TO 2016


WEATHER ITEM   OBSERVED TIME   RECORD YEAR NORMAL DEPARTURE LAST
                VALUE   (LST)  VALUE       VALUE  FROM      YEAR
                                                  NORMAL
..................................................................
TEMPERATURE (F)
 YESTERDAY
  MAXIMUM         90R   318 PM  89    1895  74     16       74
  MINIMUM         57    633 AM  35    1896  53      4       56
  AVERAGE         74                        64     10       65

PRECIPITATION (IN)
  YESTERDAY        0.00          2.61 1997   0.12  -0.12     0.42
  MONTH TO DATE    0.05                      3.10  -3.05     1.08
  SINCE SEP 1      0.05                      3.10  -3.05     1.08
  SINCE JAN 1     28.50                     34.71  -6.21    27.18

SNOWFALL (IN)
  YESTERDAY        0.0           0.0    MM   0.0             0.0
  MONTH TO DATE    0.0                       0.0             0.0
  SINCE SEP 1      0.0                       0.0             0.0
  SINCE JUL 1      0.0                       0.0             0.0
  SNOW DEPTH       0

DEGREE DAYS
 HEATING
  YESTERDAY        0                         3     -3        0
  MONTH TO DATE    0                        29    -29       25
  SINCE SEP 1      0                        29    -29       25
  SINCE JUL 1      0                        31    -31       25

 COOLING
  YESTERDAY        9                         2      7        0
  MONTH TO DATE  191                        88    103      122
  SINCE SEP 1    191                        88    103      122
  SINCE JAN 1   1274                       845    429     1127
..................................................................


WIND (MPH)
  HIGHEST WIND SPEED     9   HIGHEST WIND DIRECTION     W (280)
  HIGHEST GUST SPEED    15   HIGHEST GUST DIRECTION     N (340)
  AVERAGE WIND SPEED     2.4


SKY COVER
  POSSIBLE SUNSHINE  MM
  AVERAGE SKY COVER 0.0


WEATHER CONDITIONS
 THE FOLLOWING WEATHER WAS RECORDED YESTERDAY.
  NO SIGNIFICANT WEATHER WAS OBSERVED.


RELATIVE HUMIDITY (PERCENT)
 HIGHEST    93           700 AM
 LOWEST     23           300 PM
 AVERAGE    58

..........................................................


THE ASHEVILLE NC CLIMATE NORMALS FOR TODAY
                         NORMAL    RECORD    YEAR
 MAXIMUM TEMPERATURE (F)   74        89      1895
 MINIMUM TEMPERATURE (F)   52        36      1990
                                             1983


SUNRISE AND SUNSET
SEPTEMBER 25 2016.....SUNRISE   721 AM EDT   SUNSET   722 PM EDT
SEPTEMBER 26 2016.....SUNRISE   722 AM EDT   SUNSET   720 PM EDT


-  INDICATES NEGATIVE NUMBERS.
R  INDICATES RECORD WAS SET OR TIED.
MM INDICATES DATA IS MISSING.
T  INDICATES TRACE AMOUNT.




$$
