000
CDUS42 KGSP 022034
CLIAVL

CLIMATE REPORT
NATIONAL WEATHER SERVICE GREENVILLE-SPARTANBURG SC
431 PM EDT SUN AUG 2 2015


...................................

...THE ASHEVILLE NC CLIMATE SUMMARY FOR AUGUST 2 2015...VALID TODAY
AS OF 430 PM LOCAL TIME.

CLIMATE NORMAL PERIOD 1981 TO 2010
CLIMATE RECORD PERIOD 1869 TO 2015


WEATHER ITEM   OBSERVED TIME   RECORD YEAR NORMAL DEPARTURE LAST
                VALUE   (LST)  VALUE       VALUE  FROM      YEAR
                                                  NORMAL
..................................................................
TEMPERATURE (F)
 TODAY
  MAXIMUM         87    314 PM  93    2006  84      3       75
                                      1942
  MINIMUM         57    559 AM  48    1895  64     -7       64
  AVERAGE         72                        74     -2       70

PRECIPITATION (IN)
  TODAY            0.00          0.84 1890   0.14  -0.14     0.02
  MONTH TO DATE    0.00                      0.27  -0.27     0.16
  SINCE JUN 1      9.08                      9.23  -0.15    10.48
  SINCE JAN 1     23.33                     27.48  -4.15    26.99

SNOWFALL (IN)
  TODAY            0.0           0.0    MM   0.0    0.0      0.0
  MONTH TO DATE    0.0                       0.0    0.0      0.0
  SINCE JUN 1      0.0                       0.0    0.0      0.0
  SINCE JUL 1      0.0                       0.0    0.0      0.0
  SNOW DEPTH       0

DEGREE DAYS
 HEATING
  TODAY            0                         0      0        0
  MONTH TO DATE    0                         0      0        0
  SINCE JUN 1      0                        14    -14        2
  SINCE JUL 1      0                         0      0        2

 COOLING
  TODAY            7                         9     -2        5
  MONTH TO DATE   17                        18     -1        8
  SINCE JUN 1    620                       470    150      442
  SINCE JAN 1    742                       528    214      523
..................................................................


WIND (MPH)
  HIGHEST WIND SPEED    13   HIGHEST WIND DIRECTION    SE (150)
  HIGHEST GUST SPEED    17   HIGHEST GUST DIRECTION    SE (120)
  AVERAGE WIND SPEED     3.9


SKY COVER
  POSSIBLE SUNSHINE  MM
  AVERAGE SKY COVER 0.1


WEATHER CONDITIONS
 THE FOLLOWING WEATHER WAS RECORDED TODAY.
  NO SIGNIFICANT WEATHER WAS OBSERVED.


RELATIVE HUMIDITY (PERCENT)
 HIGHEST    93           600 AM
 LOWEST     34           200 PM
 AVERAGE    64

..........................................................


THE ASHEVILLE NC CLIMATE NORMALS FOR TOMORROW
                         NORMAL    RECORD    YEAR
 MAXIMUM TEMPERATURE (F)   84        94      1957
 MINIMUM TEMPERATURE (F)   64        50      1998


SUNRISE AND SUNSET
AUGUST  2 2015........SUNRISE   639 AM EDT   SUNSET   833 PM EDT
AUGUST  3 2015........SUNRISE   640 AM EDT   SUNSET   832 PM EDT


-  INDICATES NEGATIVE NUMBERS.
R  INDICATES RECORD WAS SET OR TIED.
MM INDICATES DATA IS MISSING.
T  INDICATES TRACE AMOUNT.




$$
