000
CDUS42 KGSP 190633 CCA
CLIAVL

CLIMATE REPORT
NATIONAL WEATHER SERVICE GREENVILLE-SPARTANBURG SC
231 AM EDT THU OCT 19 2017


...................................

...THE ASHEVILLE NC CLIMATE SUMMARY FOR OCTOBER 18 2017...

CLIMATE NORMAL PERIOD 1981 TO 2010
CLIMATE RECORD PERIOD 1869 TO 2017


WEATHER ITEM   OBSERVED TIME   RECORD YEAR NORMAL DEPARTURE LAST
                VALUE   (LST)  VALUE       VALUE  FROM      YEAR
                                                  NORMAL
..................................................................
TEMPERATURE (F)
 YESTERDAY
  MAXIMUM         67    128 PM  85    1938  68     -1       83
  MINIMUM         37    727 AM  26    1943  44     -7       50
  AVERAGE         52                        56     -4       67

PRECIPITATION (IN)
  YESTERDAY        0.00          6.40 1879   0.09  -0.09     0.00
  MONTH TO DATE    3.81                      1.74   2.07     0.51
  SINCE SEP 1      7.56                      5.55   2.01     1.09
  SINCE JAN 1     44.17                     37.16   7.01    29.54

SNOWFALL (IN)
  YESTERDAY        0.0           T    1927   0.0             0.0
  MONTH TO DATE    0.0                       0.0             0.0
  SINCE SEP 1      0.0                       0.0             0.0
  SINCE JUL 1      0.0                       0.0             0.0
  SNOW DEPTH       0

DEGREE DAYS
 HEATING
  YESTERDAY       13                         9      4        0
  MONTH TO DATE   70                       128    -58       61
  SINCE SEP 1    108                       183    -75       66
  SINCE JUL 1    108                       185    -77       66

 COOLING
  YESTERDAY        0                         0      0        2
  MONTH TO DATE   66                         7     59        5
  SINCE SEP 1    176                       102     74      224
  SINCE JAN 1   1042                       859    183     1307
..................................................................


WIND (MPH)
  HIGHEST WIND SPEED    13   HIGHEST WIND DIRECTION     S (160)
  HIGHEST GUST SPEED    16   HIGHEST GUST DIRECTION     S (160)
  AVERAGE WIND SPEED     2.4


SKY COVER
  POSSIBLE SUNSHINE  MM
  AVERAGE SKY COVER 0.2


WEATHER CONDITIONS
 THE FOLLOWING WEATHER WAS RECORDED YESTERDAY.
  FOG
  FOG W/VISIBILITY <= 1/4 MILE


RELATIVE HUMIDITY (PERCENT)
 HIGHEST   100           500 AM
 LOWEST     34           300 PM
 AVERAGE    67

..........................................................


THE ASHEVILLE NC CLIMATE NORMALS FOR TODAY
                         NORMAL    RECORD    YEAR
 MAXIMUM TEMPERATURE (F)   67        84      2016
 MINIMUM TEMPERATURE (F)   43        27      1976
                                             1948
                                             1896


SUNRISE AND SUNSET
OCTOBER 19 2017.......SUNRISE   740 AM EDT   SUNSET   650 PM EDT
OCTOBER 20 2017.......SUNRISE   741 AM EDT   SUNSET   648 PM EDT


-  INDICATES NEGATIVE NUMBERS.
R  INDICATES RECORD WAS SET OR TIED.
MM INDICATES DATA IS MISSING.
T  INDICATES TRACE AMOUNT.




$$
