000
CDUS42 KGSP 110627
CLIAVL

CLIMATE REPORT
NATIONAL WEATHER SERVICE GREENVILLE-SPARTANBURG SC
226 AM EDT FRI JUL 11 2014


...................................

...THE ASHEVILLE NC CLIMATE SUMMARY FOR JULY 10 2014...

CLIMATE NORMAL PERIOD 1981 TO 2010
CLIMATE RECORD PERIOD 1869 TO 2014


WEATHER ITEM   OBSERVED TIME   RECORD YEAR NORMAL DEPARTURE LAST
                VALUE   (LST)  VALUE       VALUE  FROM      YEAR
                                                  NORMAL
..................................................................
TEMPERATURE (F)
 YESTERDAY
  MAXIMUM         80   1119 AM  99    1936  84     -4       83
  MINIMUM         65    608 AM  49    1961  64      1       67
  AVERAGE         73                        74     -1       75

PRECIPITATION (IN)
  YESTERDAY        0.32          1.80 1874   0.14   0.18     0.59
  MONTH TO DATE    1.21                      1.43  -0.22     9.16
  SINCE JUN 1      6.60                      6.08   0.52    18.13
  SINCE JAN 1     23.11                     24.33  -1.22    47.25

SNOWFALL (IN)
  YESTERDAY        0.0           0.0    MM   0.0             0.0
  MONTH TO DATE    0.0                       0.0             0.0
  SINCE JUN 1      0.0                       0.0             0.0
  SINCE JUL 1      0.0                       0.0             0.0
  SNOW DEPTH       0

DEGREE DAYS
 HEATING
  YESTERDAY        0                         0      0        0
  MONTH TO DATE    0                         0      0        0
  SINCE JUN 1      0                        14    -14        0
  SINCE JUL 1      0                         0      0        0

 COOLING
  YESTERDAY        8                         9     -1       10
  MONTH TO DATE   71                        86    -15       85
  SINCE JUN 1    297                       263     34      287
  SINCE JAN 1    378                       321     57      338
..................................................................


WIND (MPH)
  HIGHEST WIND SPEED    21   HIGHEST WIND DIRECTION     N (360)
  HIGHEST GUST SPEED    26   HIGHEST GUST DIRECTION     N (350)
  AVERAGE WIND SPEED     3.8


SKY COVER
  POSSIBLE SUNSHINE  MM
  AVERAGE SKY COVER 0.5


WEATHER CONDITIONS
 THE FOLLOWING WEATHER WAS RECORDED YESTERDAY.
  THUNDERSTORM
  HEAVY RAIN
  RAIN
  LIGHT RAIN
  FOG
  HAZE


RELATIVE HUMIDITY (PERCENT)
 HIGHEST   100           500 AM
 LOWEST     64           100 PM
 AVERAGE    82

..........................................................


THE ASHEVILLE NC CLIMATE NORMALS FOR TODAY
                         NORMAL    RECORD    YEAR
 MAXIMUM TEMPERATURE (F)   84        92      1993
                                             1977
                                             1938
 MINIMUM TEMPERATURE (F)   64        49      1963


SUNRISE AND SUNSET
JULY 11 2014..........SUNRISE   624 AM EDT   SUNSET   847 PM EDT
JULY 12 2014..........SUNRISE   625 AM EDT   SUNSET   847 PM EDT


-  INDICATES NEGATIVE NUMBERS.
R  INDICATES RECORD WAS SET OR TIED.
MM INDICATES DATA IS MISSING.
T  INDICATES TRACE AMOUNT.

$$
07
