000
CDUS42 KGSP 280652
CLIAVL

CLIMATE REPORT
NATIONAL WEATHER SERVICE GREENVILLE-SPARTANBURG SC
152 AM EST TUE FEB 28 2017


...................................

...THE ASHEVILLE NC CLIMATE SUMMARY FOR FEBRUARY 27 2017...

CLIMATE NORMAL PERIOD 1981 TO 2010
CLIMATE RECORD PERIOD 1869 TO 2017


WEATHER ITEM   OBSERVED TIME   RECORD YEAR NORMAL DEPARTURE LAST
                VALUE   (LST)  VALUE       VALUE  FROM      YEAR
                                                  NORMAL
..................................................................
TEMPERATURE (F)
 YESTERDAY
  MAXIMUM         55    506 PM  78    1996  54      1       54
  MINIMUM         30    116 AM   6    1934  32     -2       28
  AVERAGE         43                        43      0       41

PRECIPITATION (IN)
  YESTERDAY        0.00          1.64 1899   0.13  -0.13     0.00
  MONTH TO DATE    0.62                      3.63  -3.01     5.69
  SINCE DEC 1      6.65                     10.89  -4.24    17.74
  SINCE JAN 1      4.34                      7.30  -2.96     8.98

SNOWFALL (IN)
  YESTERDAY        0.0           7.5  1924   0.1             0.0
  MONTH TO DATE    0.0                       2.1             0.1
  SINCE DEC 1      7.3                       7.1            13.9
  SINCE JUL 1      7.3                       7.2            13.9
  SNOW DEPTH       0

DEGREE DAYS
 HEATING
  YESTERDAY       22                        22      0       24
  MONTH TO DATE  469                       668   -199      693
  SINCE DEC 1   1811                      2328   -517     2041
  SINCE JUL 1   2382                      3195   -813     2716

 COOLING
  YESTERDAY        0                         0      0        0
  MONTH TO DATE    0                         0      0        0
  SINCE DEC 1      0                         0      0        0
  SINCE JAN 1      0                         0      0        0
..................................................................


WIND (MPH)
  HIGHEST WIND SPEED    17   HIGHEST WIND DIRECTION     S (170)
  HIGHEST GUST SPEED    21   HIGHEST GUST DIRECTION     S (160)
  AVERAGE WIND SPEED     5.0


SKY COVER
  POSSIBLE SUNSHINE  MM
  AVERAGE SKY COVER 0.6


WEATHER CONDITIONS
 THE FOLLOWING WEATHER WAS RECORDED YESTERDAY.
  NO SIGNIFICANT WEATHER WAS OBSERVED.


RELATIVE HUMIDITY (PERCENT)
 HIGHEST    69           100 AM
 LOWEST     24          1200 PM
 AVERAGE    47

..........................................................


THE ASHEVILLE NC CLIMATE NORMALS FOR TODAY
                         NORMAL    RECORD    YEAR
 MAXIMUM TEMPERATURE (F)   54        77      1918
 MINIMUM TEMPERATURE (F)   32        13      1935
                                             1934
                                             1906


SUNRISE AND SUNSET
FEBRUARY 28 2017......SUNRISE   701 AM EST   SUNSET   625 PM EST
MARCH  1 2017.........SUNRISE   700 AM EST   SUNSET   626 PM EST


-  INDICATES NEGATIVE NUMBERS.
R  INDICATES RECORD WAS SET OR TIED.
MM INDICATES DATA IS MISSING.
T  INDICATES TRACE AMOUNT.

$$

OUTLAW
