000
CDUS42 KGSP 070635
CLIAVL

CLIMATE REPORT
NATIONAL WEATHER SERVICE GREENVILLE-SPARTANBURG SC
134 AM EST WED DEC 7 2016


...................................

...THE ASHEVILLE NC CLIMATE SUMMARY FOR DECEMBER 6 2016...

CLIMATE NORMAL PERIOD 1981 TO 2010
CLIMATE RECORD PERIOD 1869 TO 2016


WEATHER ITEM   OBSERVED TIME   RECORD YEAR NORMAL DEPARTURE LAST
                VALUE   (LST)  VALUE       VALUE  FROM      YEAR
                                                  NORMAL
..................................................................
TEMPERATURE (F)
 YESTERDAY
  MAXIMUM         50   1127 PM  73    1998  52     -2       60
                                      1956
  MINIMUM         42    118 PM   5    1937  31     11       26
  AVERAGE         46                        41      5       43

PRECIPITATION (IN)
  YESTERDAY        0.47          1.77 1976   0.12   0.35     0.00
  MONTH TO DATE    1.85                      0.79   1.06     1.78
  SINCE DEC 1      1.85                      0.79   1.06     1.78
  SINCE JAN 1     32.94                     42.77  -9.83    47.37

SNOWFALL (IN)
  YESTERDAY        0.0           1.7  1901   0.1             0.0
  MONTH TO DATE    0.0                       0.1             0.0
  SINCE DEC 1      0.0                       0.1             0.0
  SINCE JUL 1      0.0                       0.2             0.0
  SNOW DEPTH       0

DEGREE DAYS
 HEATING
  YESTERDAY       19                        24     -5       22
  MONTH TO DATE  122                       138    -16      125
  SINCE DEC 1    122                       138    -16      125
  SINCE JUL 1    693                      1005   -312      800

 COOLING
  YESTERDAY        0                         0      0        0
  MONTH TO DATE    0                         0      0        0
  SINCE DEC 1      0                         0      0        0
  SINCE JAN 1   1317                       863    454     1156
..................................................................


WIND (MPH)
  HIGHEST WIND SPEED    20   HIGHEST WIND DIRECTION     N (350)
  HIGHEST GUST SPEED    27   HIGHEST GUST DIRECTION     N (350)
  AVERAGE WIND SPEED     6.1


SKY COVER
  POSSIBLE SUNSHINE  MM
  AVERAGE SKY COVER 0.9


WEATHER CONDITIONS
 THE FOLLOWING WEATHER WAS RECORDED YESTERDAY.
  RAIN
  LIGHT RAIN
  FOG
  HAZE


RELATIVE HUMIDITY (PERCENT)
 HIGHEST    92           400 AM
 LOWEST     76           400 PM
 AVERAGE    84

..........................................................


THE ASHEVILLE NC CLIMATE NORMALS FOR TODAY
                         NORMAL    RECORD    YEAR
 MAXIMUM TEMPERATURE (F)   51        75      1998
                                             1956
 MINIMUM TEMPERATURE (F)   31         5      1977
                                             1937


SUNRISE AND SUNSET
DECEMBER  7 2016......SUNRISE   726 AM EST   SUNSET   517 PM EST
DECEMBER  8 2016......SUNRISE   727 AM EST   SUNSET   517 PM EST


-  INDICATES NEGATIVE NUMBERS.
R  INDICATES RECORD WAS SET OR TIED.
MM INDICATES DATA IS MISSING.
T  INDICATES TRACE AMOUNT.

$$

OUTLAW
