000
CDUS42 KGSP 230627
CLIAVL

CLIMATE REPORT
NATIONAL WEATHER SERVICE GREENVILLE-SPARTANBURG SC
227 AM EDT SAT AUG 23 2014


...................................

...THE ASHEVILLE NC CLIMATE SUMMARY FOR AUGUST 22 2014...

CLIMATE NORMAL PERIOD 1981 TO 2010
CLIMATE RECORD PERIOD 1869 TO 2014


WEATHER ITEM   OBSERVED TIME   RECORD YEAR NORMAL DEPARTURE LAST
                VALUE   (LST)  VALUE       VALUE  FROM      YEAR
                                                  NORMAL
..................................................................
TEMPERATURE (F)
 YESTERDAY
  MAXIMUM         90    337 PM  95    1983  83      7       84
  MINIMUM         67    440 AM  48    1981  63      4       65
  AVERAGE         79                        72      7       75

PRECIPITATION (IN)
  YESTERDAY        T             2.66 1967   0.14  -0.14      T
  MONTH TO DATE    3.16                      3.12   0.04     6.90
  SINCE JUN 1     13.48                     12.08   1.40    29.56
  SINCE JAN 1     29.99                     30.33  -0.34    58.68

SNOWFALL (IN)
  YESTERDAY        0.0           0.0    MM   0.0             0.0
  MONTH TO DATE    0.0                       0.0             0.0
  SINCE JUN 1      0.0                       0.0             0.0
  SINCE JUL 1      0.0                       0.0             0.0
  SNOW DEPTH       0

DEGREE DAYS
 HEATING
  YESTERDAY        0                         0      0        0
  MONTH TO DATE    0                         0      0        5
  SINCE JUN 1      2                        14    -12        5
  SINCE JUL 1      2                         0      2        5

 COOLING
  YESTERDAY       14                         8      6       10
  MONTH TO DATE  164                       187    -23      150
  SINCE JUN 1    598                       639    -41      622
  SINCE JAN 1    679                       697    -18      673
..................................................................


WIND (MPH)
  HIGHEST WIND SPEED    17   HIGHEST WIND DIRECTION     N (340)
  HIGHEST GUST SPEED    21   HIGHEST GUST DIRECTION     N (350)
  AVERAGE WIND SPEED     5.6


SKY COVER
  POSSIBLE SUNSHINE  MM
  AVERAGE SKY COVER 0.1


WEATHER CONDITIONS
 THE FOLLOWING WEATHER WAS RECORDED YESTERDAY.
  LIGHT RAIN


RELATIVE HUMIDITY (PERCENT)
 HIGHEST    97           200 AM
 LOWEST     40           500 PM
 AVERAGE    69

..........................................................


THE ASHEVILLE NC CLIMATE NORMALS FOR TODAY
                         NORMAL    RECORD    YEAR
 MAXIMUM TEMPERATURE (F)   82        98      1983
 MINIMUM TEMPERATURE (F)   62        45      1969


SUNRISE AND SUNSET
AUGUST 23 2014........SUNRISE   656 AM EDT   SUNSET   809 PM EDT
AUGUST 24 2014........SUNRISE   656 AM EDT   SUNSET   808 PM EDT


-  INDICATES NEGATIVE NUMBERS.
R  INDICATES RECORD WAS SET OR TIED.
MM INDICATES DATA IS MISSING.
T  INDICATES TRACE AMOUNT.

$$
