000
CDUS42 KGSP 190636
CLIAVL

CLIMATE REPORT
NATIONAL WEATHER SERVICE GREENVILLE-SPARTANBURG SC
135 AM EST FRI DEC 19 2014


...................................

...THE ASHEVILLE NC CLIMATE SUMMARY FOR DECEMBER 18 2014...

CLIMATE NORMAL PERIOD 1981 TO 2010
CLIMATE RECORD PERIOD 1869 TO 2014


WEATHER ITEM   OBSERVED TIME   RECORD YEAR NORMAL DEPARTURE LAST
                VALUE   (LST)  VALUE       VALUE  FROM      YEAR
                                                  NORMAL
..................................................................
TEMPERATURE (F)
 YESTERDAY
  MAXIMUM         56    324 PM  78    1924  49      7       47
  MINIMUM         34    629 AM   8    1953  29      5       27
  AVERAGE         45                        39      6       37

PRECIPITATION (IN)
  YESTERDAY        0.00          1.92 2009   0.10  -0.10     0.00
  MONTH TO DATE    0.09                      2.23  -2.14     2.98
  SINCE DEC 1      0.09                      2.23  -2.14     2.98
  SINCE JAN 1     44.60                     44.21   0.39    70.53

SNOWFALL (IN)
  YESTERDAY        0.0          10.1  2009   0.0             0.0
  MONTH TO DATE    T                         0.3             0.0
  SINCE DEC 1      T                         0.3             0.0
  SINCE JUL 1      3.2                       0.4             0.2
  SNOW DEPTH       0

DEGREE DAYS
 HEATING
  YESTERDAY       20                        26     -6       28
  MONTH TO DATE  368                       440    -72      391
  SINCE DEC 1    368                       440    -72      391
  SINCE JUL 1   1283                      1307    -24     1274

 COOLING
  YESTERDAY        0                         0      0        0
  MONTH TO DATE    0                         0      0        0
  SINCE DEC 1      0                         0      0        0
  SINCE JAN 1    919                       863     56      860
..................................................................


WIND (MPH)
  HIGHEST WIND SPEED    24   HIGHEST WIND DIRECTION     N (340)
  HIGHEST GUST SPEED    29   HIGHEST GUST DIRECTION     N (340)
  AVERAGE WIND SPEED    11.2


SKY COVER
  POSSIBLE SUNSHINE  MM
  AVERAGE SKY COVER 0.5


WEATHER CONDITIONS
 THE FOLLOWING WEATHER WAS RECORDED YESTERDAY.
  NO SIGNIFICANT WEATHER WAS OBSERVED.


RELATIVE HUMIDITY (PERCENT)
 HIGHEST    82          1200 AM
 LOWEST     21           500 PM
 AVERAGE    52

..........................................................


THE ASHEVILLE NC CLIMATE NORMALS FOR TODAY
                         NORMAL    RECORD    YEAR
 MAXIMUM TEMPERATURE (F)   49        70      1984
                                             1924
 MINIMUM TEMPERATURE (F)   29         7      1963


SUNRISE AND SUNSET
DECEMBER 19 2014......SUNRISE   734 AM EST   SUNSET   520 PM EST
DECEMBER 20 2014......SUNRISE   735 AM EST   SUNSET   521 PM EST


-  INDICATES NEGATIVE NUMBERS.
R  INDICATES RECORD WAS SET OR TIED.
MM INDICATES DATA IS MISSING.
T  INDICATES TRACE AMOUNT.

$$
07
