000
CDUS42 KGSP 150632 RRA
CLIAVL

CLIMATE REPORT
NATIONAL WEATHER SERVICE GREENVILLE-SPARTANBURG SC
130 AM EST FRI DEC 15 2017


...................................

...THE ASHEVILLE NC CLIMATE SUMMARY FOR DECEMBER 14 2017...

CLIMATE NORMAL PERIOD 1981 TO 2010
CLIMATE RECORD PERIOD 1869 TO 2017


WEATHER ITEM   OBSERVED TIME   RECORD YEAR NORMAL DEPARTURE LAST
                VALUE   (LST)  VALUE       VALUE  FROM      YEAR
                                                  NORMAL
..................................................................
TEMPERATURE (F)
 YESTERDAY
  MAXIMUM         52    335 PM  73    1984  50      2       45
  MINIMUM         31   1158 PM   9    1917  30      1       29
  AVERAGE         42                        40      2       37

PRECIPITATION (IN)
  YESTERDAY        0.00          2.11 1879   0.13  -0.13     0.00
  MONTH TO DATE    1.52                      1.80  -0.28     1.94
  SINCE DEC 1      1.52                      1.80  -0.28     1.94
  SINCE JAN 1     53.15                     43.78   9.37    33.03

SNOWFALL (IN)
  YESTERDAY        0.0           1.6  1958   0.0             0.0
  MONTH TO DATE    8.7                       0.2             0.0
  SINCE DEC 1      8.7                       0.2             0.0
  SINCE JUL 1      8.7                       0.3             0.0
  SNOW DEPTH       0

DEGREE DAYS
 HEATING
  YESTERDAY       23                        26     -3       28
  MONTH TO DATE  332                       336     -4      342
  SINCE DEC 1    332                       336     -4      342
  SINCE JUL 1   1050                      1203   -153      913

 COOLING
  YESTERDAY        0                         0      0        0
  MONTH TO DATE    0                         0      0        0
  SINCE DEC 1      0                         0      0        0
  SINCE JAN 1   1042                       863    179     1317
..................................................................


WIND (MPH)
  HIGHEST WIND SPEED    23   HIGHEST WIND DIRECTION     N (340)
  HIGHEST GUST SPEED    28   HIGHEST GUST DIRECTION     N (340)
  AVERAGE WIND SPEED     8.9


SKY COVER
  POSSIBLE SUNSHINE  MM
  AVERAGE SKY COVER 0.0


WEATHER CONDITIONS
 THE FOLLOWING WEATHER WAS RECORDED YESTERDAY.
  NO SIGNIFICANT WEATHER WAS OBSERVED.


RELATIVE HUMIDITY (PERCENT)
 HIGHEST    70          1100 PM
 LOWEST     38           300 PM
 AVERAGE    54

..........................................................


THE ASHEVILLE NC CLIMATE NORMALS FOR TODAY
                         NORMAL    RECORD    YEAR
 MAXIMUM TEMPERATURE (F)   49        72      1948
 MINIMUM TEMPERATURE (F)   29         4      1914


SUNRISE AND SUNSET
DECEMBER 15 2017......SUNRISE   732 AM EST   SUNSET   519 PM EST
DECEMBER 16 2017......SUNRISE   733 AM EST   SUNSET   519 PM EST


-  INDICATES NEGATIVE NUMBERS.
R  INDICATES RECORD WAS SET OR TIED.
MM INDICATES DATA IS MISSING.
T  INDICATES TRACE AMOUNT.




$$
