000
CDUS42 KGSP 022037
CLIAVL

CLIMATE REPORT
NATIONAL WEATHER SERVICE GREENVILLE-SPARTANBURG SC
437 PM EDT TUE SEP 2 2014


...................................

...THE ASHEVILLE NC CLIMATE SUMMARY FOR SEPTEMBER 2 2014...
VALID TODAY AS OF 0435 PM LOCAL TIME.

CLIMATE NORMAL PERIOD 1981 TO 2010
CLIMATE RECORD PERIOD 1869 TO 2014


WEATHER ITEM   OBSERVED TIME   RECORD YEAR NORMAL DEPARTURE LAST
                VALUE   (LST)  VALUE       VALUE  FROM      YEAR
                                                  NORMAL
..................................................................
TEMPERATURE (F)
 TODAY
  MAXIMUM         86   1157 AM  91    2011  81      5       83
  MINIMUM         65    620 AM  45    1967  60      5       66
  AVERAGE         76                        70      6       75

PRECIPITATION (IN)
  TODAY            0.94          1.40 1870   0.13   0.81     0.00
  MONTH TO DATE    0.94                      0.27   0.67     0.22
  SINCE SEP 1      0.94                      0.27   0.67     0.22
  SINCE JAN 1     31.72                     31.88  -0.16    58.98

SNOWFALL (IN)
  TODAY            0.0           0.0    MM   0.0    0.0      0.0
  MONTH TO DATE    0.0                       0.0    0.0      0.0
  SINCE SEP 1      0.0                       0.0    0.0      0.0
  SINCE JUL 1      0.0                       0.0    0.0      0.0
  SNOW DEPTH       0

DEGREE DAYS
 HEATING
  TODAY            0                         0      0        0
  MONTH TO DATE    0                         0      0        0
  SINCE SEP 1      0                         0      0        0
  SINCE JUL 1      2                         2      0        5

 COOLING
  TODAY           11                         6      5       10
  MONTH TO DATE   23                        12     11       21
  SINCE SEP 1     23                        12     11       21
  SINCE JAN 1    775                       769      6      759
..................................................................


WIND (MPH)
  HIGHEST WIND SPEED    18   HIGHEST WIND DIRECTION     W (250)
  HIGHEST GUST SPEED    36   HIGHEST GUST DIRECTION    SW (230)
  AVERAGE WIND SPEED     3.2


SKY COVER
  POSSIBLE SUNSHINE  MM
  AVERAGE SKY COVER 0.1


WEATHER CONDITIONS
 THE FOLLOWING WEATHER WAS RECORDED TODAY.
  THUNDERSTORM
  HEAVY RAIN
  RAIN
  LIGHT RAIN
  FOG


RELATIVE HUMIDITY (PERCENT)
 HIGHEST    93           100 AM
 LOWEST     51          1200 PM
 AVERAGE    72

..........................................................


THE ASHEVILLE NC CLIMATE NORMALS FOR TOMORROW
                         NORMAL    RECORD    YEAR
 MAXIMUM TEMPERATURE (F)   81        90      1975
                                             1961
                                             1954
 MINIMUM TEMPERATURE (F)   60        44      1967


SUNRISE AND SUNSET
SEPTEMBER  2 2014.....SUNRISE   703 AM EDT   SUNSET   756 PM EDT
SEPTEMBER  3 2014.....SUNRISE   704 AM EDT   SUNSET   754 PM EDT


-  INDICATES NEGATIVE NUMBERS.
R  INDICATES RECORD WAS SET OR TIED.
MM INDICATES DATA IS MISSING.
T  INDICATES TRACE AMOUNT.

$$

OUTLAW
