000
CDUS41 KBGM 251046
CLIAVP


CLIMATE REPORT
NATIONAL WEATHER SERVICE BINGHAMTON NY
644 AM EDT SAT MAR 25 2017


...................................

...THE AVOCA PA CLIMATE SUMMARY FOR MARCH 24 2017...

CLIMATE NORMAL PERIOD 1981 TO 2010
CLIMATE RECORD PERIOD 1901 TO 2017


WEATHER ITEM   OBSERVED TIME   RECORD YEAR NORMAL DEPARTURE LAST
                VALUE   (LST)  VALUE       VALUE  FROM      YEAR
                                                  NORMAL
..................................................................
TEMPERATURE (F)
 YESTERDAY
  MAXIMUM         50    448 PM  77    1910  49      1       67
  MINIMUM         26   1207 AM   5    1906  30     -4       42
  AVERAGE         38                        40     -2       55

PRECIPITATION (IN)
  YESTERDAY        0.15          1.51 1912   0.09   0.06     0.00
  MONTH TO DATE    3.82                      1.90   1.92     1.34
  SINCE MAR 1      3.82                      1.90   1.92     1.34
  SINCE JAN 1     10.05                      6.30   3.75     7.14

SNOWFALL (IN)
  YESTERDAY        0.0           2.1  1966   0.2   -0.2      0.0
  MONTH TO DATE   30.6                       7.8   22.8      1.3
  SINCE MAR 1     30.6                       7.8   22.8      1.3
  SINCE JUL 1     55.4                      41.7   13.7     13.3

DEGREE DAYS
 HEATING
  YESTERDAY       27                        25      2       10
  MONTH TO DATE  790                       705     85      504
  SINCE MAR 1    790                       705     85      504
  SINCE JUL 1   4545                      5311   -766     4074

 COOLING
  YESTERDAY        0                         0      0        0
  MONTH TO DATE    0                         0      0        0
  SINCE MAR 1      0                         0      0        0
  SINCE JAN 1      0                         0      0        0
..................................................................


WIND (MPH)
  HIGHEST WIND SPEED    14   HIGHEST WIND DIRECTION    SW (230)
  HIGHEST GUST SPEED    19   HIGHEST GUST DIRECTION    SW (210)
  AVERAGE WIND SPEED     5.4


SKY COVER
  AVERAGE SKY COVER 0.5



RELATIVE HUMIDITY (PERCENT)
 HIGHEST    89          1100 AM
 LOWEST     38           500 AM
 AVERAGE    64

..........................................................


THE AVOCA PA CLIMATE NORMALS FOR TODAY
                         NORMAL    RECORD    YEAR
 MAXIMUM TEMPERATURE (F)   50        76      1913
                                             1910
 MINIMUM TEMPERATURE (F)   31        10      1974
                                             1960
                                             1906


SUNRISE AND SUNSET
MARCH 25 2017.........SUNRISE   657 AM EDT   SUNSET   721 PM EDT
MARCH 26 2017.........SUNRISE   656 AM EDT   SUNSET   722 PM EDT


-  INDICATES NEGATIVE NUMBERS.
R  INDICATES RECORD WAS SET OR TIED.
MM INDICATES DATA IS MISSING.
T  INDICATES TRACE AMOUNT.

$$
