647
CDUS41 KBGM 180321
CLIAVP


CLIMATE REPORT
NATIONAL WEATHER SERVICE BINGHAMTON NY
1021 PM EST SUN DEC 17 2017


...................................

...THE AVOCA PA CLIMATE SUMMARY FOR DECEMBER 17 2017...
VALID AS OF 1000 PM LOCAL TIME.

CLIMATE NORMAL PERIOD 1981 TO 2010
CLIMATE RECORD PERIOD 1901 TO 2017


WEATHER ITEM   OBSERVED TIME   RECORD YEAR NORMAL DEPARTURE LAST
                VALUE   (LST)  VALUE       VALUE  FROM      YEAR
                                                  NORMAL
..................................................................
TEMPERATURE (F)
 TODAY
  MAXIMUM         32    403 PM  61    2000  37     -5       34
  MINIMUM         26    524 AM  -4    1919  23      3       20
  AVERAGE         29                        30     -1       27

PRECIPITATION (IN)
  TODAY            0.00          1.47 2000   0.08  -0.08     0.27
  MONTH TO DATE    0.75                      1.58  -0.83     1.24
  SINCE DEC 1      0.75                      1.58  -0.83     1.24
  SINCE JAN 1     36.58                     37.16  -0.58    30.48

SNOWFALL (IN)
  TODAY            0.0           5.6  1973   0.3   -0.3      1.5
  MONTH TO DATE    5.1                       3.2    1.9      5.8
  SINCE DEC 1      5.1                       3.2    1.9      5.8
  SINCE JUL 1      5.2                       6.2   -1.0     11.5

DEGREE DAYS
 HEATING
  TODAY           36                        35      1       38
  MONTH TO DATE  574                       548     26      553
  SINCE DEC 1    574                       548     26      553
  SINCE JUL 1   1614                      1861   -247     1571

 COOLING
  TODAY            0                         0      0        0
  MONTH TO DATE    0                         0      0        0
  SINCE DEC 1      0                         0      0        0
  SINCE JAN 1    804                       580    224      998
..................................................................


WIND (MPH)
  HIGHEST WIND SPEED     6   HIGHEST WIND DIRECTION    NE (30)
  HIGHEST GUST SPEED     7   HIGHEST GUST DIRECTION    NE (40)
  AVERAGE WIND SPEED     1.5


SKY COVER
  AVERAGE SKY COVER 0.6


WEATHER CONDITIONS
 THE FOLLOWING WEATHER WAS RECORDED TODAY.
  HAZE


RELATIVE HUMIDITY (PERCENT)
 HIGHEST    81           200 AM
 LOWEST     66           200 PM
 AVERAGE    74

..........................................................


THE AVOCA PA CLIMATE NORMALS FOR TOMORROW
                         NORMAL    RECORD    YEAR
 MAXIMUM TEMPERATURE (F)   37        58      1928
                                             1921
 MINIMUM TEMPERATURE (F)   23        -6      1919


SUNRISE AND SUNSET
DECEMBER 17 2017......SUNRISE   723 AM EST   SUNSET   435 PM EST
DECEMBER 18 2017......SUNRISE   724 AM EST   SUNSET   436 PM EST


-  INDICATES NEGATIVE NUMBERS.
R  INDICATES RECORD WAS SET OR TIED.
MM INDICATES DATA IS MISSING.
T  INDICATES TRACE AMOUNT.




$$
