000
CDUS41 KBGM 300553
CLIAVP


CLIMATE REPORT
NATIONAL WEATHER SERVICE BINGHAMTON NY
153 AM EDT TUE MAY 30 2017


...................................

...THE AVOCA PA CLIMATE SUMMARY FOR MAY 29 2017...

CLIMATE NORMAL PERIOD 1981 TO 2010
CLIMATE RECORD PERIOD 1901 TO 2017


WEATHER ITEM   OBSERVED TIME   RECORD YEAR NORMAL DEPARTURE LAST
                VALUE   (LST)  VALUE       VALUE  FROM      YEAR
                                                  NORMAL
..................................................................
TEMPERATURE (F)
 YESTERDAY
  MAXIMUM         64    308 PM  91    1969  73     -9       88
                                      1931
  MINIMUM         55    633 AM  36    2008  51      4       68
  AVERAGE         60                        62     -2       78

PRECIPITATION (IN)
  YESTERDAY        0.58          1.62 1990   0.12   0.46      T
  MONTH TO DATE    3.54                      3.27   0.27     2.33
  SINCE MAR 1     11.98                      9.15   2.83     6.80
  SINCE JAN 1     18.21                     13.55   4.66    12.60

SNOWFALL (IN)
  YESTERDAY        0.0           0.0    MM   0.0    0.0      0.0
  MONTH TO DATE    0.0                       0.3   -0.3      0.0
  SINCE MAR 1     30.7                      12.6   18.1      3.5
  SINCE JUL 1     55.5                      46.5    9.0     15.5

DEGREE DAYS
 HEATING
  YESTERDAY        5                         4      1        0
  MONTH TO DATE  208                       220    -12      231
  SINCE MAR 1   1432                      1587   -155     1372
  SINCE JUL 1   5187                      6193  -1006     4942

 COOLING
  YESTERDAY        0                         2     -2       13
  MONTH TO DATE   28                        27      1       53
  SINCE MAR 1     50                        33     17       54
  SINCE JAN 1     50                        33     17       54
..................................................................


WIND (MPH)
  HIGHEST WIND SPEED    10   HIGHEST WIND DIRECTION     S (200)
  HIGHEST GUST SPEED    17   HIGHEST GUST DIRECTION     S (160)
  AVERAGE WIND SPEED     4.0


SKY COVER
  AVERAGE SKY COVER 1.0



RELATIVE HUMIDITY (PERCENT)
 HIGHEST    93           400 AM
 LOWEST     78           200 PM
 AVERAGE    86

..........................................................


THE AVOCA PA CLIMATE NORMALS FOR TODAY
                         NORMAL    RECORD    YEAR
 MAXIMUM TEMPERATURE (F)   73        93      2006
 MINIMUM TEMPERATURE (F)   52        37      1996


SUNRISE AND SUNSET
MAY 30 2017...........SUNRISE   533 AM EDT   SUNSET   829 PM EDT
MAY 31 2017...........SUNRISE   532 AM EDT   SUNSET   829 PM EDT


-  INDICATES NEGATIVE NUMBERS.
R  INDICATES RECORD WAS SET OR TIED.
MM INDICATES DATA IS MISSING.
T  INDICATES TRACE AMOUNT.




$$
